000
CDUS44 KLZK 272202
CLIHRO


CLIMATE REPORT
NATIONAL WEATHER SERVICE LITTLE ROCK AR
402 PM CST THU NOV 27 2014


...................................

...THE HARRISON CLIMATE SUMMARY FOR NOVEMBER 27 2014...
VALID TODAY AS OF 0400 PM LOCAL TIME.

CLIMATE NORMAL PERIOD 1981 TO 2010
CLIMATE RECORD PERIOD 1891 TO 2014


WEATHER ITEM   OBSERVED TIME   RECORD YEAR NORMAL DEPARTURE LAST
                VALUE   (LST)  VALUE       VALUE  FROM      YEAR
                                                  NORMAL
..................................................................
TEMPERATURE (F)
 TODAY
  MAXIMUM         45    258 PM  76    1999  54     -9       36
  MINIMUM         27    603 AM  11    1896  34     -7       18
  AVERAGE         36                        44     -8       27

PRECIPITATION (IN)
  TODAY            0.00          2.32 1968   0.13  -0.13      T
  MONTH TO DATE    2.08                      3.84  -1.76     2.80
  SINCE SEP 1     12.27                     11.59   0.68     8.69
  SINCE JAN 1     38.95                     40.55  -1.60    41.51

SNOWFALL (IN)
  TODAY            0.0           1.0  1980   0.1   -0.1       T
  MONTH TO DATE    0.6                       0.1    0.5       T
  SINCE SEP 1      0.6                       0.2    0.4       T
  SINCE JUL 1      0.6                       0.2    0.4       T
  SNOW DEPTH       0

DEGREE DAYS
 HEATING
  TODAY           29                        21      8       38
  MONTH TO DATE  628                       433    195      511
  SINCE SEP 1    823                       697    126      746
  SINCE JUL 1    824                       698    126      747

 COOLING
  TODAY            0                         0      0        0
  MONTH TO DATE    0                         0      0        0
  SINCE SEP 1    224                       201     23      270
  SINCE JAN 1   1354                      1412    -58     1414
..................................................................


WIND (MPH)
  HIGHEST WIND SPEED    17   HIGHEST WIND DIRECTION    NW (320)
  HIGHEST GUST SPEED    27   HIGHEST GUST DIRECTION    NW (300)
  AVERAGE WIND SPEED     7.7


SKY COVER
  POSSIBLE SUNSHINE  MM
  AVERAGE SKY COVER 0.6


WEATHER CONDITIONS
 THE FOLLOWING WEATHER WAS RECORDED TODAY.
  HAZE


RELATIVE HUMIDITY (PERCENT)
 HIGHEST    78           600 AM
 LOWEST     37           300 PM
 AVERAGE    58

..........................................................


THE HARRISON CLIMATE NORMALS FOR TOMORROW
                         NORMAL    RECORD    YEAR
 MAXIMUM TEMPERATURE (F)   53        82      1949
 MINIMUM TEMPERATURE (F)   33         9      1976


SUNRISE AND SUNSET
NOVEMBER 27 2014......SUNRISE   702 AM CST   SUNSET   459 PM CST
NOVEMBER 28 2014......SUNRISE   703 AM CST   SUNSET   458 PM CST


-  INDICATES NEGATIVE NUMBERS.
R  INDICATES RECORD WAS SET OR TIED.
MM INDICATES DATA IS MISSING.
T  INDICATES TRACE AMOUNT.




$$
