000
CDUS44 KLZK 220916
CLIHRO


CLIMATE REPORT
NATIONAL WEATHER SERVICE LITTLE ROCK AR
416 AM CDT MON SEP 22 2014


...................................

...THE HARRISON CLIMATE SUMMARY FOR SEPTEMBER 21 2014...

CLIMATE NORMAL PERIOD 1981 TO 2010
CLIMATE RECORD PERIOD 1891 TO 2014


WEATHER ITEM   OBSERVED TIME   RECORD YEAR NORMAL DEPARTURE LAST
                VALUE   (LST)  VALUE       VALUE  FROM      YEAR
                                                  NORMAL
..................................................................
TEMPERATURE (F)
 YESTERDAY
  MAXIMUM         82    139 PM  96    1955  78      4       76
  MINIMUM         58   1159 PM  34    1918  56      2       49
  AVERAGE         70                        67      3       63

PRECIPITATION (IN)
  YESTERDAY        0.01          2.18 1990   0.15  -0.14     0.00
  MONTH TO DATE    5.15                      2.97   2.18     1.09
  SINCE SEP 1      5.15                      2.97   2.18     1.09
  SINCE JAN 1     31.83                     31.93  -0.10    33.91

SNOWFALL (IN)
  YESTERDAY        0.0          MM      MM   0.0    0.0      0.0
  MONTH TO DATE    0.0                       0.0    0.0      0.0
  SINCE SEP 1      0.0                       0.0    0.0      0.0
  SINCE JUL 1      0.0                       0.0    0.0      0.0
  SNOW DEPTH       0

DEGREE DAYS
 HEATING
  YESTERDAY        0                         2     -2        2
  MONTH TO DATE   22                        15      7        2
  SINCE SEP 1     22                        15      7        2
  SINCE JUL 1     23                        16      7        3

 COOLING
  YESTERDAY        5                         4      1        0
  MONTH TO DATE  140                       140      0      189
  SINCE SEP 1    140                       140      0      189
  SINCE JAN 1   1270                      1351    -81     1333
..................................................................


WIND (MPH)
  HIGHEST WIND SPEED    13   HIGHEST WIND DIRECTION    NW (330)
  HIGHEST GUST SPEED    17   HIGHEST GUST DIRECTION     W (270)
  AVERAGE WIND SPEED     5.6


SKY COVER
  POSSIBLE SUNSHINE  MM
  AVERAGE SKY COVER 0.3


WEATHER CONDITIONS
 THE FOLLOWING WEATHER WAS RECORDED YESTERDAY.
  LIGHT RAIN


RELATIVE HUMIDITY (PERCENT)
 HIGHEST    93           100 AM
 LOWEST     35           400 PM
 AVERAGE    64

..........................................................


THE HARRISON CLIMATE NORMALS FOR TODAY
                         NORMAL    RECORD    YEAR
 MAXIMUM TEMPERATURE (F)   78        96      1955
                                             1948
 MINIMUM TEMPERATURE (F)   55        34      1953


SUNRISE AND SUNSET
SEPTEMBER 22 2014.....SUNRISE   701 AM CDT   SUNSET   709 PM CDT
SEPTEMBER 23 2014.....SUNRISE   701 AM CDT   SUNSET   708 PM CDT


-  INDICATES NEGATIVE NUMBERS.
R  INDICATES RECORD WAS SET OR TIED.
MM INDICATES DATA IS MISSING.
T  INDICATES TRACE AMOUNT.




$$
