000
CDUS44 KLZK 290918
CLIHRO


CLIMATE REPORT
NATIONAL WEATHER SERVICE LITTLE ROCK AR
417 AM CDT SUN MAR 29 2015


...................................

...THE HARRISON CLIMATE SUMMARY FOR MARCH 28 2015...

CLIMATE NORMAL PERIOD 1981 TO 2010
CLIMATE RECORD PERIOD 1891 TO 2015


WEATHER ITEM   OBSERVED TIME   RECORD YEAR NORMAL DEPARTURE LAST
                VALUE   (LST)  VALUE       VALUE  FROM      YEAR
                                                  NORMAL
..................................................................
TEMPERATURE (F)
 YESTERDAY
  MAXIMUM         50    425 PM  85    1963  64    -14       59
                                      1928
  MINIMUM         35   1159 PM  19    1947  41     -6       39
  AVERAGE         43                        53    -10       49

PRECIPITATION (IN)
  YESTERDAY        0.00          1.62 1902   0.14  -0.14     0.66
  MONTH TO DATE    5.94                      3.37   2.57     4.41
  SINCE MAR 1      5.94                      3.37   2.57     4.41
  SINCE JAN 1      9.48                      8.57   0.91     6.36

SNOWFALL (IN)
  YESTERDAY        0.0           T    2009   0.0    0.0      0.0
                                      1899
  MONTH TO DATE    4.3                       2.0    2.3     10.0
  SINCE MAR 1      4.3                       2.0    2.3     10.0
  SINCE JUL 1     13.6                      11.2    2.4     25.8
  SNOW DEPTH       0

DEGREE DAYS
 HEATING
  YESTERDAY       22                        13      9       16
  MONTH TO DATE  487                       471     16      577
  SINCE MAR 1    487                       471     16      577
  SINCE JUL 1   3882                      3643    239     4112

 COOLING
  YESTERDAY        0                         0      0        0
  MONTH TO DATE    0                         0      0        0
  SINCE MAR 1      0                         0      0        0
  SINCE JAN 1      0                         0      0        0
..................................................................


WIND (MPH)
  HIGHEST WIND SPEED    20   HIGHEST WIND DIRECTION     E (110)
  HIGHEST GUST SPEED    25   HIGHEST GUST DIRECTION    SE (140)
  AVERAGE WIND SPEED    11.5


SKY COVER
  POSSIBLE SUNSHINE  MM
  AVERAGE SKY COVER 0.5


WEATHER CONDITIONS
 THE FOLLOWING WEATHER WAS RECORDED YESTERDAY.
  NO SIGNIFICANT WEATHER WAS OBSERVED.


RELATIVE HUMIDITY (PERCENT)
 HIGHEST    82          1100 PM
 LOWEST     51           100 AM
 AVERAGE    67

..........................................................


THE HARRISON CLIMATE NORMALS FOR TODAY
                         NORMAL    RECORD    YEAR
 MAXIMUM TEMPERATURE (F)   65        85      1963
 MINIMUM TEMPERATURE (F)   41        22      1937


SUNRISE AND SUNSET
MARCH 29 2015.........SUNRISE   703 AM CDT   SUNSET   732 PM CDT
MARCH 30 2015.........SUNRISE   702 AM CDT   SUNSET   733 PM CDT


-  INDICATES NEGATIVE NUMBERS.
R  INDICATES RECORD WAS SET OR TIED.
MM INDICATES DATA IS MISSING.
T  INDICATES TRACE AMOUNT.




$$
