000
CDUS44 KLZK 012101
CLIHRO


CLIMATE REPORT
NATIONAL WEATHER SERVICE LITTLE ROCK AR
400 PM CDT SUN MAY 1 2016


...................................

...THE HARRISON CLIMATE SUMMARY FOR MAY 1 2016...
VALID TODAY AS OF 0400 PM LOCAL TIME.

CLIMATE NORMAL PERIOD 1981 TO 2010
CLIMATE RECORD PERIOD 1891 TO 2016


WEATHER ITEM   OBSERVED TIME   RECORD YEAR NORMAL DEPARTURE LAST
                VALUE   (LST)  VALUE       VALUE  FROM      YEAR
                                                  NORMAL
..................................................................
TEMPERATURE (F)
 TODAY
  MAXIMUM         72    233 PM  93    1928  73     -1       72
  MINIMUM         51    551 AM  26    1903  52     -1       45
  AVERAGE         62                        62      0       59

PRECIPITATION (IN)
  TODAY            0.00          2.04 2011   0.17  -0.17     0.00
  MONTH TO DATE    0.00                      0.17  -0.17     0.00
  SINCE MAR 1      7.06                      8.28  -1.22     8.70
  SINCE JAN 1      9.34                     13.48  -4.14    12.24

SNOWFALL (IN)
  TODAY            0.0          MM      MM   0.0    0.0      0.0
  MONTH TO DATE    0.0                       0.0    0.0      0.0
  SINCE MAR 1      0.0                       2.3   -2.3      4.3
  SINCE JUL 1      3.7                      11.5   -7.8     13.6
  SNOW DEPTH       0

DEGREE DAYS
 HEATING
  TODAY            3                         4     -1        6
  MONTH TO DATE    3                         4     -1        6
  SINCE MAR 1    519                       753   -234      709
  SINCE JUL 1   3132                      3925   -793     4104

 COOLING
  TODAY            0                         2     -2        0
  MONTH TO DATE    0                         2     -2        0
  SINCE MAR 1     23                        39    -16       25
  SINCE JAN 1     23                        39    -16       25
..................................................................


WIND (MPH)
  HIGHEST WIND SPEED    13   HIGHEST WIND DIRECTION    NW (300)
  HIGHEST GUST SPEED    18   HIGHEST GUST DIRECTION    NW (320)
  AVERAGE WIND SPEED     6.7


SKY COVER
  POSSIBLE SUNSHINE  MM
  AVERAGE SKY COVER 0.1


WEATHER CONDITIONS
 THE FOLLOWING WEATHER WAS RECORDED TODAY.
  NO SIGNIFICANT WEATHER WAS OBSERVED.


RELATIVE HUMIDITY (PERCENT)
 HIGHEST    89           500 AM
 LOWEST     44          1200 PM
 AVERAGE    67

..........................................................


THE HARRISON CLIMATE NORMALS FOR TOMORROW
                         NORMAL    RECORD    YEAR
 MAXIMUM TEMPERATURE (F)   73        91      1943
 MINIMUM TEMPERATURE (F)   52        26      1911


SUNRISE AND SUNSET
MAY  1 2016...........SUNRISE   619 AM CDT   SUNSET   801 PM CDT
MAY  2 2016...........SUNRISE   618 AM CDT   SUNSET   802 PM CDT


-  INDICATES NEGATIVE NUMBERS.
R  INDICATES RECORD WAS SET OR TIED.
MM INDICATES DATA IS MISSING.
T  INDICATES TRACE AMOUNT.




$$
