000
CDUS44 KLZK 170634
CLIHRO


CLIMATE REPORT
NATIONAL WEATHER SERVICE LITTLE ROCK AR
133 AM CDT TUE OCT 17 2017


...................................

...THE HARRISON CLIMATE SUMMARY FOR OCTOBER 16 2017...

CLIMATE NORMAL PERIOD 1981 TO 2010
CLIMATE RECORD PERIOD 1891 TO 2017


WEATHER ITEM   OBSERVED TIME   RECORD YEAR NORMAL DEPARTURE LAST
                VALUE   (LST)  VALUE       VALUE  FROM      YEAR
                                                  NORMAL
..................................................................
TEMPERATURE (F)
 YESTERDAY
  MAXIMUM         67    315 PM  92    1928  70     -3       85
  MINIMUM         40    625 AM  26    1952  48     -8       64
  AVERAGE         54                        59     -5       75

PRECIPITATION (IN)
  YESTERDAY        0.00          2.81 1967   0.11  -0.11     0.00
  MONTH TO DATE    0.91                      1.75  -0.84     3.10
  SINCE SEP 1      1.49                      5.95  -4.46     4.34
  SINCE JAN 1     36.67                     34.91   1.76    32.62

SNOWFALL (IN)
  YESTERDAY        0.0          MM      MM   0.0    0.0      0.0
  MONTH TO DATE    0.0                       0.0    0.0      0.0
  SINCE SEP 1      0.0                       0.0    0.0      0.0
  SINCE JUL 1      0.0                       0.0    0.0      0.0
  SNOW DEPTH       0

DEGREE DAYS
 HEATING
  YESTERDAY       11                         7      4        0
  MONTH TO DATE   37                        87    -50       45
  SINCE SEP 1     41                       129    -88       57
  SINCE JUL 1     41                       130    -89       57

 COOLING
  YESTERDAY        0                         1     -1       10
  MONTH TO DATE   76                        22     54       31
  SINCE SEP 1    282                       190     92      258
  SINCE JAN 1   1387                      1401    -14     1569
..................................................................


WIND (MPH)
  HIGHEST WIND SPEED    15   HIGHEST WIND DIRECTION     E (100)
  HIGHEST GUST SPEED    18   HIGHEST GUST DIRECTION     E (100)
  AVERAGE WIND SPEED     3.8


SKY COVER
  POSSIBLE SUNSHINE  MM
  AVERAGE SKY COVER 0.0


WEATHER CONDITIONS
 THE FOLLOWING WEATHER WAS RECORDED YESTERDAY.
  NO SIGNIFICANT WEATHER WAS OBSERVED.


RELATIVE HUMIDITY (PERCENT)
 HIGHEST    89           200 AM
 LOWEST     29           200 PM
 AVERAGE    59

..........................................................


THE HARRISON CLIMATE NORMALS FOR TODAY
                         NORMAL    RECORD    YEAR
 MAXIMUM TEMPERATURE (F)   70        90      1929
 MINIMUM TEMPERATURE (F)   47        30      1976
                                             1952
                                             1943


SUNRISE AND SUNSET
OCTOBER 17 2017.......SUNRISE   722 AM CDT   SUNSET   634 PM CDT
OCTOBER 18 2017.......SUNRISE   723 AM CDT   SUNSET   632 PM CDT


-  INDICATES NEGATIVE NUMBERS.
R  INDICATES RECORD WAS SET OR TIED.
MM INDICATES DATA IS MISSING.
T  INDICATES TRACE AMOUNT.




$$
