000
CDUS44 KLZK 302058
CLIHRO


CLIMATE REPORT
NATIONAL WEATHER SERVICE LITTLE ROCK AR
357 PM CDT TUE AUG 30 2016


...................................

...THE HARRISON CLIMATE SUMMARY FOR AUGUST 30 2016...
VALID TODAY AS OF 0300 PM LOCAL TIME.

CLIMATE NORMAL PERIOD 1981 TO 2010
CLIMATE RECORD PERIOD 1891 TO 2016


WEATHER ITEM   OBSERVED TIME   RECORD YEAR NORMAL DEPARTURE LAST
                VALUE   (LST)  VALUE       VALUE  FROM      YEAR
                                                  NORMAL
..................................................................
TEMPERATURE (F)
 TODAY
  MAXIMUM         89    252 PM 102    2000  87      2       85
  MINIMUM         67    544 AM  46    1917  64      3       67
  AVERAGE         78                        75      3       76

PRECIPITATION (IN)
  TODAY            0.00          2.51 2015   0.11  -0.11     2.51
  MONTH TO DATE    6.93                      3.46   3.47     5.13
  SINCE JUN 1     15.45                     10.84   4.61    17.27
  SINCE JAN 1     28.28                     28.84  -0.56    40.22

SNOWFALL (IN)
  TODAY            0.0          MM      MM   0.0    0.0      0.0
  MONTH TO DATE    0.0                       0.0    0.0      0.0
  SINCE JUN 1      0.0                       0.0    0.0      0.0
  SINCE JUL 1      0.0                       0.0    0.0      0.0
  SNOW DEPTH       0

DEGREE DAYS
 HEATING
  TODAY            0                         0      0        0
  MONTH TO DATE    0                         0      0        1
  SINCE JUN 1      0                         6     -6        1
  SINCE JUL 1      0                         0      0        1

 COOLING
  TODAY           13                        10      3       11
  MONTH TO DATE  374                       386    -12      292
  SINCE JUN 1   1194                      1065    129     1086
  SINCE JAN 1   1299                      1204     95     1210
..................................................................


WIND (MPH)
  HIGHEST WIND SPEED     8   HIGHEST WIND DIRECTION     E (70)
  HIGHEST GUST SPEED    10   HIGHEST GUST DIRECTION    NE (60)
  AVERAGE WIND SPEED     2.6


SKY COVER
  POSSIBLE SUNSHINE  MM
  AVERAGE SKY COVER 0.2


WEATHER CONDITIONS
 THE FOLLOWING WEATHER WAS RECORDED TODAY.
  FOG


RELATIVE HUMIDITY (PERCENT)
 HIGHEST   100           400 AM
 LOWEST     59           100 PM
 AVERAGE    80

..........................................................


THE HARRISON CLIMATE NORMALS FOR TOMORROW
                         NORMAL    RECORD    YEAR
 MAXIMUM TEMPERATURE (F)   86       106      1913
 MINIMUM TEMPERATURE (F)   64        41      1915


SUNRISE AND SUNSET
AUGUST 30 2016........SUNRISE   643 AM CDT   SUNSET   742 PM CDT
AUGUST 31 2016........SUNRISE   644 AM CDT   SUNSET   741 PM CDT


-  INDICATES NEGATIVE NUMBERS.
R  INDICATES RECORD WAS SET OR TIED.
MM INDICATES DATA IS MISSING.
T  INDICATES TRACE AMOUNT.




$$
