900
CDUS44 KLZK 010639
CLIHRO


CLIMATE REPORT
NATIONAL WEATHER SERVICE LITTLE ROCK AR
1239 AM CST WED MAR 1 2017


...................................

...THE HARRISON CLIMATE SUMMARY FOR FEBRUARY 28 2017...

CLIMATE NORMAL PERIOD 1981 TO 2010
CLIMATE RECORD PERIOD 1891 TO 2017


WEATHER ITEM   OBSERVED TIME   RECORD YEAR NORMAL DEPARTURE LAST
                VALUE   (LST)  VALUE       VALUE  FROM      YEAR
                                                  NORMAL
..................................................................
TEMPERATURE (F)
 YESTERDAY
  MAXIMUM         77    228 PM  82    1952  54     23       66
  MINIMUM         58    352 AM   9    1962  34     24       50
  AVERAGE         68                        44     24       58

PRECIPITATION (IN)
  YESTERDAY        0.03          1.69 1944   0.10  -0.07     0.00
  MONTH TO DATE    1.40                      2.64  -1.24     1.33
  SINCE DEC 1      4.90                      8.40  -3.50    10.72
  SINCE JAN 1      3.58                      5.20  -1.62     2.28

SNOWFALL (IN)
  YESTERDAY        0.0           6.0  1927   0.1   -0.1      0.0
  MONTH TO DATE    0.0                       3.2   -3.2      3.0
  SINCE DEC 1      0.9                       8.7   -7.8      3.7
  SINCE JUL 1      0.9                       9.2   -8.3      3.7
  SNOW DEPTH       0

DEGREE DAYS
 HEATING
  YESTERDAY        0                        21    -21        7
  MONTH TO DATE  406                       686   -280      591
  SINCE DEC 1   1956                      2408   -452     2015
  SINCE JUL 1   2406                      3172   -766     2601

 COOLING
  YESTERDAY        3                         0      3        0
  MONTH TO DATE    7                         0      7        0
  SINCE DEC 1      7                         0      7        2
  SINCE JAN 1      7                         0      7        0
..................................................................


WIND (MPH)
  HIGHEST WIND SPEED    24   HIGHEST WIND DIRECTION     S (180)
  HIGHEST GUST SPEED    37   HIGHEST GUST DIRECTION     S (180)
  AVERAGE WIND SPEED    13.2


SKY COVER
  POSSIBLE SUNSHINE  MM
  AVERAGE SKY COVER 0.5


WEATHER CONDITIONS
 THE FOLLOWING WEATHER WAS RECORDED YESTERDAY.
  LIGHT RAIN
  FOG


RELATIVE HUMIDITY (PERCENT)
 HIGHEST   100           200 AM
 LOWEST     54          1200 PM
 AVERAGE    77

..........................................................


THE HARRISON CLIMATE NORMALS FOR TODAY
                         NORMAL    RECORD    YEAR
 MAXIMUM TEMPERATURE (F)   55        84      2006
 MINIMUM TEMPERATURE (F)   34         9      1962


SUNRISE AND SUNSET
MARCH  1 2017.........SUNRISE   643 AM CST   SUNSET   608 PM CST
MARCH  2 2017.........SUNRISE   641 AM CST   SUNSET   609 PM CST


-  INDICATES NEGATIVE NUMBERS.
R  INDICATES RECORD WAS SET OR TIED.
MM INDICATES DATA IS MISSING.
T  INDICATES TRACE AMOUNT.




$$
