000
CDUS44 KLZK 010651
CLIHRO


CLIMATE REPORT
NATIONAL WEATHER SERVICE LITTLE ROCK AR
151 AM CDT MON MAY 1 2017


...................................

...THE HARRISON CLIMATE SUMMARY FOR APRIL 30 2017...

CLIMATE NORMAL PERIOD 1981 TO 2010
CLIMATE RECORD PERIOD 1891 TO 2017


WEATHER ITEM   OBSERVED TIME   RECORD YEAR NORMAL DEPARTURE LAST
                VALUE   (LST)  VALUE       VALUE  FROM      YEAR
                                                  NORMAL
..................................................................
TEMPERATURE (F)
 YESTERDAY
  MAXIMUM         66   1242 PM  90    1952  73     -7       78
  MINIMUM         48   1159 PM  24    1908  51     -3       59
  AVERAGE         57                        62     -5       69

PRECIPITATION (IN)
  YESTERDAY        0.49          1.58 1978   0.17   0.32     0.86
  MONTH TO DATE   11.68                      4.32   7.36     3.27
  SINCE MAR 1     17.32                      8.11   9.21     7.06
  SINCE JAN 1     20.90                     13.31   7.59     9.34

SNOWFALL (IN)
  YESTERDAY       MM             T    1903   0.0   MM        0.0
  MONTH TO DATE    0.0                       0.3   -0.3      0.0
  SINCE MAR 1      2.5                       2.3    0.2      0.0
  SINCE JUL 1      3.4                      11.5   -8.1      3.7
  SNOW DEPTH       0

DEGREE DAYS
 HEATING
  YESTERDAY        8                         5      3        0
  MONTH TO DATE  148                       241    -93      153
  SINCE MAR 1    516                       749   -233      516
  SINCE JUL 1   2922                      3921   -999     3129

 COOLING
  YESTERDAY        0                         2     -2        4
  MONTH TO DATE   40                        31      9       18
  SINCE MAR 1     46                        37      9       23
  SINCE JAN 1     53                        37     16       23
..................................................................


WIND (MPH)
  HIGHEST WIND SPEED    22   HIGHEST WIND DIRECTION     S (180)
  HIGHEST GUST SPEED    37   HIGHEST GUST DIRECTION     S (190)
  AVERAGE WIND SPEED    12.4


SKY COVER
  POSSIBLE SUNSHINE  MM
  AVERAGE SKY COVER 0.7


WEATHER CONDITIONS
 THE FOLLOWING WEATHER WAS RECORDED YESTERDAY.
  THUNDERSTORM
  HEAVY RAIN
  RAIN
  LIGHT RAIN
  FOG


RELATIVE HUMIDITY (PERCENT)
 HIGHEST   100           200 AM
 LOWEST     47           500 PM
 AVERAGE    74

..........................................................


THE HARRISON CLIMATE NORMALS FOR TODAY
                         NORMAL    RECORD    YEAR
 MAXIMUM TEMPERATURE (F)   73        93      1928
 MINIMUM TEMPERATURE (F)   52        26      1903


SUNRISE AND SUNSET
MAY  1 2017...........SUNRISE   619 AM CDT   SUNSET   801 PM CDT
MAY  2 2017...........SUNRISE   618 AM CDT   SUNSET   801 PM CDT


-  INDICATES NEGATIVE NUMBERS.
R  INDICATES RECORD WAS SET OR TIED.
MM INDICATES DATA IS MISSING.
T  INDICATES TRACE AMOUNT.




$$
