000
CDUS44 KLZK 251004
CLIHRO


CLIMATE REPORT
NATIONAL WEATHER SERVICE LITTLE ROCK AR
404 AM CST THU DEC 25 2014


...................................

...THE HARRISON CLIMATE SUMMARY FOR DECEMBER 24 2014...

CLIMATE NORMAL PERIOD 1981 TO 2010
CLIMATE RECORD PERIOD 1891 TO 2014


WEATHER ITEM   OBSERVED TIME   RECORD YEAR NORMAL DEPARTURE LAST
                VALUE   (LST)  VALUE       VALUE  FROM      YEAR
                                                  NORMAL
..................................................................
TEMPERATURE (F)
 YESTERDAY
  MAXIMUM         41    307 PM  82    1955  46     -5       37
  MINIMUM         30   1159 PM  -6    1983  27      3       15
  AVERAGE         36                        36      0       26

PRECIPITATION (IN)
  YESTERDAY        0.01          1.13 1932   0.10  -0.09     0.00
  MONTH TO DATE    2.02                      2.55  -0.53     3.75
  SINCE DEC 1      2.02                      2.55  -0.53     3.75
  SINCE JAN 1     40.97                     43.49  -2.52    45.26

SNOWFALL (IN)
  YESTERDAY        0.0           1.5  1975   0.1   -0.1      0.0
  MONTH TO DATE    T                         0.6   -0.6      9.0
  SINCE DEC 1      T                         0.6   -0.6      9.0
  SINCE JUL 1      0.6                       1.1   -0.5      9.0
  SNOW DEPTH       0

DEGREE DAYS
 HEATING
  YESTERDAY       29                        29      0       39
  MONTH TO DATE  569                       632    -63      687
  SINCE DEC 1    569                       632    -63      687
  SINCE JUL 1   1423                      1396     27     1500

 COOLING
  YESTERDAY        0                         0      0        0
  MONTH TO DATE    0                         0      0        0
  SINCE DEC 1      0                         0      0        0
  SINCE JAN 1   1354                      1416    -62     1414
..................................................................


WIND (MPH)
  HIGHEST WIND SPEED    17   HIGHEST WIND DIRECTION    NW (300)
  HIGHEST GUST SPEED    27   HIGHEST GUST DIRECTION     W (290)
  AVERAGE WIND SPEED     9.5


SKY COVER
  POSSIBLE SUNSHINE  MM
  AVERAGE SKY COVER 0.9


WEATHER CONDITIONS
 THE FOLLOWING WEATHER WAS RECORDED YESTERDAY.
  LIGHT RAIN
  FOG


RELATIVE HUMIDITY (PERCENT)
 HIGHEST    92           600 AM
 LOWEST     75           900 PM
 AVERAGE    84

..........................................................


THE HARRISON CLIMATE NORMALS FOR TODAY
                         NORMAL    RECORD    YEAR
 MAXIMUM TEMPERATURE (F)   46        78      1955
 MINIMUM TEMPERATURE (F)   27        -9      1983


SUNRISE AND SUNSET
DECEMBER 25 2014......SUNRISE   722 AM CST   SUNSET   504 PM CST
DECEMBER 26 2014......SUNRISE   722 AM CST   SUNSET   504 PM CST


-  INDICATES NEGATIVE NUMBERS.
R  INDICATES RECORD WAS SET OR TIED.
MM INDICATES DATA IS MISSING.
T  INDICATES TRACE AMOUNT.




$$
