000
CDUS42 KMHX 010630
CLIHSE


CLIMATE REPORT
NATIONAL WEATHER SERVICE NEWPORT/MOREHEAD CITY NC
130 AM EST SUN MAR 1 2015


...................................

...THE CAPE HATTERAS NC CLIMATE SUMMARY FOR FEBRUARY 28 2015...

CLIMATE NORMAL PERIOD 1981 TO 2010
CLIMATE RECORD PERIOD 1874 TO 2015


WEATHER ITEM   OBSERVED TIME   RECORD YEAR NORMAL DEPARTURE LAST
                VALUE   (LST)  VALUE       VALUE  FROM      YEAR
                                                  NORMAL
..................................................................
TEMPERATURE (F)
 YESTERDAY
  MAXIMUM         38   1053 AM  73    1954  55    -17       45
  MINIMUM         34    646 PM  24    1906  41     -7       34
  AVERAGE         36                        48    -12       40

PRECIPITATION (IN)
  YESTERDAY        0.00          2.11 2009   0.14  -0.14     0.00
  MONTH TO DATE    7.34                      4.02   3.32     4.75
  SINCE DEC 1     14.40                     13.53   0.87    13.99
  SINCE JAN 1     11.95                      9.26   2.69    10.09

SNOWFALL (IN)
  YESTERDAY        0.0
  MONTH TO DATE    2.0
  SINCE NOV 1      2.0
  SINCE JUL 1      2.0
  SNOW DEPTH       0

DEGREE DAYS
 HEATING
  YESTERDAY       29                        17     12       25
  MONTH TO DATE  736                       511    225      488
  SINCE DEC 1   1772                      1606    166     1518
  SINCE JUL 1   2173                      1924    249     1833

 COOLING
  YESTERDAY        0                         0      0        0
  MONTH TO DATE    0                         0      0        0
  SINCE DEC 1      2                         3     -1        7
  SINCE JAN 1      2                         0      2        0
..................................................................


WIND (MPH)
  HIGHEST WIND SPEED    18   HIGHEST WIND DIRECTION     N (20)
  HIGHEST GUST SPEED    32   HIGHEST GUST DIRECTION    NE (30)
  AVERAGE WIND SPEED    12.3


SKY COVER
  POSSIBLE SUNSHINE  MM
  AVERAGE SKY COVER 0.4


WEATHER CONDITIONS
 THE FOLLOWING WEATHER WAS RECORDED YESTERDAY.
  NO SIGNIFICANT WEATHER WAS OBSERVED.


RELATIVE HUMIDITY (PERCENT)
 HIGHEST    92          1200 AM
 LOWEST     70           900 AM
 AVERAGE    81

..........................................................


THE CAPE HATTERAS NC CLIMATE NORMALS FOR TODAY
                         NORMAL    RECORD    YEAR
 MAXIMUM TEMPERATURE (F)   55        74      1976
 MINIMUM TEMPERATURE (F)   42        26      1941


SUNRISE AND SUNSET
MARCH  1 2015.........SUNRISE   632 AM EST   SUNSET   558 PM EST
MARCH  2 2015.........SUNRISE   631 AM EST   SUNSET   559 PM EST


-  INDICATES NEGATIVE NUMBERS.
R  INDICATES RECORD WAS SET OR TIED.
MM INDICATES DATA IS MISSING.
T  INDICATES TRACE AMOUNT.




$$
