378
CDUS42 KMHX 130531
CLIHSE


CLIMATE REPORT
NATIONAL WEATHER SERVICE NEWPORT/MOREHEAD CITY NC
1231 AM EST WED DEC 13 2017


...................................

...THE CAPE HATTERAS NC CLIMATE SUMMARY FOR DECEMBER 12 2017...

CLIMATE NORMAL PERIOD 1981 TO 2010
CLIMATE RECORD PERIOD 1874 TO 2017


WEATHER ITEM   OBSERVED TIME   RECORD YEAR NORMAL DEPARTURE LAST
                VALUE   (LST)  VALUE       VALUE  FROM      YEAR
                                                  NORMAL
..................................................................
TEMPERATURE (F)
 YESTERDAY
  MAXIMUM         64    121 PM  73    2015  57      7       67
  MINIMUM         37    140 AM  19    1957  44     -7       52
  AVERAGE         51                        50      1       60

PRECIPITATION (IN)
  YESTERDAY        T             2.09 1959   0.13  -0.13     0.71
  MONTH TO DATE    3.07                      1.61   1.46     2.53
  SINCE DEC 1      3.07                      1.61   1.46     2.53
  SINCE JAN 1     56.87                     55.38   1.49    70.77

SNOWFALL (IN)
  YESTERDAY       MM
  MONTH TO DATE    0.0
  SINCE NOV 1      0.0
  SINCE JUL 1      0.0
  SNOW DEPTH       0

DEGREE DAYS
 HEATING
  YESTERDAY       14                        15     -1        5
  MONTH TO DATE  145                       162    -17      154
  SINCE DEC 1    145                       162    -17      154
  SINCE JUL 1    391                       480    -89      426

 COOLING
  YESTERDAY        0                         0      0        0
  MONTH TO DATE    2                         0      2        0
  SINCE DEC 1      2                         0      2        0
  SINCE JAN 1   2352                      1711    641     2221
..................................................................


WIND (MPH)
  HIGHEST WIND SPEED    29   HIGHEST WIND DIRECTION    SW (230)
  HIGHEST GUST SPEED    42   HIGHEST GUST DIRECTION    NW (320)
  AVERAGE WIND SPEED    14.4


SKY COVER
  POSSIBLE SUNSHINE  MM
  AVERAGE SKY COVER 0.1


WEATHER CONDITIONS
 THE FOLLOWING WEATHER WAS RECORDED YESTERDAY.
  LIGHT RAIN


RELATIVE HUMIDITY (PERCENT)
 HIGHEST   100           100 AM
 LOWEST     56          1100 AM
 AVERAGE    78

..........................................................


THE CAPE HATTERAS NC CLIMATE NORMALS FOR TODAY
                         NORMAL    RECORD    YEAR
 MAXIMUM TEMPERATURE (F)   56        76      1991
 MINIMUM TEMPERATURE (F)   43        19      1962
                                             1960


SUNRISE AND SUNSET
DECEMBER 13 2017......SUNRISE   702 AM EST   SUNSET   451 PM EST
DECEMBER 14 2017......SUNRISE   703 AM EST   SUNSET   451 PM EST


-  INDICATES NEGATIVE NUMBERS.
R  INDICATES RECORD WAS SET OR TIED.
MM INDICATES DATA IS MISSING.
T  INDICATES TRACE AMOUNT.




$$
