000
CDUS42 KMHX 180530
CLIHSE


CLIMATE REPORT
NATIONAL WEATHER SERVICE NEWPORT/MOREHEAD CITY NC
130 AM EDT FRI AUG 18 2017


...................................

...THE CAPE HATTERAS NC CLIMATE SUMMARY FOR AUGUST 17 2017...

CLIMATE NORMAL PERIOD 1981 TO 2010
CLIMATE RECORD PERIOD 1874 TO 2017


WEATHER ITEM   OBSERVED TIME   RECORD YEAR NORMAL DEPARTURE LAST
                VALUE   (LST)  VALUE       VALUE  FROM      YEAR
                                                  NORMAL
..................................................................
TEMPERATURE (F)
 YESTERDAY
  MAXIMUM         87    349 PM  91    1978  84      3       89
  MINIMUM         73    603 AM  58    1961  73      0       79
  AVERAGE         80                        79      1       84

PRECIPITATION (IN)
  YESTERDAY        0.00          4.44 1899   0.23  -0.23     0.00
  MONTH TO DATE    4.41                      3.57   0.84     2.51
  SINCE JUN 1     11.06                     12.59  -1.53    15.07
  SINCE JAN 1     37.79                     33.83   3.96    49.13

SNOWFALL (IN)
  YESTERDAY        0.0
  MONTH TO DATE    0.0
  SINCE NOV 1      T
  SINCE JUL 1      0.0
  SNOW DEPTH       0

DEGREE DAYS
 HEATING
  YESTERDAY        0                         0      0        0
  MONTH TO DATE    0                         0      0        0
  SINCE JUN 1      0                         3     -3        0
  SINCE JUL 1      0                         0      0        0

 COOLING
  YESTERDAY       15                        14      1       19
  MONTH TO DATE  240                       238      2      314
  SINCE JUN 1   1118                       983    135     1198
  SINCE JAN 1   1545                      1126    419     1407
..................................................................


WIND (MPH)
  HIGHEST WIND SPEED    12   HIGHEST WIND DIRECTION     S (180)
  HIGHEST GUST SPEED    15   HIGHEST GUST DIRECTION     S (180)
  AVERAGE WIND SPEED     5.3


SKY COVER
  POSSIBLE SUNSHINE  MM
  AVERAGE SKY COVER 0.2


WEATHER CONDITIONS
 THE FOLLOWING WEATHER WAS RECORDED YESTERDAY.
  NO SIGNIFICANT WEATHER WAS OBSERVED.


RELATIVE HUMIDITY (PERCENT)
 HIGHEST   100          1200 AM
 LOWEST     65           100 PM
 AVERAGE    83

..........................................................


THE CAPE HATTERAS NC CLIMATE NORMALS FOR TODAY
                         NORMAL    RECORD    YEAR
 MAXIMUM TEMPERATURE (F)   84        93      1988
 MINIMUM TEMPERATURE (F)   73        56      1979


SUNRISE AND SUNSET
AUGUST 18 2017........SUNRISE   625 AM EDT   SUNSET   747 PM EDT
AUGUST 19 2017........SUNRISE   625 AM EDT   SUNSET   746 PM EDT


-  INDICATES NEGATIVE NUMBERS.
R  INDICATES RECORD WAS SET OR TIED.
MM INDICATES DATA IS MISSING.
T  INDICATES TRACE AMOUNT.




$$
