000
CDUS42 KMHX 220630
CLIHSE


CLIMATE REPORT
NATIONAL WEATHER SERVICE NEWPORT/MOREHEAD CITY NC
129 AM EST MON DEC 22 2014


...................................

...THE CAPE HATTERAS NC CLIMATE SUMMARY FOR DECEMBER 21 2014...

CLIMATE NORMAL PERIOD 1981 TO 2010
CLIMATE RECORD PERIOD 1874 TO 2014


WEATHER ITEM   OBSERVED TIME   RECORD YEAR NORMAL DEPARTURE LAST
                VALUE   (LST)  VALUE       VALUE  FROM      YEAR
                                                  NORMAL
..................................................................
TEMPERATURE (F)
 YESTERDAY
  MAXIMUM         49   1159 PM  73    1990  55     -6       70
                                      1984
  MINIMUM         42    632 AM  18    1981  41      1       62
  AVERAGE         46                        48     -2       66

PRECIPITATION (IN)
  YESTERDAY        0.01          2.72 1973   0.15  -0.14      T
  MONTH TO DATE    1.26                      2.86  -1.60     2.45
  SINCE DEC 1      1.26                      2.86  -1.60     2.45
  SINCE JAN 1     60.65                     56.63   4.02    51.86

SNOWFALL (IN)
  YESTERDAY       MM
  MONTH TO DATE    0.0
  SINCE NOV 1      0.0
  SINCE JUL 1      0.0
  SNOW DEPTH       0

DEGREE DAYS
 HEATING
  YESTERDAY       19                        17      2        0
  MONTH TO DATE  331                       308     23      272
  SINCE DEC 1    331                       308     23      272
  SINCE JUL 1    732                       626    106      587

 COOLING
  YESTERDAY        0                         0      0        1
  MONTH TO DATE    0                         0      0        3
  SINCE DEC 1      0                         0      0        3
  SINCE JAN 1   1764                      1711     53     1993
..................................................................


WIND (MPH)
  HIGHEST WIND SPEED    14   HIGHEST WIND DIRECTION    NE (40)
  HIGHEST GUST SPEED    22   HIGHEST GUST DIRECTION    NE (30)
  AVERAGE WIND SPEED     9.1


SKY COVER
  POSSIBLE SUNSHINE  MM
  AVERAGE SKY COVER 0.6


WEATHER CONDITIONS
 THE FOLLOWING WEATHER WAS RECORDED YESTERDAY.
  LIGHT RAIN
  FOG


RELATIVE HUMIDITY (PERCENT)
 HIGHEST    93           800 PM
 LOWEST     76          1100 AM
 AVERAGE    85

..........................................................


THE CAPE HATTERAS NC CLIMATE NORMALS FOR TODAY
                         NORMAL    RECORD    YEAR
 MAXIMUM TEMPERATURE (F)   54        75      1967
 MINIMUM TEMPERATURE (F)   41        22      1989


SUNRISE AND SUNSET
DECEMBER 22 2014......SUNRISE   708 AM EST   SUNSET   455 PM EST
DECEMBER 23 2014......SUNRISE   708 AM EST   SUNSET   455 PM EST


-  INDICATES NEGATIVE NUMBERS.
R  INDICATES RECORD WAS SET OR TIED.
MM INDICATES DATA IS MISSING.
T  INDICATES TRACE AMOUNT.




$$
