000
CDUS42 KMHX 240625
CLIHSE


CLIMATE REPORT
NATIONAL WEATHER SERVICE NEWPORT/MOREHEAD CITY NC
125 AM EST FRI FEB 24 2017


...................................

...THE CAPE HATTERAS NC CLIMATE SUMMARY FOR FEBRUARY 23 2017...

CLIMATE NORMAL PERIOD 1981 TO 2010
CLIMATE RECORD PERIOD 1874 TO 2017


WEATHER ITEM   OBSERVED TIME   RECORD YEAR NORMAL DEPARTURE LAST
                VALUE   (LST)  VALUE       VALUE  FROM      YEAR
                                                  NORMAL
..................................................................
TEMPERATURE (F)
 YESTERDAY
  MAXIMUM         73    329 PM  75    1975  54     19       68
  MINIMUM         58    339 AM  15    1963  41     17       50
  AVERAGE         66                        48     18       59

PRECIPITATION (IN)
  YESTERDAY        0.11          2.05 2013   0.14  -0.03     0.03
  MONTH TO DATE    1.32                      3.31  -1.99     7.19
  SINCE DEC 1     11.31                     12.82  -1.51    17.03
  SINCE JAN 1      6.30                      8.55  -2.25    12.06

SNOWFALL (IN)
  YESTERDAY        0.0
  MONTH TO DATE    0.0
  SINCE NOV 1      T
  SINCE JUL 1      T
  SNOW DEPTH       0

DEGREE DAYS
 HEATING
  YESTERDAY        0                        17    -17        6
  MONTH TO DATE  239                       426   -187      380
  SINCE DEC 1   1025                      1521   -496     1069
  SINCE JUL 1   1297                      1839   -542     1241

 COOLING
  YESTERDAY        1                         0      1        0
  MONTH TO DATE    1                         0      1        1
  SINCE DEC 1      4                         3      1       65
  SINCE JAN 1      1                         0      1        1
..................................................................


WIND (MPH)
  HIGHEST WIND SPEED    14   HIGHEST WIND DIRECTION    SE (130)
  HIGHEST GUST SPEED    19   HIGHEST GUST DIRECTION    SE (120)
  AVERAGE WIND SPEED     4.4


SKY COVER
  POSSIBLE SUNSHINE  MM
  AVERAGE SKY COVER 0.5


WEATHER CONDITIONS
 THE FOLLOWING WEATHER WAS RECORDED YESTERDAY.
  HEAVY RAIN
  RAIN
  LIGHT RAIN
  FOG
  HAZE


RELATIVE HUMIDITY (PERCENT)
 HIGHEST    93           400 AM
 LOWEST     61          1000 AM
 AVERAGE    77

..........................................................


THE CAPE HATTERAS NC CLIMATE NORMALS FOR TODAY
                         NORMAL    RECORD    YEAR
 MAXIMUM TEMPERATURE (F)   55        75      1975
 MINIMUM TEMPERATURE (F)   41        21      1964


SUNRISE AND SUNSET
FEBRUARY 24 2017......SUNRISE   638 AM EST   SUNSET   554 PM EST
FEBRUARY 25 2017......SUNRISE   637 AM EST   SUNSET   555 PM EST


-  INDICATES NEGATIVE NUMBERS.
R  INDICATES RECORD WAS SET OR TIED.
MM INDICATES DATA IS MISSING.
T  INDICATES TRACE AMOUNT.




$$
