000
CDUS42 KMHX 200526
CLIHSE


CLIMATE REPORT
NATIONAL WEATHER SERVICE NEWPORT/MOREHEAD CITY NC
126 AM EDT FRI OCT 20 2017


...................................

...THE CAPE HATTERAS NC CLIMATE SUMMARY FOR OCTOBER 19 2017...

CLIMATE NORMAL PERIOD 1981 TO 2010
CLIMATE RECORD PERIOD 1874 TO 2017


WEATHER ITEM   OBSERVED TIME   RECORD YEAR NORMAL DEPARTURE LAST
                VALUE   (LST)  VALUE       VALUE  FROM      YEAR
                                                  NORMAL
..................................................................
TEMPERATURE (F)
 YESTERDAY
  MAXIMUM         79    149 PM  83    1968  71      8       80
  MINIMUM         58   1014 PM  39    1978  59     -1       67
  AVERAGE         69                        65      4       74

PRECIPITATION (IN)
  YESTERDAY        0.00          4.49 2011   0.17  -0.17     0.00
  MONTH TO DATE    0.68                      3.31  -2.63     5.02
  SINCE SEP 1      7.78                      9.56  -1.78    13.88
  SINCE JAN 1     50.14                     46.75   3.39    66.14

SNOWFALL (IN)
  YESTERDAY        0.0
  MONTH TO DATE    0.0
  SINCE NOV 1      T
  SINCE JUL 1      0.0
  SNOW DEPTH       0

DEGREE DAYS
 HEATING
  YESTERDAY        0                         3     -3        0
  MONTH TO DATE    1                        28    -27        4
  SINCE SEP 1      1                        31    -30        4
  SINCE JUL 1      1                        31    -30        4

 COOLING
  YESTERDAY        4                         2      2        9
  MONTH TO DATE  177                        77    100      134
  SINCE SEP 1    524                       363    161      544
  SINCE JAN 1   2285                      1669    616     2179
..................................................................


WIND (MPH)
  HIGHEST WIND SPEED    12   HIGHEST WIND DIRECTION    NE (60)
  HIGHEST GUST SPEED    18   HIGHEST GUST DIRECTION    NE (30)
  AVERAGE WIND SPEED     5.6


SKY COVER
  POSSIBLE SUNSHINE  MM
  AVERAGE SKY COVER 0.1


WEATHER CONDITIONS
 THE FOLLOWING WEATHER WAS RECORDED YESTERDAY.
  NO SIGNIFICANT WEATHER WAS OBSERVED.


RELATIVE HUMIDITY (PERCENT)
 HIGHEST   100          1000 PM
 LOWEST     45           200 PM
 AVERAGE    73

..........................................................


THE CAPE HATTERAS NC CLIMATE NORMALS FOR TODAY
                         NORMAL    RECORD    YEAR
 MAXIMUM TEMPERATURE (F)   71        84      1910
 MINIMUM TEMPERATURE (F)   58        41      1992


SUNRISE AND SUNSET
OCTOBER 20 2017.......SUNRISE   713 AM EDT   SUNSET   621 PM EDT
OCTOBER 21 2017.......SUNRISE   714 AM EDT   SUNSET   620 PM EDT


-  INDICATES NEGATIVE NUMBERS.
R  INDICATES RECORD WAS SET OR TIED.
MM INDICATES DATA IS MISSING.
T  INDICATES TRACE AMOUNT.




$$
