000
CDUS42 KMHX 232129
CLIHSE


CLIMATE REPORT
NATIONAL WEATHER SERVICE NEWPORT/MOREHEAD CITY NC
526 PM EDT FRI JUN 23 2017


...................................

...THE CAPE HATTERAS NC CLIMATE SUMMARY FOR JUNE 23 2017...
VALID TODAY AS OF 0500 PM LOCAL TIME.

CLIMATE NORMAL PERIOD 1981 TO 2010
CLIMATE RECORD PERIOD 1874 TO 2017


WEATHER ITEM   OBSERVED TIME   RECORD YEAR NORMAL DEPARTURE LAST
                VALUE   (LST)  VALUE       VALUE  FROM      YEAR
                                                  NORMAL
..................................................................
TEMPERATURE (F)
 TODAY
  MAXIMUM         86    233 PM  89    1932  83      3       83
  MINIMUM         79    634 AM  50    1992  71      8       73
  AVERAGE         83                        77      6       78

PRECIPITATION (IN)
  TODAY            0.00          1.75 1955   0.14  -0.14      T
  MONTH TO DATE    2.23                      3.01  -0.78    10.03
  SINCE JUN 1      2.23                      3.01  -0.78    10.03
  SINCE JAN 1     28.96                     24.25   4.71    44.09

SNOWFALL (IN)
  TODAY            0.0
  MONTH TO DATE    0.0
  SINCE NOV 1      T
  SINCE JUL 1      T
  SNOW DEPTH       0

DEGREE DAYS
 HEATING
  TODAY            0                         0      0        0
  MONTH TO DATE    0                         0      0        0
  SINCE JUN 1      0                         0      0        0
  SINCE JUL 1   1728                      2584   -856     1700

 COOLING
  TODAY           18                        12      6       13
  MONTH TO DATE  296                       220     76      263
  SINCE JUN 1    296                       220     76      263
  SINCE JAN 1    723                       363    360      472
..................................................................


WIND (MPH)
  HIGHEST WIND SPEED    17   HIGHEST WIND DIRECTION    SW (230)
  HIGHEST GUST SPEED    25   HIGHEST GUST DIRECTION    SW (220)
  AVERAGE WIND SPEED     9.5


SKY COVER
  POSSIBLE SUNSHINE  MM
  AVERAGE SKY COVER 0.1


WEATHER CONDITIONS
 THE FOLLOWING WEATHER WAS RECORDED TODAY.
  FOG
  HAZE


RELATIVE HUMIDITY (PERCENT)
 HIGHEST    91           200 AM
 LOWEST     74          1100 AM
 AVERAGE    83

..........................................................


THE CAPE HATTERAS NC CLIMATE NORMALS FOR TOMORROW
                         NORMAL    RECORD    YEAR
 MAXIMUM TEMPERATURE (F)   83        95      1944
 MINIMUM TEMPERATURE (F)   72        54      1966


SUNRISE AND SUNSET
JUNE 23 2017..........SUNRISE   549 AM EDT   SUNSET   821 PM EDT
JUNE 24 2017..........SUNRISE   549 AM EDT   SUNSET   821 PM EDT


-  INDICATES NEGATIVE NUMBERS.
R  INDICATES RECORD WAS SET OR TIED.
MM INDICATES DATA IS MISSING.
T  INDICATES TRACE AMOUNT.




$$
