000
CDUS42 KMHX 032134
CLIHSE


CLIMATE REPORT
NATIONAL WEATHER SERVICE NEWPORT/MOREHEAD CITY NC
533 PM EDT WED JUN 3 2015


...................................

...THE CAPE HATTERAS NC CLIMATE SUMMARY FOR JUNE 3 2015...
VALID TODAY AS OF 0500 PM LOCAL TIME.

CLIMATE NORMAL PERIOD 1981 TO 2010
CLIMATE RECORD PERIOD 1874 TO 2015


WEATHER ITEM   OBSERVED TIME   RECORD YEAR NORMAL DEPARTURE LAST
                VALUE   (LST)  VALUE       VALUE  FROM      YEAR
                                                  NORMAL
..................................................................
TEMPERATURE (F)
 TODAY
  MAXIMUM         80    250 PM  91    1895  78      2       79
  MINIMUM         70    232 AM  44    1966  66      4       56
  AVERAGE         75                        72      3       68

PRECIPITATION (IN)
  TODAY            T             1.59 1949   0.12  -0.12     0.00
  MONTH TO DATE    T                         0.34  -0.34     0.00
  SINCE JUN 1      T                         0.34  -0.34     0.00
  SINCE JAN 1     19.63                     21.58  -1.95    22.79

SNOWFALL (IN)
  TODAY            0.0
  MONTH TO DATE    0.0
  SINCE NOV 1      2.0
  SINCE JUL 1      2.0
  SNOW DEPTH       0

DEGREE DAYS
 HEATING
  TODAY            0                         0      0        0
  MONTH TO DATE    0                         0      0        0
  SINCE JUN 1      0                         0      0        0
  SINCE JUL 1   2806                      2584    222     2534

 COOLING
  TODAY           10                         7      3        3
  MONTH TO DATE   37                        21     16        7
  SINCE JUN 1     37                        21     16        7
  SINCE JAN 1    204                       164     40      243
..................................................................


WIND (MPH)
  HIGHEST WIND SPEED    14   HIGHEST WIND DIRECTION     N (20)
  HIGHEST GUST SPEED    19   HIGHEST GUST DIRECTION    NE (30)
  AVERAGE WIND SPEED     6.0


SKY COVER
  POSSIBLE SUNSHINE  MM
  AVERAGE SKY COVER 0.3


WEATHER CONDITIONS
 THE FOLLOWING WEATHER WAS RECORDED TODAY.
  LIGHT RAIN


RELATIVE HUMIDITY (PERCENT)
 HIGHEST    90           200 AM
 LOWEST     67           200 PM
 AVERAGE    79

..........................................................


THE CAPE HATTERAS NC CLIMATE NORMALS FOR TOMORROW
                         NORMAL    RECORD    YEAR
 MAXIMUM TEMPERATURE (F)   79        91      1943
 MINIMUM TEMPERATURE (F)   66        48      1988


SUNRISE AND SUNSET
JUNE  3 2015..........SUNRISE   549 AM EDT   SUNSET   813 PM EDT
JUNE  4 2015..........SUNRISE   548 AM EDT   SUNSET   813 PM EDT


-  INDICATES NEGATIVE NUMBERS.
R  INDICATES RECORD WAS SET OR TIED.
MM INDICATES DATA IS MISSING.
T  INDICATES TRACE AMOUNT.




$$
