000
CDUS42 KMHX 160527
CLIHSE


CLIMATE REPORT
NATIONAL WEATHER SERVICE NEWPORT/MOREHEAD CITY NC
127 AM EDT TUE SEP 16 2014


...................................

...THE CAPE HATTERAS NC CLIMATE SUMMARY FOR SEPTEMBER 15 2014...

CLIMATE NORMAL PERIOD 1981 TO 2010
CLIMATE RECORD PERIOD 1874 TO 2014


WEATHER ITEM   OBSERVED TIME   RECORD YEAR NORMAL DEPARTURE LAST
                VALUE   (LST)  VALUE       VALUE  FROM      YEAR
                                                  NORMAL
..................................................................
TEMPERATURE (F)
 YESTERDAY
  MAXIMUM         76    229 PM  89    1994  80     -4       79
  MINIMUM         67   1115 PM  50    1964  69     -2       68
  AVERAGE         72                        75     -3       74

PRECIPITATION (IN)
  YESTERDAY        0.00          7.24 1933   0.21  -0.21     0.00
  MONTH TO DATE    2.69                      3.36  -0.67     1.33
  SINCE SEP 1      2.69                      3.36  -0.67     1.33
  SINCE JAN 1     43.74                     40.55   3.19    32.53

SNOWFALL (IN)
  YESTERDAY        0.0
  MONTH TO DATE    0.0
  SINCE NOV 1      5.7
  SINCE JUL 1      0.0
  SNOW DEPTH       0

DEGREE DAYS
 HEATING
  YESTERDAY        0                         0      0        0
  MONTH TO DATE    0                         0      0        0
  SINCE SEP 1      0                         0      0        0
  SINCE JUL 1      0                         0      0        0

 COOLING
  YESTERDAY        7                        10     -3        9
  MONTH TO DATE  196                       167     29      196
  SINCE SEP 1    196                       167     29      196
  SINCE JAN 1   1572                      1473     99     1740
..................................................................


WIND (MPH)
  HIGHEST WIND SPEED    15   HIGHEST WIND DIRECTION    NE (50)
  HIGHEST GUST SPEED    20   HIGHEST GUST DIRECTION    NE (30)
  AVERAGE WIND SPEED     6.7


SKY COVER
  POSSIBLE SUNSHINE  MM
  AVERAGE SKY COVER 0.5


WEATHER CONDITIONS
 THE FOLLOWING WEATHER WAS RECORDED YESTERDAY.
  NO SIGNIFICANT WEATHER WAS OBSERVED.


RELATIVE HUMIDITY (PERCENT)
 HIGHEST    87          1100 PM
 LOWEST     64          1100 AM
 AVERAGE    76

..........................................................


THE CAPE HATTERAS NC CLIMATE NORMALS FOR TODAY
                         NORMAL    RECORD    YEAR
 MAXIMUM TEMPERATURE (F)   80        89      1994
                                             1991
 MINIMUM TEMPERATURE (F)   69        51      1964


SUNRISE AND SUNSET
SEPTEMBER 16 2014.....SUNRISE   646 AM EDT   SUNSET   708 PM EDT
SEPTEMBER 17 2014.....SUNRISE   647 AM EDT   SUNSET   707 PM EDT


-  INDICATES NEGATIVE NUMBERS.
R  INDICATES RECORD WAS SET OR TIED.
MM INDICATES DATA IS MISSING.
T  INDICATES TRACE AMOUNT.




$$
