000
CDUS42 KMHX 010529
CLIHSE


CLIMATE REPORT
NATIONAL WEATHER SERVICE NEWPORT/MOREHEAD CITY NC
128 AM EDT MON MAY 1 2017


...................................

...THE CAPE HATTERAS NC CLIMATE SUMMARY FOR APRIL 30 2017...

CLIMATE NORMAL PERIOD 1981 TO 2010
CLIMATE RECORD PERIOD 1874 TO 2017


WEATHER ITEM   OBSERVED TIME   RECORD YEAR NORMAL DEPARTURE LAST
                VALUE   (LST)  VALUE       VALUE  FROM      YEAR
                                                  NORMAL
..................................................................
TEMPERATURE (F)
 YESTERDAY
  MAXIMUM         82    231 PM  84    1974  70     12       62
  MINIMUM         72    632 AM  36    1967  56     16       56
  AVERAGE         77                        63     14       59

PRECIPITATION (IN)
  YESTERDAY        0.00          1.01 1912   0.10  -0.10     0.00
  MONTH TO DATE    8.03                      3.64   4.39     2.31
  SINCE MAR 1     13.31                      8.41   4.90     8.28
  SINCE JAN 1     19.62                     17.67   1.95    21.39

SNOWFALL (IN)
  YESTERDAY        0.0
  MONTH TO DATE    0.0
  SINCE NOV 1      T
  SINCE JUL 1      T
  SNOW DEPTH       0

DEGREE DAYS
 HEATING
  YESTERDAY        0                         3     -3        6
  MONTH TO DATE   48                       191   -143      169
  SINCE MAR 1    403                       610   -207      366
  SINCE JUL 1   1725                      2534   -809     1679

 COOLING
  YESTERDAY       12                         2     10        0
  MONTH TO DATE  154                        25    129       28
  SINCE MAR 1    178                        28    150       54
  SINCE JAN 1    186                        28    158       55
..................................................................


WIND (MPH)
  HIGHEST WIND SPEED    15   HIGHEST WIND DIRECTION    SW (210)
  HIGHEST GUST SPEED    22   HIGHEST GUST DIRECTION    SW (210)
  AVERAGE WIND SPEED    10.3


SKY COVER
  POSSIBLE SUNSHINE  MM
  AVERAGE SKY COVER 0.0


WEATHER CONDITIONS
 THE FOLLOWING WEATHER WAS RECORDED YESTERDAY.
  FOG
  HAZE


RELATIVE HUMIDITY (PERCENT)
 HIGHEST    93           300 AM
 LOWEST     69           200 PM
 AVERAGE    81

..........................................................


THE CAPE HATTERAS NC CLIMATE NORMALS FOR TODAY
                         NORMAL    RECORD    YEAR
 MAXIMUM TEMPERATURE (F)   70        81      1991
                                             1957
 MINIMUM TEMPERATURE (F)   57        41      1982


SUNRISE AND SUNSET
MAY  1 2017...........SUNRISE   611 AM EDT   SUNSET   749 PM EDT
MAY  2 2017...........SUNRISE   610 AM EDT   SUNSET   749 PM EDT


-  INDICATES NEGATIVE NUMBERS.
R  INDICATES RECORD WAS SET OR TIED.
MM INDICATES DATA IS MISSING.
T  INDICATES TRACE AMOUNT.




$$
