000
CDUS42 KMHX 260526
CLIHSE


CLIMATE REPORT
NATIONAL WEATHER SERVICE NEWPORT/MOREHEAD CITY NC
125 AM EDT FRI AUG 26 2016


...................................

...THE CAPE HATTERAS NC CLIMATE SUMMARY FOR AUGUST 25 2016...

CLIMATE NORMAL PERIOD 1981 TO 2010
CLIMATE RECORD PERIOD 1874 TO 2016


WEATHER ITEM   OBSERVED TIME   RECORD YEAR NORMAL DEPARTURE LAST
                VALUE   (LST)  VALUE       VALUE  FROM      YEAR
                                                  NORMAL
..................................................................
TEMPERATURE (F)
 YESTERDAY
  MAXIMUM         89    159 PM  90    2015  84      5       90
                                      1993
                                      1968
  MINIMUM         69    357 AM  59    1986  73     -4       72
  AVERAGE         79                        78      1       81

PRECIPITATION (IN)
  YESTERDAY        0.00          3.15 1924   0.25  -0.25     0.00
  MONTH TO DATE    3.71                      5.45  -1.74     4.44
  SINCE JUN 1     16.27                     14.47   1.80    15.84
  SINCE JAN 1     50.33                     35.71  14.62    35.47

SNOWFALL (IN)
  YESTERDAY        0.0
  MONTH TO DATE    0.0
  SINCE NOV 1      T
  SINCE JUL 1      0.0
  SNOW DEPTH      MM

DEGREE DAYS
 HEATING
  YESTERDAY        0                         0      0        0
  MONTH TO DATE    0                         0      0        0
  SINCE JUN 1      0                         3     -3        0
  SINCE JUL 1      0                         0      0        0

 COOLING
  YESTERDAY       14                        13      1       16
  MONTH TO DATE  420                       342     78      356
  SINCE JUN 1   1304                      1087    217     1272
  SINCE JAN 1   1513                      1230    283     1439
..................................................................


WIND (MPH)
  HIGHEST WIND SPEED    10   HIGHEST WIND DIRECTION    SE (140)
  HIGHEST GUST SPEED    13   HIGHEST GUST DIRECTION     E (80)
  AVERAGE WIND SPEED     5.4


SKY COVER
  POSSIBLE SUNSHINE  MM
  AVERAGE SKY COVER 0.0


WEATHER CONDITIONS
 THE FOLLOWING WEATHER WAS RECORDED YESTERDAY.
  NO SIGNIFICANT WEATHER WAS OBSERVED.


RELATIVE HUMIDITY (PERCENT)
 HIGHEST    90           600 AM
 LOWEST     50           200 PM
 AVERAGE    70

..........................................................


THE CAPE HATTERAS NC CLIMATE NORMALS FOR TODAY
                         NORMAL    RECORD    YEAR
 MAXIMUM TEMPERATURE (F)   83        92      1975
 MINIMUM TEMPERATURE (F)   73        60      1986


SUNRISE AND SUNSET
AUGUST 26 2016........SUNRISE   631 AM EDT   SUNSET   737 PM EDT
AUGUST 27 2016........SUNRISE   632 AM EDT   SUNSET   735 PM EDT


-  INDICATES NEGATIVE NUMBERS.
R  INDICATES RECORD WAS SET OR TIED.
MM INDICATES DATA IS MISSING.
T  INDICATES TRACE AMOUNT.




$$
