749
CDUS42 KMHX 290526
CLIHSE


CLIMATE REPORT
NATIONAL WEATHER SERVICE NEWPORT/MOREHEAD CITY NC
125 AM EDT FRI JUL 29 2016


...................................

...THE CAPE HATTERAS NC CLIMATE SUMMARY FOR JULY 28 2016...

CLIMATE NORMAL PERIOD 1981 TO 2010
CLIMATE RECORD PERIOD 1874 TO 2016


WEATHER ITEM   OBSERVED TIME   RECORD YEAR NORMAL DEPARTURE LAST
                VALUE   (LST)  VALUE       VALUE  FROM      YEAR
                                                  NORMAL
..................................................................
TEMPERATURE (F)
 YESTERDAY
  MAXIMUM         88    216 PM  92    1936  85      3       89
  MINIMUM         78   1202 AM  57    1962  74      4       72
  AVERAGE         83                        79      4       81

PRECIPITATION (IN)
  YESTERDAY        0.00          4.63 1965   0.17  -0.17     0.00
  MONTH TO DATE    1.93                      4.44  -2.51     5.16
  SINCE JUN 1     12.44                      8.47   3.97    10.89
  SINCE JAN 1     46.50                     29.71  16.79    30.52

SNOWFALL (IN)
  YESTERDAY        0.0
  MONTH TO DATE    0.0
  SINCE NOV 1      T
  SINCE JUL 1      0.0
  SNOW DEPTH       0

DEGREE DAYS
 HEATING
  YESTERDAY        0                         0      0        0
  MONTH TO DATE    0                         0      0        0
  SINCE JUN 1      0                         3     -3        0
  SINCE JUL 1      0                         0      0        0

 COOLING
  YESTERDAY       18                        14      4       16
  MONTH TO DATE  472                       389     83      435
  SINCE JUN 1    833                       697    136      863
  SINCE JAN 1   1042                       840    202     1030
..................................................................


WIND (MPH)
  HIGHEST WIND SPEED    16   HIGHEST WIND DIRECTION    SW (240)
  HIGHEST GUST SPEED    24   HIGHEST GUST DIRECTION     W (250)
  AVERAGE WIND SPEED     8.4


SKY COVER
  POSSIBLE SUNSHINE  MM
  AVERAGE SKY COVER 0.1


WEATHER CONDITIONS
 THE FOLLOWING WEATHER WAS RECORDED YESTERDAY.
  NO SIGNIFICANT WEATHER WAS OBSERVED.


RELATIVE HUMIDITY (PERCENT)
 HIGHEST    91           300 AM
 LOWEST     80          1100 AM
 AVERAGE    86

..........................................................


THE CAPE HATTERAS NC CLIMATE NORMALS FOR TODAY
                         NORMAL    RECORD    YEAR
 MAXIMUM TEMPERATURE (F)   85        90      2011
                                             1993
                                             1941
 MINIMUM TEMPERATURE (F)   74        65      1992
                                             1957


SUNRISE AND SUNSET
JULY 29 2016..........SUNRISE   610 AM EDT   SUNSET   808 PM EDT
JULY 30 2016..........SUNRISE   610 AM EDT   SUNSET   807 PM EDT


-  INDICATES NEGATIVE NUMBERS.
R  INDICATES RECORD WAS SET OR TIED.
MM INDICATES DATA IS MISSING.
T  INDICATES TRACE AMOUNT.




$$
