000
CDUS42 KMHX 130528
CLIHSE


CLIMATE REPORT
NATIONAL WEATHER SERVICE NEWPORT/MOREHEAD CITY NC
1227 AM EST SAT FEB 13 2016


...................................

...THE CAPE HATTERAS NC CLIMATE SUMMARY FOR FEBRUARY 12 2016...

CLIMATE NORMAL PERIOD 1981 TO 2010
CLIMATE RECORD PERIOD 1874 TO 2016


WEATHER ITEM   OBSERVED TIME   RECORD YEAR NORMAL DEPARTURE LAST
                VALUE   (LST)  VALUE       VALUE  FROM      YEAR
                                                  NORMAL
..................................................................
TEMPERATURE (F)
 YESTERDAY
  MAXIMUM         38    914 PM  72    1932  53    -15       59
  MINIMUM         33    101 PM  22    1978  40     -7       28
                                      1912
  AVERAGE         36                        46    -10       44

PRECIPITATION (IN)
  YESTERDAY        0.42          1.96 1985   0.13   0.29     0.01
  MONTH TO DATE    6.28                      1.74   4.54     3.30
  SINCE DEC 1     16.12                     11.25   4.87    10.36
  SINCE JAN 1     11.15                      6.98   4.17     7.91

SNOWFALL (IN)
  YESTERDAY       MM
  MONTH TO DATE    0.0
  SINCE NOV 1      T
  SINCE JUL 1      T
  SNOW DEPTH       0

DEGREE DAYS
 HEATING
  YESTERDAY       29                        19     10       21
  MONTH TO DATE  181                       228    -47      258
  SINCE DEC 1    870                      1323   -453     1294
  SINCE JUL 1   1042                      1641   -599     1695

 COOLING
  YESTERDAY        0                         0      0        0
  MONTH TO DATE    1                         0      1        0
  SINCE DEC 1     65                         3     62        2
  SINCE JAN 1      1                         0      1        2
..................................................................


WIND (MPH)
  HIGHEST WIND SPEED    17   HIGHEST WIND DIRECTION    NE (50)
  HIGHEST GUST SPEED    34   HIGHEST GUST DIRECTION    NE (50)
  AVERAGE WIND SPEED     8.1


SKY COVER
  POSSIBLE SUNSHINE  MM
  AVERAGE SKY COVER 0.6


WEATHER CONDITIONS
 THE FOLLOWING WEATHER WAS RECORDED YESTERDAY.
  RAIN
  LIGHT RAIN
  LIGHT SNOW
  FOG


RELATIVE HUMIDITY (PERCENT)
 HIGHEST   100           300 PM
 LOWEST     35           100 AM
 AVERAGE    68

..........................................................


THE CAPE HATTERAS NC CLIMATE NORMALS FOR TODAY
                         NORMAL    RECORD    YEAR
 MAXIMUM TEMPERATURE (F)   53        71      1984
 MINIMUM TEMPERATURE (F)   40        16      1899


SUNRISE AND SUNSET
FEBRUARY 13 2016......SUNRISE   651 AM EST   SUNSET   542 PM EST
FEBRUARY 14 2016......SUNRISE   650 AM EST   SUNSET   543 PM EST


-  INDICATES NEGATIVE NUMBERS.
R  INDICATES RECORD WAS SET OR TIED.
MM INDICATES DATA IS MISSING.
T  INDICATES TRACE AMOUNT.




$$
