000
CDUS43 KGID 020627
CLIHSI


CLIMATE REPORT
NATIONAL WEATHER SERVICE HASTINGS NE
125 AM CDT TUE JUN 2 2015


...................................

...THE HASTINGS NE CLIMATE SUMMARY FOR JUNE 1 2015...

CLIMATE NORMAL PERIOD 1981 TO 2010
CLIMATE RECORD PERIOD 1894 TO 2015


WEATHER ITEM   OBSERVED TIME   RECORD YEAR NORMAL DEPARTURE LAST
                VALUE   (LST)  VALUE       VALUE  FROM      YEAR
                                                  NORMAL
..................................................................
TEMPERATURE (F)
 YESTERDAY
  MAXIMUM         76    238 PM  98    1934  78     -2       84
  MINIMUM         56    601 AM  39    1956  57     -1       61
  AVERAGE         66                        67     -1       73

PRECIPITATION (IN)
  YESTERDAY        0.00          1.80 1920   0.14  -0.14     1.13
  MONTH TO DATE    0.00                      0.14  -0.14     1.13
  SINCE JUN 1      0.00                      0.14  -0.14     1.13
  SINCE JAN 1      8.72                      9.96  -1.24     8.07

SNOWFALL (IN)
  YESTERDAY        0.0          MM      MM   0.0    0.0      0.0
  MONTH TO DATE    0.0                       0.0    0.0      0.0
  SINCE JUN 1      0.0                       0.0    0.0      0.0
  SINCE JUL 1     17.0                      28.8  -11.8     21.7
  SNOW DEPTH       0

DEGREE DAYS
 HEATING
  YESTERDAY        0                         2     -2        0
  MONTH TO DATE    0                         2     -2        0
  SINCE JUN 1      0                         2     -2        0
  SINCE JUL 1   5798                      6010   -212     6317

 COOLING
  YESTERDAY        1                         4     -3        8
  MONTH TO DATE    1                         4     -3        8
  SINCE JUN 1      1                         4     -3        8
  SINCE JAN 1     32                        63    -31      126
..................................................................


WIND (MPH)
  HIGHEST WIND SPEED    20   HIGHEST WIND DIRECTION    SE (140)
  HIGHEST GUST SPEED    29   HIGHEST GUST DIRECTION    SE (150)
  AVERAGE WIND SPEED    12.4


SKY COVER
  AVERAGE SKY COVER 0.7


WEATHER CONDITIONS
 THE FOLLOWING WEATHER WAS RECORDED YESTERDAY.
  NO SIGNIFICANT WEATHER WAS OBSERVED.


RELATIVE HUMIDITY (PERCENT)
 HIGHEST    86           400 AM
 LOWEST     54           300 PM
 AVERAGE    70

..........................................................


THE HASTINGS NE CLIMATE NORMALS FOR TODAY
                         NORMAL    RECORD    YEAR
 MAXIMUM TEMPERATURE (F)   78        99      2002
                                             1911
 MINIMUM TEMPERATURE (F)   57        40      1964
                                             1951


SUNRISE AND SUNSET
JUNE  2 2015..........SUNRISE   605 AM CDT   SUNSET   859 PM CDT
JUNE  3 2015..........SUNRISE   604 AM CDT   SUNSET   900 PM CDT


-  INDICATES NEGATIVE NUMBERS.
R  INDICATES RECORD WAS SET OR TIED.
MM INDICATES DATA IS MISSING.
T  INDICATES TRACE AMOUNT.




$$
