000
CDUS43 KGID 240637
CLIHSI


CLIMATE REPORT
NATIONAL WEATHER SERVICE HASTINGS NE
136 AM CDT WED MAY 24 2017


...................................

...THE HASTINGS NE CLIMATE SUMMARY FOR MAY 23 2017...

CLIMATE NORMAL PERIOD 1981 TO 2010
CLIMATE RECORD PERIOD 1894 TO 2017


WEATHER ITEM   OBSERVED TIME   RECORD YEAR NORMAL DEPARTURE LAST
                VALUE   (LST)  VALUE       VALUE  FROM      YEAR
                                                  NORMAL
..................................................................
TEMPERATURE (F)
 YESTERDAY
  MAXIMUM         60   1101 AM  95    1926  74    -14       74
  MINIMUM         46    545 AM  38    1917  53     -7       57
  AVERAGE         53                        64    -11       66

PRECIPITATION (IN)
  YESTERDAY        T             3.89 1965   0.14  -0.14     0.35
  MONTH TO DATE    6.06                      3.57   2.49     1.37
  SINCE MAR 1     10.38                      7.92   2.46     7.60
  SINCE JAN 1     11.48                      8.82   2.66     9.52

SNOWFALL (IN)
  YESTERDAY        0.0           T    2008   0.0    0.0      0.0
                                      2006
                                      1995
  MONTH TO DATE    0.6                       0.0    0.6      0.0
  SINCE MAR 1      2.0                       6.4   -4.4      2.1
  SINCE JUL 1     11.1                      28.8  -17.7     32.4
  SNOW DEPTH       0

DEGREE DAYS
 HEATING
  YESTERDAY       12                         4      8        0
  MONTH TO DATE  153                       148      5      173
  SINCE MAR 1   1203                      1357   -154     1103
  SINCE JUL 1   5133                      5987   -854     5013

 COOLING
  YESTERDAY        0                         2     -2        1
  MONTH TO DATE   46                        30     16        9
  SINCE MAR 1     54                        35     19        9
  SINCE JAN 1     54                        35     19        9
..................................................................


WIND (MPH)
  HIGHEST WIND SPEED    29   HIGHEST WIND DIRECTION     N (360)
  HIGHEST GUST SPEED    40   HIGHEST GUST DIRECTION     N (360)
  AVERAGE WIND SPEED    16.1


SKY COVER
  AVERAGE SKY COVER 0.7


WEATHER CONDITIONS
 THE FOLLOWING WEATHER WAS RECORDED YESTERDAY.
  NO SIGNIFICANT WEATHER WAS OBSERVED.


RELATIVE HUMIDITY (PERCENT)
 HIGHEST    86           200 AM
 LOWEST     55          1200 PM
 AVERAGE    71

..........................................................


THE HASTINGS NE CLIMATE NORMALS FOR TODAY
                         NORMAL    RECORD    YEAR
 MAXIMUM TEMPERATURE (F)   75        97      1967
                                             1953
 MINIMUM TEMPERATURE (F)   54        32      1924


SUNRISE AND SUNSET
MAY 24 2017...........SUNRISE   609 AM CDT   SUNSET   852 PM CDT
MAY 25 2017...........SUNRISE   609 AM CDT   SUNSET   853 PM CDT


-  INDICATES NEGATIVE NUMBERS.
R  INDICATES RECORD WAS SET OR TIED.
MM INDICATES DATA IS MISSING.
T  INDICATES TRACE AMOUNT.




$$
