000
CDUS43 KGID 280650
CLIHSI


CLIMATE REPORT
NATIONAL WEATHER SERVICE HASTINGS NE
150 AM CDT WED JUN 28 2017


...................................

...THE HASTINGS NE CLIMATE SUMMARY FOR JUNE 27 2017...

CLIMATE NORMAL PERIOD 1981 TO 2010
CLIMATE RECORD PERIOD 1894 TO 2017


WEATHER ITEM   OBSERVED TIME   RECORD YEAR NORMAL DEPARTURE LAST
                VALUE   (LST)  VALUE       VALUE  FROM      YEAR
                                                  NORMAL
..................................................................
TEMPERATURE (F)
 YESTERDAY
  MAXIMUM         86    444 PM 106    1936  86      0       88
  MINIMUM         57    521 AM  47    1968  64     -7       68
  AVERAGE         72                        75     -3       78

PRECIPITATION (IN)
  YESTERDAY        0.02          2.00 1917   0.10  -0.08     0.03
  MONTH TO DATE    1.72                      3.49  -1.77     0.44
  SINCE JUN 1      1.72                      3.49  -1.77     0.44
  SINCE JAN 1     13.56                     13.31   0.25    12.27

SNOWFALL (IN)
  YESTERDAY        0.0                       0.0    0.0      0.0
  MONTH TO DATE    0.0                       0.0    0.0      0.0
  SINCE JUN 1      0.0                       0.0    0.0      0.0
  SINCE JUL 1     11.1                      28.8  -17.7     32.4
  SNOW DEPTH       0

DEGREE DAYS
 HEATING
  YESTERDAY        0                         0      0        0
  MONTH TO DATE    3                        19    -16        0
  SINCE JUN 1      3                        19    -16        0
  SINCE JUL 1   5146                      6027   -881     5016

 COOLING
  YESTERDAY        7                        10     -3       13
  MONTH TO DATE  261                       193     68      322
  SINCE JUN 1    261                       193     68      322
  SINCE JAN 1    322                       252     70      351
..................................................................


WIND (MPH)
  HIGHEST WIND SPEED    36   HIGHEST WIND DIRECTION    NW (310)
  HIGHEST GUST SPEED    45   HIGHEST GUST DIRECTION    NW (300)
  AVERAGE WIND SPEED    14.3


SKY COVER
  AVERAGE SKY COVER 0.3


WEATHER CONDITIONS
 THE FOLLOWING WEATHER WAS RECORDED YESTERDAY.
  THUNDERSTORM
  LIGHT RAIN
  FOG
  FOG W/VISIBILITY <= 1/4 MILE
  HAZE


RELATIVE HUMIDITY (PERCENT)
 HIGHEST    93           200 AM
 LOWEST     51           400 PM
 AVERAGE    72

..........................................................


THE HASTINGS NE CLIMATE NORMALS FOR TODAY
                         NORMAL    RECORD    YEAR
 MAXIMUM TEMPERATURE (F)   87       104      1936
 MINIMUM TEMPERATURE (F)   64        49      1951


SUNRISE AND SUNSET
JUNE 28 2017..........SUNRISE   605 AM CDT   SUNSET   909 PM CDT
JUNE 29 2017..........SUNRISE   606 AM CDT   SUNSET   909 PM CDT


-  INDICATES NEGATIVE NUMBERS.
R  INDICATES RECORD WAS SET OR TIED.
MM INDICATES DATA IS MISSING.
T  INDICATES TRACE AMOUNT.




$$
