000
CDUS43 KGID 220624
CLIHSI


CLIMATE REPORT
NATIONAL WEATHER SERVICE HASTINGS NE
124 AM CDT SUN OCT 22 2017


...................................

...THE HASTINGS NE CLIMATE SUMMARY FOR OCTOBER 21 2017...

CLIMATE NORMAL PERIOD 1981 TO 2010
CLIMATE RECORD PERIOD 1894 TO 2017


WEATHER ITEM   OBSERVED TIME   RECORD YEAR NORMAL DEPARTURE LAST
                VALUE   (LST)  VALUE       VALUE  FROM      YEAR
                                                  NORMAL
..................................................................
TEMPERATURE (F)
 YESTERDAY
  MAXIMUM         69    231 AM  90    1947  62      7       70
  MINIMUM         39   1133 PM  20    1916  39      0       38
  AVERAGE         54                        50      4       54

PRECIPITATION (IN)
  YESTERDAY        0.00          1.10 1941   0.05  -0.05     0.00
  MONTH TO DATE    4.68                      1.47   3.21     0.22
  SINCE SEP 1      6.86                      4.03   2.83     2.02
  SINCE JAN 1     30.30                     24.69   5.61    18.59

SNOWFALL (IN)
  YESTERDAY        0.0           T    2006   0.0    0.0      0.0
                                      1997
  MONTH TO DATE    T                         0.5   -0.5      0.0
  SINCE SEP 1      T                         0.7   -0.7      0.0
  SINCE JUL 1      T                         0.7   -0.7      0.0
  SNOW DEPTH       0

DEGREE DAYS
 HEATING
  YESTERDAY       11                        15     -4       11
  MONTH TO DATE  159                       226    -67      173
  SINCE SEP 1    211                       316   -105      236
  SINCE JUL 1    215                       322   -107      240

 COOLING
  YESTERDAY        0                         0      0        0
  MONTH TO DATE    6                        11     -5        7
  SINCE SEP 1    172                       121     51      145
  SINCE JAN 1   1129                      1074     55     1193
..................................................................


WIND (MPH)
  HIGHEST WIND SPEED    38   HIGHEST WIND DIRECTION    NW (330)
  HIGHEST GUST SPEED    49   HIGHEST GUST DIRECTION    NW (320)
  AVERAGE WIND SPEED    15.5


SKY COVER
  AVERAGE SKY COVER 0.5


WEATHER CONDITIONS
 THE FOLLOWING WEATHER WAS RECORDED YESTERDAY.
  NO SIGNIFICANT WEATHER WAS OBSERVED.


RELATIVE HUMIDITY (PERCENT)
 HIGHEST    82          1000 PM
 LOWEST     46          1100 AM
 AVERAGE    64

..........................................................


THE HASTINGS NE CLIMATE NORMALS FOR TODAY
                         NORMAL    RECORD    YEAR
 MAXIMUM TEMPERATURE (F)   62        90      1927
 MINIMUM TEMPERATURE (F)   38        18      1936


SUNRISE AND SUNSET
OCTOBER 22 2017.......SUNRISE   753 AM CDT   SUNSET   643 PM CDT
OCTOBER 23 2017.......SUNRISE   754 AM CDT   SUNSET   642 PM CDT


-  INDICATES NEGATIVE NUMBERS.
R  INDICATES RECORD WAS SET OR TIED.
MM INDICATES DATA IS MISSING.
T  INDICATES TRACE AMOUNT.




$$
