000
CDUS43 KGID 122325
CLIHSI


CLIMATE REPORT
NATIONAL WEATHER SERVICE HASTINGS NE
523 PM CST FRI FEB 12 2016


...................................

...THE HASTINGS NE CLIMATE SUMMARY FOR FEBRUARY 12 2016...
VALID TODAY AS OF 0500 PM LOCAL TIME.

CLIMATE NORMAL PERIOD 1981 TO 2010
CLIMATE RECORD PERIOD 1894 TO 2016


WEATHER ITEM   OBSERVED TIME   RECORD YEAR NORMAL DEPARTURE LAST
                VALUE   (LST)  VALUE       VALUE  FROM      YEAR
                                                  NORMAL
..................................................................
TEMPERATURE (F)
 TODAY
  MAXIMUM         32   1210 PM  68    1911  39     -7       27
  MINIMUM         24    304 PM -11    1955  19      5       10
  AVERAGE         28                        29     -1       19

PRECIPITATION (IN)
  TODAY            0.00          0.52 1978   0.01  -0.01      T
  MONTH TO DATE    1.57                      0.20   1.37     0.22
  SINCE DEC 1      4.10                      1.22   2.88     1.53
  SINCE JAN 1      1.92                      0.61   1.31     0.99

SNOWFALL (IN)
  TODAY            0.0           6.0  1978   0.3   -0.3       T
  MONTH TO DATE   16.0                       3.1   12.9      3.6
  SINCE DEC 1     26.1                      15.2   10.9     12.7
  SINCE JUL 1     30.3                      19.0   11.3     14.4
  6 AM SNOW DEPTH  4

DEGREE DAYS
 HEATING
  TODAY           37                        36      1       46
  MONTH TO DATE  447                       444      3      420
  SINCE DEC 1   2572                      2812   -240     2603
  SINCE JUL 1   3498                      4093   -595     3941

 COOLING
  TODAY            0                         0      0        0
  MONTH TO DATE    0                         0      0        0
  SINCE DEC 1      0                         0      0        0
  SINCE JAN 1      0                         0      0        0
..................................................................


WIND (MPH)
  HIGHEST WIND SPEED    20   HIGHEST WIND DIRECTION     N (360)
  HIGHEST GUST SPEED    24   HIGHEST GUST DIRECTION     N (360)
  AVERAGE WIND SPEED    12.2


SKY COVER
  AVERAGE SKY COVER 1.0


WEATHER CONDITIONS
 THE FOLLOWING WEATHER WAS RECORDED TODAY.
  FOG
  HAZE


RELATIVE HUMIDITY (PERCENT)
 HIGHEST    88           300 PM
 LOWEST     68           400 PM
 AVERAGE    78

..........................................................


THE HASTINGS NE CLIMATE NORMALS FOR TOMORROW
                         NORMAL    RECORD    YEAR
 MAXIMUM TEMPERATURE (F)   40        70      1967
                                             1934
 MINIMUM TEMPERATURE (F)   19        -7      1936


SUNRISE AND SUNSET
FEBRUARY 12 2016......SUNRISE   732 AM CST   SUNSET   605 PM CST
FEBRUARY 13 2016......SUNRISE   731 AM CST   SUNSET   606 PM CST


-  INDICATES NEGATIVE NUMBERS.
R  INDICATES RECORD WAS SET OR TIED.
MM INDICATES DATA IS MISSING.
T  INDICATES TRACE AMOUNT.




$$
