000
CDUS43 KGID 180658
CLIHSI


CLIMATE REPORT
NATIONAL WEATHER SERVICE HASTINGS NE
157 AM CDT THU SEP 18 2014


...................................

...THE HASTINGS NE CLIMATE SUMMARY FOR SEPTEMBER 17 2014...

CLIMATE NORMAL PERIOD 1981 TO 2010
CLIMATE RECORD PERIOD 1894 TO 2014


WEATHER ITEM   OBSERVED TIME   RECORD YEAR NORMAL DEPARTURE LAST
                VALUE   (LST)  VALUE       VALUE  FROM      YEAR
                                                  NORMAL
..................................................................
TEMPERATURE (F)
 YESTERDAY
  MAXIMUM         80    246 PM 102    1925  77      3       77
  MINIMUM         49    640 AM  35    1980  54     -5       56
  AVERAGE         65                        65      0       67

PRECIPITATION (IN)
  YESTERDAY        0.00          1.07 1970   0.08  -0.08     0.02
  MONTH TO DATE    1.34                      1.52  -0.18     0.56
  SINCE SEP 1      1.34                      1.52  -0.18     0.56
  SINCE JAN 1     26.24                     22.18   4.06    18.62

SNOWFALL (IN)
  YESTERDAY        0.0                       0.0    0.0      0.0
  MONTH TO DATE    0.0                       0.0    0.0      0.0
  SINCE SEP 1      0.0                       0.0    0.0      0.0
  SINCE JUL 1      0.0                       0.0    0.0      0.0
  SNOW DEPTH       0

DEGREE DAYS
 HEATING
  YESTERDAY        0                         3     -3        0
  MONTH TO DATE   98                        27     71        9
  SINCE SEP 1     98                        27     71        9
  SINCE JUL 1    104                        33     71       15

 COOLING
  YESTERDAY        0                         3     -3        2
  MONTH TO DATE   42                        82    -40      144
  SINCE SEP 1     42                        82    -40      144
  SINCE JAN 1    962                      1035    -73     1102
..................................................................


WIND (MPH)
  HIGHEST WIND SPEED    14   HIGHEST WIND DIRECTION     E (110)
  HIGHEST GUST SPEED    18   HIGHEST GUST DIRECTION     E (110)
  AVERAGE WIND SPEED     7.1


SKY COVER
  AVERAGE SKY COVER 0.0


WEATHER CONDITIONS
 THE FOLLOWING WEATHER WAS RECORDED YESTERDAY.
  NO SIGNIFICANT WEATHER WAS OBSERVED.


RELATIVE HUMIDITY (PERCENT)
 HIGHEST    89           400 AM
 LOWEST     54           200 PM
 AVERAGE    72

..........................................................


THE HASTINGS NE CLIMATE NORMALS FOR TODAY
                         NORMAL    RECORD    YEAR
 MAXIMUM TEMPERATURE (F)   77       102      1972
 MINIMUM TEMPERATURE (F)   53        36      1973


SUNRISE AND SUNSET
SEPTEMBER 18 2014.....SUNRISE   717 AM CDT   SUNSET   738 PM CDT
SEPTEMBER 19 2014.....SUNRISE   718 AM CDT   SUNSET   736 PM CDT


-  INDICATES NEGATIVE NUMBERS.
R  INDICATES RECORD WAS SET OR TIED.
MM INDICATES DATA IS MISSING.
T  INDICATES TRACE AMOUNT.




$$
