000
CDUS43 KGID 010635
CLIHSI


CLIMATE REPORT
NATIONAL WEATHER SERVICE HASTINGS NE
134 AM CDT WED JUL 1 2015


...................................

...THE HASTINGS NE CLIMATE SUMMARY FOR JUNE 30 2015...

CLIMATE NORMAL PERIOD 1981 TO 2010
CLIMATE RECORD PERIOD 1894 TO 2015


WEATHER ITEM   OBSERVED TIME   RECORD YEAR NORMAL DEPARTURE LAST
                VALUE   (LST)  VALUE       VALUE  FROM      YEAR
                                                  NORMAL
..................................................................
TEMPERATURE (F)
 YESTERDAY
  MAXIMUM         95    412 PM 105    1917  87      8       83
  MINIMUM         65    420 AM  48    1951  65      0       64
                                      1918
  AVERAGE         80                        76      4       74

PRECIPITATION (IN)
  YESTERDAY        0.00          1.72 1969   0.10  -0.10     0.01
  MONTH TO DATE    8.05                      3.80   4.25     8.69
  SINCE JUN 1      8.05                      3.80   4.25     8.69
  SINCE JAN 1     16.77                     13.62   3.15    15.63

SNOWFALL (IN)
  YESTERDAY        0.0                       0.0    0.0      0.0
  MONTH TO DATE    0.0                       0.0    0.0      0.0
  SINCE JUN 1      0.0                       0.0    0.0      0.0
  SINCE JUL 1     17.0                      28.8  -11.8     21.7
  6 AM SNOW DEPTH  0

DEGREE DAYS
 HEATING
  YESTERDAY        0                         0      0        0
  MONTH TO DATE    3                        19    -16        8
  SINCE JUN 1      3                        21    -18        8
  SINCE JUL 1   5801                      6029   -228     6325

 COOLING
  YESTERDAY       15                        11      4        9
  MONTH TO DATE  220                       225     -5      231
  SINCE JUN 1    220                       225     -5      231
  SINCE JAN 1    251                       284    -33      349
..................................................................


WIND (MPH)
  HIGHEST WIND SPEED    18   HIGHEST WIND DIRECTION    SE (130)
  HIGHEST GUST SPEED    25   HIGHEST GUST DIRECTION    NE (60)
  AVERAGE WIND SPEED     7.5


SKY COVER
  AVERAGE SKY COVER 0.0


WEATHER CONDITIONS
 THE FOLLOWING WEATHER WAS RECORDED YESTERDAY.
  HAZE


RELATIVE HUMIDITY (PERCENT)
 HIGHEST    81           100 AM
 LOWEST     34           100 PM
 AVERAGE    58

..........................................................


THE HASTINGS NE CLIMATE NORMALS FOR TODAY
                         NORMAL    RECORD    YEAR
 MAXIMUM TEMPERATURE (F)   87       104      1926
 MINIMUM TEMPERATURE (F)   65        49      1959
                                             1951


SUNRISE AND SUNSET
JULY  1 2015..........SUNRISE   607 AM CDT   SUNSET   908 PM CDT
JULY  2 2015..........SUNRISE   607 AM CDT   SUNSET   908 PM CDT


-  INDICATES NEGATIVE NUMBERS.
R  INDICATES RECORD WAS SET OR TIED.
MM INDICATES DATA IS MISSING.
T  INDICATES TRACE AMOUNT.




$$
