150
CDUS43 KGID 250632
CLIHSI


CLIMATE REPORT
NATIONAL WEATHER SERVICE HASTINGS NE
132 AM CDT SAT MAR 25 2017


...................................

...THE HASTINGS NE CLIMATE SUMMARY FOR MARCH 24 2017...

CLIMATE NORMAL PERIOD 1981 TO 2010
CLIMATE RECORD PERIOD 1894 TO 2017


WEATHER ITEM   OBSERVED TIME   RECORD YEAR NORMAL DEPARTURE LAST
                VALUE   (LST)  VALUE       VALUE  FROM      YEAR
                                                  NORMAL
..................................................................
TEMPERATURE (F)
 YESTERDAY
  MAXIMUM         62   1255 AM  83    1967  55      7       45
  MINIMUM         40   1159 PM   3    1965  31      9       25
  AVERAGE         51                        43      8       35

PRECIPITATION (IN)
  YESTERDAY        0.11          1.55 1973   0.07   0.04     0.13
  MONTH TO DATE    0.24                      1.19  -0.95     0.38
  SINCE MAR 1      0.24                      1.19  -0.95     0.38
  SINCE JAN 1      1.34                      2.09  -0.75     2.30

SNOWFALL (IN)
  YESTERDAY        0.0           4.0  1987   0.1   -0.1      1.6
  MONTH TO DATE    1.2                       4.2   -3.0      1.9
  SINCE MAR 1      1.2                       4.2   -3.0      1.9
  SINCE JUL 1     10.3                      26.6  -16.3     32.2
  SNOW DEPTH       0

DEGREE DAYS
 HEATING
  YESTERDAY       14                        22     -8       30
  MONTH TO DATE  510                       633   -123      438
  SINCE MAR 1    510                       633   -123      438
  SINCE JUL 1   4440                      5263   -823     4348

 COOLING
  YESTERDAY        0                         0      0        0
  MONTH TO DATE    0                         0      0        0
  SINCE MAR 1      0                         0      0        0
  SINCE JAN 1      0                         0      0        0
..................................................................


WIND (MPH)
  HIGHEST WIND SPEED    26   HIGHEST WIND DIRECTION    NE (30)
  HIGHEST GUST SPEED    33   HIGHEST GUST DIRECTION     N (20)
  AVERAGE WIND SPEED    17.6


SKY COVER
  AVERAGE SKY COVER 1.0


WEATHER CONDITIONS
 THE FOLLOWING WEATHER WAS RECORDED YESTERDAY.
  LIGHT RAIN
  FOG


RELATIVE HUMIDITY (PERCENT)
 HIGHEST    93           200 AM
 LOWEST     72          1200 AM
 AVERAGE    83

..........................................................


THE HASTINGS NE CLIMATE NORMALS FOR TODAY
                         NORMAL    RECORD    YEAR
 MAXIMUM TEMPERATURE (F)   55        85      1956
 MINIMUM TEMPERATURE (F)   32        -1      1965


SUNRISE AND SUNSET
MARCH 25 2017.........SUNRISE   728 AM CDT   SUNSET   751 PM CDT
MARCH 26 2017.........SUNRISE   727 AM CDT   SUNSET   752 PM CDT


-  INDICATES NEGATIVE NUMBERS.
R  INDICATES RECORD WAS SET OR TIED.
MM INDICATES DATA IS MISSING.
T  INDICATES TRACE AMOUNT.




$$
