000
CDUS44 KHUN 302221
CLIHSV


CLIMATE REPORT
NATIONAL WEATHER SERVICE HUNTSVILLE AL
421 PM CST FRI JAN 30 2015


...................................

...THE HUNTSVILLE CLIMATE SUMMARY FOR JANUARY 30 2015...
VALID TODAY AS OF 0400 PM LOCAL TIME.

CLIMATE NORMAL PERIOD 1981 TO 2010
CLIMATE RECORD PERIOD 1894 TO 2015


WEATHER ITEM   OBSERVED TIME   RECORD YEAR NORMAL DEPARTURE LAST
                VALUE   (LST)  VALUE       VALUE  FROM      YEAR
                                                  NORMAL
..................................................................
TEMPERATURE (F)
 TODAY
  MAXIMUM         49    351 PM  77    2002  52     -3       45
  MINIMUM         39    940 AM -11    1966  33      6        6
  AVERAGE         44                        42      2       26

PRECIPITATION (IN)
  TODAY            0.00          1.33 2013   0.15  -0.15     0.00
  MONTH TO DATE    3.97                      4.73  -0.76     3.30
  SINCE DEC 1      9.70                     10.50  -0.80     9.87
  SINCE JAN 1      3.97                      4.73  -0.76     3.30

SNOWFALL (IN)
  TODAY            0.0
  MONTH TO DATE    T
  SINCE DEC 1      T
  SINCE JUL 1      T
  SNOW DEPTH       0

DEGREE DAYS
 HEATING
  TODAY           21                        23     -2       39
  MONTH TO DATE  710                       711     -1      933
  SINCE DEC 1   1253                      1365   -112     1565
  SINCE JUL 1   1869                      1892    -23     2200

 COOLING
  TODAY            0                         0      0        0
  MONTH TO DATE    0                         0      0        0
  SINCE DEC 1      0                         2     -2        5
  SINCE JAN 1      0                         0      0        0
..................................................................


WIND (MPH)
  HIGHEST WIND SPEED    20   HIGHEST WIND DIRECTION     N (360)
  HIGHEST GUST SPEED    29   HIGHEST GUST DIRECTION     N (340)
  AVERAGE WIND SPEED    11.2


SKY COVER
  POSSIBLE SUNSHINE  MM
  AVERAGE SKY COVER 0.7


WEATHER CONDITIONS
 THE FOLLOWING WEATHER WAS RECORDED TODAY.
  NO SIGNIFICANT WEATHER WAS OBSERVED.


RELATIVE HUMIDITY (PERCENT)
 HIGHEST    65           600 AM
 LOWEST     31           400 PM
 AVERAGE    48

..........................................................


THE HUNTSVILLE CLIMATE NORMALS FOR TOMORROW
                         NORMAL    RECORD    YEAR
 MAXIMUM TEMPERATURE (F)   53        76      2002
 MINIMUM TEMPERATURE (F)   33        -5      1936


SUNRISE AND SUNSET
JANUARY 30 2015.......SUNRISE   647 AM CST   SUNSET   514 PM CST
JANUARY 31 2015.......SUNRISE   646 AM CST   SUNSET   515 PM CST


-  INDICATES NEGATIVE NUMBERS.
R  INDICATES RECORD WAS SET OR TIED.
MM INDICATES DATA IS MISSING.
T  INDICATES TRACE AMOUNT.




$$
