000
CDUS44 KHUN 242220
CLIHSV


CLIMATE REPORT
NATIONAL WEATHER SERVICE HUNTSVILLE AL
420 PM CST FRI NOV 24 2017


...................................

...THE HUNTSVILLE CLIMATE SUMMARY FOR NOVEMBER 24 2017...
VALID TODAY AS OF 0400 PM LOCAL TIME.

CLIMATE NORMAL PERIOD 1981 TO 2010
CLIMATE RECORD PERIOD 1894 TO 2017


WEATHER ITEM   OBSERVED TIME   RECORD YEAR NORMAL DEPARTURE LAST
                VALUE   (LST)  VALUE       VALUE  FROM      YEAR
                                                  NORMAL
..................................................................
TEMPERATURE (F)
 TODAY
  MAXIMUM         65    228 PM  80    1921  60      5       73
  MINIMUM         30    621 AM  15    1970  39     -9       47
  AVERAGE         48                        50     -2       60

PRECIPITATION (IN)
  TODAY            0.00          2.06 1964   0.18  -0.18     0.00
  MONTH TO DATE    0.85                      3.79  -2.94     0.23
  SINCE SEP 1      8.87                     11.10  -2.23     1.47
  SINCE JAN 1     49.08                     47.42   1.66    33.98

SNOWFALL (IN)
  TODAY            0.0
  MONTH TO DATE    0.0
  SINCE SEP 1      0.0
  SINCE JUL 1      0.0
  SNOW DEPTH       0

DEGREE DAYS
 HEATING
  TODAY           17                        15      2        5
  MONTH TO DATE  264                       277    -13      171
  SINCE SEP 1    406                       428    -22      195
  SINCE JUL 1    406                       428    -22      195

 COOLING
  TODAY            0                         0      0        0
  MONTH TO DATE   29                         7     22       28
  SINCE SEP 1    386                       352     34      643
  SINCE JAN 1   2114                      1947    167     2548
..................................................................


WIND (MPH)
  HIGHEST WIND SPEED    10   HIGHEST WIND DIRECTION    SW (220)
  HIGHEST GUST SPEED    13   HIGHEST GUST DIRECTION    SW (240)
  AVERAGE WIND SPEED     2.6


SKY COVER
  POSSIBLE SUNSHINE  MM
  AVERAGE SKY COVER 0.2


WEATHER CONDITIONS
 THE FOLLOWING WEATHER WAS RECORDED TODAY.
  NO SIGNIFICANT WEATHER WAS OBSERVED.


RELATIVE HUMIDITY (PERCENT)
 HIGHEST   100           100 AM
 LOWEST     40           300 PM
 AVERAGE    70

..........................................................


THE HUNTSVILLE CLIMATE NORMALS FOR TOMORROW
                         NORMAL    RECORD    YEAR
 MAXIMUM TEMPERATURE (F)   60        75      1958
 MINIMUM TEMPERATURE (F)   39         1      1950


SUNRISE AND SUNSET
NOVEMBER 24 2017......SUNRISE   630 AM CST   SUNSET   438 PM CST
NOVEMBER 25 2017......SUNRISE   631 AM CST   SUNSET   437 PM CST


-  INDICATES NEGATIVE NUMBERS.
R  INDICATES RECORD WAS SET OR TIED.
MM INDICATES DATA IS MISSING.
T  INDICATES TRACE AMOUNT.




$$
