000
CDUS44 KHUN 192122
CLIHSV


CLIMATE REPORT
NATIONAL WEATHER SERVICE HUNTSVILLE AL
421 PM CDT TUE SEP 19 2017


...................................

...THE HUNTSVILLE CLIMATE SUMMARY FOR SEPTEMBER 19 2017...
VALID TODAY AS OF 0400 PM LOCAL TIME.

CLIMATE NORMAL PERIOD 1981 TO 2010
CLIMATE RECORD PERIOD 1894 TO 2017


WEATHER ITEM   OBSERVED TIME   RECORD YEAR NORMAL DEPARTURE LAST
                VALUE   (LST)  VALUE       VALUE  FROM      YEAR
                                                  NORMAL
..................................................................
TEMPERATURE (F)
 TODAY
  MAXIMUM         87   1037 AM 101    1925  84      3       92
  MINIMUM         68    556 AM  40    1981  61      7       68
  AVERAGE         78                        73      5       80

PRECIPITATION (IN)
  TODAY            0.28          1.90 1953   0.12   0.16     0.00
  MONTH TO DATE    2.69                      2.30   0.39     0.47
  SINCE SEP 1      2.69                      2.30   0.39     0.47
  SINCE JAN 1     42.90                     38.62   4.28    32.98

SNOWFALL (IN)
  TODAY            0.0
  MONTH TO DATE    0.0
  SINCE SEP 1      0.0
  SINCE JUL 1      0.0
  SNOW DEPTH       0

DEGREE DAYS
 HEATING
  TODAY            0                         0      0        0
  MONTH TO DATE   11                         0     11        0
  SINCE SEP 1     11                         0     11        0
  SINCE JUL 1     11                         0     11        0

 COOLING
  TODAY           13                         8      5       15
  MONTH TO DATE  105                       206   -101      320
  SINCE SEP 1    105                       206   -101      320
  SINCE JAN 1   1833                      1801     32     2225
..................................................................


WIND (MPH)
  HIGHEST WIND SPEED    15   HIGHEST WIND DIRECTION     W (290)
  HIGHEST GUST SPEED    21   HIGHEST GUST DIRECTION    NW (300)
  AVERAGE WIND SPEED     4.4


SKY COVER
  POSSIBLE SUNSHINE  MM
  AVERAGE SKY COVER 0.3


WEATHER CONDITIONS
 THE FOLLOWING WEATHER WAS RECORDED TODAY.
  THUNDERSTORM
  RAIN
  LIGHT RAIN
  FOG


RELATIVE HUMIDITY (PERCENT)
 HIGHEST   100          1200 AM
 LOWEST     70          1000 AM
 AVERAGE    85

..........................................................


THE HUNTSVILLE CLIMATE NORMALS FOR TOMORROW
                         NORMAL    RECORD    YEAR
 MAXIMUM TEMPERATURE (F)   84       101      1925
 MINIMUM TEMPERATURE (F)   61        43      1928


SUNRISE AND SUNSET
SEPTEMBER 19 2017.....SUNRISE   633 AM CDT   SUNSET   648 PM CDT
SEPTEMBER 20 2017.....SUNRISE   634 AM CDT   SUNSET   646 PM CDT


-  INDICATES NEGATIVE NUMBERS.
R  INDICATES RECORD WAS SET OR TIED.
MM INDICATES DATA IS MISSING.
T  INDICATES TRACE AMOUNT.




$$
