000
CDUS44 KHUN 300715
CLIHSV


CLIMATE REPORT
NATIONAL WEATHER SERVICE HUNTSVILLE AL
215 AM CDT THU MAR 30 2017


...................................

...THE HUNTSVILLE CLIMATE SUMMARY FOR MARCH 29 2017...

CLIMATE NORMAL PERIOD 1981 TO 2010
CLIMATE RECORD PERIOD 1894 TO 2017


WEATHER ITEM   OBSERVED TIME   RECORD YEAR NORMAL DEPARTURE LAST
                VALUE   (LST)  VALUE       VALUE  FROM      YEAR
                                                  NORMAL
..................................................................
TEMPERATURE (F)
 YESTERDAY
  MAXIMUM         83    412 PM  88    2007  69     14       71
  MINIMUM         55    404 AM  26    1955  45     10       40
                                      1937
  AVERAGE         69                        57     12       56

PRECIPITATION (IN)
  YESTERDAY        0.00          3.08 1975   0.17  -0.17     0.00
  MONTH TO DATE    3.73                      4.87  -1.14     2.64
  SINCE MAR 1      3.73                      4.87  -1.14     2.64
  SINCE JAN 1     12.60                     14.60  -2.00    12.59

SNOWFALL (IN)
  YESTERDAY        0.0
  MONTH TO DATE    T
  SINCE MAR 1      T
  SINCE JUL 1      T
  SNOW DEPTH       0

DEGREE DAYS
 HEATING
  YESTERDAY        0                         9     -9        9
  MONTH TO DATE  307                       352    -45      230
  SINCE MAR 1    307                       352    -45      230
  SINCE JUL 1   1874                      2804   -930     2126

 COOLING
  YESTERDAY        4                         1      3        0
  MONTH TO DATE   23                         7     16       24
  SINCE MAR 1     23                         7     16       24
  SINCE JAN 1     28                         8     20       25
..................................................................


WIND (MPH)
  HIGHEST WIND SPEED    14   HIGHEST WIND DIRECTION     S (180)
  HIGHEST GUST SPEED    19   HIGHEST GUST DIRECTION     S (190)
  AVERAGE WIND SPEED     6.2


SKY COVER
  POSSIBLE SUNSHINE  MM
  AVERAGE SKY COVER 0.2


WEATHER CONDITIONS
 THE FOLLOWING WEATHER WAS RECORDED YESTERDAY.
  NO SIGNIFICANT WEATHER WAS OBSERVED.


RELATIVE HUMIDITY (PERCENT)
 HIGHEST    93           300 AM
 LOWEST     47           400 PM
 AVERAGE    70

..........................................................


THE HUNTSVILLE CLIMATE NORMALS FOR TODAY
                         NORMAL    RECORD    YEAR
 MAXIMUM TEMPERATURE (F)   69        86      1963
 MINIMUM TEMPERATURE (F)   45        25      1964


SUNRISE AND SUNSET
MARCH 30 2017.........SUNRISE   637 AM CDT   SUNSET   707 PM CDT
MARCH 31 2017.........SUNRISE   635 AM CDT   SUNSET   708 PM CDT


-  INDICATES NEGATIVE NUMBERS.
R  INDICATES RECORD WAS SET OR TIED.
MM INDICATES DATA IS MISSING.
T  INDICATES TRACE AMOUNT.




$$
