000
CDUS44 KHUN 180823
CLIHSV


CLIMATE REPORT
NATIONAL WEATHER SERVICE HUNTSVILLE AL
223 AM CST SUN FEB 18 2018


...................................

...THE HUNTSVILLE CLIMATE SUMMARY FOR FEBRUARY 17 2018...

CLIMATE NORMAL PERIOD 1981 TO 2010
CLIMATE RECORD PERIOD 1894 TO 2018


WEATHER ITEM   OBSERVED TIME   RECORD YEAR NORMAL DEPARTURE LAST
                VALUE   (LST)  VALUE       VALUE  FROM      YEAR
                                                  NORMAL
..................................................................
TEMPERATURE (F)
 YESTERDAY
  MAXIMUM         60    138 PM  80    1927  56      4       69
  MINIMUM         46    106 AM  -8    1958  36     10       34
  AVERAGE         53                        46      7       52

PRECIPITATION (IN)
  YESTERDAY        0.18          2.43 1986   0.17   0.01     0.00
  MONTH TO DATE    5.08                      2.88   2.20     0.82
  SINCE DEC 1     11.08                     13.54  -2.46    13.13
  SINCE JAN 1      6.60                      7.77  -1.17     7.22

SNOWFALL (IN)
  YESTERDAY        0.0
  MONTH TO DATE    0.0
  SINCE DEC 1      0.4
  SINCE JUL 1      0.4
  SNOW DEPTH       0

DEGREE DAYS
 HEATING
  YESTERDAY       12                        19     -7       13
  MONTH TO DATE  280                       352    -72      247
  SINCE DEC 1   1765                      1735     30     1228
  SINCE JUL 1   2243                      2262    -19     1492

 COOLING
  YESTERDAY        0                         0      0        0
  MONTH TO DATE    5                         0      5        0
  SINCE DEC 1      5                         2      3        5
  SINCE JAN 1      5                         0      5        1
..................................................................


WIND (MPH)
  HIGHEST WIND SPEED    23   HIGHEST WIND DIRECTION    SW (240)
  HIGHEST GUST SPEED    30   HIGHEST GUST DIRECTION    SW (230)
  AVERAGE WIND SPEED     8.2


SKY COVER
  POSSIBLE SUNSHINE  MM
  AVERAGE SKY COVER 1.0


WEATHER CONDITIONS
 THE FOLLOWING WEATHER WAS RECORDED YESTERDAY.
  RAIN
  LIGHT RAIN
  FOG


RELATIVE HUMIDITY (PERCENT)
 HIGHEST   100          1100 AM
 LOWEST     90          1200 PM
 AVERAGE    95

..........................................................


THE HUNTSVILLE CLIMATE NORMALS FOR TODAY
                         NORMAL    RECORD    YEAR
 MAXIMUM TEMPERATURE (F)   57        75      2009
                                             1927
 MINIMUM TEMPERATURE (F)   36        -3      1958


SUNRISE AND SUNSET
FEBRUARY 18 2018......SUNRISE   629 AM CST   SUNSET   533 PM CST
FEBRUARY 19 2018......SUNRISE   628 AM CST   SUNSET   534 PM CST


-  INDICATES NEGATIVE NUMBERS.
R  INDICATES RECORD WAS SET OR TIED.
MM INDICATES DATA IS MISSING.
T  INDICATES TRACE AMOUNT.




$$
