000
CDUS44 KHUN 300702
CLIHSV


CLIMATE REPORT
NATIONAL WEATHER SERVICE HUNTSVILLE AL
202 AM CDT SAT JUL 30 2016


...................................

...THE HUNTSVILLE CLIMATE SUMMARY FOR JULY 29 2016...

CLIMATE NORMAL PERIOD 1981 TO 2010
CLIMATE RECORD PERIOD 1894 TO 2016


WEATHER ITEM   OBSERVED TIME   RECORD YEAR NORMAL DEPARTURE LAST
                VALUE   (LST)  VALUE       VALUE  FROM      YEAR
                                                  NORMAL
..................................................................
TEMPERATURE (F)
 YESTERDAY
  MAXIMUM         89    409 PM 111    1930  91     -2       89
  MINIMUM         72   1159 PM  58    1944  70      2       76
  AVERAGE         81                        81      0       83

PRECIPITATION (IN)
  YESTERDAY        0.00          1.26 1981   0.11  -0.11     0.97
  MONTH TO DATE    4.92                      3.81   1.11     5.81
  SINCE JUN 1      9.32                      8.10   1.22     8.19
  SINCE JAN 1     27.62                     32.47  -4.85    33.57

SNOWFALL (IN)
  YESTERDAY        0.0
  MONTH TO DATE    0.0
  SINCE JUN 1      0.0
  SINCE JUL 1      0.0
  SNOW DEPTH       0

DEGREE DAYS
 HEATING
  YESTERDAY        0                         0      0        0
  MONTH TO DATE    0                         0      0        0
  SINCE JUN 1      0                         1     -1        0
  SINCE JUL 1      0                         0      0        0

 COOLING
  YESTERDAY       16                        16      0       18
  MONTH TO DATE  542                       456     86      542
  SINCE JUN 1   1022                       836    186     1039
  SINCE JAN 1   1309                      1099    210     1364
..................................................................


WIND (MPH)
  HIGHEST WIND SPEED    14   HIGHEST WIND DIRECTION    SW (220)
  HIGHEST GUST SPEED    20   HIGHEST GUST DIRECTION    SW (220)
  AVERAGE WIND SPEED     4.5


SKY COVER
  POSSIBLE SUNSHINE  MM
  AVERAGE SKY COVER 0.6


WEATHER CONDITIONS
 THE FOLLOWING WEATHER WAS RECORDED YESTERDAY.
  NO SIGNIFICANT WEATHER WAS OBSERVED.


RELATIVE HUMIDITY (PERCENT)
 HIGHEST    93          1200 AM
 LOWEST     52           400 PM
 AVERAGE    73

..........................................................


THE HUNTSVILLE CLIMATE NORMALS FOR TODAY
                         NORMAL    RECORD    YEAR
 MAXIMUM TEMPERATURE (F)   91       101      1930
 MINIMUM TEMPERATURE (F)   70        56      2014


SUNRISE AND SUNSET
JULY 30 2016..........SUNRISE   556 AM CDT   SUNSET   750 PM CDT
JULY 31 2016..........SUNRISE   557 AM CDT   SUNSET   750 PM CDT


-  INDICATES NEGATIVE NUMBERS.
R  INDICATES RECORD WAS SET OR TIED.
MM INDICATES DATA IS MISSING.
T  INDICATES TRACE AMOUNT.




$$
