000
CDUS44 KHUN 300704
CLIHSV


CLIMATE REPORT
NATIONAL WEATHER SERVICE HUNTSVILLE AL
204 AM CDT TUE JUN 30 2015


...................................

...THE HUNTSVILLE CLIMATE SUMMARY FOR JUNE 29 2015...

CLIMATE NORMAL PERIOD 1981 TO 2010
CLIMATE RECORD PERIOD 1894 TO 2015


WEATHER ITEM   OBSERVED TIME   RECORD YEAR NORMAL DEPARTURE LAST
                VALUE   (LST)  VALUE       VALUE  FROM      YEAR
                                                  NORMAL
..................................................................
TEMPERATURE (F)
 YESTERDAY
  MAXIMUM         90    251 PM 108    1931  90      0       87
  MINIMUM         66    520 AM  56    1958  70     -4       72
                                      1938
  AVERAGE         78                        80     -2       80

PRECIPITATION (IN)
  YESTERDAY        0.00          3.25 1918   0.15  -0.15     0.33
  MONTH TO DATE    2.37                      4.15  -1.78     7.13
  SINCE JUN 1      2.37                      4.15  -1.78     7.13
  SINCE JAN 1     27.75                     28.52  -0.77    30.60

SNOWFALL (IN)
  YESTERDAY        0.0
  MONTH TO DATE    0.0
  SINCE JUN 1      0.0
  SINCE JUL 1      9.8
  SNOW DEPTH       0

DEGREE DAYS
 HEATING
  YESTERDAY        0                         0      0        0
  MONTH TO DATE    0                         0      0        0
  SINCE JUN 1      0                         0      0        0
  SINCE JUL 1   3030                      3001     29     3463

 COOLING
  YESTERDAY       13                        15     -2       15
  MONTH TO DATE  481                       366    115      383
  SINCE JUN 1    481                       366    115      383
  SINCE JAN 1    806                       629    177      654
..................................................................


WIND (MPH)
  HIGHEST WIND SPEED    20   HIGHEST WIND DIRECTION    SW (220)
  HIGHEST GUST SPEED    25   HIGHEST GUST DIRECTION    SW (210)
  AVERAGE WIND SPEED     6.9


SKY COVER
  POSSIBLE SUNSHINE  MM
  AVERAGE SKY COVER 0.3


WEATHER CONDITIONS
 THE FOLLOWING WEATHER WAS RECORDED YESTERDAY.
  NO SIGNIFICANT WEATHER WAS OBSERVED.


RELATIVE HUMIDITY (PERCENT)
 HIGHEST    87          1200 AM
 LOWEST     43           400 PM
 AVERAGE    65

..........................................................


THE HUNTSVILLE CLIMATE NORMALS FOR TODAY
                         NORMAL    RECORD    YEAR
 MAXIMUM TEMPERATURE (F)   90       105      2012
 MINIMUM TEMPERATURE (F)   70        52      1923


SUNRISE AND SUNSET
JUNE 30 2015..........SUNRISE   537 AM CDT   SUNSET   804 PM CDT
JULY  1 2015..........SUNRISE   538 AM CDT   SUNSET   804 PM CDT


-  INDICATES NEGATIVE NUMBERS.
R  INDICATES RECORD WAS SET OR TIED.
MM INDICATES DATA IS MISSING.
T  INDICATES TRACE AMOUNT.




$$
