000
CDUS43 KAPX 280538
CLIHTL


CLIMATE REPORT
NATIONAL WEATHER SERVICE GAYLORD MI
1238 AM EST WED JAN 28 2015


...................................

...THE HOUGHTON LAKE MI CLIMATE SUMMARY FOR JANUARY 27 2015...

CLIMATE NORMAL PERIOD 1981 TO 2010
CLIMATE RECORD PERIOD 1913 TO 2015


WEATHER ITEM   OBSERVED TIME   RECORD YEAR NORMAL DEPARTURE LAST
                VALUE   (LST)  VALUE       VALUE  FROM      YEAR
                                                  NORMAL
..................................................................
TEMPERATURE (F)
 YESTERDAY
  MAXIMUM         25    408 PM  56    1944  26     -1        8
  MINIMUM          2   1159 PM -26    1935   9     -7       -9
  AVERAGE         14                        18     -4        0

PRECIPITATION (IN)
  YESTERDAY        0.00          0.60 1923   0.04  -0.04     0.04
  MONTH TO DATE    0.95                      1.34  -0.39     1.48
  SINCE DEC 1      2.38                      2.99  -0.61     3.68
  SINCE JAN 1      0.95                      1.34  -0.39     1.48

SNOWFALL (IN)
  YESTERDAY        0.0           6.0  1923   0.5   -0.5      0.1
  MONTH TO DATE    9.2                      14.8   -5.6     13.7
  SINCE OCT 1     28.1                      39.8  -11.7     38.6
  SINCE JUL 1     28.1                      39.8  -11.7     38.6
  SNOW DEPTH       6

DEGREE DAYS
 HEATING
  YESTERDAY       51                        47      4       65
  MONTH TO DATE 1344                      1266     78     1409
  SINCE DEC 1   2515                      2540    -25     2848
  SINCE JUL 1   4518                      4423     95     4713
..................................................................


WIND (MPH)
  HIGHEST WIND SPEED    12   HIGHEST WIND DIRECTION    NE (60)
  HIGHEST GUST SPEED    15   HIGHEST GUST DIRECTION     N (20)
  AVERAGE WIND SPEED     4.3




RELATIVE HUMIDITY (PERCENT)
 HIGHEST    92
 LOWEST     32
 AVERAGE    62

..........................................................


THE HOUGHTON LAKE MI CLIMATE NORMALS FOR TODAY
                         NORMAL    RECORD    YEAR
 MAXIMUM TEMPERATURE (F)   26        44      2006
 MINIMUM TEMPERATURE (F)    9       -22      1938


SUNRISE AND SUNSET
JANUARY 28 2015.......SUNRISE   801 AM EST   SUNSET   542 PM EST
JANUARY 29 2015.......SUNRISE   800 AM EST   SUNSET   544 PM EST


-  INDICATES NEGATIVE NUMBERS.
R  INDICATES RECORD WAS SET OR TIED.
MM INDICATES DATA IS MISSING.
T  INDICATES TRACE AMOUNT.




$$
