000
CDUS43 KAPX 180529
CLIHTL


CLIMATE REPORT
NATIONAL WEATHER SERVICE GAYLORD MI
129 AM EDT FRI APR 18 2014


...................................

...THE HOUGHTON LAKE MI CLIMATE SUMMARY FOR APRIL 17 2014...

CLIMATE NORMAL PERIOD 1981 TO 2010
CLIMATE RECORD PERIOD 1913 TO 2014


WEATHER ITEM   OBSERVED TIME   RECORD YEAR NORMAL DEPARTURE LAST
                VALUE   (LST)  VALUE       VALUE  FROM      YEAR
                                                  NORMAL
..................................................................
TEMPERATURE (F)
 YESTERDAY
  MAXIMUM         59    425 PM  85    1927  55      4       50
  MINIMUM         31    618 AM  12    1949  32     -1       27
  AVERAGE         45                        43      2       39

PRECIPITATION (IN)
  YESTERDAY        0.00          1.09 1960   0.09  -0.09     0.32
  MONTH TO DATE    4.28                      1.46   2.82     3.80
  SINCE MAR 1      5.43                      3.30   2.13     5.06
  SINCE JAN 1      8.23                      6.02   2.21    10.32

SNOWFALL (IN)
  YESTERDAY        0.0           5.7  1965   0.1   -0.1       T
  MONTH TO DATE    3.5                       3.0    0.5      2.5
  SINCE OCT 1     61.9                      65.8   -3.9     59.6
  SINCE JUL 1     61.9                      65.8   -3.9     59.6
  SNOW DEPTH       0

DEGREE DAYS
 HEATING
  YESTERDAY       20                        22     -2       26
  MONTH TO DATE  455                       431     24      520
  SINCE MAR 1   1861                      1544    317     1675
  SINCE JUL 1   8309                      7416    893     7049

 COOLING
  YESTERDAY        0                         0      0        0
  MONTH TO DATE    0                         0      0        0
  SINCE MAR 1      0                         0      0        0
  SINCE JAN 1      0                         0      0        0
..................................................................


WIND (MPH)
  HIGHEST WIND SPEED    21   HIGHEST WIND DIRECTION    SE (130)
  HIGHEST GUST SPEED    28   HIGHEST GUST DIRECTION    SE (120)
  AVERAGE WIND SPEED     9.9




RELATIVE HUMIDITY (PERCENT)
 HIGHEST    85
 LOWEST     36
 AVERAGE    61

..........................................................


THE HOUGHTON LAKE MI CLIMATE NORMALS FOR TODAY
                         NORMAL    RECORD    YEAR
 MAXIMUM TEMPERATURE (F)   56        86      2002
 MINIMUM TEMPERATURE (F)   32        17      1944
                                             1926


SUNRISE AND SUNSET
APRIL 18 2014.........SUNRISE   650 AM EDT   SUNSET   827 PM EDT
APRIL 19 2014.........SUNRISE   648 AM EDT   SUNSET   828 PM EDT


-  INDICATES NEGATIVE NUMBERS.
R  INDICATES RECORD WAS SET OR TIED.
MM INDICATES DATA IS MISSING.
T  INDICATES TRACE AMOUNT.




$$
