000
CDUS43 KAPX 290534
CLIHTL


CLIMATE REPORT
NATIONAL WEATHER SERVICE GAYLORD MI
133 AM EDT WED JUL 29 2015


...................................

...THE HOUGHTON LAKE MI CLIMATE SUMMARY FOR JULY 28 2015...

CLIMATE NORMAL PERIOD 1981 TO 2010
CLIMATE RECORD PERIOD 1913 TO 2015


WEATHER ITEM   OBSERVED TIME   RECORD YEAR NORMAL DEPARTURE LAST
                VALUE   (LST)  VALUE       VALUE  FROM      YEAR
                                                  NORMAL
..................................................................
TEMPERATURE (F)
 YESTERDAY
  MAXIMUM         90    238 PM  98    1931  79     11       64
  MINIMUM         57    550 AM  40    1978  55      2       46
                                      1943
                                      1925
  AVERAGE         74                        67      7       55

PRECIPITATION (IN)
  YESTERDAY        0.00          0.69 2002   0.09  -0.09     0.00
  MONTH TO DATE    1.39                      2.46  -1.07     2.67
  SINCE JUN 1      4.55                      5.56  -1.01     5.29
  SINCE JAN 1     13.17                     15.42  -2.25    17.77

DEGREE DAYS
 HEATING
  YESTERDAY        0                         1     -1       10
  MONTH TO DATE   48                        40      8       91
  SINCE JUN 1    165                       164      1      165
  SINCE JUL 1     48                        40      8       91

 COOLING
  YESTERDAY        9                         3      6        0
  MONTH TO DATE   91                       107    -16       47
  SINCE JUN 1    111                       166    -55      120
  SINCE JAN 1    136                       182    -46      135
..................................................................


WIND (MPH)
  HIGHEST WIND SPEED    10   HIGHEST WIND DIRECTION     S (190)
  HIGHEST GUST SPEED    14   HIGHEST GUST DIRECTION    SW (210)
  AVERAGE WIND SPEED     4.6




RELATIVE HUMIDITY (PERCENT)
 HIGHEST   100
 LOWEST     38
 AVERAGE    69

..........................................................


THE HOUGHTON LAKE MI CLIMATE NORMALS FOR TODAY
                         NORMAL    RECORD    YEAR
 MAXIMUM TEMPERATURE (F)   79        98      1941
 MINIMUM TEMPERATURE (F)   55        33      1928
                                             1925


SUNRISE AND SUNSET
JULY 29 2015..........SUNRISE   622 AM EDT   SUNSET   907 PM EDT
JULY 30 2015..........SUNRISE   623 AM EDT   SUNSET   906 PM EDT


-  INDICATES NEGATIVE NUMBERS.
R  INDICATES RECORD WAS SET OR TIED.
MM INDICATES DATA IS MISSING.
T  INDICATES TRACE AMOUNT.




$$
