000
CDUS43 KAPX 230528
CLIHTL


CLIMATE REPORT
NATIONAL WEATHER SERVICE GAYLORD MI
128 AM EDT TUE MAY 23 2017


...................................

...THE HOUGHTON LAKE MI CLIMATE SUMMARY FOR MAY 22 2017...

CLIMATE NORMAL PERIOD 1981 TO 2010
CLIMATE RECORD PERIOD 1913 TO 2017


WEATHER ITEM   OBSERVED TIME   RECORD YEAR NORMAL DEPARTURE LAST
                VALUE   (LST)  VALUE       VALUE  FROM      YEAR
                                                  NORMAL
..................................................................
TEMPERATURE (F)
 YESTERDAY
  MAXIMUM         63    628 PM  94    1927  68     -5       74
                                      1921
  MINIMUM         46    618 AM  26    1924  43      3       44
  AVERAGE         55                        56     -1       59

PRECIPITATION (IN)
  YESTERDAY        0.01          1.19 1957   0.10  -0.09     0.00
  MONTH TO DATE    1.55                      1.93  -0.38     1.22
  SINCE MAR 1      9.45                      6.25   3.20     8.09
  SINCE JAN 1     14.93                      8.97   5.96    11.21

DEGREE DAYS
 HEATING
  YESTERDAY       10                        10      0        6
  MONTH TO DATE  310                       281     29      300
  SINCE MAR 1   1929                      2070   -141     1983
  SINCE JUL 1   6779                      7942  -1163     6896

 COOLING
  YESTERDAY        0                         1     -1        0
  MONTH TO DATE   13                         3     10        0
  SINCE MAR 1     14                         5      9        0
  SINCE JAN 1     14                         5      9        0
..................................................................


WIND (MPH)
  HIGHEST WIND SPEED    22   HIGHEST WIND DIRECTION     W (250)
  HIGHEST GUST SPEED    30   HIGHEST GUST DIRECTION    SW (230)
  AVERAGE WIND SPEED    12.5




RELATIVE HUMIDITY (PERCENT)
 HIGHEST    86
 LOWEST     43
 AVERAGE    65

..........................................................


THE HOUGHTON LAKE MI CLIMATE NORMALS FOR TODAY
                         NORMAL    RECORD    YEAR
 MAXIMUM TEMPERATURE (F)   69        87      1936
 MINIMUM TEMPERATURE (F)   44        23      1926


SUNRISE AND SUNSET
MAY 23 2017...........SUNRISE   604 AM EDT   SUNSET   908 PM EDT
MAY 24 2017...........SUNRISE   603 AM EDT   SUNSET   909 PM EDT


-  INDICATES NEGATIVE NUMBERS.
R  INDICATES RECORD WAS SET OR TIED.
MM INDICATES DATA IS MISSING.
T  INDICATES TRACE AMOUNT.




$$
