000
CDUS43 KAPX 070554
CLIHTL


CLIMATE REPORT
NATIONAL WEATHER SERVICE GAYLORD MI
154 AM EDT TUE JUL 7 2015


...................................

...THE HOUGHTON LAKE MI CLIMATE SUMMARY FOR JULY 6 2015...

CLIMATE NORMAL PERIOD 1981 TO 2010
CLIMATE RECORD PERIOD 1913 TO 2015


WEATHER ITEM   OBSERVED TIME   RECORD YEAR NORMAL DEPARTURE LAST
                VALUE   (LST)  VALUE       VALUE  FROM      YEAR
                                                  NORMAL
..................................................................
TEMPERATURE (F)
 YESTERDAY
  MAXIMUM         83    424 PM 103    1921  80      3       77
  MINIMUM         64    543 AM  33    1965  54     10       61
  AVERAGE         74                        67      7       69

PRECIPITATION (IN)
  YESTERDAY        0.02          1.23 1921   0.08  -0.06     0.07
  MONTH TO DATE    0.02                      0.49  -0.47     0.15
  SINCE JUN 1      3.18                      3.59  -0.41     2.77
  SINCE JAN 1     11.80                     13.45  -1.65    15.25

DEGREE DAYS
 HEATING
  YESTERDAY        0                         2     -2        0
  MONTH TO DATE   23                        12     11       13
  SINCE JUN 1    140                       136      4       87
  SINCE JUL 1     23                        12     11       13

 COOLING
  YESTERDAY        9                         4      5        4
  MONTH TO DATE   15                        21     -6       11
  SINCE JUN 1     35                        80    -45       84
  SINCE JAN 1     60                        96    -36       99
..................................................................


WIND (MPH)
  HIGHEST WIND SPEED    18   HIGHEST WIND DIRECTION     S (200)
  HIGHEST GUST SPEED    25   HIGHEST GUST DIRECTION     S (200)
  AVERAGE WIND SPEED     8.8




RELATIVE HUMIDITY (PERCENT)
 HIGHEST    87
 LOWEST     51
 AVERAGE    69

..........................................................


THE HOUGHTON LAKE MI CLIMATE NORMALS FOR TODAY
                         NORMAL    RECORD    YEAR
 MAXIMUM TEMPERATURE (F)   80       100      1936
 MINIMUM TEMPERATURE (F)   54        35      1997


SUNRISE AND SUNSET
JULY  7 2015..........SUNRISE   602 AM EDT   SUNSET   925 PM EDT
JULY  8 2015..........SUNRISE   603 AM EDT   SUNSET   925 PM EDT


-  INDICATES NEGATIVE NUMBERS.
R  INDICATES RECORD WAS SET OR TIED.
MM INDICATES DATA IS MISSING.
T  INDICATES TRACE AMOUNT.




$$
