000
CDUS43 KAPX 010527
CLIHTL


CLIMATE REPORT
NATIONAL WEATHER SERVICE GAYLORD MI
127 AM EDT WED OCT 1 2014


...................................

...THE HOUGHTON LAKE MI CLIMATE SUMMARY FOR SEPTEMBER 30 2014...

CLIMATE NORMAL PERIOD 1981 TO 2010
CLIMATE RECORD PERIOD 1913 TO 2014


WEATHER ITEM   OBSERVED TIME   RECORD YEAR NORMAL DEPARTURE LAST
                VALUE   (LST)  VALUE       VALUE  FROM      YEAR
                                                  NORMAL
..................................................................
TEMPERATURE (F)
 YESTERDAY
  MAXIMUM         53    356 PM  87    1922  63    -10       67
  MINIMUM         45    751 AM  19    1918  41      4       40
  AVERAGE         49                        52     -3       54

PRECIPITATION (IN)
  YESTERDAY        0.00          2.07 1921   0.10  -0.10     0.00
  MONTH TO DATE    3.23                      3.10   0.13     1.81
  SINCE SEP 1      3.23                      3.10   0.13     1.81
  SINCE JAN 1     23.11                     22.22   0.89    21.91

DEGREE DAYS
 HEATING
  YESTERDAY       16                        14      2       11
  MONTH TO DATE  251                       254     -3      262
  SINCE SEP 1    251                       254     -3      262
  SINCE JUL 1    407                       381     26      387

 COOLING
  YESTERDAY        0                         0      0        0
  MONTH TO DATE   15                        20     -5       35
  SINCE SEP 1     15                        20     -5       35
  SINCE JAN 1    210                       285    -75      381
..................................................................


WIND (MPH)
  HIGHEST WIND SPEED    13   HIGHEST WIND DIRECTION     N (20)
  HIGHEST GUST SPEED    17   HIGHEST GUST DIRECTION    NE (30)
  AVERAGE WIND SPEED     6.6




RELATIVE HUMIDITY (PERCENT)
 HIGHEST    93
 LOWEST     77
 AVERAGE    85

..........................................................


THE HOUGHTON LAKE MI CLIMATE NORMALS FOR TODAY
                         NORMAL    RECORD    YEAR
 MAXIMUM TEMPERATURE (F)   62        83      1922
 MINIMUM TEMPERATURE (F)   40        16      1918


SUNRISE AND SUNSET
OCTOBER  1 2014.......SUNRISE   736 AM EDT   SUNSET   719 PM EDT
OCTOBER  2 2014.......SUNRISE   738 AM EDT   SUNSET   718 PM EDT


-  INDICATES NEGATIVE NUMBERS.
R  INDICATES RECORD WAS SET OR TIED.
MM INDICATES DATA IS MISSING.
T  INDICATES TRACE AMOUNT.




$$
