000
CDUS43 KAPX 310538
CLIHTL


CLIMATE REPORT
NATIONAL WEATHER SERVICE GAYLORD MI
138 AM EDT TUE MAY 31 2016


...................................

...THE HOUGHTON LAKE MI CLIMATE SUMMARY FOR MAY 30 2016...

CLIMATE NORMAL PERIOD 1981 TO 2010
CLIMATE RECORD PERIOD 1913 TO 2016


WEATHER ITEM   OBSERVED TIME   RECORD YEAR NORMAL DEPARTURE LAST
                VALUE   (LST)  VALUE       VALUE  FROM      YEAR
                                                  NORMAL
..................................................................
TEMPERATURE (F)
 YESTERDAY
  MAXIMUM         78    414 PM  92    1937  71      7       68
  MINIMUM         53   1159 PM  28    1947  46      7       43
                                      1945
  AVERAGE         66                        58      8       56

PRECIPITATION (IN)
  YESTERDAY        0.01          0.61 2013   0.10  -0.09     0.53
  MONTH TO DATE    4.08                      2.72   1.36     4.08
  SINCE MAR 1     10.95                      7.04   3.91     6.81
  SINCE JAN 1     14.07                      9.76   4.31     8.62

DEGREE DAYS
 HEATING
  YESTERDAY        0                         8     -8        9
  MONTH TO DATE  307                       350    -43      244
  SINCE MAR 1   1990                      2139   -149     2098
  SINCE JUL 1   6903                      8011  -1108     8465

 COOLING
  YESTERDAY        1                         1      0        0
  MONTH TO DATE   29                        11     18       25
  SINCE MAR 1     29                        13     16       25
  SINCE JAN 1     29                        13     16       25
..................................................................


WIND (MPH)
  HIGHEST WIND SPEED    22   HIGHEST WIND DIRECTION     W (280)
  HIGHEST GUST SPEED    26   HIGHEST GUST DIRECTION     W (280)
  AVERAGE WIND SPEED     9.4




RELATIVE HUMIDITY (PERCENT)
 HIGHEST    93
 LOWEST     29
 AVERAGE    61

..........................................................


THE HOUGHTON LAKE MI CLIMATE NORMALS FOR TODAY
                         NORMAL    RECORD    YEAR
 MAXIMUM TEMPERATURE (F)   71        96      1939
 MINIMUM TEMPERATURE (F)   46        29      1930


SUNRISE AND SUNSET
MAY 31 2016...........SUNRISE   558 AM EDT   SUNSET   916 PM EDT
JUNE  1 2016..........SUNRISE   557 AM EDT   SUNSET   916 PM EDT


-  INDICATES NEGATIVE NUMBERS.
R  INDICATES RECORD WAS SET OR TIED.
MM INDICATES DATA IS MISSING.
T  INDICATES TRACE AMOUNT.




$$
