000
CDUS43 KAPX 250543
CLIHTL


CLIMATE REPORT
NATIONAL WEATHER SERVICE GAYLORD MI
1242 AM EST THU DEC 25 2014


...................................

...THE HOUGHTON LAKE MI CLIMATE SUMMARY FOR DECEMBER 24 2014...

CLIMATE NORMAL PERIOD 1981 TO 2010
CLIMATE RECORD PERIOD 1913 TO 2014


WEATHER ITEM   OBSERVED TIME   RECORD YEAR NORMAL DEPARTURE LAST
                VALUE   (LST)  VALUE       VALUE  FROM      YEAR
                                                  NORMAL
..................................................................
TEMPERATURE (F)
 YESTERDAY
  MAXIMUM         36    633 AM  48    1994  28      8       15
                                      1982
                                      1941
  MINIMUM         32   1147 PM -15    1969  15     17       -5
                                      1914
  AVERAGE         34                        21     13        5

PRECIPITATION (IN)
  YESTERDAY        0.81          0.97 1979   0.05   0.76      T
  MONTH TO DATE    1.38                      1.32   0.06     2.01
  SINCE DEC 1      1.38                      1.32   0.06     2.01
  SINCE JAN 1     30.74                     28.42   2.32    30.51

SNOWFALL (IN)
  YESTERDAY        1.4           4.5  1965   0.5    0.9       T
  MONTH TO DATE    6.0                      12.3   -6.3     16.4
  SINCE OCT 1     18.9                      21.4   -2.5     20.2
  SINCE JUL 1     18.9                      21.4   -2.5     20.2
  SNOW DEPTH       T

DEGREE DAYS
 HEATING
  YESTERDAY       31                        44    -13       60
  MONTH TO DATE  897                       963    -66     1112
  SINCE DEC 1    897                       963    -66     1112
  SINCE JUL 1   2900                      2846     54     2977
..................................................................


WIND (MPH)
  HIGHEST WIND SPEED    14   HIGHEST WIND DIRECTION    NW (320)
  HIGHEST GUST SPEED    17   HIGHEST GUST DIRECTION     W (270)
  AVERAGE WIND SPEED     6.0




RELATIVE HUMIDITY (PERCENT)
 HIGHEST   100
 LOWEST     89
 AVERAGE    95

..........................................................


THE HOUGHTON LAKE MI CLIMATE NORMALS FOR TODAY
                         NORMAL    RECORD    YEAR
 MAXIMUM TEMPERATURE (F)   28        59      1982
 MINIMUM TEMPERATURE (F)   14       -20      1921


SUNRISE AND SUNSET
DECEMBER 25 2014......SUNRISE   813 AM EST   SUNSET   505 PM EST
DECEMBER 26 2014......SUNRISE   814 AM EST   SUNSET   505 PM EST


-  INDICATES NEGATIVE NUMBERS.
R  INDICATES RECORD WAS SET OR TIED.
MM INDICATES DATA IS MISSING.
T  INDICATES TRACE AMOUNT.




$$
