000
CDUS43 KAPX 170527
CLIHTL


CLIMATE REPORT
NATIONAL WEATHER SERVICE GAYLORD MI
1227 AM EST SUN DEC 17 2017


...................................

...THE HOUGHTON LAKE MI CLIMATE SUMMARY FOR DECEMBER 16 2017...

CLIMATE NORMAL PERIOD 1981 TO 2010
CLIMATE RECORD PERIOD 1913 TO 2017


WEATHER ITEM   OBSERVED TIME   RECORD YEAR NORMAL DEPARTURE LAST
                VALUE   (LST)  VALUE       VALUE  FROM      YEAR
                                                  NORMAL
..................................................................
TEMPERATURE (F)
 YESTERDAY
  MAXIMUM         22    436 PM  55    1984  30     -8       17
  MINIMUM         15   1159 PM -16    1919  17     -2        4
  AVERAGE         19                        24     -5       11

PRECIPITATION (IN)
  YESTERDAY        T             1.01 1953   0.04  -0.04     0.25
  MONTH TO DATE    1.06                      0.93   0.13     1.24
  SINCE DEC 1      1.06                      0.93   0.13     1.24
  SINCE JAN 1     36.66                     28.03   8.63    32.29

SNOWFALL (IN)
  YESTERDAY        T             6.0  1921   0.5   -0.5      2.9
  MONTH TO DATE    9.5                       8.2    1.3     19.8
  SINCE OCT 1     14.9                      17.3   -2.4     30.8
  SINCE JUL 1     14.9                      17.3   -2.4     30.8
  SNOW DEPTH       7

DEGREE DAYS
 HEATING
  YESTERDAY       46                        41      5       54
  MONTH TO DATE  641                       621     20      643
  SINCE DEC 1    641                       621     20      643
  SINCE JUL 1   2242                      2504   -262     1963
..................................................................


WIND (MPH)
  HIGHEST WIND SPEED    13   HIGHEST WIND DIRECTION     E (70)
  HIGHEST GUST SPEED    15   HIGHEST GUST DIRECTION     E (70)
  AVERAGE WIND SPEED     6.6




RELATIVE HUMIDITY (PERCENT)
 HIGHEST    80
 LOWEST     68
 AVERAGE    74

..........................................................


THE HOUGHTON LAKE MI CLIMATE NORMALS FOR TODAY
                         NORMAL    RECORD    YEAR
 MAXIMUM TEMPERATURE (F)   30        48      1918
 MINIMUM TEMPERATURE (F)   17       -17      1919


SUNRISE AND SUNSET
DECEMBER 17 2017......SUNRISE   809 AM EST   SUNSET   501 PM EST
DECEMBER 18 2017......SUNRISE   810 AM EST   SUNSET   501 PM EST


-  INDICATES NEGATIVE NUMBERS.
R  INDICATES RECORD WAS SET OR TIED.
MM INDICATES DATA IS MISSING.
T  INDICATES TRACE AMOUNT.




$$
