000
CDUS43 KAPX 100910
CLIHTL


CLIMATE REPORT
NATIONAL WEATHER SERVICE GAYLORD MI
409 AM EST SAT DEC 10 2016


...................................

...THE HOUGHTON LAKE MI CLIMATE SUMMARY FOR DECEMBER 9 2016...

CLIMATE NORMAL PERIOD 1981 TO 2010
CLIMATE RECORD PERIOD 1913 TO 2016


WEATHER ITEM   OBSERVED TIME   RECORD YEAR NORMAL DEPARTURE LAST
                VALUE   (LST)  VALUE       VALUE  FROM      YEAR
                                                  NORMAL
..................................................................
TEMPERATURE (F)
 YESTERDAY
  MAXIMUM         27    247 PM  57    1946  32     -5       42
  MINIMUM         20   1159 PM  -4    1934  20      0       36
  AVERAGE         24                        26     -2       39

PRECIPITATION (IN)
  YESTERDAY        0.20          0.65 2008   0.06   0.14     0.02
  MONTH TO DATE    0.56                      0.56   0.00     0.11
  SINCE DEC 1      0.56                      0.56   0.00     0.11
  SINCE JAN 1     31.61                     27.66   3.95    24.67

SNOWFALL (IN)
  YESTERDAY        5.7           8.4  2008   0.5    5.2      0.0
  MONTH TO DATE   11.4                       4.5    6.9       T
  SINCE OCT 1     22.4                      13.6    8.8      2.2
  SINCE JUL 1     22.4                      13.6    8.8      2.2
  SNOW DEPTH       6

DEGREE DAYS
 HEATING
  YESTERDAY       41                        39      2       26
  MONTH TO DATE  300                       339    -39      261
  SINCE DEC 1    300                       339    -39      261
  SINCE JUL 1   1620                      2222   -602     1740
..................................................................


WIND (MPH)
  HIGHEST WIND SPEED    16   HIGHEST WIND DIRECTION     W (270)
  HIGHEST GUST SPEED    22   HIGHEST GUST DIRECTION     W (280)
  AVERAGE WIND SPEED     7.6




RELATIVE HUMIDITY (PERCENT)
 HIGHEST    92
 LOWEST     81
 AVERAGE    87

..........................................................


THE HOUGHTON LAKE MI CLIMATE NORMALS FOR TODAY
                         NORMAL    RECORD    YEAR
 MAXIMUM TEMPERATURE (F)   32        55      1971
 MINIMUM TEMPERATURE (F)   19       -10      1932


SUNRISE AND SUNSET
DECEMBER 10 2016......SUNRISE   804 AM EST   SUNSET   459 PM EST
DECEMBER 11 2016......SUNRISE   805 AM EST   SUNSET   459 PM EST


-  INDICATES NEGATIVE NUMBERS.
R  INDICATES RECORD WAS SET OR TIED.
MM INDICATES DATA IS MISSING.
T  INDICATES TRACE AMOUNT.




$$
