000
CDUS41 KRLX 280715
CLIHTS


CLIMATE REPORT
NATIONAL WEATHER SERVICE CHARLESTON WV
315 AM EDT FRI APR 28 2017


...................................

...THE HUNTINGTON WV CLIMATE SUMMARY FOR APRIL 27 2017...

CLIMATE NORMAL PERIOD 1981 TO 2010
CLIMATE RECORD PERIOD 1897 TO 2017


WEATHER ITEM   OBSERVED TIME   RECORD YEAR NORMAL DEPARTURE LAST
                VALUE   (LST)  VALUE       VALUE  FROM      YEAR
                                                  NORMAL
..................................................................
TEMPERATURE (F)
 YESTERDAY
  MAXIMUM         79    448 PM  92    1915  71      8       75
  MINIMUM         58    603 AM  31    1926  48     10       60
  AVERAGE         69                        60      9       68

PRECIPITATION (IN)
  YESTERDAY        T             1.58 1912   0.13  -0.13     0.38
  MONTH TO DATE    1.72                      3.08  -1.36     3.71
  SINCE JAN 1     12.60                     13.02  -0.42    13.84

SNOWFALL (IN)
  YESTERDAY        0.0
  MONTH TO DATE    0.0
  SINCE SEP 1      5.9
  SNOW DEPTH       0

DEGREE DAYS
 HEATING
  YESTERDAY        0                         7     -7        0
  MONTH TO DATE  139                       273   -134      244
  SINCE MAR 1    691                       869   -178      619
  SINCE JUL 1   3340                      4370  -1030     3654

 COOLING
  YESTERDAY        4                         1      3        3
  MONTH TO DATE   45                        26     19       31
  SINCE MAR 1     47                        31     16       40
  SINCE JAN 1     48                        31     17       40
..................................................................


WIND (MPH)
  HIGHEST WIND SPEED    23   HIGHEST WIND DIRECTION     S (180)
  HIGHEST GUST SPEED    29   HIGHEST GUST DIRECTION     S (190)
  AVERAGE WIND SPEED     7.6


SKY COVER
  POSSIBLE SUNSHINE  MM


WEATHER CONDITIONS
 THE FOLLOWING WEATHER WAS RECORDED YESTERDAY.
  NO SIGNIFICANT WEATHER WAS OBSERVED.


RELATIVE HUMIDITY (PERCENT)
 HIGHEST    84           700 AM
 LOWEST     42           400 PM
 AVERAGE    63

..........................................................


THE HUNTINGTON WV CLIMATE NORMALS FOR TODAY
                         NORMAL    RECORD    YEAR
 MAXIMUM TEMPERATURE (F)   72        91      1957
 MINIMUM TEMPERATURE (F)   48        30      2004
                                             1967
                                             1934


SUNRISE AND SUNSET
APRIL 28 2017.........SUNRISE   637 AM EDT   SUNSET   819 PM EDT
APRIL 29 2017.........SUNRISE   635 AM EDT   SUNSET   820 PM EDT


-  INDICATES NEGATIVE NUMBERS.
R  INDICATES RECORD WAS SET OR TIED.
MM INDICATES DATA IS MISSING.
T  INDICATES TRACE AMOUNT.




$$
