000
CDUS41 KRLX 260717
CLIHTS


CLIMATE REPORT
NATIONAL WEATHER SERVICE CHARLESTON WV
316 AM EDT SUN MAR 26 2017


...................................

...THE HUNTINGTON WV CLIMATE SUMMARY FOR MARCH 25 2017...

CLIMATE NORMAL PERIOD 1981 TO 2010
CLIMATE RECORD PERIOD 1897 TO 2017


WEATHER ITEM   OBSERVED TIME   RECORD YEAR NORMAL DEPARTURE LAST
                VALUE   (LST)  VALUE       VALUE  FROM      YEAR
                                                  NORMAL
..................................................................
TEMPERATURE (F)
 YESTERDAY
  MAXIMUM         76    343 PM  92    1929  60     16       60
  MINIMUM         58   1152 PM  15    1960  38     20       42
  AVERAGE         67                        49     18       51

PRECIPITATION (IN)
  YESTERDAY        0.00          0.93 1935   0.13  -0.13     0.01
  MONTH TO DATE    2.10                      3.16  -1.06     2.36
  SINCE JAN 1      8.90                      9.20  -0.30     9.82

SNOWFALL (IN)
  YESTERDAY        0.0
  MONTH TO DATE    T
  SINCE SEP 1      5.9
  SNOW DEPTH       0

DEGREE DAYS
 HEATING
  YESTERDAY        0                        16    -16       14
  MONTH TO DATE  530                       507     23      323
  SINCE MAR 1    530                       507     23      323
  SINCE JUL 1   3179                      4008   -829     3358

 COOLING
  YESTERDAY        2                         0      2        0
  MONTH TO DATE    2                         0      2        5
  SINCE MAR 1      2                         0      2        5
  SINCE JAN 1      3                         0      3        5
..................................................................


WIND (MPH)
  HIGHEST WIND SPEED    14   HIGHEST WIND DIRECTION     S (200)
  HIGHEST GUST SPEED    19   HIGHEST GUST DIRECTION    SW (220)
  AVERAGE WIND SPEED     3.7


SKY COVER
  POSSIBLE SUNSHINE  MM


WEATHER CONDITIONS
 THE FOLLOWING WEATHER WAS RECORDED YESTERDAY.
  NO SIGNIFICANT WEATHER WAS OBSERVED.


RELATIVE HUMIDITY (PERCENT)
 HIGHEST    69           800 AM
 LOWEST     38           300 PM
 AVERAGE    54

..........................................................


THE HUNTINGTON WV CLIMATE NORMALS FOR TODAY
                         NORMAL    RECORD    YEAR
 MAXIMUM TEMPERATURE (F)   61        86      1929
                                             1921
 MINIMUM TEMPERATURE (F)   38        16      1940


SUNRISE AND SUNSET
MARCH 26 2017.........SUNRISE   724 AM EDT   SUNSET   748 PM EDT
MARCH 27 2017.........SUNRISE   722 AM EDT   SUNSET   749 PM EDT


-  INDICATES NEGATIVE NUMBERS.
R  INDICATES RECORD WAS SET OR TIED.
MM INDICATES DATA IS MISSING.
T  INDICATES TRACE AMOUNT.




$$
