000
CDUS41 KRLX 210817
CLIHTS


CLIMATE REPORT
NATIONAL WEATHER SERVICE CHARLESTON WV
316 AM EST SUN DEC 21 2014


...................................

...THE HUNTINGTON WV CLIMATE SUMMARY FOR DECEMBER 20 2014...

CLIMATE NORMAL PERIOD 1981 TO 2010
CLIMATE RECORD PERIOD 1897 TO 2014


WEATHER ITEM   OBSERVED TIME   RECORD YEAR NORMAL DEPARTURE LAST
                VALUE   (LST)  VALUE       VALUE  FROM      YEAR
                                                  NORMAL
..................................................................
TEMPERATURE (F)
 YESTERDAY
  MAXIMUM         36   1234 PM  70    1908  44     -8       62
  MINIMUM         27    358 AM  -2    1963  28     -1       47
  AVERAGE         32                        36     -4       55

PRECIPITATION (IN)
  YESTERDAY        0.00          1.04 1951   0.10  -0.10     0.01
  MONTH TO DATE    2.62                      2.17   0.45     3.82
  SINCE JAN 1     47.82                     41.45   6.37    43.18

SNOWFALL (IN)
  YESTERDAY        0.0
  MONTH TO DATE    0.0
  SINCE SEP 1      T
  SNOW DEPTH       0

DEGREE DAYS
 HEATING
  YESTERDAY       33                        29      4       10
  MONTH TO DATE  528                       537     -9      522
  SINCE DEC 1    528                       537     -9      522
  SINCE JUL 1   1607                      1424    183     1473

 COOLING
  YESTERDAY        0                         0      0        0
  MONTH TO DATE    0                         0      0        0
  SINCE DEC 1      0                         0      0        0
  SINCE JAN 1    971                      1134   -163     1215
..................................................................


WIND (MPH)
  HIGHEST WIND SPEED     7   HIGHEST WIND DIRECTION     N (340)
  HIGHEST GUST SPEED     9   HIGHEST GUST DIRECTION    NE (30)
  AVERAGE WIND SPEED     1.9


SKY COVER
  POSSIBLE SUNSHINE  MM


WEATHER CONDITIONS
 THE FOLLOWING WEATHER WAS RECORDED YESTERDAY.
  NO SIGNIFICANT WEATHER WAS OBSERVED.


RELATIVE HUMIDITY (PERCENT)
 HIGHEST    85           500 AM
 LOWEST     69          1200 PM
 AVERAGE    77

..........................................................


THE HUNTINGTON WV CLIMATE NORMALS FOR TODAY
                         NORMAL    RECORD    YEAR
 MAXIMUM TEMPERATURE (F)   44        75      2013
 MINIMUM TEMPERATURE (F)   27        -6      1942


SUNRISE AND SUNSET
DECEMBER 21 2014......SUNRISE   744 AM EST   SUNSET   513 PM EST
DECEMBER 22 2014......SUNRISE   744 AM EST   SUNSET   514 PM EST


-  INDICATES NEGATIVE NUMBERS.
R  INDICATES RECORD WAS SET OR TIED.
MM INDICATES DATA IS MISSING.
T  INDICATES TRACE AMOUNT.




$$
