000
CDUS41 KRLX 060823
CLIHTS


CLIMATE REPORT
NATIONAL WEATHER SERVICE CHARLESTON WV
321 AM EST FRI MAR 6 2015


...................................

...THE HUNTINGTON WV CLIMATE SUMMARY FOR MARCH 5 2015...

CLIMATE NORMAL PERIOD 1981 TO 2010
CLIMATE RECORD PERIOD 1897 TO 2015


WEATHER ITEM   OBSERVED TIME   RECORD YEAR NORMAL DEPARTURE LAST
                VALUE   (LST)  VALUE       VALUE  FROM      YEAR
                                                  NORMAL
..................................................................
TEMPERATURE (F)
 YESTERDAY
  MAXIMUM         30   1247 AM  82    1983  52    -22       43
  MINIMUM          8   1139 PM   7    1978  32    -24       18
  AVERAGE         19                        42    -23       31

PRECIPITATION (IN)
  YESTERDAY        0.73          2.35 1989   0.12   0.61     0.00
                                      1939
  MONTH TO DATE    3.22                      0.59   2.63     1.17
  SINCE JAN 1      8.66                      6.63   2.03     8.53

SNOWFALL (IN)
  YESTERDAY       12.8
  MONTH TO DATE   12.8
  SINCE SEP 1     36.6
  SNOW DEPTH       0

DEGREE DAYS
 HEATING
  YESTERDAY       46                        23     23       34
  MONTH TO DATE  150                       117     33      184
  SINCE MAR 1    150                       117     33      184
  SINCE JUL 1   4166                      3618    548     3945

 COOLING
  YESTERDAY        0                         0      0        0
  MONTH TO DATE    0                         0      0        0
  SINCE MAR 1      0                         0      0        0
  SINCE JAN 1      0                         0      0        0
..................................................................


WIND (MPH)
  HIGHEST WIND SPEED    15   HIGHEST WIND DIRECTION    NE (30)
  HIGHEST GUST SPEED    22   HIGHEST GUST DIRECTION     N (20)
  AVERAGE WIND SPEED     6.7


SKY COVER
  POSSIBLE SUNSHINE  MM


WEATHER CONDITIONS
 THE FOLLOWING WEATHER WAS RECORDED YESTERDAY.
  HEAVY SNOW
  SNOW
  LIGHT SNOW
  FOG
  FOG W/VISIBILITY <= 1/4 MILE
  HAZE


RELATIVE HUMIDITY (PERCENT)
 HIGHEST   100          1200 AM
 LOWEST     80           900 PM
 AVERAGE    90

..........................................................


THE HUNTINGTON WV CLIMATE NORMALS FOR TODAY
                         NORMAL    RECORD    YEAR
 MAXIMUM TEMPERATURE (F)   53        81      1956
 MINIMUM TEMPERATURE (F)   32         5      1960


SUNRISE AND SUNSET
MARCH  6 2015.........SUNRISE   655 AM EST   SUNSET   628 PM EST
MARCH  7 2015.........SUNRISE   654 AM EST   SUNSET   629 PM EST


-  INDICATES NEGATIVE NUMBERS.
R  INDICATES RECORD WAS SET OR TIED.
MM INDICATES DATA IS MISSING.
T  INDICATES TRACE AMOUNT.




$$
