000
CDUS41 KRLX 240840
CLIHTS


CLIMATE REPORT
NATIONAL WEATHER SERVICE CHARLESTON WV
338 AM EST TUE JAN 24 2017


...................................

...THE HUNTINGTON WV CLIMATE SUMMARY FOR JANUARY 23 2017...

CLIMATE NORMAL PERIOD 1981 TO 2010
CLIMATE RECORD PERIOD 1897 TO 2017


WEATHER ITEM   OBSERVED TIME   RECORD YEAR NORMAL DEPARTURE LAST
                VALUE   (LST)  VALUE       VALUE  FROM      YEAR
                                                  NORMAL
..................................................................
TEMPERATURE (F)
 YESTERDAY
  MAXIMUM         55   1219 AM  71    1909  42     13       28
  MINIMUM         42   1159 PM -12    1936  25     17       18
  AVERAGE         49                        34     15       23

PRECIPITATION (IN)
  YESTERDAY        0.55          3.66 2016   0.10   0.45     0.11
  MONTH TO DATE    3.75                      2.19   1.56     1.94
  SINCE JAN 1      3.75                      2.19   1.56     1.94

SNOWFALL (IN)
  YESTERDAY        0.0
  MONTH TO DATE    2.3
  SINCE SEP 1      4.1
  SNOW DEPTH       0

DEGREE DAYS
 HEATING
  YESTERDAY       16                        31    -15       42
  MONTH TO DATE  512                       719   -207      823
  SINCE DEC 1   1321                      1587   -266     1343
  SINCE JUL 1   1919                      2474   -555     2063

 COOLING
  YESTERDAY        0                         0      0        0
  MONTH TO DATE    0                         0      0        0
  SINCE DEC 1      0                         1     -1        0
  SINCE JAN 1      0                         0      0        0
..................................................................


WIND (MPH)
  HIGHEST WIND SPEED    12   HIGHEST WIND DIRECTION    NE (30)
  HIGHEST GUST SPEED    18   HIGHEST GUST DIRECTION    NE (50)
  AVERAGE WIND SPEED     6.9


SKY COVER
  POSSIBLE SUNSHINE  MM


WEATHER CONDITIONS
 THE FOLLOWING WEATHER WAS RECORDED YESTERDAY.
  RAIN
  LIGHT RAIN
  FOG


RELATIVE HUMIDITY (PERCENT)
 HIGHEST    93           200 AM
 LOWEST     86           900 AM
 AVERAGE    90

..........................................................


THE HUNTINGTON WV CLIMATE NORMALS FOR TODAY
                         NORMAL    RECORD    YEAR
 MAXIMUM TEMPERATURE (F)   42        77      1943
 MINIMUM TEMPERATURE (F)   25       -15      1963


SUNRISE AND SUNSET
JANUARY 24 2017.......SUNRISE   741 AM EST   SUNSET   544 PM EST
JANUARY 25 2017.......SUNRISE   741 AM EST   SUNSET   545 PM EST


-  INDICATES NEGATIVE NUMBERS.
R  INDICATES RECORD WAS SET OR TIED.
MM INDICATES DATA IS MISSING.
T  INDICATES TRACE AMOUNT.




$$
