000
CDUS41 KRLX 192116
CLIHTS


CLIMATE REPORT
NATIONAL WEATHER SERVICE CHARLESTON WV
515 PM EDT FRI SEP 19 2014


...................................

...THE HUNTINGTON WV CLIMATE SUMMARY FOR SEPTEMBER 19 2014...
VALID TODAY AS OF 0500 PM LOCAL TIME.

CLIMATE NORMAL PERIOD 1981 TO 2010
CLIMATE RECORD PERIOD 1897 TO 2014


WEATHER ITEM   OBSERVED TIME   RECORD YEAR NORMAL DEPARTURE LAST
                VALUE   (LST)  VALUE       VALUE  FROM      YEAR
                                                  NORMAL
..................................................................
TEMPERATURE (F)
 TODAY
  MAXIMUM         77    340 PM  95    1954  78     -1       76
  MINIMUM         50    642 AM  38    1929  55     -5       60
  AVERAGE         64                        66     -2       68

PRECIPITATION (IN)
  TODAY            0.00          1.01 2011   0.09  -0.09     0.21
                                      1954
  MONTH TO DATE    3.22                      1.83   1.39     0.76
  SINCE SEP 1      3.22                      1.83   1.39     0.76
  SINCE JAN 1     37.56                     32.08   5.48    33.18

DEGREE DAYS
 HEATING
  TODAY            1                         2     -1        0
  MONTH TO DATE   35                        15     20       16
  SINCE SEP 1     35                        15     20       16
  SINCE JUL 1     38                        17     21       20

 COOLING
  TODAY            0                         3     -3        3
  MONTH TO DATE   99                       106     -7      114
  SINCE SEP 1     99                       106     -7      114
  SINCE JAN 1    940                      1083   -143     1146
..................................................................


WIND (MPH)
  HIGHEST WIND SPEED     8   HIGHEST WIND DIRECTION     E (80)
  HIGHEST GUST SPEED    12   HIGHEST GUST DIRECTION    NE (60)
  AVERAGE WIND SPEED     4.8


SKY COVER
  POSSIBLE SUNSHINE  MM
  AVERAGE SKY COVER 0.0


WEATHER CONDITIONS
 THE FOLLOWING WEATHER WAS RECORDED TODAY.
  HAZE


RELATIVE HUMIDITY (PERCENT)
 HIGHEST    93           600 AM
 LOWEST     57          1200 PM
 AVERAGE    75

..........................................................


THE HUNTINGTON WV CLIMATE NORMALS FOR TOMORROW
                         NORMAL    RECORD    YEAR
 MAXIMUM TEMPERATURE (F)   77        96      1940
 MINIMUM TEMPERATURE (F)   55        38      1903


SUNRISE AND SUNSET
SEPTEMBER 19 2014.....SUNRISE   715 AM EDT   SUNSET   732 PM EDT
SEPTEMBER 20 2014.....SUNRISE   716 AM EDT   SUNSET   730 PM EDT


-  INDICATES NEGATIVE NUMBERS.
R  INDICATES RECORD WAS SET OR TIED.
MM INDICATES DATA IS MISSING.
T  INDICATES TRACE AMOUNT.




$$
