000
CDUS41 KRLX 070818
CLIHTS


CLIMATE REPORT
NATIONAL WEATHER SERVICE CHARLESTON WV
318 AM EST SUN FEB 7 2016


...................................

...THE HUNTINGTON WV CLIMATE SUMMARY FOR FEBRUARY 6 2016...

CLIMATE NORMAL PERIOD 1981 TO 2010
CLIMATE RECORD PERIOD 1897 TO 2016


WEATHER ITEM   OBSERVED TIME   RECORD YEAR NORMAL DEPARTURE LAST
                VALUE   (LST)  VALUE       VALUE  FROM      YEAR
                                                  NORMAL
..................................................................
TEMPERATURE (F)
 YESTERDAY
  MAXIMUM         50    333 PM  71    2008  44      6       34
  MINIMUM         27    124 AM  -4    1917  27      0       10
  AVERAGE         39                        35      4       22

PRECIPITATION (IN)
  YESTERDAY        0.00          1.00 1955   0.11  -0.11     0.00
  MONTH TO DATE    1.59                      0.65   0.94     0.54
  SINCE JAN 1      3.58                      3.62  -0.04     2.71

SNOWFALL (IN)
  YESTERDAY        0.0
  MONTH TO DATE    0.0
  SINCE SEP 1     13.8
  SNOW DEPTH       0

DEGREE DAYS
 HEATING
  YESTERDAY       26                        30     -4       43
  MONTH TO DATE  129                       180    -51      196
  SINCE DEC 1   1688                      2017   -329     2025
  SINCE JUL 1   2408                      2904   -496     3104

 COOLING
  YESTERDAY        0                         0      0        0
  MONTH TO DATE    0                         0      0        0
  SINCE DEC 1      0                         1     -1        0
  SINCE JAN 1      0                         0      0        0
..................................................................


WIND (MPH)
  HIGHEST WIND SPEED    13   HIGHEST WIND DIRECTION     W (260)
  HIGHEST GUST SPEED    18   HIGHEST GUST DIRECTION     W (270)
  AVERAGE WIND SPEED     4.7


SKY COVER
  POSSIBLE SUNSHINE  MM


WEATHER CONDITIONS
 THE FOLLOWING WEATHER WAS RECORDED YESTERDAY.
  NO SIGNIFICANT WEATHER WAS OBSERVED.


RELATIVE HUMIDITY (PERCENT)
 HIGHEST    68           100 AM
 LOWEST     29           300 PM
 AVERAGE    49

..........................................................


THE HUNTINGTON WV CLIMATE NORMALS FOR TODAY
                         NORMAL    RECORD    YEAR
 MAXIMUM TEMPERATURE (F)   44        68      1931
 MINIMUM TEMPERATURE (F)   27         1      1977


SUNRISE AND SUNSET
FEBRUARY  7 2016......SUNRISE   730 AM EST   SUNSET   559 PM EST
FEBRUARY  8 2016......SUNRISE   729 AM EST   SUNSET   600 PM EST


-  INDICATES NEGATIVE NUMBERS.
R  INDICATES RECORD WAS SET OR TIED.
MM INDICATES DATA IS MISSING.
T  INDICATES TRACE AMOUNT.




$$
