000
CDUS41 KRLX 112120
CLIHTS


CLIMATE REPORT
NATIONAL WEATHER SERVICE CHARLESTON WV
520 PM EDT FRI JUL 11 2014


...................................

...THE HUNTINGTON WV CLIMATE SUMMARY FOR JULY 11 2014...
VALID TODAY AS OF 0500 PM LOCAL TIME.

CLIMATE NORMAL PERIOD 1981 TO 2010
CLIMATE RECORD PERIOD 1897 TO 2014


WEATHER ITEM   OBSERVED TIME   RECORD YEAR NORMAL DEPARTURE LAST
                VALUE   (LST)  VALUE       VALUE  FROM      YEAR
                                                  NORMAL
..................................................................
TEMPERATURE (F)
 TODAY
  MAXIMUM         89    252 PM 103    1930  86      3       83
  MINIMUM         62    535 AM  50    1963  66     -4       67
                                      1898
  AVERAGE         76                        76      0       75

PRECIPITATION (IN)
  TODAY            0.00          2.26 2009   0.15  -0.15     0.06
  MONTH TO DATE    0.28                      1.50  -1.22     5.52
  SINCE JUN 1      4.80                      5.38  -0.58    11.28
  SINCE JAN 1     24.34                     23.46   0.88    24.86

DEGREE DAYS
 HEATING
  TODAY            0                         0      0        0
  MONTH TO DATE    0                         0      0        0
  SINCE JUN 1      0                        12    -12        0
  SINCE JUL 1      0                         0      0        0

 COOLING
  TODAY           11                        11      0       10
  MONTH TO DATE  108                       118    -10      125
  SINCE JUN 1    353                       343     10      382
  SINCE JAN 1    467                       456     11      552
..................................................................


WIND (MPH)
  HIGHEST WIND SPEED     8   HIGHEST WIND DIRECTION     S (190)
  HIGHEST GUST SPEED    11   HIGHEST GUST DIRECTION     N (340)
  AVERAGE WIND SPEED     2.7


SKY COVER
  POSSIBLE SUNSHINE  MM
  AVERAGE SKY COVER 0.2


WEATHER CONDITIONS
 THE FOLLOWING WEATHER WAS RECORDED TODAY.
  FOG


RELATIVE HUMIDITY (PERCENT)
 HIGHEST   100           300 AM
 LOWEST     39           300 PM
 AVERAGE    70

..........................................................


THE HUNTINGTON WV CLIMATE NORMALS FOR TOMORROW
                         NORMAL    RECORD    YEAR
 MAXIMUM TEMPERATURE (F)   86       102      1936
 MINIMUM TEMPERATURE (F)   66        47      1945


SUNRISE AND SUNSET
JULY 11 2014..........SUNRISE   616 AM EDT   SUNSET   855 PM EDT
JULY 12 2014..........SUNRISE   617 AM EDT   SUNSET   855 PM EDT


-  INDICATES NEGATIVE NUMBERS.
R  INDICATES RECORD WAS SET OR TIED.
MM INDICATES DATA IS MISSING.
T  INDICATES TRACE AMOUNT.




$$
