000
CDUS41 KRLX 072127
CLIHTS


CLIMATE REPORT
NATIONAL WEATHER SERVICE CHARLESTON WV
525 PM EDT TUE JUL 7 2015


...................................

...THE HUNTINGTON WV CLIMATE SUMMARY FOR JULY 7 2015...
VALID TODAY AS OF 0500 PM LOCAL TIME.

CLIMATE NORMAL PERIOD 1981 TO 2010
CLIMATE RECORD PERIOD 1897 TO 2015


WEATHER ITEM   OBSERVED TIME   RECORD YEAR NORMAL DEPARTURE LAST
                VALUE   (LST)  VALUE       VALUE  FROM      YEAR
                                                  NORMAL
..................................................................
TEMPERATURE (F)
 TODAY
  MAXIMUM         85    145 PM 104    2012  86     -1       90
  MINIMUM         68    602 AM  48    1972  65      3       68
  AVERAGE         77                        76      1       79

PRECIPITATION (IN)
  TODAY            0.07          1.58 1941   0.14  -0.07     0.00
  MONTH TO DATE    1.41                      0.91   0.50      T
  SINCE JUN 1      6.61                      4.79   1.82     4.52
  SINCE JAN 1     27.04                     22.87   4.17    24.06

DEGREE DAYS
 HEATING
  TODAY            0                         0      0        0
  MONTH TO DATE    0                         0      0        0
  SINCE JUN 1     14                        12      2        0
  SINCE JUL 1      0                         0      0        0

 COOLING
  TODAY           12                        11      1       14
  MONTH TO DATE   48                        74    -26       61
  SINCE JUN 1    321                       299     22      306
  SINCE JAN 1    487                       412     75      420
..................................................................


WIND (MPH)
  HIGHEST WIND SPEED    21   HIGHEST WIND DIRECTION     S (180)
  HIGHEST GUST SPEED    28   HIGHEST GUST DIRECTION     S (180)
  AVERAGE WIND SPEED     8.0


SKY COVER
  POSSIBLE SUNSHINE  MM
  AVERAGE SKY COVER 0.3


WEATHER CONDITIONS
 THE FOLLOWING WEATHER WAS RECORDED TODAY.
  RAIN
  LIGHT RAIN
  FOG
  HAZE


RELATIVE HUMIDITY (PERCENT)
 HIGHEST   100          1200 AM
 LOWEST     61           100 PM
 AVERAGE    81

..........................................................


THE HUNTINGTON WV CLIMATE NORMALS FOR TOMORROW
                         NORMAL    RECORD    YEAR
 MAXIMUM TEMPERATURE (F)   86       102      1988
 MINIMUM TEMPERATURE (F)   65        50      1984


SUNRISE AND SUNSET
JULY  7 2015..........SUNRISE   613 AM EDT   SUNSET   857 PM EDT
JULY  8 2015..........SUNRISE   614 AM EDT   SUNSET   856 PM EDT


-  INDICATES NEGATIVE NUMBERS.
R  INDICATES RECORD WAS SET OR TIED.
MM INDICATES DATA IS MISSING.
T  INDICATES TRACE AMOUNT.




$$
