000
CDUS41 KRLX 020718
CLIHTS


CLIMATE REPORT
NATIONAL WEATHER SERVICE CHARLESTON WV
317 AM EDT WED SEP 2 2015


...................................

...THE HUNTINGTON WV CLIMATE SUMMARY FOR SEPTEMBER 1 2015...

CLIMATE NORMAL PERIOD 1981 TO 2010
CLIMATE RECORD PERIOD 1897 TO 2015


WEATHER ITEM   OBSERVED TIME   RECORD YEAR NORMAL DEPARTURE LAST
                VALUE   (LST)  VALUE       VALUE  FROM      YEAR
                                                  NORMAL
..................................................................
TEMPERATURE (F)
 YESTERDAY
  MAXIMUM         91    317 PM 103    1953  84      7       86
                                      1932
  MINIMUM         63    631 AM  47    1946  62      1       71
  AVERAGE         77                        73      4       79

PRECIPITATION (IN)
  YESTERDAY        0.00          1.78 1944   0.10  -0.10     0.24
  MONTH TO DATE    0.00                      0.10  -0.10     0.24
  SINCE JAN 1     34.80                     30.35   4.45    34.58

SNOWFALL (IN)
  YESTERDAY        0.0
  MONTH TO DATE    0.0
  SINCE SEP 1      0.0
  SNOW DEPTH       0

DEGREE DAYS
 HEATING
  YESTERDAY        0                         0      0        0
  MONTH TO DATE    0                         0      0        0
  SINCE SEP 1      0                         0      0        0
  SINCE JUL 1      0                         2     -2        3

 COOLING
  YESTERDAY       12                         8      4       14
  MONTH TO DATE   12                         8      4       14
  SINCE SEP 1     12                         8      4       14
  SINCE JAN 1    980                       985     -5      855
..................................................................


WIND (MPH)
  HIGHEST WIND SPEED     9   HIGHEST WIND DIRECTION    NW (330)
  HIGHEST GUST SPEED    12   HIGHEST GUST DIRECTION    NW (320)
  AVERAGE WIND SPEED     1.1


SKY COVER
  POSSIBLE SUNSHINE  MM


WEATHER CONDITIONS
 THE FOLLOWING WEATHER WAS RECORDED YESTERDAY.
  FOG
  FOG W/VISIBILITY <= 1/4 MILE


RELATIVE HUMIDITY (PERCENT)
 HIGHEST   100           100 AM
 LOWEST     41           300 PM
 AVERAGE    71

..........................................................


THE HUNTINGTON WV CLIMATE NORMALS FOR TODAY
                         NORMAL    RECORD    YEAR
 MAXIMUM TEMPERATURE (F)   84       102      1953
 MINIMUM TEMPERATURE (F)   61        43      1909


SUNRISE AND SUNSET
SEPTEMBER  2 2015.....SUNRISE   700 AM EDT   SUNSET   759 PM EDT
SEPTEMBER  3 2015.....SUNRISE   701 AM EDT   SUNSET   757 PM EDT


-  INDICATES NEGATIVE NUMBERS.
R  INDICATES RECORD WAS SET OR TIED.
MM INDICATES DATA IS MISSING.
T  INDICATES TRACE AMOUNT.




$$
