000
CDUS41 KRLX 250727
CLIHTS


CLIMATE REPORT
NATIONAL WEATHER SERVICE CHARLESTON WV
325 AM EDT MON MAY 25 2015


...................................

...THE HUNTINGTON WV CLIMATE SUMMARY FOR MAY 24 2015...

CLIMATE NORMAL PERIOD 1981 TO 2010
CLIMATE RECORD PERIOD 1897 TO 2015


WEATHER ITEM   OBSERVED TIME   RECORD YEAR NORMAL DEPARTURE LAST
                VALUE   (LST)  VALUE       VALUE  FROM      YEAR
                                                  NORMAL
..................................................................
TEMPERATURE (F)
 YESTERDAY
  MAXIMUM         83    457 PM  91    1939  77      6       75
                                      1901
  MINIMUM         49    551 AM  37    1956  55     -6       47
  AVERAGE         66                        66      0       61

PRECIPITATION (IN)
  YESTERDAY        0.00          2.39 1902   0.15  -0.15     0.00
  MONTH TO DATE    0.71                      3.57  -2.86     1.83
  SINCE JAN 1     20.05                     16.95   3.10    18.81

SNOWFALL (IN)
  YESTERDAY        0.0
  MONTH TO DATE    0.0
  SINCE SEP 1     36.6
  SNOW DEPTH       0

DEGREE DAYS
 HEATING
  YESTERDAY        0                         3     -3        4
  MONTH TO DATE   64                       100    -36      106
  SINCE MAR 1    966                       987    -21     1056
  SINCE JUL 1   4982                      4488    494     4817

 COOLING
  YESTERDAY        1                         3     -2        0
  MONTH TO DATE   91                        52     39       60
  SINCE MAR 1    100                        84     16       74
  SINCE JAN 1    100                        84     16       74
..................................................................


WIND (MPH)
  HIGHEST WIND SPEED    10   HIGHEST WIND DIRECTION    SW (220)
  HIGHEST GUST SPEED    14   HIGHEST GUST DIRECTION    SW (230)
  AVERAGE WIND SPEED     3.1


SKY COVER
  POSSIBLE SUNSHINE  MM


WEATHER CONDITIONS
 THE FOLLOWING WEATHER WAS RECORDED YESTERDAY.
  FOG


RELATIVE HUMIDITY (PERCENT)
 HIGHEST   100           500 AM
 LOWEST     36          1200 PM
 AVERAGE    68

..........................................................


THE HUNTINGTON WV CLIMATE NORMALS FOR TODAY
                         NORMAL    RECORD    YEAR
 MAXIMUM TEMPERATURE (F)   77        96      1939
 MINIMUM TEMPERATURE (F)   55        37      1956


SUNRISE AND SUNSET
MAY 25 2015...........SUNRISE   612 AM EDT   SUNSET   843 PM EDT
MAY 26 2015...........SUNRISE   611 AM EDT   SUNSET   844 PM EDT


-  INDICATES NEGATIVE NUMBERS.
R  INDICATES RECORD WAS SET OR TIED.
MM INDICATES DATA IS MISSING.
T  INDICATES TRACE AMOUNT.




$$
