000
CDUS41 KRLX 210816
CLIHTS


CLIMATE REPORT
NATIONAL WEATHER SERVICE CHARLESTON WV
316 AM EST WED FEB 21 2018


...................................

...THE HUNTINGTON WV CLIMATE SUMMARY FOR FEBRUARY 20 2018...

CLIMATE NORMAL PERIOD 1981 TO 2010
CLIMATE RECORD PERIOD 1897 TO 2018


WEATHER ITEM   OBSERVED TIME   RECORD YEAR NORMAL DEPARTURE LAST
                VALUE   (LST)  VALUE       VALUE  FROM      YEAR
                                                  NORMAL
..................................................................
TEMPERATURE (F)
 YESTERDAY
  MAXIMUM         81R   330 PM  74    1955  48     33       66
  MINIMUM         61    743 AM -16    2015  29     32       35
  AVERAGE         71                        38     33       51

PRECIPITATION (IN)
  YESTERDAY        0.00          1.16 1911   0.11  -0.11     0.00
  MONTH TO DATE    6.02                      2.15   3.87     0.93
  SINCE JAN 1      8.93                      5.12   3.81     4.91

SNOWFALL (IN)
  YESTERDAY        0.0           7.0  1921   0.2   -0.2      0.0
  MONTH TO DATE    0.2                       5.6   -5.4       T
  SINCE SEP 1      7.2                      17.1   -9.9      5.9
  SNOW DEPTH       0

DEGREE DAYS
 HEATING
  YESTERDAY        0                        27    -27       14
  MONTH TO DATE  466                       574   -108      421
  SINCE DEC 1   2390                      2411    -21     1948
  SINCE JUL 1   3162                      3298   -136     2546

 COOLING
  YESTERDAY        6                         0      6        0
  MONTH TO DATE    7                         0      7        0
  SINCE DEC 1      7                         1      6        0
  SINCE JAN 1      7                         0      7        0
..................................................................


WIND (MPH)
  HIGHEST WIND SPEED    18   HIGHEST WIND DIRECTION     S (190)
  HIGHEST GUST SPEED    27   HIGHEST GUST DIRECTION     S (180)
  AVERAGE WIND SPEED    10.2


SKY COVER
  POSSIBLE SUNSHINE  MM
  AVERAGE SKY COVER 0.1


WEATHER CONDITIONS
 THE FOLLOWING WEATHER WAS RECORDED YESTERDAY.
  NO SIGNIFICANT WEATHER WAS OBSERVED.


RELATIVE HUMIDITY (PERCENT)
 HIGHEST    65           500 AM
 LOWEST     35           300 PM
 AVERAGE    50

..........................................................


THE HUNTINGTON WV CLIMATE NORMALS FOR TODAY
                         NORMAL    RECORD    YEAR
 MAXIMUM TEMPERATURE (F)   48        75      2017
 MINIMUM TEMPERATURE (F)   29         2      1963


SUNRISE AND SUNSET
FEBRUARY 21 2018......SUNRISE   713 AM EST   SUNSET   615 PM EST
FEBRUARY 22 2018......SUNRISE   712 AM EST   SUNSET   616 PM EST


-  INDICATES NEGATIVE NUMBERS.
R  INDICATES RECORD WAS SET OR TIED.
MM INDICATES DATA IS MISSING.
T  INDICATES TRACE AMOUNT.




$$
