000
CDUS43 KIND 160538
CLIHUF


CLIMATE REPORT
NATIONAL WEATHER SERVICE INDIANAPOLIS IN
133 AM EDT WED APR 16 2014


...................................

...THE TERRE HAUTE IN CLIMATE SUMMARY FOR APRIL 15 2014...

CLIMATE NORMAL PERIOD 1981 TO 2010
CLIMATE RECORD PERIOD 9999 TO 9999


WEATHER ITEM   OBSERVED TIME   NORMAL DEPARTURE LAST
                VALUE   (LST)  VALUE  FROM      YEAR
                                      NORMAL
......................................................
TEMPERATURE (F)
 YESTERDAY
  MAXIMUM         41    423 PM  64    -23       70
  MINIMUM         29   1153 PM  42    -13       56
  AVERAGE         35            53    -18       63

PRECIPITATION (IN)
  YESTERDAY        T             0.12  -0.12      T
  MONTH TO DATE    4.65          1.58   3.07     0.78
  SINCE MAR 1      6.40          4.95   1.45     2.31
  SINCE JAN 1     10.43          9.24   1.19     9.96

DEGREE DAYS
 HEATING
  YESTERDAY       30            12     18        2
  MONTH TO DATE  200           217    -17      196
  SINCE MAR 1   1062           908    154     1080
  SINCE JUL 1   5797          5071    726     5001

 COOLING
  YESTERDAY        0             0      0        0
  MONTH TO DATE    3             3      0        5
  SINCE MAR 1      3             4     -1        5
  SINCE JAN 1      3             4     -1        5
......................................................


WIND (MPH)
  HIGHEST WIND SPEED    21   HIGHEST WIND DIRECTION     N (350)
  HIGHEST GUST SPEED    27   HIGHEST GUST DIRECTION     N (340)
  AVERAGE WIND SPEED    10.8


SKY COVER
  AVERAGE SKY COVER 0.7


WEATHER CONDITIONS
 THE FOLLOWING WEATHER WAS RECORDED YESTERDAY.
  LIGHT SNOW


RELATIVE HUMIDITY (PERCENT)
 HIGHEST    89          1200 AM
 LOWEST     44           200 PM
 AVERAGE    67

..........................................................


THE TERRE HAUTE IN CLIMATE NORMALS FOR TODAY
                         NORMAL
 MAXIMUM TEMPERATURE (F)   65
 MINIMUM TEMPERATURE (F)   42


SUNRISE AND SUNSET
APRIL 16 2014.........SUNRISE   711 AM EDT   SUNSET   828 PM EDT
APRIL 17 2014.........SUNRISE   709 AM EDT   SUNSET   829 PM EDT


-  INDICATES NEGATIVE NUMBERS.
R  INDICATES RECORD WAS SET OR TIED.
MM INDICATES DATA IS MISSING.
T  INDICATES TRACE AMOUNT.




$$
