000
CDUS43 KIND 230532
CLIHUF


CLIMATE REPORT
NATIONAL WEATHER SERVICE INDIANAPOLIS IN
132 AM EDT SUN APR 23 2017


...................................

...THE TERRE HAUTE IN CLIMATE SUMMARY FOR APRIL 22 2017...

CLIMATE NORMAL PERIOD 1981 TO 2010
CLIMATE RECORD PERIOD 9999 TO 9999


WEATHER ITEM   OBSERVED TIME   NORMAL DEPARTURE LAST
                VALUE   (LST)  VALUE  FROM      YEAR
                                      NORMAL
......................................................
TEMPERATURE (F)
 YESTERDAY
  MAXIMUM         58    531 PM  66     -8       71
  MINIMUM         42   1139 PM  44     -2       50
  AVERAGE         50            55     -5       61

PRECIPITATION (IN)
  YESTERDAY        T             0.15  -0.15     0.00
  MONTH TO DATE    2.66          2.48   0.18     2.75
  SINCE MAR 1      6.23          5.85   0.38     6.75
  SINCE JAN 1     10.57         10.14   0.43     9.20

DEGREE DAYS
 HEATING
  YESTERDAY       15            10      5        4
  MONTH TO DATE  169           295   -126      295
  SINCE MAR 1    740           986   -246      783
  SINCE JUL 1   4075          5149  -1074     4245

 COOLING
  YESTERDAY        0             1     -1        0
  MONTH TO DATE   19             8     11        2
  SINCE MAR 1     21             9     12        2
  SINCE JAN 1     21             9     12        2
......................................................


WIND (MPH)
  HIGHEST WIND SPEED    24   HIGHEST WIND DIRECTION    NE (60)
  HIGHEST GUST SPEED    30   HIGHEST GUST DIRECTION    NE (40)
  AVERAGE WIND SPEED    12.7


SKY COVER
  AVERAGE SKY COVER 0.3


WEATHER CONDITIONS
 THE FOLLOWING WEATHER WAS RECORDED YESTERDAY.
  LIGHT RAIN


RELATIVE HUMIDITY (PERCENT)
 HIGHEST    76           700 AM
 LOWEST     43           600 PM
 AVERAGE    60

..........................................................


THE TERRE HAUTE IN CLIMATE NORMALS FOR TODAY
                         NORMAL
 MAXIMUM TEMPERATURE (F)   67
 MINIMUM TEMPERATURE (F)   45


SUNRISE AND SUNSET
APRIL 23 2017.........SUNRISE   700 AM EDT   SUNSET   835 PM EDT
APRIL 24 2017.........SUNRISE   659 AM EDT   SUNSET   836 PM EDT


-  INDICATES NEGATIVE NUMBERS.
R  INDICATES RECORD WAS SET OR TIED.
MM INDICATES DATA IS MISSING.
T  INDICATES TRACE AMOUNT.




$$
