568
CDUS43 KIND 160536
CLIHUF


CLIMATE REPORT
NATIONAL WEATHER SERVICE INDIANAPOLIS IN
1234 AM EST TUE JAN 16 2018


...................................

...THE TERRE HAUTE IN CLIMATE SUMMARY FOR JANUARY 15 2018...

CLIMATE NORMAL PERIOD 1981 TO 2010
CLIMATE RECORD PERIOD 9999 TO 9999


WEATHER ITEM   OBSERVED TIME   NORMAL DEPARTURE LAST
                VALUE   (LST)  VALUE  FROM      YEAR
                                      NORMAL
......................................................
TEMPERATURE (F)
 YESTERDAY
  MAXIMUM         26    155 PM  36    -10       37
  MINIMUM          4   1159 PM  20    -16       32
  AVERAGE         15            28    -13       35

PRECIPITATION (IN)
  YESTERDAY        T             0.09  -0.09      T
  MONTH TO DATE    0.58          1.41  -0.83     1.72
  SINCE DEC 1      1.55          4.46  -2.91     3.36
  SINCE JAN 1      0.58          1.41  -0.83     1.72

DEGREE DAYS
 HEATING
  YESTERDAY       50            37     13       30
  MONTH TO DATE  704           555    149      527
  SINCE DEC 1   1753          1588    165     1597
  SINCE JUL 1   2690          2666     24     2323

 COOLING
  YESTERDAY        0             0      0        0
  MONTH TO DATE    0             0      0        0
  SINCE DEC 1      0             0      0        0
  SINCE JAN 1      0             0      0        0
......................................................


WIND (MPH)
  HIGHEST WIND SPEED    17   HIGHEST WIND DIRECTION    NW (300)
  HIGHEST GUST SPEED    22   HIGHEST GUST DIRECTION    NW (300)
  AVERAGE WIND SPEED    10.1


SKY COVER
  AVERAGE SKY COVER 1.0


WEATHER CONDITIONS
 THE FOLLOWING WEATHER WAS RECORDED YESTERDAY.
  SNOW
  LIGHT SNOW
  FOG


RELATIVE HUMIDITY (PERCENT)
 HIGHEST    88          1200 PM
 LOWEST     67           400 PM
 AVERAGE    78

..........................................................


THE TERRE HAUTE IN CLIMATE NORMALS FOR TODAY
                         NORMAL
 MAXIMUM TEMPERATURE (F)   36
 MINIMUM TEMPERATURE (F)   20


SUNRISE AND SUNSET
JANUARY 16 2018.......SUNRISE   807 AM EST   SUNSET   551 PM EST
JANUARY 17 2018.......SUNRISE   807 AM EST   SUNSET   552 PM EST


-  INDICATES NEGATIVE NUMBERS.
R  INDICATES RECORD WAS SET OR TIED.
MM INDICATES DATA IS MISSING.
T  INDICATES TRACE AMOUNT.




$$
