000
CDUS43 KIND 260535
CLIHUF


CLIMATE REPORT
NATIONAL WEATHER SERVICE INDIANAPOLIS IN
135 AM EDT FRI MAY 26 2017


...................................

...THE TERRE HAUTE IN CLIMATE SUMMARY FOR MAY 25 2017...

CLIMATE NORMAL PERIOD 1981 TO 2010
CLIMATE RECORD PERIOD 9999 TO 9999


WEATHER ITEM   OBSERVED TIME   NORMAL DEPARTURE LAST
                VALUE   (LST)  VALUE  FROM      YEAR
                                      NORMAL
......................................................
TEMPERATURE (F)
 YESTERDAY
  MAXIMUM         68    543 PM  77     -9       84
  MINIMUM         54   1158 PM  55     -1       60
  AVERAGE         61            66     -5       72

PRECIPITATION (IN)
  YESTERDAY        0.00          0.20  -0.20     0.00
  MONTH TO DATE    6.39          5.71   0.68     1.78
  SINCE MAR 1     18.21         13.23   4.98    11.20
  SINCE JAN 1     22.55         17.52   5.03    13.65

DEGREE DAYS
 HEATING
  YESTERDAY        4             3      1        0
  MONTH TO DATE  126           123      3      138
  SINCE MAR 1    908          1180   -272      955
  SINCE JUL 1   4243          5343  -1100     4417

 COOLING
  YESTERDAY        0             3     -3        7
  MONTH TO DATE   63            48     15       21
  SINCE MAR 1     93            63     30       30
  SINCE JAN 1     93            63     30       30
......................................................


WIND (MPH)
  HIGHEST WIND SPEED    21   HIGHEST WIND DIRECTION    NW (300)
  HIGHEST GUST SPEED    27   HIGHEST GUST DIRECTION    NW (300)
  AVERAGE WIND SPEED     9.4


SKY COVER
  AVERAGE SKY COVER 0.8


WEATHER CONDITIONS
 THE FOLLOWING WEATHER WAS RECORDED YESTERDAY.
  FOG


RELATIVE HUMIDITY (PERCENT)
 HIGHEST    93           400 AM
 LOWEST     63           500 PM
 AVERAGE    78

..........................................................


THE TERRE HAUTE IN CLIMATE NORMALS FOR TODAY
                         NORMAL
 MAXIMUM TEMPERATURE (F)   77
 MINIMUM TEMPERATURE (F)   55


SUNRISE AND SUNSET
MAY 26 2017...........SUNRISE   627 AM EDT   SUNSET   906 PM EDT
MAY 27 2017...........SUNRISE   626 AM EDT   SUNSET   907 PM EDT


-  INDICATES NEGATIVE NUMBERS.
R  INDICATES RECORD WAS SET OR TIED.
MM INDICATES DATA IS MISSING.
T  INDICATES TRACE AMOUNT.




$$
