000
CDUS41 KCAR 270527
CLIHUL


CLIMATE REPORT
NATIONAL WEATHER SERVICE CARIBOU, ME
126 AM EDT TUE JUN 27 2017


...................................

...THE HOULTON ME CLIMATE SUMMARY FOR JUNE 26 2017...

CLIMATE NORMAL PERIOD 1981 TO 2010
CLIMATE RECORD PERIOD 1948 TO 2017


WEATHER ITEM   OBSERVED TIME   RECORD YEAR NORMAL DEPARTURE LAST
                VALUE   (LST)  VALUE       VALUE  FROM      YEAR
                                                  NORMAL
..................................................................
TEMPERATURE (F)
 YESTERDAY
  MAXIMUM         71    430 PM  92    1980  75     -4       87
  MINIMUM         46   1153 PM  31    1979  51     -5       51
  AVERAGE         59                        63     -4       69

PRECIPITATION (IN)
  YESTERDAY        T             2.26 2012   0.13  -0.13     0.00
  MONTH TO DATE    2.39                      3.12  -0.73     2.06
  SINCE JUN 1      2.39                      3.12  -0.73     2.06
  SINCE JAN 1     17.14                     17.75  -0.61    16.44

SNOWFALL (IN)
  YESTERDAY       MM             0.0  2003   0.0   MM       MM
  MONTH TO DATE   MM                         0.0   MM       MM
  SINCE JUN 1     MM                         0.0   MM       MM
  SINCE JUL 1     MM                        89.5   MM       MM
  SNOW DEPTH      MM

DEGREE DAYS
 HEATING
  YESTERDAY        6                         4      2        0
  MONTH TO DATE  144                       165    -21      174
  SINCE JUN 1    144                       165    -21      174
  SINCE JUL 1   8562                      9172   -610     8191

 COOLING
  YESTERDAY        0                         2     -2        4
  MONTH TO DATE   42                        27     15       15
  SINCE JUN 1     42                        27     15       15
  SINCE JAN 1     48                        31     17       22
..................................................................


WIND (MPH)
  HIGHEST WIND SPEED    15   HIGHEST WIND DIRECTION     W (270)
  HIGHEST GUST SPEED    21   HIGHEST GUST DIRECTION     W (270)
  AVERAGE WIND SPEED     4.5


SKY COVER
  POSSIBLE SUNSHINE  MM
  AVERAGE SKY COVER 0.4


WEATHER CONDITIONS
 THE FOLLOWING WEATHER WAS RECORDED YESTERDAY.
  FOG


RELATIVE HUMIDITY (PERCENT)
 HIGHEST   100          1200 AM
 LOWEST     40           500 PM
 AVERAGE    70

..........................................................


THE HOULTON ME CLIMATE NORMALS FOR TODAY
                         NORMAL    RECORD    YEAR
 MAXIMUM TEMPERATURE (F)   75        94      1946
 MINIMUM TEMPERATURE (F)   51        34      1986


SUNRISE AND SUNSET
JUNE 27 2017..........SUNRISE   442 AM EDT   SUNSET   827 PM EDT
JUNE 28 2017..........SUNRISE   442 AM EDT   SUNSET   826 PM EDT


-  INDICATES NEGATIVE NUMBERS.
R  INDICATES RECORD WAS SET OR TIED.
MM INDICATES DATA IS MISSING.
T  INDICATES TRACE AMOUNT.




$$
