000
CDUS41 KCAR 240528
CLIHUL


CLIMATE REPORT
NATIONAL WEATHER SERVICE CARIBOU, ME
127 AM EDT THU JUL 24 2014


...................................

...THE HOULTON ME CLIMATE SUMMARY FOR JULY 23 2014...

CLIMATE NORMAL PERIOD 1981 TO 2010
CLIMATE RECORD PERIOD 1948 TO 2014


WEATHER ITEM   OBSERVED TIME   RECORD YEAR NORMAL DEPARTURE LAST
                VALUE   (LST)  VALUE       VALUE  FROM      YEAR
                                                  NORMAL
..................................................................
TEMPERATURE (F)
 YESTERDAY
  MAXIMUM         89    239 PM  97    1952  78     11       66
  MINIMUM         65   1159 PM  42    1962  54     11       59
  AVERAGE         77                        66     11       63

PRECIPITATION (IN)
  YESTERDAY        0.10          1.04 2003   0.12  -0.02     0.74
  MONTH TO DATE    5.83                      2.70   3.13     4.37
  SINCE JUN 1     10.09                      6.35   3.74     9.45
  SINCE JAN 1     24.79                     20.98   3.81    20.68

SNOWFALL (IN)
  YESTERDAY       MM             0.0  2003   0.0   MM       MM
  MONTH TO DATE   MM                         0.0   MM       MM
  SINCE JUN 1     MM                         0.0   MM       MM
  SINCE JUL 1     MM                         0.0   MM       MM
  SNOW DEPTH      MM

DEGREE DAYS
 HEATING
  YESTERDAY        0                         2     -2        2
  MONTH TO DATE   23                        49    -26       27
  SINCE JUN 1    152                       230    -78      224
  SINCE JUL 1     23                        49    -26       27

 COOLING
  YESTERDAY       12                         3      9        0
  MONTH TO DATE  118                        67     51      105
  SINCE JUN 1    143                       102     41      141
  SINCE JAN 1    144                       106     38      145
..................................................................


WIND (MPH)
  HIGHEST WIND SPEED    23   HIGHEST WIND DIRECTION    SW (230)
  HIGHEST GUST SPEED    29   HIGHEST GUST DIRECTION    SW (210)
  AVERAGE WIND SPEED     8.7


SKY COVER
  POSSIBLE SUNSHINE  MM
  AVERAGE SKY COVER 0.3


WEATHER CONDITIONS
 THE FOLLOWING WEATHER WAS RECORDED YESTERDAY.
  LIGHT RAIN
  FOG


RELATIVE HUMIDITY (PERCENT)
 HIGHEST    93           200 AM
 LOWEST     46           300 PM
 AVERAGE    70

..........................................................


THE HOULTON ME CLIMATE NORMALS FOR TODAY
                         NORMAL    RECORD    YEAR
 MAXIMUM TEMPERATURE (F)   78        95      1970
 MINIMUM TEMPERATURE (F)   54        41      2004
                                             2002


SUNRISE AND SUNSET
JULY 24 2014..........SUNRISE   504 AM EDT   SUNSET   811 PM EDT
JULY 25 2014..........SUNRISE   505 AM EDT   SUNSET   810 PM EDT


-  INDICATES NEGATIVE NUMBERS.
R  INDICATES RECORD WAS SET OR TIED.
MM INDICATES DATA IS MISSING.
T  INDICATES TRACE AMOUNT.




$$
