000
CDUS41 KCAR 262136
CLIHUL


CLIMATE REPORT
NATIONAL WEATHER SERVICE CARIBOU, ME
434 PM EST SUN FEB 26 2017


...................................

...THE HOULTON ME CLIMATE SUMMARY FOR FEBRUARY 26 2017...
VALID TODAY AS OF 0400 PM LOCAL TIME.

CLIMATE NORMAL PERIOD 1981 TO 2010
CLIMATE RECORD PERIOD 1948 TO 2017


WEATHER ITEM   OBSERVED TIME   RECORD YEAR NORMAL DEPARTURE LAST
                VALUE   (LST)  VALUE       VALUE  FROM      YEAR
                                                  NORMAL
..................................................................
TEMPERATURE (F)
 TODAY
  MAXIMUM         46R   152 AM  46    1976  30     16       36
  MINIMUM         29    359 PM -23    1993   7     22       13
  AVERAGE         38                        19     19       25

PRECIPITATION (IN)
  TODAY            0.40          1.00 1961   0.08   0.32     0.05
  MONTH TO DATE    1.62                      1.85  -0.23     3.49
  SINCE DEC 1      7.37                      8.00  -0.63     9.10
  SINCE JAN 1      4.45                      4.71  -0.26     4.91

SNOWFALL (IN)
  TODAY           MM             7.2  1979   0.6   MM       MM
  MONTH TO DATE   MM                        16.5   MM       MM
  SINCE DEC 1     MM                        56.2   MM       MM
  SINCE JUL 1     MM                        64.3   MM       MM
  SNOW DEPTH      MM

DEGREE DAYS
 HEATING
  TODAY           27                        46    -19       40
  MONTH TO DATE 1256                      1305    -49     1185
  SINCE DEC 1   4138                      4372   -234     3708
  SINCE JUL 1   5881                      6480   -599     5503

 COOLING
  TODAY            0                         0      0        0
  MONTH TO DATE    0                         0      0        0
  SINCE DEC 1      0                         0      0        0
  SINCE JAN 1      0                         0      0        0
..................................................................


WIND (MPH)
  HIGHEST WIND SPEED    28   HIGHEST WIND DIRECTION     W (280)
  HIGHEST GUST SPEED    36   HIGHEST GUST DIRECTION     W (270)
  AVERAGE WIND SPEED    13.1


SKY COVER
  POSSIBLE SUNSHINE  MM
  AVERAGE SKY COVER 0.9


WEATHER CONDITIONS
 THE FOLLOWING WEATHER WAS RECORDED TODAY.
  HEAVY RAIN
  RAIN
  LIGHT RAIN
  LIGHT SNOW
  FOG


RELATIVE HUMIDITY (PERCENT)
 HIGHEST   100           300 AM
 LOWEST     47           200 PM
 AVERAGE    74

..........................................................


THE HOULTON ME CLIMATE NORMALS FOR TOMORROW
                         NORMAL    RECORD    YEAR
 MAXIMUM TEMPERATURE (F)   30        47      2009
                                             2002
 MINIMUM TEMPERATURE (F)    8       -27      1950


SUNRISE AND SUNSET
FEBRUARY 26 2017......SUNRISE   615 AM EST   SUNSET   514 PM EST
FEBRUARY 27 2017......SUNRISE   613 AM EST   SUNSET   515 PM EST


-  INDICATES NEGATIVE NUMBERS.
R  INDICATES RECORD WAS SET OR TIED.
MM INDICATES DATA IS MISSING.
T  INDICATES TRACE AMOUNT.




$$
