000
CDUS45 KTFX 291007
CLIHVR


CLIMATE REPORT
NATIONAL WEATHER SERVICE GREAT FALLS MT
406 AM MDT WED MAR 29 2017


...................................

...THE HAVRE MT CLIMATE SUMMARY FOR MARCH 28 2017...

CLIMATE NORMAL PERIOD 1981 TO 2010
CLIMATE RECORD PERIOD 1880 TO 2017


WEATHER ITEM   OBSERVED TIME   RECORD YEAR NORMAL DEPARTURE LAST
                VALUE   (LST)  VALUE       VALUE  FROM      YEAR
                                                  NORMAL
..................................................................
TEMPERATURE (F)
 YESTERDAY
  MAXIMUM         58    433 PM  74    1986  50      8       44
  MINIMUM         33    623 AM -17    1894  26      7       29
  AVERAGE         46                        38      8       37

PRECIPITATION (IN)
  YESTERDAY        0.00          0.44 1977   0.02  -0.02     0.17
  MONTH TO DATE    0.15                      0.47  -0.32     0.39
  SINCE OCT 1      5.52                      2.49   3.03     2.78
  SINCE JAN 1      1.53                      1.08   0.45     0.85

SNOWFALL (IN)
  YESTERDAY        0.0           7.7  1977   0.2   -0.2      0.0
  MONTH TO DATE    1.0                       5.7   -4.7       T
  SINCE MAR 1      1.0                       5.7   -4.7       T
  SINCE JUL 1     31.9                      33.6   -1.7     14.3
  SNOW DEPTH       0

DEGREE DAYS
 HEATING
  YESTERDAY       19                        27     -8       28
  MONTH TO DATE  861                       920    -59      705
  SINCE MAR 1    861                       920    -59      705
  SINCE JUL 1   6860                      7040   -180     6130

 COOLING
  YESTERDAY        0                         0      0        0
  MONTH TO DATE    0                         0      0        0
  SINCE MAR 1      0                         0      0        0
  SINCE JAN 1      0                         0      0        0
..................................................................


WIND (MPH)
  HIGHEST WIND SPEED    24   HIGHEST WIND DIRECTION    SW (220)
  HIGHEST GUST SPEED    30   HIGHEST GUST DIRECTION     W (260)
  AVERAGE WIND SPEED    14.0


SKY COVER
  AVERAGE SKY COVER 0.2


WEATHER CONDITIONS
 THE FOLLOWING WEATHER WAS RECORDED YESTERDAY.
  NO SIGNIFICANT WEATHER WAS OBSERVED.


RELATIVE HUMIDITY (PERCENT)
 HIGHEST    92          1200 AM
 LOWEST     24           200 PM
 AVERAGE    58

..........................................................


THE HAVRE MT CLIMATE NORMALS FOR TODAY
                         NORMAL    RECORD    YEAR
 MAXIMUM TEMPERATURE (F)   51        75      1966
 MINIMUM TEMPERATURE (F)   26       -11      1936
                                             1898


SUNRISE AND SUNSET
MARCH 29 2017.........SUNRISE   702 AM MDT   SUNSET   746 PM MDT
MARCH 30 2017.........SUNRISE   700 AM MDT   SUNSET   747 PM MDT


-  INDICATES NEGATIVE NUMBERS.
R  INDICATES RECORD WAS SET OR TIED.
MM INDICATES DATA IS MISSING.
T  INDICATES TRACE AMOUNT.




$$
