000
CDUS45 KTFX 020859
CLIHVR


CLIMATE REPORT
NATIONAL WEATHER SERVICE GREAT FALLS MT
258 AM MDT TUE JUN 2 2015


...................................

...THE HAVRE MT CLIMATE SUMMARY FOR JUNE 1 2015...

CLIMATE NORMAL PERIOD 1981 TO 2010
CLIMATE RECORD PERIOD 1880 TO 2015


WEATHER ITEM   OBSERVED TIME   RECORD YEAR NORMAL DEPARTURE LAST
                VALUE   (LST)  VALUE       VALUE  FROM      YEAR
                                                  NORMAL
..................................................................
TEMPERATURE (F)
 YESTERDAY
  MAXIMUM         81    416 PM  97    1977  72      9       72
  MINIMUM         53    521 AM  31    1979  46      7       41
                                      1883
  AVERAGE         67                        59      8       57

PRECIPITATION (IN)
  YESTERDAY        0.00          0.74 1915   0.07  -0.07     0.01
  MONTH TO DATE    0.00                      0.07  -0.07     0.01
  SINCE OCT 1      5.64                      5.21   0.43     5.71
  SINCE JAN 1      4.07                      3.80   0.27     3.70

SNOWFALL (IN)
  YESTERDAY        0.0           0.0  2000   0.0    0.0      0.0
                                      1998
  MONTH TO DATE    0.0                       0.0    0.0      0.0
  SINCE JUN 1      0.0                       0.0    0.0      0.0
  SINCE JUL 1     20.8                      39.0  -18.2     44.4
  SNOW DEPTH       0

DEGREE DAYS
 HEATING
  YESTERDAY        0                         7     -7        8
  MONTH TO DATE    0                         7     -7        8
  SINCE JUN 1      0                         7     -7        8
  SINCE JUL 1   7404                      8095   -691     8388

 COOLING
  YESTERDAY        2                         1      1        0
  MONTH TO DATE    2                         1      1        0
  SINCE JUN 1      2                         1      1        0
  SINCE JAN 1      2                        12    -10        7
..................................................................


WIND (MPH)
  HIGHEST WIND SPEED    22   HIGHEST WIND DIRECTION     E (80)
  HIGHEST GUST SPEED    25   HIGHEST GUST DIRECTION     E (70)
  AVERAGE WIND SPEED    10.3


SKY COVER
  AVERAGE SKY COVER 0.1


WEATHER CONDITIONS
 THE FOLLOWING WEATHER WAS RECORDED YESTERDAY.
  NO SIGNIFICANT WEATHER WAS OBSERVED.


RELATIVE HUMIDITY (PERCENT)
 HIGHEST    83           200 AM
 LOWEST     30           500 PM
 AVERAGE    57

..........................................................


THE HAVRE MT CLIMATE NORMALS FOR TODAY
                         NORMAL    RECORD    YEAR
 MAXIMUM TEMPERATURE (F)   72        91      2006
 MINIMUM TEMPERATURE (F)   46        31      1998


SUNRISE AND SUNSET
JUNE  2 2015..........SUNRISE   521 AM MDT   SUNSET   914 PM MDT
JUNE  3 2015..........SUNRISE   520 AM MDT   SUNSET   915 PM MDT


-  INDICATES NEGATIVE NUMBERS.
R  INDICATES RECORD WAS SET OR TIED.
MM INDICATES DATA IS MISSING.
T  INDICATES TRACE AMOUNT.




$$
