000
CDUS45 KTFX 220807 CCA
CLIHVR

CLIMATE REPORT...COR
NATIONAL WEATHER SERVICE GREAT FALLS MT
1253 AM MST MON DEC 22 2014


...................................

...THE HAVRE MT CLIMATE SUMMARY FOR DECEMBER 21 2014...

CLIMATE NORMAL PERIOD 1981 TO 2010
CLIMATE RECORD PERIOD 1880 TO 2014


WEATHER ITEM   OBSERVED TIME   RECORD YEAR NORMAL DEPARTURE LAST
                VALUE   (LST)  VALUE       VALUE  FROM      YEAR
                                                  NORMAL
..................................................................
TEMPERATURE (F)
 YESTERDAY
  MAXIMUM         43    417 PM  61    1888  29     14        8
  MINIMUM         22    259 AM -44    1989   6     16        4
  AVERAGE         33                        18     15        6

PRECIPITATION (IN)
  YESTERDAY        0.02          0.42 1939   0.01   0.01     0.11
  MONTH TO DATE    0.13                      0.26  -0.13     0.97
  SINCE OCT 1      1.36                      1.27   0.09     1.69
  SINCE JAN 1     12.52                     11.06   1.46    18.84

SNOWFALL (IN)
  YESTERDAY        T             5.5  1939   0.3   -0.3      1.1
  MONTH TO DATE    0.1                       4.6   -4.5     15.2
  SINCE DEC 1      0.1                       4.6   -4.5     15.2
  SINCE JUL 1      4.7                      12.2   -7.5     21.0
  SNOW DEPTH       T

DEGREE DAYS
 HEATING
  YESTERDAY       32                        47    -15       59
  MONTH TO DATE  806                       944   -138     1179
  SINCE DEC 1    806                       944   -138     1179
  SINCE JUL 1   2743                      2987   -244     3105

 COOLING
  YESTERDAY        0                         0      0        0
  MONTH TO DATE    0                         0      0        0
  SINCE DEC 1      0                         0      0        0
  SINCE JAN 1    402                       387     15      445
..................................................................


WIND (MPH)
  HIGHEST WIND SPEED    25   HIGHEST WIND DIRECTION     W (290)
  HIGHEST GUST SPEED    32   HIGHEST GUST DIRECTION     W (280)
  AVERAGE WIND SPEED    10.3


SKY COVER
  AVERAGE SKY COVER 0.7


WEATHER CONDITIONS
 THE FOLLOWING WEATHER WAS RECORDED YESTERDAY.
  LIGHT RAIN


RELATIVE HUMIDITY (PERCENT)
 HIGHEST    92           300 AM
 LOWEST     65           500 PM
 AVERAGE    79

..........................................................


THE HAVRE MT CLIMATE NORMALS FOR TODAY
                         NORMAL    RECORD    YEAR
 MAXIMUM TEMPERATURE (F)   29        56      1954
                                             1936
 MINIMUM TEMPERATURE (F)    6       -45      1989


SUNRISE AND SUNSET
DECEMBER 22 2014......SUNRISE   809 AM MST   SUNSET   427 PM MST
DECEMBER 23 2014......SUNRISE   809 AM MST   SUNSET   427 PM MST


-  INDICATES NEGATIVE NUMBERS.
R  INDICATES RECORD WAS SET OR TIED.
MM INDICATES DATA IS MISSING.
T  INDICATES TRACE AMOUNT.




$$
