000
CDUS45 KTFX 301055
CLIHVR


CLIMATE REPORT
NATIONAL WEATHER SERVICE GREAT FALLS MT
454 AM MDT MON MAY 30 2016


...................................

...THE HAVRE MT CLIMATE SUMMARY FOR MAY 29 2016...

CLIMATE NORMAL PERIOD 1981 TO 2010
CLIMATE RECORD PERIOD 1880 TO 2016


WEATHER ITEM   OBSERVED TIME   RECORD YEAR NORMAL DEPARTURE LAST
                VALUE   (LST)  VALUE       VALUE  FROM      YEAR
                                                  NORMAL
..................................................................
TEMPERATURE (F)
 YESTERDAY
  MAXIMUM         73    510 PM  98    1936  71      2       67
  MINIMUM         32    236 AM  31    1895  45    -13       35
  AVERAGE         53                        58     -5       51

PRECIPITATION (IN)
  YESTERDAY        0.04          1.35 1953   0.07  -0.03     0.00
  MONTH TO DATE    3.39                      1.60   1.79     1.57
  SINCE OCT 1      9.73                      5.00   4.73     5.63
  SINCE JAN 1      7.80                      3.59   4.21     4.06

SNOWFALL (IN)
  YESTERDAY        0.0           5.2  1982   0.0    0.0      0.0
  MONTH TO DATE    0.0                       1.7   -1.7      0.0
  SINCE MAR 1      3.0                      11.0   -8.0      0.2
  SINCE JUL 1     17.3                      38.9  -21.6     20.8
  SNOW DEPTH       0

DEGREE DAYS
 HEATING
  YESTERDAY       12                         8      4       14
  MONTH TO DATE  338                       337      1      388
  SINCE MAR 1   1632                      1954   -322     1728
  SINCE JUL 1   7057                      8074  -1017     7396

 COOLING
  YESTERDAY        0                         1     -1        0
  MONTH TO DATE    1                         4     -3        0
  SINCE MAR 1      1                         5     -4        0
  SINCE JAN 1      1                         5     -4        0
..................................................................


WIND (MPH)
  HIGHEST WIND SPEED    22   HIGHEST WIND DIRECTION     W (250)
  HIGHEST GUST SPEED    28   HIGHEST GUST DIRECTION    SW (230)
  AVERAGE WIND SPEED    10.1


SKY COVER
  AVERAGE SKY COVER 0.3


WEATHER CONDITIONS
 THE FOLLOWING WEATHER WAS RECORDED YESTERDAY.
  LIGHT RAIN
  HAZE


RELATIVE HUMIDITY (PERCENT)
 HIGHEST    86           300 AM
 LOWEST     29           300 PM
 AVERAGE    58

..........................................................


THE HAVRE MT CLIMATE NORMALS FOR TODAY
                         NORMAL    RECORD    YEAR
 MAXIMUM TEMPERATURE (F)   71        95      1936
 MINIMUM TEMPERATURE (F)   45        27      1892


SUNRISE AND SUNSET
MAY 30 2016...........SUNRISE   522 AM MDT   SUNSET   912 PM MDT
MAY 31 2016...........SUNRISE   522 AM MDT   SUNSET   913 PM MDT


-  INDICATES NEGATIVE NUMBERS.
R  INDICATES RECORD WAS SET OR TIED.
MM INDICATES DATA IS MISSING.
T  INDICATES TRACE AMOUNT.




$$
