000
CDUS45 KTFX 220824
CLIHVR


CLIMATE REPORT
NATIONAL WEATHER SERVICE GREAT FALLS MT
223 AM MDT THU JUN 22 2017


...................................

...THE HAVRE MT CLIMATE SUMMARY FOR JUNE 21 2017...

CLIMATE NORMAL PERIOD 1981 TO 2010
CLIMATE RECORD PERIOD 1880 TO 2017


WEATHER ITEM   OBSERVED TIME   RECORD YEAR NORMAL DEPARTURE LAST
                VALUE   (LST)  VALUE       VALUE  FROM      YEAR
                                                  NORMAL
..................................................................
TEMPERATURE (F)
 YESTERDAY
  MAXIMUM         82    450 PM 108    1900  77      5       78
  MINIMUM         52   1159 PM  34    1905  49      3       50
  AVERAGE         67                        63      4       64

PRECIPITATION (IN)
  YESTERDAY        0.00          1.35 1923   0.07  -0.07     0.11
  MONTH TO DATE    0.54                      1.56  -1.02     1.31
  SINCE OCT 1      7.06                      6.70   0.36    11.13
  SINCE JAN 1      3.07                      5.29  -2.22     9.20

SNOWFALL (IN)
  YESTERDAY        0.0           T    1993   0.0    0.0      0.0
                                      1998
  MONTH TO DATE    0.0                       0.5   -0.5      0.0
  SINCE JUN 1      0.0                       0.5   -0.5      0.0
  SINCE JUL 1     32.9                      39.5   -6.6     17.3
  SNOW DEPTH       0

DEGREE DAYS
 HEATING
  YESTERDAY        0                         4     -4        1
  MONTH TO DATE   46                       109    -63       64
  SINCE JUN 1     46                       109    -63       64
  SINCE JUL 1   7823                      8197   -374     7147

 COOLING
  YESTERDAY        2                         2      0        0
  MONTH TO DATE   47                        27     20       21
  SINCE JUN 1     47                        27     20       21
  SINCE JAN 1     58                        38     20       22
..................................................................


WIND (MPH)
  HIGHEST WIND SPEED    38   HIGHEST WIND DIRECTION    NW (320)
  HIGHEST GUST SPEED    47   HIGHEST GUST DIRECTION    NW (320)
  AVERAGE WIND SPEED     8.4


SKY COVER
  AVERAGE SKY COVER 0.3


WEATHER CONDITIONS
 THE FOLLOWING WEATHER WAS RECORDED YESTERDAY.
  NO SIGNIFICANT WEATHER WAS OBSERVED.


RELATIVE HUMIDITY (PERCENT)
 HIGHEST    67           300 AM
 LOWEST     17           500 PM
 AVERAGE    42

..........................................................


THE HAVRE MT CLIMATE NORMALS FOR TODAY
                         NORMAL    RECORD    YEAR
 MAXIMUM TEMPERATURE (F)   78       103      1900
 MINIMUM TEMPERATURE (F)   50        38      2015


SUNRISE AND SUNSET
JUNE 22 2017..........SUNRISE   517 AM MDT   SUNSET   925 PM MDT
JUNE 23 2017..........SUNRISE   518 AM MDT   SUNSET   925 PM MDT


-  INDICATES NEGATIVE NUMBERS.
R  INDICATES RECORD WAS SET OR TIED.
MM INDICATES DATA IS MISSING.
T  INDICATES TRACE AMOUNT.




$$
