000
CDUS45 KTFX 200819
CLIHVR


CLIMATE REPORT
NATIONAL WEATHER SERVICE GREAT FALLS MT
218 AM MDT SUN AUG 20 2017


...................................

...THE HAVRE MT CLIMATE SUMMARY FOR AUGUST 19 2017...

CLIMATE NORMAL PERIOD 1981 TO 2010
CLIMATE RECORD PERIOD 1880 TO 2017


WEATHER ITEM   OBSERVED TIME   RECORD YEAR NORMAL DEPARTURE LAST
                VALUE   (LST)  VALUE       VALUE  FROM      YEAR
                                                  NORMAL
..................................................................
TEMPERATURE (F)
 YESTERDAY
  MAXIMUM         77    408 PM  98    2008  84     -7       70
                                      1942
  MINIMUM         55   1159 PM  33    1907  52      3       47
  AVERAGE         66                        68     -2       59

PRECIPITATION (IN)
  YESTERDAY        0.00          1.05 1975   0.04  -0.04     0.00
  MONTH TO DATE    0.15                      0.67  -0.52     0.99
  SINCE OCT 1      7.58                      9.64  -2.06    15.17
  SINCE JAN 1      3.59                      8.23  -4.64    13.24

SNOWFALL (IN)
  YESTERDAY        0.0           0.0  1999   0.0    0.0      0.0
                                      1998
  MONTH TO DATE    0.0                       0.0    0.0      0.0
  SINCE JUN 1      0.0                       0.0    0.0      0.0
  SINCE JUL 1      0.0                       0.0    0.0      0.0
  SNOW DEPTH       0

DEGREE DAYS
 HEATING
  YESTERDAY        0                         2     -2        6
  MONTH TO DATE   10                        19     -9       11
  SINCE JUN 1     94                       182    -88      115
  SINCE JUL 1     11                        49    -38       30

 COOLING
  YESTERDAY        1                         4     -3        0
  MONTH TO DATE   43                       112    -69       81
  SINCE JUN 1    413                       322     91      286
  SINCE JAN 1    424                       333     91      287
..................................................................


WIND (MPH)
  HIGHEST WIND SPEED    23   HIGHEST WIND DIRECTION    NW (320)
  HIGHEST GUST SPEED    30   HIGHEST GUST DIRECTION    NW (310)
  AVERAGE WIND SPEED     9.1


SKY COVER
  AVERAGE SKY COVER 0.0


WEATHER CONDITIONS
 THE FOLLOWING WEATHER WAS RECORDED YESTERDAY.
  NO SIGNIFICANT WEATHER WAS OBSERVED.


RELATIVE HUMIDITY (PERCENT)
 HIGHEST    66           600 AM
 LOWEST     23           500 PM
 AVERAGE    45

..........................................................


THE HAVRE MT CLIMATE NORMALS FOR TODAY
                         NORMAL    RECORD    YEAR
 MAXIMUM TEMPERATURE (F)   83       102      1971
 MINIMUM TEMPERATURE (F)   51        38      1907


SUNRISE AND SUNSET
AUGUST 20 2017........SUNRISE   620 AM MDT   SUNSET   824 PM MDT
AUGUST 21 2017........SUNRISE   621 AM MDT   SUNSET   822 PM MDT


-  INDICATES NEGATIVE NUMBERS.
R  INDICATES RECORD WAS SET OR TIED.
MM INDICATES DATA IS MISSING.
T  INDICATES TRACE AMOUNT.




$$
