000
CDUS45 KTFX 240956
CLIHVR


CLIMATE REPORT
NATIONAL WEATHER SERVICE GREAT FALLS MT
354 AM MDT WED MAY 24 2017


...................................

...THE HAVRE MT CLIMATE SUMMARY FOR MAY 23 2017...

CLIMATE NORMAL PERIOD 1981 TO 2010
CLIMATE RECORD PERIOD 1880 TO 2017


WEATHER ITEM   OBSERVED TIME   RECORD YEAR NORMAL DEPARTURE LAST
                VALUE   (LST)  VALUE       VALUE  FROM      YEAR
                                                  NORMAL
..................................................................
TEMPERATURE (F)
 YESTERDAY
  MAXIMUM         83    326 PM  95    1886  69     14       56
  MINIMUM         40    425 AM  30    1895  43     -3       45
  AVERAGE         62                        56      6       51

PRECIPITATION (IN)
  YESTERDAY        0.00          0.99 2004   0.07  -0.07     0.18
  MONTH TO DATE    0.29                      1.19  -0.90     2.87
  SINCE OCT 1      6.47                      4.59   1.88     9.21
  SINCE JAN 1      2.48                      3.18  -0.70     7.28

SNOWFALL (IN)
  YESTERDAY        0.0           2.7  1903   0.1   -0.1      0.0
  MONTH TO DATE    0.0                       1.4   -1.4      0.0
  SINCE MAR 1      1.0                      10.7   -9.7      3.0
  SINCE JUL 1     32.9                      38.6   -5.7     17.3
  SNOW DEPTH       0

DEGREE DAYS
 HEATING
  YESTERDAY        3                         9     -6       14
  MONTH TO DATE  234                       287    -53      279
  SINCE MAR 1   1730                      1904   -174     1573
  SINCE JUL 1   7729                      8024   -295     6998

 COOLING
  YESTERDAY        0                         0      0        0
  MONTH TO DATE    6                         0      6        1
  SINCE MAR 1      6                         1      5        1
  SINCE JAN 1      6                         1      5        1
..................................................................


WIND (MPH)
  HIGHEST WIND SPEED    20   HIGHEST WIND DIRECTION     S (160)
  HIGHEST GUST SPEED    24   HIGHEST GUST DIRECTION     S (160)
  AVERAGE WIND SPEED     8.1


SKY COVER
  AVERAGE SKY COVER 0.0


WEATHER CONDITIONS
 THE FOLLOWING WEATHER WAS RECORDED YESTERDAY.
  NO SIGNIFICANT WEATHER WAS OBSERVED.


RELATIVE HUMIDITY (PERCENT)
 HIGHEST    70           400 AM
 LOWEST     21           100 PM
 AVERAGE    46

..........................................................


THE HAVRE MT CLIMATE NORMALS FOR TODAY
                         NORMAL    RECORD    YEAR
 MAXIMUM TEMPERATURE (F)   70        96      2001
 MINIMUM TEMPERATURE (F)   44        30      2000


SUNRISE AND SUNSET
MAY 24 2017...........SUNRISE   528 AM MDT   SUNSET   905 PM MDT
MAY 25 2017...........SUNRISE   527 AM MDT   SUNSET   906 PM MDT


-  INDICATES NEGATIVE NUMBERS.
R  INDICATES RECORD WAS SET OR TIED.
MM INDICATES DATA IS MISSING.
T  INDICATES TRACE AMOUNT.




$$
