000
CDUS43 KUNR 250832
CLIICR


CLIMATE REPORT
NATIONAL WEATHER SERVICE RAPID CITY SD
231 AM MDT SUN JUN 25 2017


...................................

...THE WINNER REGIONAL AIRPORT SD CLIMATE SUMMARY FOR JUNE 24 2017...

CLIMATE NORMAL PERIOD 1981 TO 2010
CLIMATE RECORD PERIOD 9999 TO 9999


WEATHER ITEM   OBSERVED TIME   NORMAL DEPARTURE LAST
                VALUE   (LST)  VALUE  FROM      YEAR
                                      NORMAL
......................................................
TEMPERATURE (F)
 YESTERDAY
  MAXIMUM         79    408 PM  83     -4      100
  MINIMUM         44    253 AM  59    -15       68
  AVERAGE         62            71     -9       84

PRECIPITATION (IN)
  YESTERDAY        0.00          0.09  -0.09     0.00
  MONTH TO DATE    0.22          3.16  -2.94     0.71
  SINCE JUN 1      0.22          3.16  -2.94     0.71
  SINCE JAN 1      7.31         11.23  -3.92    10.06

DEGREE DAYS
 HEATING
  YESTERDAY        3             1      2        0
  MONTH TO DATE    5            51    -46        3
  SINCE JUN 1      5            51    -46        3
  SINCE JUL 1   5550          6696  -1146     5573

 COOLING
  YESTERDAY        0             7     -7       19
  MONTH TO DATE  195            99     96      235
  SINCE JUN 1    195            99     96      235
  SINCE JAN 1    223           129     94      282
......................................................


WIND (MPH)
  HIGHEST WIND SPEED    31   HIGHEST WIND DIRECTION    NW (320)
  HIGHEST GUST SPEED    39   HIGHEST GUST DIRECTION    NW (320)
  AVERAGE WIND SPEED    13.5


SKY COVER
  AVERAGE SKY COVER 0.1


WEATHER CONDITIONS
 THE FOLLOWING WEATHER WAS RECORDED YESTERDAY.
  NO SIGNIFICANT WEATHER WAS OBSERVED.


RELATIVE HUMIDITY (PERCENT)
 HIGHEST    65           300 AM
 LOWEST     19           500 PM
 AVERAGE    42

..........................................................




SUNRISE AND SUNSET
JUNE 25 2017..........SUNRISE   600 AM CDT   SUNSET   924 PM CDT
JUNE 26 2017..........SUNRISE   600 AM CDT   SUNSET   924 PM CDT


-  INDICATES NEGATIVE NUMBERS.
R  INDICATES RECORD WAS SET OR TIED.
MM INDICATES DATA IS MISSING.
T  INDICATES TRACE AMOUNT.




$$
