000
CDUS43 KUNR 300830
CLIICR


CLIMATE REPORT
NATIONAL WEATHER SERVICE RAPID CITY SD
230 AM MDT SUN APR 30 2017


...................................

...THE WINNER REGIONAL AIRPORT SD CLIMATE SUMMARY FOR APRIL 29 2017...

CLIMATE NORMAL PERIOD 1981 TO 2010
CLIMATE RECORD PERIOD 9999 TO 9999


WEATHER ITEM   OBSERVED TIME   NORMAL DEPARTURE LAST
                VALUE   (LST)  VALUE  FROM      YEAR
                                      NORMAL
......................................................
TEMPERATURE (F)
 YESTERDAY
  MAXIMUM         58    348 PM  64     -6       46
  MINIMUM         32    519 AM  41     -9       40
  AVERAGE         45            53     -8       43

PRECIPITATION (IN)
  YESTERDAY        0.00          0.12  -0.12     0.00
  MONTH TO DATE    2.10          2.38  -0.28     4.52
  SINCE MAR 1      2.42          3.76  -1.34     5.29
  SINCE JAN 1      4.06          4.52  -0.46     5.68

DEGREE DAYS
 HEATING
  YESTERDAY       20            13      7       22
  MONTH TO DATE  434           507    -73      438
  SINCE MAR 1   1168          1383   -215     1079
  SINCE JUL 1   5320          6392  -1072     5372

 COOLING
  YESTERDAY        0             0      0        0
  MONTH TO DATE    2             0      2        8
  SINCE MAR 1      2             0      2        9
  SINCE JAN 1      2             0      2        9
......................................................


WIND (MPH)
  HIGHEST WIND SPEED    23   HIGHEST WIND DIRECTION    NE (50)
  HIGHEST GUST SPEED    31   HIGHEST GUST DIRECTION    NE (50)
  AVERAGE WIND SPEED     9.3


SKY COVER
  AVERAGE SKY COVER 0.2


WEATHER CONDITIONS
 THE FOLLOWING WEATHER WAS RECORDED YESTERDAY.
  NO SIGNIFICANT WEATHER WAS OBSERVED.


RELATIVE HUMIDITY (PERCENT)
 HIGHEST    69           400 AM
 LOWEST     22           200 PM
 AVERAGE    46

..........................................................




SUNRISE AND SUNSET
APRIL 30 2017.........SUNRISE   633 AM CDT   SUNSET   840 PM CDT
MAY  1 2017...........SUNRISE   632 AM CDT   SUNSET   842 PM CDT


-  INDICATES NEGATIVE NUMBERS.
R  INDICATES RECORD WAS SET OR TIED.
MM INDICATES DATA IS MISSING.
T  INDICATES TRACE AMOUNT.




$$
