000
CDUS43 KUNR 310831
CLIICR


CLIMATE REPORT
NATIONAL WEATHER SERVICE RAPID CITY SD
131 AM MST SAT JAN 31 2015


...................................

...THE WINNER REGIONAL AIRPORT SD CLIMATE SUMMARY FOR JANUARY 30 2015...

CLIMATE NORMAL PERIOD 1981 TO 2010
CLIMATE RECORD PERIOD 9999 TO 9999


WEATHER ITEM   OBSERVED TIME   NORMAL DEPARTURE LAST
                VALUE   (LST)  VALUE  FROM      YEAR
                                      NORMAL
......................................................
TEMPERATURE (F)
 YESTERDAY
  MAXIMUM         55    442 PM  36     19       43
  MINIMUM         22   1217 AM  14      8       11
  AVERAGE         39            25     14       27

PRECIPITATION (IN)
  YESTERDAY        0.00          0.01  -0.01      T
  MONTH TO DATE    0.05          0.24  -0.19     0.02
  SINCE DEC 1      0.25          0.58  -0.33     0.10
  SINCE JAN 1      0.05          0.24  -0.19     0.02

DEGREE DAYS
 HEATING
  YESTERDAY       26            40    -14       38
  MONTH TO DATE 1115          1205    -90     1186
  SINCE DEC 1   2148          2440   -292     2590
  SINCE JUL 1   3604          3911   -307     4027

 COOLING
  YESTERDAY        0             0      0        0
  MONTH TO DATE    0             0      0        0
  SINCE DEC 1      0             0      0        0
  SINCE JAN 1      0             0      0        0
......................................................


WIND (MPH)
  HIGHEST WIND SPEED    26   HIGHEST WIND DIRECTION     S (200)
  HIGHEST GUST SPEED    34   HIGHEST GUST DIRECTION     S (190)
  AVERAGE WIND SPEED    11.8


SKY COVER
  AVERAGE SKY COVER 0.0


WEATHER CONDITIONS
 THE FOLLOWING WEATHER WAS RECORDED YESTERDAY.
  NO SIGNIFICANT WEATHER WAS OBSERVED.


RELATIVE HUMIDITY (PERCENT)
 HIGHEST    88           400 AM
 LOWEST     30           300 PM
 AVERAGE    59

..........................................................




SUNRISE AND SUNSET
JANUARY 31 2015.......SUNRISE   757 AM CST   SUNSET   550 PM CST
FEBRUARY  1 2015......SUNRISE   755 AM CST   SUNSET   551 PM CST


-  INDICATES NEGATIVE NUMBERS.
R  INDICATES RECORD WAS SET OR TIED.
MM INDICATES DATA IS MISSING.
T  INDICATES TRACE AMOUNT.




$$
