000
CDUS43 KUNR 240831
CLIICR


CLIMATE REPORT
NATIONAL WEATHER SERVICE RAPID CITY SD
131 AM MST MON NOV 24 2014


...................................

...THE WINNER REGIONAL AIRPORT SD CLIMATE SUMMARY FOR NOVEMBER 23 2014...

CLIMATE NORMAL PERIOD 1981 TO 2010
CLIMATE RECORD PERIOD 9999 TO 9999


WEATHER ITEM   OBSERVED TIME   NORMAL DEPARTURE LAST
                VALUE   (LST)  VALUE  FROM      YEAR
                                      NORMAL
......................................................
TEMPERATURE (F)
 YESTERDAY
  MAXIMUM         48   1219 AM  42      6       24
  MINIMUM         29   1159 PM  22      7       10
  AVERAGE         39            32      7       17

PRECIPITATION (IN)
  YESTERDAY        T             0.01  -0.01     0.00
  MONTH TO DATE    0.18          0.51  -0.33     0.12
  SINCE SEP 1      1.51          4.14  -2.63     4.86
  SINCE JAN 1     14.58         21.14  -6.56    20.85

DEGREE DAYS
 HEATING
  YESTERDAY       26            33     -7       48
  MONTH TO DATE  782           627    155      612
  SINCE SEP 1   1206          1211     -5     1202
  SINCE JUL 1   1219          1225     -6     1209

 COOLING
  YESTERDAY        0             0      0        0
  MONTH TO DATE    0             0      0        0
  SINCE SEP 1    133           110     23      223
  SINCE JAN 1    863           916    -53     1014
......................................................


WIND (MPH)
  HIGHEST WIND SPEED    41   HIGHEST WIND DIRECTION    NW (310)
  HIGHEST GUST SPEED    53   HIGHEST GUST DIRECTION    NW (320)
  AVERAGE WIND SPEED    20.9


SKY COVER
  AVERAGE SKY COVER 0.5


WEATHER CONDITIONS
 THE FOLLOWING WEATHER WAS RECORDED YESTERDAY.
  NO SIGNIFICANT WEATHER WAS OBSERVED.


RELATIVE HUMIDITY (PERCENT)
 HIGHEST    79           400 AM
 LOWEST     45           100 PM
 AVERAGE    62

..........................................................




SUNRISE AND SUNSET
NOVEMBER 24 2014......SUNRISE   744 AM CST   SUNSET   508 PM CST
NOVEMBER 25 2014......SUNRISE   745 AM CST   SUNSET   507 PM CST


-  INDICATES NEGATIVE NUMBERS.
R  INDICATES RECORD WAS SET OR TIED.
MM INDICATES DATA IS MISSING.
T  INDICATES TRACE AMOUNT.




$$
