000
CDUS43 KUNR 200836
CLIICR


CLIMATE REPORT
NATIONAL WEATHER SERVICE RAPID CITY SD
234 AM MDT SUN APR 20 2014


...................................

...THE WINNER REGIONAL AIRPORT SD CLIMATE SUMMARY FOR APRIL 19 2014...

CLIMATE NORMAL PERIOD 1981 TO 2010
CLIMATE RECORD PERIOD 9999 TO 9999


WEATHER ITEM   OBSERVED TIME   NORMAL DEPARTURE LAST
                VALUE   (LST)  VALUE  FROM      YEAR
                                      NORMAL
......................................................
TEMPERATURE (F)
 YESTERDAY
  MAXIMUM         70    455 PM  61      9       44
  MINIMUM         44   1144 PM  37      7       22
  AVERAGE         57            49      8       33

PRECIPITATION (IN)
  YESTERDAY        0.00          0.09  -0.09     0.00
  MONTH TO DATE    0.14          1.37  -1.23     0.71
  SINCE MAR 1      0.18          2.75  -2.57     1.31
  SINCE JAN 1      0.26          3.51  -3.25     1.31

DEGREE DAYS
 HEATING
  YESTERDAY        8            16     -8       32
  MONTH TO DATE  369           365      4      541
  SINCE MAR 1   1319          1241     78     1553
  SINCE JUL 1   6652          6250    402     6216

 COOLING
  YESTERDAY        0             0      0        0
  MONTH TO DATE    2             0      2        0
  SINCE MAR 1      2             0      2        0
  SINCE JAN 1      2             0      2        0
......................................................


WIND (MPH)
  HIGHEST WIND SPEED    32   HIGHEST WIND DIRECTION    SW (210)
  HIGHEST GUST SPEED    42   HIGHEST GUST DIRECTION     S (200)
  AVERAGE WIND SPEED     9.6


SKY COVER
  AVERAGE SKY COVER 0.0


WEATHER CONDITIONS
 THE FOLLOWING WEATHER WAS RECORDED YESTERDAY.
  NO SIGNIFICANT WEATHER WAS OBSERVED.


RELATIVE HUMIDITY (PERCENT)
 HIGHEST    71           600 AM
 LOWEST     15           400 PM
 AVERAGE    43

..........................................................




SUNRISE AND SUNSET
APRIL 20 2014.........SUNRISE   649 AM CDT   SUNSET   828 PM CDT
APRIL 21 2014.........SUNRISE   647 AM CDT   SUNSET   830 PM CDT


-  INDICATES NEGATIVE NUMBERS.
R  INDICATES RECORD WAS SET OR TIED.
MM INDICATES DATA IS MISSING.
T  INDICATES TRACE AMOUNT.




$$
