000
CDUS43 KUNR 230833
CLIICR


CLIMATE REPORT
NATIONAL WEATHER SERVICE RAPID CITY SD
232 AM MDT TUE AUG 23 2016


...................................

...THE WINNER REGIONAL AIRPORT SD CLIMATE SUMMARY FOR AUGUST 22 2016...

CLIMATE NORMAL PERIOD 1981 TO 2010
CLIMATE RECORD PERIOD 9999 TO 9999


WEATHER ITEM   OBSERVED TIME   NORMAL DEPARTURE LAST
                VALUE   (LST)  VALUE  FROM      YEAR
                                      NORMAL
......................................................
TEMPERATURE (F)
 YESTERDAY
  MAXIMUM         96    410 PM  86     10       76
  MINIMUM         69    626 AM  61      8       56
  AVERAGE         83            74      9       66

PRECIPITATION (IN)
  YESTERDAY        0.00          0.06  -0.06      T
  MONTH TO DATE    1.97          1.82   0.15     2.49
  SINCE JUN 1      5.49          8.43  -2.94     8.53
  SINCE JAN 1     14.84         16.50  -1.66    12.20

DEGREE DAYS
 HEATING
  YESTERDAY        0             0      0        0
  MONTH TO DATE    1             0      1        9
  SINCE JUN 1      5            59    -54       12
  SINCE JUL 1      2             5     -3        9

 COOLING
  YESTERDAY       18             9      9        1
  MONTH TO DATE  250           230     20      235
  SINCE JUN 1    922           706    216      828
  SINCE JAN 1    969           736    233      863
......................................................


WIND (MPH)
  HIGHEST WIND SPEED    30   HIGHEST WIND DIRECTION     S (190)
  HIGHEST GUST SPEED    39   HIGHEST GUST DIRECTION     S (190)
  AVERAGE WIND SPEED    21.5


SKY COVER
  AVERAGE SKY COVER 0.0


WEATHER CONDITIONS
 THE FOLLOWING WEATHER WAS RECORDED YESTERDAY.
  NO SIGNIFICANT WEATHER WAS OBSERVED.


RELATIVE HUMIDITY (PERCENT)
 HIGHEST    66           500 AM
 LOWEST     30           400 PM
 AVERAGE    48

..........................................................




SUNRISE AND SUNSET
AUGUST 23 2016........SUNRISE   654 AM CDT   SUNSET   829 PM CDT
AUGUST 24 2016........SUNRISE   655 AM CDT   SUNSET   827 PM CDT


-  INDICATES NEGATIVE NUMBERS.
R  INDICATES RECORD WAS SET OR TIED.
MM INDICATES DATA IS MISSING.
T  INDICATES TRACE AMOUNT.




$$
