000
CDUS43 KUNR 020837
CLIICR


CLIMATE REPORT
NATIONAL WEATHER SERVICE RAPID CITY SD
134 AM MST MON MAR 2 2015


...................................

...THE WINNER REGIONAL AIRPORT SD CLIMATE SUMMARY FOR MARCH 1 2015...

CLIMATE NORMAL PERIOD 1981 TO 2010
CLIMATE RECORD PERIOD 9999 TO 9999


WEATHER ITEM   OBSERVED TIME   NORMAL DEPARTURE LAST
                VALUE   (LST)  VALUE  FROM      YEAR
                                      NORMAL
......................................................
TEMPERATURE (F)
 YESTERDAY
  MAXIMUM         38    305 PM  42     -4        8
  MINIMUM         12   1119 PM  21     -9      -12
  AVERAGE         25            31     -6       -2

PRECIPITATION (IN)
  YESTERDAY        T             0.01  -0.01     0.01
  MONTH TO DATE    T             0.01  -0.01     0.01
  SINCE MAR 1      T             0.01  -0.01     0.01
  SINCE JAN 1      0.09          0.77  -0.68     0.09

DEGREE DAYS
 HEATING
  YESTERDAY       40            34      6       67
  MONTH TO DATE   40            34      6       67
  SINCE MAR 1     40            34      6       67
  SINCE JUL 1   4800          5043   -243     5400

 COOLING
  YESTERDAY        0             0      0        0
  MONTH TO DATE    0             0      0        0
  SINCE MAR 1      0             0      0        0
  SINCE JAN 1      0             0      0        0
......................................................


WIND (MPH)
  HIGHEST WIND SPEED    26   HIGHEST WIND DIRECTION    NW (330)
  HIGHEST GUST SPEED    34   HIGHEST GUST DIRECTION     W (280)
  AVERAGE WIND SPEED    10.4


SKY COVER
  AVERAGE SKY COVER 0.5


WEATHER CONDITIONS
 THE FOLLOWING WEATHER WAS RECORDED YESTERDAY.
  LIGHT SNOW


RELATIVE HUMIDITY (PERCENT)
 HIGHEST    74           600 AM
 LOWEST     26           200 PM
 AVERAGE    50

..........................................................




SUNRISE AND SUNSET
MARCH  2 2015.........SUNRISE   714 AM CST   SUNSET   629 PM CST
MARCH  3 2015.........SUNRISE   713 AM CST   SUNSET   631 PM CST


-  INDICATES NEGATIVE NUMBERS.
R  INDICATES RECORD WAS SET OR TIED.
MM INDICATES DATA IS MISSING.
T  INDICATES TRACE AMOUNT.




$$
