000
CDUS43 KICT 232204
CLIICT

CLIMATE REPORT
NATIONAL WEATHER SERVICE WICHITA KS
503 PM CDT SUN JUL 23 2017


...................................

...THE WICHITA EISENHOWER NATIONAL CLIMATE SUMMARY FOR JULY 23 2017...
VALID TODAY AS OF 0500 PM LOCAL TIME.

CLIMATE NORMAL PERIOD 1981 TO 2010
CLIMATE RECORD PERIOD 1888 TO 2017


WEATHER ITEM   OBSERVED TIME   RECORD YEAR NORMAL DEPARTURE LAST
                VALUE   (LST)  VALUE       VALUE  FROM      YEAR
                                                  NORMAL
..................................................................
TEMPERATURE (F)
 TODAY
  MAXIMUM         94    347 PM 109    1936  93      1      105
  MINIMUM         72    255 AM  55    1970  70      2       74
  AVERAGE         83                        81      2       90

PRECIPITATION (IN)
  TODAY            0.04          2.61 1951   0.09  -0.05     0.00
  MONTH TO DATE    1.38                      2.57  -1.19     8.40
  SINCE JUN 1      5.96                      7.77  -1.81    11.23
  SINCE JAN 1     24.80                     19.63   5.17    26.79

SNOWFALL (IN)
  TODAY            0.0           0.0  2007   0.0    0.0      0.0
  MONTH TO DATE    0.0                       0.0    0.0      0.0
  SINCE JUN 1      0.0                       0.0    0.0      0.0
  SINCE JUL 1      0.0                       0.0    0.0      0.0
  SNOW DEPTH       0

DEGREE DAYS
 HEATING
  TODAY            0                         0      0        0
  MONTH TO DATE    0                         0      0        0
  SINCE JUN 1      0                         6     -6        0
  SINCE JUL 1      0                         0      0        0

 COOLING
  TODAY           18                        16      2       25
  MONTH TO DATE  415                       363     52      443
  SINCE JUN 1    785                       692     93      929
  SINCE JAN 1    941                       828    113     1059
..................................................................


WIND (MPH)
  HIGHEST WIND SPEED    21   HIGHEST WIND DIRECTION     N (20)
  HIGHEST GUST SPEED    27   HIGHEST GUST DIRECTION     N (20)
  AVERAGE WIND SPEED     8.1


SKY COVER
  POSSIBLE SUNSHINE  MM
  AVERAGE SKY COVER 0.6


WEATHER CONDITIONS
 THE FOLLOWING WEATHER WAS RECORDED TODAY.
  RAIN


RELATIVE HUMIDITY (PERCENT)
 HIGHEST    93           200 AM
 LOWEST     46           200 PM
 AVERAGE    70

..........................................................


THE WICHITA EISENHOWER NATIONAL CLIMATE NORMALS FOR TOMORROW
                         NORMAL    RECORD    YEAR
 MAXIMUM TEMPERATURE (F)   93       109      1981
                                             1936
 MINIMUM TEMPERATURE (F)   70        58      1911


SUNRISE AND SUNSET
JULY 23 2017..........SUNRISE   626 AM CDT   SUNSET   846 PM CDT
JULY 24 2017..........SUNRISE   627 AM CDT   SUNSET   845 PM CDT


-  INDICATES NEGATIVE NUMBERS.
R  INDICATES RECORD WAS SET OR TIED.
MM INDICATES DATA IS MISSING.
T  INDICATES TRACE AMOUNT.




$$
