167
CDUS43 KICT 270625
CLIICT


CLIMATE REPORT
NATIONAL WEATHER SERVICE WICHITA KS
125 AM CDT THU APR 27 2017


...................................

...THE WICHITA EISENHOWER NATIONAL CLIMATE SUMMARY FOR APRIL 26 2017...

CLIMATE NORMAL PERIOD 1981 TO 2010
CLIMATE RECORD PERIOD 1888 TO 2017


WEATHER ITEM   OBSERVED TIME   RECORD YEAR NORMAL DEPARTURE LAST
                VALUE   (LST)  VALUE       VALUE  FROM      YEAR
                                                  NORMAL
..................................................................
TEMPERATURE (F)
 YESTERDAY
  MAXIMUM         58    326 PM  93    1989  71    -13       82
  MINIMUM         39   1053 PM  31    1907  48     -9       58
  AVERAGE         49                        60    -11       70

PRECIPITATION (IN)
  YESTERDAY        T             5.10 2009   0.11  -0.11     2.75
  MONTH TO DATE    5.62                      2.16   3.46     5.50
  SINCE MAR 1      9.12                      4.85   4.27     7.03
  SINCE JAN 1     12.74                      6.86   5.88     7.77

SNOWFALL (IN)
  YESTERDAY       MM             0.0  2007   0.0   MM        0.0
  MONTH TO DATE    0.0                       0.2   -0.2      0.0
  SINCE MAR 1      T                         2.5   -2.5      3.5
  SINCE JUL 1      2.0                      14.9  -12.9      4.3
  SNOW DEPTH       0

DEGREE DAYS
 HEATING
  YESTERDAY       16                         7      9        0
  MONTH TO DATE  176                       267    -91      136
  SINCE MAR 1    605                       844   -239      525
  SINCE JUL 1   3449                      4484  -1035     3375

 COOLING
  YESTERDAY        0                         1     -1        5
  MONTH TO DATE   27                        19      8       30
  SINCE MAR 1     45                        21     24       37
  SINCE JAN 1     45                        21     24       37
..................................................................


WIND (MPH)
  HIGHEST WIND SPEED    31   HIGHEST WIND DIRECTION     N (340)
  HIGHEST GUST SPEED    39   HIGHEST GUST DIRECTION     N (340)
  AVERAGE WIND SPEED    15.6


SKY COVER
  POSSIBLE SUNSHINE  MM
  AVERAGE SKY COVER 0.8


WEATHER CONDITIONS
 THE FOLLOWING WEATHER WAS RECORDED YESTERDAY.
  LIGHT RAIN


RELATIVE HUMIDITY (PERCENT)
 HIGHEST    92          1100 PM
 LOWEST     51           300 PM
 AVERAGE    72

..........................................................


THE WICHITA EISENHOWER NATIONAL CLIMATE NORMALS FOR TODAY
                         NORMAL    RECORD    YEAR
 MAXIMUM TEMPERATURE (F)   71        94      1956
 MINIMUM TEMPERATURE (F)   49        31      1995
                                             1967


SUNRISE AND SUNSET
APRIL 27 2017.........SUNRISE   639 AM CDT   SUNSET   816 PM CDT
APRIL 28 2017.........SUNRISE   637 AM CDT   SUNSET   817 PM CDT


-  INDICATES NEGATIVE NUMBERS.
R  INDICATES RECORD WAS SET OR TIED.
MM INDICATES DATA IS MISSING.
T  INDICATES TRACE AMOUNT.




$$
