000
CDUS45 KPIH 220748
CLIIDA


CLIMATE REPORT
NATIONAL WEATHER SERVICE POCATELLO ID
1242 AM MST WED FEB 22 2017


...................................

...THE IDAHO FALLS ID CLIMATE SUMMARY FOR FEBRUARY 21 2017...

CLIMATE NORMAL PERIOD 1981 TO 2010
CLIMATE RECORD PERIOD 1948 TO 2017


WEATHER ITEM   OBSERVED TIME   RECORD YEAR NORMAL DEPARTURE LAST
                VALUE   (LST)  VALUE       VALUE  FROM      YEAR
                                                  NORMAL
..................................................................
TEMPERATURE (F)
 YESTERDAY
  MAXIMUM         42   1108 AM  59    1982  36      6       35
  MINIMUM         32   1122 PM -12    1975  16     16       18
  AVERAGE         37                        26     11       27

PRECIPITATION (IN)
  YESTERDAY        0.18          0.20 1977   0.02   0.16     0.00
  MONTH TO DATE    1.14                      0.47   0.67     0.11
  SINCE OCT 1      6.31                      3.73   2.58     3.38
  SINCE JAN 1      2.03                      1.16   0.87     1.06

SNOWFALL (IN)
  YESTERDAY       MM
  MONTH TO DATE   MM
  SINCE DEC 1     MM
  SINCE JUL 1     MM
  SNOW DEPTH      MM

DEGREE DAYS
 HEATING
  YESTERDAY       28                        39    -11       38
  MONTH TO DATE  715                       880   -165      873
  SINCE DEC 1   3874                      3640    234     3609
  SINCE JUL 1   5492                      5543    -51     5309

 COOLING
  YESTERDAY        0                         0      0        0
  MONTH TO DATE    0                         0      0        0
  SINCE DEC 1      0                         0      0        0
  SINCE JAN 1      0                         0      0        0
..................................................................


WIND (MPH)
  HIGHEST WIND SPEED    25   HIGHEST WIND DIRECTION     S (200)
  HIGHEST GUST SPEED    34   HIGHEST GUST DIRECTION     W (260)
  AVERAGE WIND SPEED    15.3


SKY COVER
  POSSIBLE SUNSHINE  MM
  AVERAGE SKY COVER 0.7


WEATHER CONDITIONS
 THE FOLLOWING WEATHER WAS RECORDED YESTERDAY.
  RAIN
  LIGHT RAIN
  FOG


RELATIVE HUMIDITY (PERCENT)
 HIGHEST   100          1200 AM
 LOWEST     82           600 PM
 AVERAGE    91

..........................................................


THE IDAHO FALLS ID CLIMATE NORMALS FOR TODAY
                         NORMAL    RECORD    YEAR
 MAXIMUM TEMPERATURE (F)   36        56      1991
 MINIMUM TEMPERATURE (F)   17       -14      1975


SUNRISE AND SUNSET
FEBRUARY 22 2017......SUNRISE   715 AM MST   SUNSET   608 PM MST
FEBRUARY 23 2017......SUNRISE   714 AM MST   SUNSET   610 PM MST


-  INDICATES NEGATIVE NUMBERS.
R  INDICATES RECORD WAS SET OR TIED.
MM INDICATES DATA IS MISSING.
T  INDICATES TRACE AMOUNT.




$$
