000
CDUS43 KUNR 010845
CLIIEN


CLIMATE REPORT
NATIONAL WEATHER SERVICE RAPID CITY SD
143 AM MST SUN MAR 1 2015


...................................

...THE PINE RIDGE SD CLIMATE SUMMARY FOR FEBRUARY 28 2015...

CLIMATE NORMAL PERIOD 1981 TO 2010
CLIMATE RECORD PERIOD 9999 TO 9999


WEATHER ITEM   OBSERVED TIME   NORMAL DEPARTURE LAST
                VALUE   (LST)  VALUE  FROM      YEAR
                                      NORMAL
......................................................
TEMPERATURE (F)
 YESTERDAY
  MAXIMUM         31    312 PM  44    -13       28
  MINIMUM          9    655 AM  17     -8        6
  AVERAGE         20            30    -10       17

PRECIPITATION (IN)
  YESTERDAY        0.00          0.02  -0.02     0.01
  MONTH TO DATE    0.27          0.47  -0.20     0.18
  SINCE DEC 1      1.01          1.14  -0.13     0.50
  SINCE JAN 1      0.46          0.79  -0.33     0.27

DEGREE DAYS
 HEATING
  YESTERDAY       45            35     10       48
  MONTH TO DATE 1014          1074    -60     1297
  SINCE DEC 1   3411          3660   -249     3767
  SINCE JUL 1   5210          5350   -140     5482

 COOLING
  YESTERDAY        0             0      0        0
  MONTH TO DATE    0             0      0        0
  SINCE DEC 1      0             0      0        0
  SINCE JAN 1      0             0      0        0
......................................................


WIND (MPH)
  HIGHEST WIND SPEED    21   HIGHEST WIND DIRECTION     S (180)
  HIGHEST GUST SPEED    26   HIGHEST GUST DIRECTION     S (180)
  AVERAGE WIND SPEED     7.9


SKY COVER
  AVERAGE SKY COVER 0.3


WEATHER CONDITIONS
 THE FOLLOWING WEATHER WAS RECORDED YESTERDAY.
  NO SIGNIFICANT WEATHER WAS OBSERVED.


RELATIVE HUMIDITY (PERCENT)
 HIGHEST    80           600 AM
 LOWEST     32           300 PM
 AVERAGE    56

..........................................................




SUNRISE AND SUNSET
MARCH  1 2015.........SUNRISE   626 AM MST   SUNSET   539 PM MST
MARCH  2 2015.........SUNRISE   625 AM MST   SUNSET   540 PM MST


-  INDICATES NEGATIVE NUMBERS.
R  INDICATES RECORD WAS SET OR TIED.
MM INDICATES DATA IS MISSING.
T  INDICATES TRACE AMOUNT.




$$
