000
CDUS43 KUNR 280836
CLIIEN


CLIMATE REPORT
NATIONAL WEATHER SERVICE RAPID CITY SD
236 AM MDT SUN MAY 28 2017


...................................

...THE PINE RIDGE SD CLIMATE SUMMARY FOR MAY 27 2017...

CLIMATE NORMAL PERIOD 1981 TO 2010
CLIMATE RECORD PERIOD 9999 TO 9999


WEATHER ITEM   OBSERVED TIME   NORMAL DEPARTURE LAST
                VALUE   (LST)  VALUE  FROM      YEAR
                                      NORMAL
......................................................
TEMPERATURE (F)
 YESTERDAY
  MAXIMUM         68    341 PM  73     -5       65
  MINIMUM         48   1158 PM  46      2       43
  AVERAGE         58            59     -1       54

PRECIPITATION (IN)
  YESTERDAY        0.01          0.09  -0.08     0.03
  MONTH TO DATE    3.96          2.20   1.76     0.56
  SINCE MAR 1      8.22          4.98   3.24     5.41
  SINCE JAN 1      9.36          5.77   3.59     5.91

DEGREE DAYS
 HEATING
  YESTERDAY        7             6      1       11
  MONTH TO DATE  281           281      0      324
  SINCE MAR 1   1484          1751   -267     1587
  SINCE JUL 1   6650          7101   -451     6456

 COOLING
  YESTERDAY        0             1     -1        0
  MONTH TO DATE   15            10      5        6
  SINCE MAR 1     16            10      6        7
  SINCE JAN 1     16            10      6        7
......................................................


WIND (MPH)
  HIGHEST WIND SPEED    22   HIGHEST WIND DIRECTION    SW (240)
  HIGHEST GUST SPEED    26   HIGHEST GUST DIRECTION    NW (310)
  AVERAGE WIND SPEED     6.6


SKY COVER
  AVERAGE SKY COVER 0.6


WEATHER CONDITIONS
 THE FOLLOWING WEATHER WAS RECORDED YESTERDAY.
  LIGHT RAIN


RELATIVE HUMIDITY (PERCENT)
 HIGHEST   100           300 AM
 LOWEST     40           400 PM
 AVERAGE    70

..........................................................




SUNRISE AND SUNSET
MAY 28 2017...........SUNRISE   516 AM MDT   SUNSET   820 PM MDT
MAY 29 2017...........SUNRISE   515 AM MDT   SUNSET   820 PM MDT


-  INDICATES NEGATIVE NUMBERS.
R  INDICATES RECORD WAS SET OR TIED.
MM INDICATES DATA IS MISSING.
T  INDICATES TRACE AMOUNT.




$$
