000
CDUS43 KUNR 040832
CLIIEN


CLIMATE REPORT
NATIONAL WEATHER SERVICE RAPID CITY SD
132 AM MST SUN DEC 4 2016


...................................

...THE PINE RIDGE SD CLIMATE SUMMARY FOR DECEMBER 3 2016...

CLIMATE NORMAL PERIOD 1981 TO 2010
CLIMATE RECORD PERIOD 9999 TO 9999


WEATHER ITEM   OBSERVED TIME   NORMAL DEPARTURE LAST
                VALUE   (LST)  VALUE  FROM      YEAR
                                      NORMAL
......................................................
TEMPERATURE (F)
 YESTERDAY
  MAXIMUM         40    146 PM  38      2       43
  MINIMUM         16   1216 AM  12      4        2
  AVERAGE         28            25      3       23

PRECIPITATION (IN)
  YESTERDAY        0.00          0.01  -0.01     0.00
  MONTH TO DATE    0.00          0.03  -0.03     0.17
  SINCE DEC 1      0.00          0.03  -0.03     0.17
  SINCE JAN 1     14.56         17.20  -2.64    18.86

DEGREE DAYS
 HEATING
  YESTERDAY       37            40     -3       42
  MONTH TO DATE  118           118      0      125
  SINCE DEC 1    118           118      0      125
  SINCE JUL 1   1291          1808   -517     1613

 COOLING
  YESTERDAY        0             0      0        0
  MONTH TO DATE    0             0      0        0
  SINCE DEC 1      0             0      0        0
  SINCE JAN 1    774           717     57      615
......................................................


WIND (MPH)
  HIGHEST WIND SPEED    21   HIGHEST WIND DIRECTION     W (260)
  HIGHEST GUST SPEED    27   HIGHEST GUST DIRECTION    SW (240)
  AVERAGE WIND SPEED     9.1


SKY COVER
  AVERAGE SKY COVER 0.4


WEATHER CONDITIONS
 THE FOLLOWING WEATHER WAS RECORDED YESTERDAY.
  NO SIGNIFICANT WEATHER WAS OBSERVED.


RELATIVE HUMIDITY (PERCENT)
 HIGHEST    92           100 AM
 LOWEST     40           200 PM
 AVERAGE    66

..........................................................




SUNRISE AND SUNSET
DECEMBER  4 2016......SUNRISE   705 AM MST   SUNSET   416 PM MST
DECEMBER  5 2016......SUNRISE   706 AM MST   SUNSET   415 PM MST


-  INDICATES NEGATIVE NUMBERS.
R  INDICATES RECORD WAS SET OR TIED.
MM INDICATES DATA IS MISSING.
T  INDICATES TRACE AMOUNT.




$$
