000
CDUS43 KUNR 300833
CLIIEN


CLIMATE REPORT
NATIONAL WEATHER SERVICE RAPID CITY SD
232 AM MDT SAT APR 30 2016


...................................

...THE PINE RIDGE SD CLIMATE SUMMARY FOR APRIL 29 2016...

CLIMATE NORMAL PERIOD 1981 TO 2010
CLIMATE RECORD PERIOD 9999 TO 9999


WEATHER ITEM   OBSERVED TIME   NORMAL DEPARTURE LAST
                VALUE   (LST)  VALUE  FROM      YEAR
                                      NORMAL
......................................................
TEMPERATURE (F)
 YESTERDAY
  MAXIMUM         43    325 PM  64    -21       74
  MINIMUM         35   1219 AM  35      0       41
  AVERAGE         39            50    -11       58

PRECIPITATION (IN)
  YESTERDAY        0.02          0.07  -0.05     0.00
  MONTH TO DATE    3.08          1.83   1.25     1.88
  SINCE MAR 1      4.46          2.70   1.76     2.06
  SINCE JAN 1      4.96          3.49   1.47     2.52

DEGREE DAYS
 HEATING
  YESTERDAY       26            15     11        7
  MONTH TO DATE  503           568    -65      548
  SINCE MAR 1   1240          1456   -216     1255
  SINCE JUL 1   6109          6806   -697     6465

 COOLING
  YESTERDAY        0             0      0        0
  MONTH TO DATE    1             0      1        0
  SINCE MAR 1      1             0      1        0
  SINCE JAN 1      1             0      1        0
......................................................


WIND (MPH)
  HIGHEST WIND SPEED    18   HIGHEST WIND DIRECTION    NE (60)
  HIGHEST GUST SPEED    22   HIGHEST GUST DIRECTION    NE (50)
  AVERAGE WIND SPEED     7.1


SKY COVER
  AVERAGE SKY COVER 1.0


WEATHER CONDITIONS
 THE FOLLOWING WEATHER WAS RECORDED YESTERDAY.
  LIGHT RAIN
  FOG
  HAZE


RELATIVE HUMIDITY (PERCENT)
 HIGHEST    92          1200 AM
 LOWEST     70           300 PM
 AVERAGE    81

..........................................................




SUNRISE AND SUNSET
APRIL 30 2016.........SUNRISE   545 AM MDT   SUNSET   751 PM MDT
MAY  1 2016...........SUNRISE   543 AM MDT   SUNSET   752 PM MDT


-  INDICATES NEGATIVE NUMBERS.
R  INDICATES RECORD WAS SET OR TIED.
MM INDICATES DATA IS MISSING.
T  INDICATES TRACE AMOUNT.




$$
