000
CDUS43 KUNR 210831
CLIIEN


CLIMATE REPORT
NATIONAL WEATHER SERVICE RAPID CITY SD
231 AM MDT TUE OCT 21 2014


...................................

...THE PINE RIDGE SD CLIMATE SUMMARY FOR OCTOBER 20 2014...

CLIMATE NORMAL PERIOD 1981 TO 2010
CLIMATE RECORD PERIOD 9999 TO 9999


WEATHER ITEM   OBSERVED TIME   NORMAL DEPARTURE LAST
                VALUE   (LST)  VALUE  FROM      YEAR
                                      NORMAL
......................................................
TEMPERATURE (F)
 YESTERDAY
  MAXIMUM         80    154 PM  62     18       51
  MINIMUM         32    526 AM  31      1       36
  AVERAGE         56            46     10       44

PRECIPITATION (IN)
  YESTERDAY        0.00          0.04  -0.04     0.04
  MONTH TO DATE    0.52          0.82  -0.30     3.11
  SINCE SEP 1      3.13          2.43   0.70     4.67
  SINCE JAN 1     21.36         16.22   5.14    18.94

DEGREE DAYS
 HEATING
  YESTERDAY        9            19    -10       21
  MONTH TO DATE  276           300    -24      418
  SINCE SEP 1    454           485    -31      523
  SINCE JUL 1    498           522    -24      525

 COOLING
  YESTERDAY        0             0      0        0
  MONTH TO DATE    2             0      2        0
  SINCE SEP 1     63            66     -3      152
  SINCE JAN 1    481           714   -233      804
......................................................


WIND (MPH)
  HIGHEST WIND SPEED    22   HIGHEST WIND DIRECTION     S (190)
  HIGHEST GUST SPEED    30   HIGHEST GUST DIRECTION     S (180)
  AVERAGE WIND SPEED    10.5


SKY COVER
  AVERAGE SKY COVER 0.0


WEATHER CONDITIONS
 THE FOLLOWING WEATHER WAS RECORDED YESTERDAY.
  NO SIGNIFICANT WEATHER WAS OBSERVED.


RELATIVE HUMIDITY (PERCENT)
 HIGHEST    96           400 AM
 LOWEST     23           200 PM
 AVERAGE    60

..........................................................




SUNRISE AND SUNSET
OCTOBER 21 2014.......SUNRISE   711 AM MDT   SUNSET   558 PM MDT
OCTOBER 22 2014.......SUNRISE   712 AM MDT   SUNSET   556 PM MDT


-  INDICATES NEGATIVE NUMBERS.
R  INDICATES RECORD WAS SET OR TIED.
MM INDICATES DATA IS MISSING.
T  INDICATES TRACE AMOUNT.




$$
