000
CDUS43 KUNR 250830
CLIIEN


CLIMATE REPORT
NATIONAL WEATHER SERVICE RAPID CITY SD
230 AM MDT THU AUG 25 2016


...................................

...THE PINE RIDGE SD CLIMATE SUMMARY FOR AUGUST 24 2016...

CLIMATE NORMAL PERIOD 1981 TO 2010
CLIMATE RECORD PERIOD 9999 TO 9999


WEATHER ITEM   OBSERVED TIME   NORMAL DEPARTURE LAST
                VALUE   (LST)  VALUE  FROM      YEAR
                                      NORMAL
......................................................
TEMPERATURE (F)
 YESTERDAY
  MAXIMUM         75    412 PM  86    -11       84
  MINIMUM         39    418 AM  54    -15       38
  AVERAGE         57            70    -13       61

PRECIPITATION (IN)
  YESTERDAY        0.01          0.05  -0.04     0.00
  MONTH TO DATE    2.19          1.52   0.67     0.22
  SINCE JUN 1      6.26          7.22  -0.96     6.63
  SINCE JAN 1     12.34         13.46  -1.12    16.31

DEGREE DAYS
 HEATING
  YESTERDAY        8             1      7        4
  MONTH TO DATE   22            12     10       41
  SINCE JUN 1     50           111    -61       59
  SINCE JUL 1     24            24      0       49

 COOLING
  YESTERDAY        0             6     -6        0
  MONTH TO DATE  164           203    -39      136
  SINCE JUN 1    673           594     79      453
  SINCE JAN 1    681           611     70      453
......................................................


WIND (MPH)
  HIGHEST WIND SPEED    16   HIGHEST WIND DIRECTION     W (250)
  HIGHEST GUST SPEED    22   HIGHEST GUST DIRECTION    SW (240)
  AVERAGE WIND SPEED     3.4


SKY COVER
  AVERAGE SKY COVER 0.5


WEATHER CONDITIONS
 THE FOLLOWING WEATHER WAS RECORDED YESTERDAY.
  LIGHT RAIN


RELATIVE HUMIDITY (PERCENT)
 HIGHEST   100           400 AM
 LOWEST     31           300 PM
 AVERAGE    66

..........................................................




SUNRISE AND SUNSET
AUGUST 25 2016........SUNRISE   607 AM MDT   SUNSET   736 PM MDT
AUGUST 26 2016........SUNRISE   609 AM MDT   SUNSET   734 PM MDT


-  INDICATES NEGATIVE NUMBERS.
R  INDICATES RECORD WAS SET OR TIED.
MM INDICATES DATA IS MISSING.
T  INDICATES TRACE AMOUNT.




$$
