000
CDUS43 KUNR 280836
CLIIEN


CLIMATE REPORT
NATIONAL WEATHER SERVICE RAPID CITY SD
135 AM MST FRI NOV 28 2014


...................................

...THE PINE RIDGE SD CLIMATE SUMMARY FOR NOVEMBER 27 2014...

CLIMATE NORMAL PERIOD 1981 TO 2010
CLIMATE RECORD PERIOD 9999 TO 9999


WEATHER ITEM   OBSERVED TIME   NORMAL DEPARTURE LAST
                VALUE   (LST)  VALUE  FROM      YEAR
                                      NORMAL
......................................................
TEMPERATURE (F)
 YESTERDAY
  MAXIMUM         53    210 PM  41     12       55
  MINIMUM         25    652 AM  15     10       24
  AVERAGE         39            28     11       40

PRECIPITATION (IN)
  YESTERDAY        0.00          0.01  -0.01     0.00
  MONTH TO DATE    0.70          0.54   0.16     0.83
  SINCE SEP 1      3.87          3.35   0.52     5.69
  SINCE JAN 1     22.10         17.14   4.96    19.96

DEGREE DAYS
 HEATING
  YESTERDAY       26            37    -11       25
  MONTH TO DATE 1006           822    184      846
  SINCE SEP 1   1651          1540    111     1621
  SINCE JUL 1   1695          1577    118     1623

 COOLING
  YESTERDAY        0             0      0        0
  MONTH TO DATE    0             0      0        0
  SINCE SEP 1     64            69     -5      152
  SINCE JAN 1    482           717   -235      804
......................................................


WIND (MPH)
  HIGHEST WIND SPEED    12   HIGHEST WIND DIRECTION     S (190)
  HIGHEST GUST SPEED    15   HIGHEST GUST DIRECTION     S (200)
  AVERAGE WIND SPEED     6.0


SKY COVER
  AVERAGE SKY COVER 0.3


WEATHER CONDITIONS
 THE FOLLOWING WEATHER WAS RECORDED YESTERDAY.
  NO SIGNIFICANT WEATHER WAS OBSERVED.


RELATIVE HUMIDITY (PERCENT)
 HIGHEST    88           700 AM
 LOWEST     45           200 PM
 AVERAGE    67

..........................................................




SUNRISE AND SUNSET
NOVEMBER 28 2014......SUNRISE   658 AM MST   SUNSET   418 PM MST
NOVEMBER 29 2014......SUNRISE   659 AM MST   SUNSET   417 PM MST


-  INDICATES NEGATIVE NUMBERS.
R  INDICATES RECORD WAS SET OR TIED.
MM INDICATES DATA IS MISSING.
T  INDICATES TRACE AMOUNT.




$$
