000
CDUS43 KUNR 290833
CLIIEN


CLIMATE REPORT
NATIONAL WEATHER SERVICE RAPID CITY SD
233 AM MDT FRI AUG 29 2014


...................................

...THE PINE RIDGE SD CLIMATE SUMMARY FOR AUGUST 28 2014...

CLIMATE NORMAL PERIOD 1981 TO 2010
CLIMATE RECORD PERIOD 9999 TO 9999


WEATHER ITEM   OBSERVED TIME   NORMAL DEPARTURE LAST
                VALUE   (LST)  VALUE  FROM      YEAR
                                      NORMAL
......................................................
TEMPERATURE (F)
 YESTERDAY
  MAXIMUM         73    141 PM  85    -12       92
  MINIMUM         51   1159 PM  52     -1       67
  AVERAGE         62            69     -7       80

PRECIPITATION (IN)
  YESTERDAY        0.01          0.04  -0.03     0.28
  MONTH TO DATE    3.31          1.70   1.61     2.58
  SINCE JUN 1     10.41          7.40   3.01     6.51
  SINCE JAN 1     18.01         13.64   4.37    14.27

DEGREE DAYS
 HEATING
  YESTERDAY        3             2      1        0
  MONTH TO DATE   10            17     -7        0
  SINCE JUN 1    146           116     30       80
  SINCE JUL 1     38            29      9        2

 COOLING
  YESTERDAY        0             5     -5       15
  MONTH TO DATE  157           226    -69      234
  SINCE JUN 1    390           617   -227      601
  SINCE JAN 1    415           634   -219      618
......................................................


WIND (MPH)
  HIGHEST WIND SPEED    17   HIGHEST WIND DIRECTION    NW (310)
  HIGHEST GUST SPEED    22   HIGHEST GUST DIRECTION    NW (300)
  AVERAGE WIND SPEED     5.6


SKY COVER
  AVERAGE SKY COVER 0.7


WEATHER CONDITIONS
 THE FOLLOWING WEATHER WAS RECORDED YESTERDAY.
  LIGHT RAIN
  FOG
  FOG W/VISIBILITY <= 1/4 MILE


RELATIVE HUMIDITY (PERCENT)
 HIGHEST   100           100 AM
 LOWEST     61           200 PM
 AVERAGE    81

..........................................................




SUNRISE AND SUNSET
AUGUST 29 2014........SUNRISE   611 AM MDT   SUNSET   730 PM MDT
AUGUST 30 2014........SUNRISE   612 AM MDT   SUNSET   728 PM MDT


-  INDICATES NEGATIVE NUMBERS.
R  INDICATES RECORD WAS SET OR TIED.
MM INDICATES DATA IS MISSING.
T  INDICATES TRACE AMOUNT.




$$
