074
CDUS43 KUNR 280830
CLIIEN


CLIMATE REPORT
NATIONAL WEATHER SERVICE RAPID CITY SD
230 AM MDT WED SEP 28 2016


...................................

...THE PINE RIDGE SD CLIMATE SUMMARY FOR SEPTEMBER 27 2016...

CLIMATE NORMAL PERIOD 1981 TO 2010
CLIMATE RECORD PERIOD 9999 TO 9999


WEATHER ITEM   OBSERVED TIME   NORMAL DEPARTURE LAST
                VALUE   (LST)  VALUE  FROM      YEAR
                                      NORMAL
......................................................
TEMPERATURE (F)
 YESTERDAY
  MAXIMUM         86    257 PM  72     14       83
  MINIMUM         32    453 AM  40     -8       55
  AVERAGE         59            56      3       69

PRECIPITATION (IN)
  YESTERDAY        0.00          0.04  -0.04     0.00
  MONTH TO DATE    0.68          1.48  -0.80     0.37
  SINCE SEP 1      0.68          1.48  -0.80     0.37
  SINCE JAN 1     13.60         15.27  -1.67    16.68

DEGREE DAYS
 HEATING
  YESTERDAY        6            10     -4        0
  MONTH TO DATE  125           153    -28       77
  SINCE SEP 1    125           153    -28       77
  SINCE JUL 1    158           190    -32      127

 COOLING
  YESTERDAY        0             1     -1        4
  MONTH TO DATE   52            66    -14      109
  SINCE SEP 1     52            66    -14      109
  SINCE JAN 1    764           714     50      614
......................................................


WIND (MPH)
  HIGHEST WIND SPEED    15   HIGHEST WIND DIRECTION     W (250)
  HIGHEST GUST SPEED    19   HIGHEST GUST DIRECTION     W (260)
  AVERAGE WIND SPEED     4.3


SKY COVER
  AVERAGE SKY COVER 0.0


WEATHER CONDITIONS
 THE FOLLOWING WEATHER WAS RECORDED YESTERDAY.
  FOG
  HAZE


RELATIVE HUMIDITY (PERCENT)
 HIGHEST   100           300 AM
 LOWEST     17           200 PM
 AVERAGE    59

..........................................................




SUNRISE AND SUNSET
SEPTEMBER 28 2016.....SUNRISE   645 AM MDT   SUNSET   636 PM MDT
SEPTEMBER 29 2016.....SUNRISE   646 AM MDT   SUNSET   634 PM MDT


-  INDICATES NEGATIVE NUMBERS.
R  INDICATES RECORD WAS SET OR TIED.
MM INDICATES DATA IS MISSING.
T  INDICATES TRACE AMOUNT.




$$
