000
CDUS43 KUNR 220836
CLIIEN


CLIMATE REPORT
NATIONAL WEATHER SERVICE RAPID CITY SD
234 AM MDT WED MAR 22 2017


...................................

...THE PINE RIDGE SD CLIMATE SUMMARY FOR MARCH 21 2017...

CLIMATE NORMAL PERIOD 1981 TO 2010
CLIMATE RECORD PERIOD 9999 TO 9999


WEATHER ITEM   OBSERVED TIME   NORMAL DEPARTURE LAST
                VALUE   (LST)  VALUE  FROM      YEAR
                                      NORMAL
......................................................
TEMPERATURE (F)
 YESTERDAY
  MAXIMUM         44   1206 AM  52     -8       78
  MINIMUM         34   1028 PM  24     10       26
  AVERAGE         39            38      1       52

PRECIPITATION (IN)
  YESTERDAY        0.29          0.03   0.26     0.00
  MONTH TO DATE    0.41          0.49  -0.08     0.80
  SINCE MAR 1      0.41          0.49  -0.08     0.80
  SINCE JAN 1      1.55          1.28   0.27     1.30

DEGREE DAYS
 HEATING
  YESTERDAY       26            27     -1       13
  MONTH TO DATE  520           637   -117      478
  SINCE MAR 1    520           637   -117      478
  SINCE JUL 1   5686          5987   -301     5347

 COOLING
  YESTERDAY        0             0      0        0
  MONTH TO DATE    0             0      0        0
  SINCE MAR 1      0             0      0        0
  SINCE JAN 1      0             0      0        0
......................................................


WIND (MPH)
  HIGHEST WIND SPEED    23   HIGHEST WIND DIRECTION    SE (120)
  HIGHEST GUST SPEED    31   HIGHEST GUST DIRECTION    SE (130)
  AVERAGE WIND SPEED    13.6


SKY COVER
  AVERAGE SKY COVER 1.0


WEATHER CONDITIONS
 THE FOLLOWING WEATHER WAS RECORDED YESTERDAY.
  RAIN
  LIGHT RAIN
  LIGHT SNOW
  FOG


RELATIVE HUMIDITY (PERCENT)
 HIGHEST   100           700 AM
 LOWEST     89          1100 PM
 AVERAGE    95

..........................................................




SUNRISE AND SUNSET
MARCH 22 2017.........SUNRISE   649 AM MDT   SUNSET   705 PM MDT
MARCH 23 2017.........SUNRISE   647 AM MDT   SUNSET   706 PM MDT


-  INDICATES NEGATIVE NUMBERS.
R  INDICATES RECORD WAS SET OR TIED.
MM INDICATES DATA IS MISSING.
T  INDICATES TRACE AMOUNT.




$$
