000
CDUS43 KUNR 030836
CLIIEN


CLIMATE REPORT
NATIONAL WEATHER SERVICE RAPID CITY SD
236 AM MDT WED JUN 3 2015


...................................

...THE PINE RIDGE SD CLIMATE SUMMARY FOR JUNE 2 2015...

CLIMATE NORMAL PERIOD 1981 TO 2010
CLIMATE RECORD PERIOD 9999 TO 9999


WEATHER ITEM   OBSERVED TIME   NORMAL DEPARTURE LAST
                VALUE   (LST)  VALUE  FROM      YEAR
                                      NORMAL
......................................................
TEMPERATURE (F)
 YESTERDAY
  MAXIMUM         85    229 PM  75     10       76
  MINIMUM         56   1159 PM  48      8       47
  AVERAGE         71            61     10       62

PRECIPITATION (IN)
  YESTERDAY        0.09          0.10  -0.01     0.00
  MONTH TO DATE    0.09          0.20  -0.11     0.07
  SINCE JUN 1      0.09          0.20  -0.11     0.07
  SINCE JAN 1      9.77          6.44   3.33     7.67

DEGREE DAYS
 HEATING
  YESTERDAY        0             5     -5        3
  MONTH TO DATE    0            11    -11        8
  SINCE JUN 1      0            11    -11        8
  SINCE JUL 1   6864          7138   -274     7368

 COOLING
  YESTERDAY        6             2      4        0
  MONTH TO DATE   11             4      7        0
  SINCE JUN 1     11             4      7        0
  SINCE JAN 1     11            21    -10       25
......................................................


WIND (MPH)
  HIGHEST WIND SPEED    25   HIGHEST WIND DIRECTION     E (110)
  HIGHEST GUST SPEED    38   HIGHEST GUST DIRECTION     E (110)
  AVERAGE WIND SPEED     8.6


SKY COVER
  AVERAGE SKY COVER 0.1


WEATHER CONDITIONS
 THE FOLLOWING WEATHER WAS RECORDED YESTERDAY.
  THUNDERSTORM
  RAIN
  LIGHT RAIN


RELATIVE HUMIDITY (PERCENT)
 HIGHEST    86           900 PM
 LOWEST     40           300 PM
 AVERAGE    63

..........................................................




SUNRISE AND SUNSET
JUNE  3 2015..........SUNRISE   513 AM MDT   SUNSET   824 PM MDT
JUNE  4 2015..........SUNRISE   512 AM MDT   SUNSET   825 PM MDT


-  INDICATES NEGATIVE NUMBERS.
R  INDICATES RECORD WAS SET OR TIED.
MM INDICATES DATA IS MISSING.
T  INDICATES TRACE AMOUNT.




$$
