000
CDUS43 KUNR 290854
CLIIEN


CLIMATE REPORT
NATIONAL WEATHER SERVICE RAPID CITY SD
254 AM MDT MON JUN 29 2015


...................................

...THE PINE RIDGE SD CLIMATE SUMMARY FOR JUNE 28 2015...

CLIMATE NORMAL PERIOD 1981 TO 2010
CLIMATE RECORD PERIOD 9999 TO 9999


WEATHER ITEM   OBSERVED TIME   NORMAL DEPARTURE LAST
                VALUE   (LST)  VALUE  FROM      YEAR
                                      NORMAL
......................................................
TEMPERATURE (F)
 YESTERDAY
  MAXIMUM         87    311 PM  85      2       77
  MINIMUM         52    443 AM  55     -3       54
  AVERAGE         70            70      0       66

PRECIPITATION (IN)
  YESTERDAY        0.00          0.08  -0.08     0.01
  MONTH TO DATE    3.74          3.28   0.46     4.54
  SINCE JUN 1      3.74          3.28   0.46     4.54
  SINCE JAN 1     13.42          9.52   3.90    12.14

DEGREE DAYS
 HEATING
  YESTERDAY        0             1     -1        0
  MONTH TO DATE   10            85    -75      105
  SINCE JUN 1     10            85    -75      105
  SINCE JUL 1   6874          7212   -338     7465

 COOLING
  YESTERDAY        5             6     -1        1
  MONTH TO DATE  102            98      4       57
  SINCE JUN 1    102            98      4       57
  SINCE JAN 1    102           115    -13       82
......................................................


WIND (MPH)
  HIGHEST WIND SPEED    10   HIGHEST WIND DIRECTION     E (70)
  HIGHEST GUST SPEED    13   HIGHEST GUST DIRECTION    NE (40)
  AVERAGE WIND SPEED     3.7


SKY COVER
  AVERAGE SKY COVER 0.0


WEATHER CONDITIONS
 THE FOLLOWING WEATHER WAS RECORDED YESTERDAY.
  NO SIGNIFICANT WEATHER WAS OBSERVED.


RELATIVE HUMIDITY (PERCENT)
 HIGHEST    93           300 AM
 LOWEST     35           200 PM
 AVERAGE    64

..........................................................




SUNRISE AND SUNSET
JUNE 29 2015..........SUNRISE   514 AM MDT   SUNSET   833 PM MDT
JUNE 30 2015..........SUNRISE   514 AM MDT   SUNSET   833 PM MDT


-  INDICATES NEGATIVE NUMBERS.
R  INDICATES RECORD WAS SET OR TIED.
MM INDICATES DATA IS MISSING.
T  INDICATES TRACE AMOUNT.




$$
