000
CDUS45 KVEF 300052
CLIIGM


CLIMATE REPORT
NATIONAL WEATHER SERVICE LAS VEGAS, NV
551 PM PDT MON AUG 29 2016


...................................

...THE KINGMAN AZ CLIMATE SUMMARY FOR AUGUST 29 2016...
VALID TODAY AS OF 0500 PM LOCAL TIME.

CLIMATE NORMAL PERIOD 1981 TO 2010
CLIMATE RECORD PERIOD 1901 TO 2016


WEATHER ITEM   OBSERVED TIME   RECORD YEAR NORMAL DEPARTURE LAST
                VALUE   (LST)  VALUE       VALUE  FROM      YEAR
                                                  NORMAL
..................................................................
TEMPERATURE (F)
 TODAY
  MAXIMUM         97    459 PM 105    1915  94      3      101
  MINIMUM         61    611 AM  49    1920  67     -6       70
  AVERAGE         79                        81     -2       86

PRECIPITATION (IN)
  TODAY            0.00          2.23 1951   0.05  -0.05      T
  MONTH TO DATE    3.06                      0.86   2.20     1.08
  SINCE OCT 1      8.66                      7.26   1.40     8.61
  SINCE JAN 1      7.14                      5.16   1.98     6.48

DEGREE DAYS
 HEATING
  TODAY            0                         0      0        0
  MONTH TO DATE    0                         0      0        0
  SINCE JUN 1      0                         3     -3        0
  SINCE JUL 1      0                         0      0        0

 COOLING
  TODAY           14                        16     -2       21
  MONTH TO DATE  476                       512    -36      550
  SINCE JUN 1   1703                      1473    230     1540
  SINCE JAN 1   1843                      1671    172     1646
..................................................................


WIND (MPH)
  RESULTANT WIND SPEED   2   RESULTANT WIND DIRECTION   E (100)
  HIGHEST WIND SPEED    18   HIGHEST WIND DIRECTION     N (340)
  HIGHEST GUST SPEED    24   HIGHEST GUST DIRECTION    NW (330)
  AVERAGE WIND SPEED     4.6


SKY COVER
  POSSIBLE SUNSHINE  MM
  AVERAGE SKY COVER 0.0


WEATHER CONDITIONS
 THE FOLLOWING WEATHER WAS RECORDED TODAY.
  NO SIGNIFICANT WEATHER WAS OBSERVED.


RELATIVE HUMIDITY (PERCENT)
 HIGHEST    73           700 AM
 LOWEST     15           400 PM
 AVERAGE    44

..........................................................


THE KINGMAN AZ CLIMATE NORMALS FOR TOMORROW
                         NORMAL    RECORD    YEAR
 MAXIMUM TEMPERATURE (F)   94       108      1915
 MINIMUM TEMPERATURE (F)   67        43      1907


SUNRISE AND SUNSET
AUGUST 29 2016........SUNRISE   606 AM MST   SUNSET   706 PM MST
AUGUST 30 2016........SUNRISE   607 AM MST   SUNSET   705 PM MST


-  INDICATES NEGATIVE NUMBERS.
R  INDICATES RECORD WAS SET OR TIED.
MM INDICATES DATA IS MISSING.
T  INDICATES TRACE AMOUNT.




$$
