000
CDUS45 KIGM 010827
CLIIGM


CLIMATE REPORT
NATIONAL WEATHER SERVICE LAS VEGAS, NV
127 AM PDT FRI AUG 1 2014


...................................

...THE KINGMAN AZ CLIMATE SUMMARY FOR JULY 31 2014...

CLIMATE NORMAL PERIOD 1981 TO 2010
CLIMATE RECORD PERIOD 1901 TO 2014


WEATHER ITEM   OBSERVED TIME   RECORD YEAR NORMAL DEPARTURE LAST
                VALUE   (LST)  VALUE       VALUE  FROM      YEAR
                                                  NORMAL
..................................................................
TEMPERATURE (F)
 YESTERDAY
  MAXIMUM        103    225 PM 108    1938  97      6      101
  MINIMUM         75    548 AM  58    1924  71      4       70
  AVERAGE         89                        84      5       86

PRECIPITATION (IN)
  YESTERDAY        0.00          0.38 1920   0.03  -0.03     0.00
  MONTH TO DATE    1.15                      0.75   0.40     1.48
  SINCE OCT 1      2.82                      6.40  -3.58     3.84
  SINCE JAN 1      1.94                      4.30  -2.36     2.67

DEGREE DAYS
 HEATING
  YESTERDAY        0                         0      0        0
  MONTH TO DATE    0                         0      0        0
  SINCE JUN 1      0                         3     -3        0
  SINCE JUL 1      0                         0      0        0

 COOLING
  YESTERDAY       24                        19      5       21
  MONTH TO DATE  585                       576      9      632
  SINCE JUN 1   1025                       961     64     1132
  SINCE JAN 1   1250                      1159     91     1354
..................................................................


WIND (MPH)
  RESULTANT WIND SPEED   6   RESULTANT WIND DIRECTION  SE (150)
  HIGHEST WIND SPEED    30   HIGHEST WIND DIRECTION    SE (120)
  HIGHEST GUST SPEED    35   HIGHEST GUST DIRECTION    SE (120)
  AVERAGE WIND SPEED    11.5


SKY COVER
  POSSIBLE SUNSHINE  MM
  AVERAGE SKY COVER 0.1


WEATHER CONDITIONS
 THE FOLLOWING WEATHER WAS RECORDED YESTERDAY.
  THUNDERSTORM


RELATIVE HUMIDITY (PERCENT)
 HIGHEST    41           100 AM
 LOWEST     13           500 PM
 AVERAGE    27

..........................................................


THE KINGMAN AZ CLIMATE NORMALS FOR TODAY
                         NORMAL    RECORD    YEAR
 MAXIMUM TEMPERATURE (F)   97       106      1902
 MINIMUM TEMPERATURE (F)   71        52      1928


SUNRISE AND SUNSET
AUGUST  1 2014........SUNRISE   545 AM MST   SUNSET   739 PM MST
AUGUST  2 2014........SUNRISE   545 AM MST   SUNSET   738 PM MST


-  INDICATES NEGATIVE NUMBERS.
R  INDICATES RECORD WAS SET OR TIED.
MM INDICATES DATA IS MISSING.
T  INDICATES TRACE AMOUNT.




$$
