000
CDUS45 KIGM 220034
CLIIGM


CLIMATE REPORT
NATIONAL WEATHER SERVICE LAS VEGAS, NV
534 PM PDT THU AUG 21 2014


...................................

...THE KINGMAN AZ CLIMATE SUMMARY FOR AUGUST 21 2014...
VALID TODAY AS OF 0500 PM LOCAL TIME.

CLIMATE NORMAL PERIOD 1981 TO 2010
CLIMATE RECORD PERIOD 1901 TO 2014


WEATHER ITEM   OBSERVED TIME   RECORD YEAR NORMAL DEPARTURE LAST
                VALUE   (LST)  VALUE       VALUE  FROM      YEAR
                                                  NORMAL
..................................................................
TEMPERATURE (F)
 TODAY
  MAXIMUM         84   1013 AM 104    1915  95    -11       98
  MINIMUM         63    115 PM  52    1918  69     -6       71
  AVERAGE         74                        82     -8       85

PRECIPITATION (IN)
  TODAY            0.65          1.20 1988   0.03   0.62     0.00
  MONTH TO DATE    1.93                      0.51   1.42     0.42
  SINCE OCT 1      4.85                      6.91  -2.06     4.26
  SINCE JAN 1      3.97                      4.81  -0.84     3.09

DEGREE DAYS
 HEATING
  TODAY            0                         0      0        0
  MONTH TO DATE    0                         0      0        0
  SINCE JUN 1      0                         3     -3        0
  SINCE JUL 1      0                         0      0        0

 COOLING
  TODAY            9                        17     -8       20
  MONTH TO DATE  298                       380    -82      387
  SINCE JUN 1   1323                      1341    -18     1519
  SINCE JAN 1   1548                      1539      9     1741
..................................................................


WIND (MPH)
  RESULTANT WIND SPEED   6   RESULTANT WIND DIRECTION  SE (120)
  HIGHEST WIND SPEED    29   HIGHEST WIND DIRECTION    NE (40)
  HIGHEST GUST SPEED    38   HIGHEST GUST DIRECTION     S (200)
  AVERAGE WIND SPEED     7.6


SKY COVER
  POSSIBLE SUNSHINE  MM
  AVERAGE SKY COVER 0.4


WEATHER CONDITIONS
 THE FOLLOWING WEATHER WAS RECORDED TODAY.
  THUNDERSTORM
  HEAVY RAIN
  RAIN
  LIGHT RAIN


RELATIVE HUMIDITY (PERCENT)
 HIGHEST    87           200 PM
 LOWEST     28          1000 AM
 AVERAGE    58

..........................................................


THE KINGMAN AZ CLIMATE NORMALS FOR TOMORROW
                         NORMAL    RECORD    YEAR
 MAXIMUM TEMPERATURE (F)   95       105      1919
 MINIMUM TEMPERATURE (F)   69        56      1954


SUNRISE AND SUNSET
AUGUST 21 2014........SUNRISE   600 AM MST   SUNSET   717 PM MST
AUGUST 22 2014........SUNRISE   601 AM MST   SUNSET   716 PM MST


-  INDICATES NEGATIVE NUMBERS.
R  INDICATES RECORD WAS SET OR TIED.
MM INDICATES DATA IS MISSING.
T  INDICATES TRACE AMOUNT.




$$
