000
CDUS45 KVEF 300826
CLIIGM


CLIMATE REPORT
NATIONAL WEATHER SERVICE LAS VEGAS, NV
125 AM PDT THU MAR 30 2017


...................................

...THE KINGMAN AZ CLIMATE SUMMARY FOR MARCH 29 2017...

CLIMATE NORMAL PERIOD 1981 TO 2010
CLIMATE RECORD PERIOD 1901 TO 2017


WEATHER ITEM   OBSERVED TIME   RECORD YEAR NORMAL DEPARTURE LAST
                VALUE   (LST)  VALUE       VALUE  FROM      YEAR
                                                  NORMAL
..................................................................
TEMPERATURE (F)
 YESTERDAY
  MAXIMUM         74    435 PM  86    1934  69      5       56
  MINIMUM         36    631 AM  23    1975  40     -4       39
  AVERAGE         55                        54      1       48

PRECIPITATION (IN)
  YESTERDAY        0.00          0.70 1949   0.02  -0.02     0.00
  MONTH TO DATE    0.24                      0.72  -0.48     0.16
  SINCE OCT 1      6.26                      4.98   1.28     2.86
  SINCE JAN 1      2.70                      2.88  -0.18     1.34

DEGREE DAYS
 HEATING
  YESTERDAY       10                        11     -1       17
  MONTH TO DATE  217                       397   -180      242
  SINCE MAR 1    217                       397   -180      242
  SINCE JUL 1   2214                      2810   -596     2594

 COOLING
  YESTERDAY        0                         0      0        0
  MONTH TO DATE    6                         0      6        2
  SINCE MAR 1      6                         0      6        2
  SINCE JAN 1      6                         0      6        2
..................................................................


WIND (MPH)
  RESULTANT WIND SPEED   6   RESULTANT WIND DIRECTION  NE (50)
  HIGHEST WIND SPEED    14   HIGHEST WIND DIRECTION     N (20)
  HIGHEST GUST SPEED    18   HIGHEST GUST DIRECTION     N (20)
  AVERAGE WIND SPEED     8.2


SKY COVER
  POSSIBLE SUNSHINE  MM
  AVERAGE SKY COVER 0.0


WEATHER CONDITIONS
 THE FOLLOWING WEATHER WAS RECORDED YESTERDAY.
  NO SIGNIFICANT WEATHER WAS OBSERVED.


RELATIVE HUMIDITY (PERCENT)
 HIGHEST    40           600 AM
 LOWEST      3           300 PM
 AVERAGE    22

..........................................................


THE KINGMAN AZ CLIMATE NORMALS FOR TODAY
                         NORMAL    RECORD    YEAR
 MAXIMUM TEMPERATURE (F)   69        87      2004
 MINIMUM TEMPERATURE (F)   40        22      1975


SUNRISE AND SUNSET
MARCH 30 2017.........SUNRISE   625 AM MST   SUNSET   656 PM MST
MARCH 31 2017.........SUNRISE   623 AM MST   SUNSET   657 PM MST


-  INDICATES NEGATIVE NUMBERS.
R  INDICATES RECORD WAS SET OR TIED.
MM INDICATES DATA IS MISSING.
T  INDICATES TRACE AMOUNT.




$$
