000
CDUS45 KIGM 170828
CLIIGM


CLIMATE REPORT
NATIONAL WEATHER SERVICE LAS VEGAS, NV
127 AM PDT WED SEP 17 2014


...................................

...THE KINGMAN AZ CLIMATE SUMMARY FOR SEPTEMBER 16 2014...

CLIMATE NORMAL PERIOD 1981 TO 2010
CLIMATE RECORD PERIOD 1901 TO 2014


WEATHER ITEM   OBSERVED TIME   RECORD YEAR NORMAL DEPARTURE LAST
                VALUE   (LST)  VALUE       VALUE  FROM      YEAR
                                                  NORMAL
..................................................................
TEMPERATURE (F)
 YESTERDAY
  MAXIMUM         90    355 PM 102    1922  90      0       94
  MINIMUM         69   1055 PM  39    1916  62      7       67
  AVERAGE         80                        76      4       81

PRECIPITATION (IN)
  YESTERDAY        0.02          0.55 1948   0.03  -0.01     0.00
  MONTH TO DATE    1.52                      0.71   0.81     1.80
  SINCE OCT 1      6.49                      8.08  -1.59     7.01
  SINCE JAN 1      5.61                      5.98  -0.37     5.84

DEGREE DAYS
 HEATING
  YESTERDAY        0                         0      0        0
  MONTH TO DATE    0                         0      0        0
  SINCE SEP 1      0                         0      0        0
  SINCE JUL 1      0                         0      0        0

 COOLING
  YESTERDAY       15                        11      4       16
  MONTH TO DATE  222                       212     10      172
  SINCE SEP 1    222                       212     10      172
  SINCE JAN 1   1904                      1913     -9     2046
..................................................................


WIND (MPH)
  RESULTANT WIND SPEED   6   RESULTANT WIND DIRECTION   S (160)
  HIGHEST WIND SPEED    39   HIGHEST WIND DIRECTION    SE (150)
  HIGHEST GUST SPEED    49   HIGHEST GUST DIRECTION    SE (150)
  AVERAGE WIND SPEED    11.2


SKY COVER
  POSSIBLE SUNSHINE  MM
  AVERAGE SKY COVER 0.1


WEATHER CONDITIONS
 THE FOLLOWING WEATHER WAS RECORDED YESTERDAY.
  THUNDERSTORM
  LIGHT RAIN
  HAZE


RELATIVE HUMIDITY (PERCENT)
 HIGHEST    78           900 PM
 LOWEST     37           200 AM
 AVERAGE    58

..........................................................


THE KINGMAN AZ CLIMATE NORMALS FOR TODAY
                         NORMAL    RECORD    YEAR
 MAXIMUM TEMPERATURE (F)   90       107      1922
 MINIMUM TEMPERATURE (F)   61        41      1908


SUNRISE AND SUNSET
SEPTEMBER 17 2014.....SUNRISE   620 AM MST   SUNSET   640 PM MST
SEPTEMBER 18 2014.....SUNRISE   621 AM MST   SUNSET   638 PM MST


-  INDICATES NEGATIVE NUMBERS.
R  INDICATES RECORD WAS SET OR TIED.
MM INDICATES DATA IS MISSING.
T  INDICATES TRACE AMOUNT.




$$
