000
CDUS45 KIGM 020830
CLIIGM


CLIMATE REPORT
NATIONAL WEATHER SERVICE LAS VEGAS, NV
130 AM PDT THU OCT 2 2014


...................................

...THE KINGMAN AZ CLIMATE SUMMARY FOR OCTOBER 1 2014...

CLIMATE NORMAL PERIOD 1981 TO 2010
CLIMATE RECORD PERIOD 1901 TO 2014


WEATHER ITEM   OBSERVED TIME   RECORD YEAR NORMAL DEPARTURE LAST
                VALUE   (LST)  VALUE       VALUE  FROM      YEAR
                                                  NORMAL
..................................................................
TEMPERATURE (F)
 YESTERDAY
  MAXIMUM         80    331 PM 100    1980  84     -4       85
  MINIMUM         52   1159 PM  37    1971  55     -3       49
  AVERAGE         66                        69     -3       67

PRECIPITATION (IN)
  YESTERDAY        0.00          0.52 1959   0.01  -0.01     0.00
  MONTH TO DATE    0.00                      0.01  -0.01     0.00
  SINCE OCT 1      0.00                      0.01  -0.01     0.00
  SINCE JAN 1      5.62                      6.30  -0.68     5.84

DEGREE DAYS
 HEATING
  YESTERDAY        0                         1     -1        0
  MONTH TO DATE    0                         1     -1        0
  SINCE SEP 1      0                         7     -7       26
  SINCE JUL 1      0                         7     -7       26

 COOLING
  YESTERDAY        1                         5     -4        2
  MONTH TO DATE    1                         5     -4        2
  SINCE SEP 1    333                       330      3      227
  SINCE JAN 1   2015                      2031    -16     2101
..................................................................


WIND (MPH)
  RESULTANT WIND SPEED   4   RESULTANT WIND DIRECTION   N (20)
  HIGHEST WIND SPEED    24   HIGHEST WIND DIRECTION     N (340)
  HIGHEST GUST SPEED    28   HIGHEST GUST DIRECTION     N (350)
  AVERAGE WIND SPEED    10.3


SKY COVER
  POSSIBLE SUNSHINE  MM
  AVERAGE SKY COVER 0.0


WEATHER CONDITIONS
 THE FOLLOWING WEATHER WAS RECORDED YESTERDAY.
  NO SIGNIFICANT WEATHER WAS OBSERVED.


RELATIVE HUMIDITY (PERCENT)
 HIGHEST    61           200 AM
 LOWEST     19           400 PM
 AVERAGE    40

..........................................................


THE KINGMAN AZ CLIMATE NORMALS FOR TODAY
                         NORMAL    RECORD    YEAR
 MAXIMUM TEMPERATURE (F)   83        99      1980
 MINIMUM TEMPERATURE (F)   55        40      2009


SUNRISE AND SUNSET
OCTOBER  2 2014.......SUNRISE   631 AM MST   SUNSET   618 PM MST
OCTOBER  3 2014.......SUNRISE   632 AM MST   SUNSET   617 PM MST


-  INDICATES NEGATIVE NUMBERS.
R  INDICATES RECORD WAS SET OR TIED.
MM INDICATES DATA IS MISSING.
T  INDICATES TRACE AMOUNT.




$$
