000
CDUS45 KVEF 030835
CLIIGM


CLIMATE REPORT
NATIONAL WEATHER SERVICE LAS VEGAS, NV
1235 AM PST TUE MAR 3 2015


...................................

...THE KINGMAN AZ CLIMATE SUMMARY FOR MARCH 2 2015...

CLIMATE NORMAL PERIOD 1981 TO 2010
CLIMATE RECORD PERIOD 1901 TO 2015


WEATHER ITEM   OBSERVED TIME   RECORD YEAR NORMAL DEPARTURE LAST
                VALUE   (LST)  VALUE       VALUE  FROM      YEAR
                                                  NORMAL
..................................................................
TEMPERATURE (F)
 YESTERDAY
  MAXIMUM         51    416 PM  86    1910  62    -11       57
  MINIMUM         35   1156 PM  20    2007  36     -1       37
  AVERAGE         43                        49     -6       47

PRECIPITATION (IN)
  YESTERDAY        0.69          1.14 1991   0.04   0.65      T
  MONTH TO DATE    1.24                      0.08   1.16     0.11
  SINCE OCT 1      4.80                      4.34   0.46     1.43
  SINCE JAN 1      2.67                      2.24   0.43     0.55

DEGREE DAYS
 HEATING
  YESTERDAY       22                        16      6       18
  MONTH TO DATE   40                        32      8       32
  SINCE MAR 1     40                        32      8       32
  SINCE JUL 1   2020                      2445   -425     2354

 COOLING
  YESTERDAY        0                         0      0        0
  MONTH TO DATE    0                         0      0        0
  SINCE MAR 1      0                         0      0        0
  SINCE JAN 1      0                         0      0        0
..................................................................


WIND (MPH)
  RESULTANT WIND SPEED   7   RESULTANT WIND DIRECTION  SW (210)
  HIGHEST WIND SPEED    25   HIGHEST WIND DIRECTION     S (200)
  HIGHEST GUST SPEED    32   HIGHEST GUST DIRECTION     S (200)
  AVERAGE WIND SPEED    10.4


SKY COVER
  POSSIBLE SUNSHINE  MM
  AVERAGE SKY COVER 0.7


WEATHER CONDITIONS
 THE FOLLOWING WEATHER WAS RECORDED YESTERDAY.
  RAIN
  LIGHT RAIN
  FOG


RELATIVE HUMIDITY (PERCENT)
 HIGHEST    93          1200 AM
 LOWEST     61           400 PM
 AVERAGE    77

..........................................................


THE KINGMAN AZ CLIMATE NORMALS FOR TODAY
                         NORMAL    RECORD    YEAR
 MAXIMUM TEMPERATURE (F)   63        85      1910
 MINIMUM TEMPERATURE (F)   36        18      1966


SUNRISE AND SUNSET
MARCH  3 2015.........SUNRISE   703 AM MST   SUNSET   633 PM MST
MARCH  4 2015.........SUNRISE   702 AM MST   SUNSET   634 PM MST


-  INDICATES NEGATIVE NUMBERS.
R  INDICATES RECORD WAS SET OR TIED.
MM INDICATES DATA IS MISSING.
T  INDICATES TRACE AMOUNT.




$$
