000
CDUS45 KVEF 250828
CLIIGM


CLIMATE REPORT
NATIONAL WEATHER SERVICE LAS VEGAS, NV
127 AM PDT MON MAY 25 2015


...................................

...THE KINGMAN AZ CLIMATE SUMMARY FOR MAY 24 2015...

CLIMATE NORMAL PERIOD 1981 TO 2010
CLIMATE RECORD PERIOD 1901 TO 2015


WEATHER ITEM   OBSERVED TIME   RECORD YEAR NORMAL DEPARTURE LAST
                VALUE   (LST)  VALUE       VALUE  FROM      YEAR
                                                  NORMAL
..................................................................
TEMPERATURE (F)
 YESTERDAY
  MAXIMUM         77    402 PM 101    2001  88    -11       78
  MINIMUM         50    350 AM  34    1909  55     -5       59
  AVERAGE         64                        71     -7       69

PRECIPITATION (IN)
  YESTERDAY        T             0.45 1917   0.00   0.00      T
  MONTH TO DATE    0.18                      0.11   0.07      T
  SINCE OCT 1      5.12                      5.54  -0.42     1.67
  SINCE JAN 1      2.99                      3.44  -0.45     0.79

DEGREE DAYS
 HEATING
  YESTERDAY        1                         1      0        0
  MONTH TO DATE   88                        49     39       42
  SINCE MAR 1    550                       682   -132      512
  SINCE JUL 1   2530                      3095   -565     2834

 COOLING
  YESTERDAY        0                         7     -7        4
  MONTH TO DATE   27                       112    -85       88
  SINCE MAR 1     45                       143    -98      121
  SINCE JAN 1     45                       143    -98      121
..................................................................


WIND (MPH)
  RESULTANT WIND SPEED   6   RESULTANT WIND DIRECTION  SW (210)
  HIGHEST WIND SPEED    22   HIGHEST WIND DIRECTION     N (340)
  HIGHEST GUST SPEED    28   HIGHEST GUST DIRECTION     N (340)
  AVERAGE WIND SPEED     7.7


SKY COVER
  POSSIBLE SUNSHINE  MM
  AVERAGE SKY COVER 0.4


WEATHER CONDITIONS
 THE FOLLOWING WEATHER WAS RECORDED YESTERDAY.
  LIGHT RAIN


RELATIVE HUMIDITY (PERCENT)
 HIGHEST    64          1100 PM
 LOWEST     23           200 PM
 AVERAGE    44

..........................................................


THE KINGMAN AZ CLIMATE NORMALS FOR TODAY
                         NORMAL    RECORD    YEAR
 MAXIMUM TEMPERATURE (F)   88        99      2001
 MINIMUM TEMPERATURE (F)   55        36      2010


SUNRISE AND SUNSET
MAY 25 2015...........SUNRISE   525 AM MST   SUNSET   740 PM MST
MAY 26 2015...........SUNRISE   525 AM MST   SUNSET   741 PM MST


-  INDICATES NEGATIVE NUMBERS.
R  INDICATES RECORD WAS SET OR TIED.
MM INDICATES DATA IS MISSING.
T  INDICATES TRACE AMOUNT.




$$
