000
CDUS41 KPHI 270626
CLIILG


CLIMATE REPORT
NATIONAL WEATHER SERVICE MOUNT HOLLY NJ
226 AM EDT FRI MAR 27 2015


...................................

...THE WILMINGTON DE CLIMATE SUMMARY FOR MARCH 26 2015...

CLIMATE NORMAL PERIOD 1981 TO 2010
CLIMATE RECORD PERIOD 1894 TO 2015


WEATHER ITEM   OBSERVED TIME   RECORD YEAR NORMAL DEPARTURE LAST
                VALUE   (LST)  VALUE       VALUE  FROM      YEAR
                                                  NORMAL
..................................................................
TEMPERATURE (F)
 YESTERDAY
  MAXIMUM         71    359 PM  77    1921  56     15       37
  MINIMUM         38    503 AM  20    1983  37      1       26
  AVERAGE         55                        46      9       32

PRECIPITATION (IN)
  YESTERDAY        0.27          2.62 1978   0.14   0.13     0.00
  MONTH TO DATE    4.97                      3.23   1.74     1.60
  SINCE MAR 1      4.97                      3.23   1.74     1.60
  SINCE JAN 1     11.58                      8.92   2.66    10.18

SNOWFALL (IN)
  YESTERDAY        0.0           0.7  2001   0.0    0.0      0.0
  MONTH TO DATE    8.6                       1.8    6.8      7.7
  SINCE MAR 1      8.6                       1.8    6.8      7.7
  SINCE JUL 1     23.4                      19.8    3.6     56.1
  SNOW DEPTH       0

DEGREE DAYS
 HEATING
  YESTERDAY       10                        19     -9       33
  MONTH TO DATE  715                       593    122      723
  SINCE MAR 1    715                       593    122      723
  SINCE JUL 1   4554                      4216    338     4578

 COOLING
  YESTERDAY        0                         0      0        0
  MONTH TO DATE    0                         0      0        0
  SINCE MAR 1      0                         0      0        0
  SINCE JAN 1      0                         0      0        0
..................................................................


WIND (MPH)
  HIGHEST WIND SPEED    29   HIGHEST WIND DIRECTION    NW (310)
  HIGHEST GUST SPEED    36   HIGHEST GUST DIRECTION    NW (310)
  AVERAGE WIND SPEED     7.6


SKY COVER
  POSSIBLE SUNSHINE  MM
  AVERAGE SKY COVER 0.7


WEATHER CONDITIONS
 THE FOLLOWING WEATHER WAS RECORDED YESTERDAY.
  THUNDERSTORM
  HEAVY RAIN
  RAIN
  LIGHT RAIN
  FOG


RELATIVE HUMIDITY (PERCENT)
 HIGHEST   100           500 AM
 LOWEST     66           400 PM
 AVERAGE    83

..........................................................


THE WILMINGTON DE CLIMATE NORMALS FOR TODAY
                         NORMAL    RECORD    YEAR
 MAXIMUM TEMPERATURE (F)   56        83      2007
 MINIMUM TEMPERATURE (F)   37        21      2014


SUNRISE AND SUNSET
MARCH 27 2015.........SUNRISE   655 AM EDT   SUNSET   721 PM EDT
MARCH 28 2015.........SUNRISE   653 AM EDT   SUNSET   722 PM EDT


-  INDICATES NEGATIVE NUMBERS.
R  INDICATES RECORD WAS SET OR TIED.
MM INDICATES DATA IS MISSING.
T  INDICATES TRACE AMOUNT.




$$
