000
CDUS41 KPHI 160629
CLIILG


CLIMATE REPORT
NATIONAL WEATHER SERVICE MOUNT HOLLY NJ
129 AM EST MON JAN 16 2017


...................................

...THE WILMINGTON DE CLIMATE SUMMARY FOR JANUARY 15 2017...

CLIMATE NORMAL PERIOD 1981 TO 2010
CLIMATE RECORD PERIOD 1894 TO 2017


WEATHER ITEM   OBSERVED TIME   RECORD YEAR NORMAL DEPARTURE LAST
                VALUE   (LST)  VALUE       VALUE  FROM      YEAR
                                                  NORMAL
..................................................................
TEMPERATURE (F)
 YESTERDAY
  MAXIMUM         43    258 PM  71    1932  40      3       50
  MINIMUM         27    754 AM  -2    1912  24      3       26
  AVERAGE         35                        32      3       38

PRECIPITATION (IN)
  YESTERDAY        0.00          1.04 1999   0.10  -0.10     0.25
  MONTH TO DATE    1.64                      1.45   0.19     0.93
  SINCE DEC 1      4.23                      4.93  -0.70     6.14
  SINCE JAN 1      1.64                      1.45   0.19     0.93

SNOWFALL (IN)
  YESTERDAY        0.0           5.0  1927   0.2   -0.2      0.0
                                      1957
  MONTH TO DATE    4.0                       2.3    1.7       T
  SINCE DEC 1      4.0                       5.7   -1.7       T
  SINCE JUL 1      4.0                       6.1   -2.1       T
  SNOW DEPTH       0

DEGREE DAYS
 HEATING
  YESTERDAY       30                        33     -3       27
  MONTH TO DATE  450                       489    -39      451
  SINCE DEC 1   1281                      1368    -87      928
  SINCE JUL 1   2005                      2266   -261     1632

 COOLING
  YESTERDAY        0                         0      0        0
  MONTH TO DATE    0                         0      0        0
  SINCE DEC 1      0                         0      0        1
  SINCE JAN 1      0                         0      0        0
..................................................................


WIND (MPH)
  HIGHEST WIND SPEED    13   HIGHEST WIND DIRECTION     N (340)
  HIGHEST GUST SPEED    17   HIGHEST GUST DIRECTION     N (350)
  AVERAGE WIND SPEED     5.9


SKY COVER
  POSSIBLE SUNSHINE  MM
  AVERAGE SKY COVER 0.2


WEATHER CONDITIONS
 THE FOLLOWING WEATHER WAS RECORDED YESTERDAY.
  FOG
  HAZE


RELATIVE HUMIDITY (PERCENT)
 HIGHEST   100           300 AM
 LOWEST     49           200 PM
 AVERAGE    75

..........................................................


THE WILMINGTON DE CLIMATE NORMALS FOR TODAY
                         NORMAL    RECORD    YEAR
 MAXIMUM TEMPERATURE (F)   40        69      1932
 MINIMUM TEMPERATURE (F)   24         1      1977


SUNRISE AND SUNSET
JANUARY 16 2017.......SUNRISE   721 AM EST   SUNSET   504 PM EST
JANUARY 17 2017.......SUNRISE   720 AM EST   SUNSET   505 PM EST


-  INDICATES NEGATIVE NUMBERS.
R  INDICATES RECORD WAS SET OR TIED.
MM INDICATES DATA IS MISSING.
T  INDICATES TRACE AMOUNT.




$$
