000
CDUS41 KPHI 180548
CLIILG


CLIMATE REPORT
NATIONAL WEATHER SERVICE MOUNT HOLLY NJ
1248 AM EST SAT NOV 18 2017


...................................

...THE WILMINGTON DE CLIMATE SUMMARY FOR NOVEMBER 17 2017...

CLIMATE NORMAL PERIOD 1981 TO 2010
CLIMATE RECORD PERIOD 1894 TO 2017


WEATHER ITEM   OBSERVED TIME   RECORD YEAR NORMAL DEPARTURE LAST
                VALUE   (LST)  VALUE       VALUE  FROM      YEAR
                                                  NORMAL
..................................................................
TEMPERATURE (F)
 YESTERDAY
  MAXIMUM         51    320 PM  71    1953  55     -4       62
                                      1896
  MINIMUM         32   1145 PM  18    1933  37     -5       42
  AVERAGE         42                        46     -4       52

PRECIPITATION (IN)
  YESTERDAY        0.00          3.33 1935   0.11  -0.11     0.00
  MONTH TO DATE    0.92                      1.67  -0.75     0.36
  SINCE SEP 1      6.06                      9.41  -3.35     7.38
  SINCE JAN 1     38.20                     38.17   0.03    36.64

SNOWFALL (IN)
  YESTERDAY        0.0           0.5  1980   0.0    0.0      0.0
  MONTH TO DATE    0.0                       0.0    0.0      0.0
  SINCE SEP 1      0.0                       0.0    0.0      0.0
  SINCE JUL 1      0.0                       0.0    0.0      0.0
  SNOW DEPTH       0

DEGREE DAYS
 HEATING
  YESTERDAY       23                        19      4       13
  MONTH TO DATE  289                       278     11      247
  SINCE SEP 1    459                       620   -161      485
  SINCE JUL 1    459                       622   -163      485

 COOLING
  YESTERDAY        0                         0      0        0
  MONTH TO DATE    0                         0      0        0
  SINCE SEP 1    258                       152    106      268
  SINCE JAN 1   1304                      1145    159     1489
..................................................................


WIND (MPH)
  HIGHEST WIND SPEED    24   HIGHEST WIND DIRECTION    NW (320)
  HIGHEST GUST SPEED    29   HIGHEST GUST DIRECTION    NW (320)
  AVERAGE WIND SPEED    10.9


SKY COVER
  POSSIBLE SUNSHINE  MM
  AVERAGE SKY COVER 0.2


WEATHER CONDITIONS
 THE FOLLOWING WEATHER WAS RECORDED YESTERDAY.
  NO SIGNIFICANT WEATHER WAS OBSERVED.


RELATIVE HUMIDITY (PERCENT)
 HIGHEST    70          1100 PM
 LOWEST     35           200 PM
 AVERAGE    53

..........................................................


THE WILMINGTON DE CLIMATE NORMALS FOR TODAY
                         NORMAL    RECORD    YEAR
 MAXIMUM TEMPERATURE (F)   55        74      1928
                                             1896
 MINIMUM TEMPERATURE (F)   37        19      1924


SUNRISE AND SUNSET
NOVEMBER 18 2017......SUNRISE   650 AM EST   SUNSET   444 PM EST
NOVEMBER 19 2017......SUNRISE   652 AM EST   SUNSET   444 PM EST


-  INDICATES NEGATIVE NUMBERS.
R  INDICATES RECORD WAS SET OR TIED.
MM INDICATES DATA IS MISSING.
T  INDICATES TRACE AMOUNT.




$$
