000
CDUS41 KPHI 302126
CLIILG


CLIMATE REPORT
NATIONAL WEATHER SERVICE MOUNT HOLLY NJ
526 PM EDT THU MAR 30 2017


...................................

...THE WILMINGTON DE CLIMATE SUMMARY FOR MARCH 30 2017...
VALID TODAY AS OF 0500 PM LOCAL TIME.

CLIMATE NORMAL PERIOD 1981 TO 2010
CLIMATE RECORD PERIOD 1894 TO 2017


WEATHER ITEM   OBSERVED TIME   RECORD YEAR NORMAL DEPARTURE LAST
                VALUE   (LST)  VALUE       VALUE  FROM      YEAR
                                                  NORMAL
..................................................................
TEMPERATURE (F)
 TODAY
  MAXIMUM         49    131 PM  86    1998  58     -9       55
  MINIMUM         32    511 AM  23    1941  38     -6       30
                                      1915
  AVERAGE         41                        48     -7       43

PRECIPITATION (IN)
  TODAY            0.00          1.35 2001   0.13  -0.13     0.00
  MONTH TO DATE    3.20                      3.78  -0.58     1.80
  SINCE MAR 1      3.20                      3.78  -0.58     1.80
  SINCE JAN 1      7.22                      9.47  -2.25     8.53

SNOWFALL (IN)
  TODAY            0.0           1.5  1942   0.0    0.0      0.0
  MONTH TO DATE    3.4                       1.9    1.5      2.7
  SINCE MAR 1      3.4                       1.9    1.5      2.7
  SINCE JUL 1      9.0                      19.9  -10.9     25.4
  SNOW DEPTH       0

DEGREE DAYS
 HEATING
  TODAY           24                        17      7       22
  MONTH TO DATE  699                       664     35      495
  SINCE MAR 1    699                       664     35      495
  SINCE JUL 1   3701                      4287   -586     3503

 COOLING
  TODAY            0                         0      0        0
  MONTH TO DATE    0                         0      0        2
  SINCE MAR 1      0                         0      0        2
  SINCE JAN 1      0                         0      0        2
..................................................................


WIND (MPH)
  HIGHEST WIND SPEED    17   HIGHEST WIND DIRECTION    NE (30)
  HIGHEST GUST SPEED    21   HIGHEST GUST DIRECTION     N (10)
  AVERAGE WIND SPEED     7.2


SKY COVER
  POSSIBLE SUNSHINE  MM
  AVERAGE SKY COVER 0.3


WEATHER CONDITIONS
 THE FOLLOWING WEATHER WAS RECORDED TODAY.
  NO SIGNIFICANT WEATHER WAS OBSERVED.


RELATIVE HUMIDITY (PERCENT)
 HIGHEST    70           600 AM
 LOWEST     42          1000 AM
 AVERAGE    56

..........................................................


THE WILMINGTON DE CLIMATE NORMALS FOR TOMORROW
                         NORMAL    RECORD    YEAR
 MAXIMUM TEMPERATURE (F)   58        82      1998
 MINIMUM TEMPERATURE (F)   38        19      1923


SUNRISE AND SUNSET
MARCH 30 2017.........SUNRISE   649 AM EDT   SUNSET   725 PM EDT
MARCH 31 2017.........SUNRISE   648 AM EDT   SUNSET   726 PM EDT


-  INDICATES NEGATIVE NUMBERS.
R  INDICATES RECORD WAS SET OR TIED.
MM INDICATES DATA IS MISSING.
T  INDICATES TRACE AMOUNT.




$$
