000
CDUS41 KPHI 180632
CLIILG


CLIMATE REPORT
NATIONAL WEATHER SERVICE MOUNT HOLLY NJ
229 AM EDT FRI APR 18 2014


...................................

...THE WILMINGTON DE CLIMATE SUMMARY FOR APRIL 17 2014...

CLIMATE NORMAL PERIOD 1981 TO 2010
CLIMATE RECORD PERIOD 1894 TO 2014


WEATHER ITEM   OBSERVED TIME   RECORD YEAR NORMAL DEPARTURE LAST
                VALUE   (LST)  VALUE       VALUE  FROM      YEAR
                                                  NORMAL
..................................................................
TEMPERATURE (F)
 YESTERDAY
  MAXIMUM         54    315 PM  97    1896  64    -10       73
  MINIMUM         34    429 AM  27    1980  44    -10       53
                                      1962
  AVERAGE         44                        54    -10       63

PRECIPITATION (IN)
  YESTERDAY        0.00          1.73 1933   0.11  -0.11     0.00
  MONTH TO DATE    1.75                      2.05  -0.30     1.26
  SINCE MAR 1      5.57                      5.97  -0.40     3.80
  SINCE JAN 1     14.15                     11.66   2.49     9.81

SNOWFALL (IN)
  YESTERDAY        0.0           0.0  1894   0.0    0.0      0.0
  MONTH TO DATE    0.0                       0.2   -0.2      0.0
  SINCE MAR 1      7.7                       2.1    5.6      1.3
  SINCE JUL 1     56.1                      20.1   36.0      5.5
  SNOW DEPTH       0

DEGREE DAYS
 HEATING
  YESTERDAY       21                        12      9        2
  MONTH TO DATE  213                       240    -27      204
  SINCE MAR 1   1033                       923    110      963
  SINCE JUL 1   4888                      4546    342     4359

 COOLING
  YESTERDAY        0                         0      0        0
  MONTH TO DATE    7                         0      7       16
  SINCE MAR 1      7                         1      6       16
  SINCE JAN 1      7                         1      6       16
..................................................................


WIND (MPH)
  HIGHEST WIND SPEED    17   HIGHEST WIND DIRECTION     E (100)
  HIGHEST GUST SPEED    24   HIGHEST GUST DIRECTION     E (80)
  AVERAGE WIND SPEED     9.9


SKY COVER
  POSSIBLE SUNSHINE  MM
  AVERAGE SKY COVER 0.1


WEATHER CONDITIONS
 THE FOLLOWING WEATHER WAS RECORDED YESTERDAY.
  NO SIGNIFICANT WEATHER WAS OBSERVED.


RELATIVE HUMIDITY (PERCENT)
 HIGHEST    70          1100 PM
 LOWEST     38           100 PM
 AVERAGE    54

..........................................................


THE WILMINGTON DE CLIMATE NORMALS FOR TODAY
                         NORMAL    RECORD    YEAR
 MAXIMUM TEMPERATURE (F)   65        97      1896
 MINIMUM TEMPERATURE (F)   44        30      1926


SUNRISE AND SUNSET
APRIL 18 2014.........SUNRISE   621 AM EDT   SUNSET   743 PM EDT
APRIL 19 2014.........SUNRISE   619 AM EDT   SUNSET   744 PM EDT


-  INDICATES NEGATIVE NUMBERS.
R  INDICATES RECORD WAS SET OR TIED.
MM INDICATES DATA IS MISSING.
T  INDICATES TRACE AMOUNT.




$$
