000
CDUS41 KPHI 250628
CLIILG


CLIMATE REPORT
NATIONAL WEATHER SERVICE MOUNT HOLLY NJ
228 AM EDT THU MAY 25 2017


...................................

...THE WILMINGTON DE CLIMATE SUMMARY FOR MAY 24 2017...

CLIMATE NORMAL PERIOD 1981 TO 2010
CLIMATE RECORD PERIOD 1894 TO 2017


WEATHER ITEM   OBSERVED TIME   RECORD YEAR NORMAL DEPARTURE LAST
                VALUE   (LST)  VALUE       VALUE  FROM      YEAR
                                                  NORMAL
..................................................................
TEMPERATURE (F)
 YESTERDAY
  MAXIMUM         70    406 PM  94    1925  75     -5       83
  MINIMUM         56    511 AM  36    1963  55      1       56
  AVERAGE         63                        65     -2       70

PRECIPITATION (IN)
  YESTERDAY        0.02          2.23 1999   0.13  -0.11     0.00
  MONTH TO DATE    3.82                      3.02   0.80     5.55
  SINCE MAR 1     11.12                     10.44   0.68     9.19
  SINCE JAN 1     15.14                     16.13  -0.99    15.92

SNOWFALL (IN)
  YESTERDAY        0.0           0.0  1894   0.0    0.0      0.0
  MONTH TO DATE    0.0                       0.0    0.0      0.0
  SINCE MAR 1      3.4                       2.2    1.2      2.7
  SINCE JUL 1      9.0                      20.2  -11.2     25.4
  SNOW DEPTH       0

DEGREE DAYS
 HEATING
  YESTERDAY        2                         3     -1        0
  MONTH TO DATE  138                       118     20      171
  SINCE MAR 1   1065                      1164    -99     1052
  SINCE JUL 1   4067                      4787   -720     4060

 COOLING
  YESTERDAY        0                         3     -3        5
  MONTH TO DATE   50                        41      9        5
  SINCE MAR 1     80                        53     27       19
  SINCE JAN 1     80                        53     27       19
..................................................................


WIND (MPH)
  HIGHEST WIND SPEED    16   HIGHEST WIND DIRECTION     E (90)
  HIGHEST GUST SPEED    23   HIGHEST GUST DIRECTION     E (80)
  AVERAGE WIND SPEED     8.8


SKY COVER
  POSSIBLE SUNSHINE  MM
  AVERAGE SKY COVER 0.9


WEATHER CONDITIONS
 THE FOLLOWING WEATHER WAS RECORDED YESTERDAY.
  LIGHT RAIN


RELATIVE HUMIDITY (PERCENT)
 HIGHEST    93           500 AM
 LOWEST     57           300 PM
 AVERAGE    75

..........................................................


THE WILMINGTON DE CLIMATE NORMALS FOR TODAY
                         NORMAL    RECORD    YEAR
 MAXIMUM TEMPERATURE (F)   76        92      1991
 MINIMUM TEMPERATURE (F)   56        39      1956


SUNRISE AND SUNSET
MAY 25 2017...........SUNRISE   540 AM EDT   SUNSET   819 PM EDT
MAY 26 2017...........SUNRISE   540 AM EDT   SUNSET   820 PM EDT


-  INDICATES NEGATIVE NUMBERS.
R  INDICATES RECORD WAS SET OR TIED.
MM INDICATES DATA IS MISSING.
T  INDICATES TRACE AMOUNT.




$$
