000
CDUS41 KPHI 102132
CLIILG


CLIMATE REPORT
NATIONAL WEATHER SERVICE MOUNT HOLLY NJ
431 PM EST WED FEB 10 2016


...................................

...THE WILMINGTON DE CLIMATE SUMMARY FOR FEBRUARY 10 2016...
VALID TODAY AS OF 0400 PM LOCAL TIME.

CLIMATE NORMAL PERIOD 1981 TO 2010
CLIMATE RECORD PERIOD 1894 TO 2016


WEATHER ITEM   OBSERVED TIME   RECORD YEAR NORMAL DEPARTURE LAST
                VALUE   (LST)  VALUE       VALUE  FROM      YEAR
                                                  NORMAL
..................................................................
TEMPERATURE (F)
 TODAY
  MAXIMUM         34    259 PM  63    1990  42     -8       43
  MINIMUM         29    851 AM  -2    1979  26      3       28
  AVERAGE         32                        34     -2       36

PRECIPITATION (IN)
  TODAY            0.01          0.90 2010   0.09  -0.08      T
  MONTH TO DATE    1.73                      0.96   0.77     0.86
  SINCE DEC 1      9.24                      7.45   1.79     8.32
  SINCE JAN 1      4.03                      3.97   0.06     5.31

SNOWFALL (IN)
  TODAY            0.5           7.2  2010   0.3    0.2      0.0
  MONTH TO DATE    4.5                       3.2    1.3      0.2
  SINCE DEC 1     21.4                      12.5    8.9      4.1
  SINCE JUL 1     21.4                      12.9    8.5      4.4
  SNOW DEPTH       2

DEGREE DAYS
 HEATING
  TODAY           33                        31      2       29
  MONTH TO DATE  264                       315    -51      334
  SINCE DEC 1   1750                      2204   -454     2165
  SINCE JUL 1   2454                      3102   -648     3054

 COOLING
  TODAY            0                         0      0        0
  MONTH TO DATE    0                         0      0        0
  SINCE DEC 1      1                         0      1        0
  SINCE JAN 1      0                         0      0        0
..................................................................


WIND (MPH)
  HIGHEST WIND SPEED    23   HIGHEST WIND DIRECTION     W (280)
  HIGHEST GUST SPEED    31   HIGHEST GUST DIRECTION     W (280)
  AVERAGE WIND SPEED    13.3


SKY COVER
  POSSIBLE SUNSHINE  MM
  AVERAGE SKY COVER 0.8


WEATHER CONDITIONS
 THE FOLLOWING WEATHER WAS RECORDED TODAY.
  LIGHT SNOW
  FOG


RELATIVE HUMIDITY (PERCENT)
 HIGHEST    92           500 AM
 LOWEST     51           300 PM
 AVERAGE    72

..........................................................


THE WILMINGTON DE CLIMATE NORMALS FOR TOMORROW
                         NORMAL    RECORD    YEAR
 MAXIMUM TEMPERATURE (F)   43        69      2009
 MINIMUM TEMPERATURE (F)   26        -1      1979
                                             1962


SUNRISE AND SUNSET
FEBRUARY 10 2016......SUNRISE   701 AM EST   SUNSET   532 PM EST
FEBRUARY 11 2016......SUNRISE   700 AM EST   SUNSET   534 PM EST


-  INDICATES NEGATIVE NUMBERS.
R  INDICATES RECORD WAS SET OR TIED.
MM INDICATES DATA IS MISSING.
T  INDICATES TRACE AMOUNT.




$$
