000
CDUS41 KPHI 020628
CLIILG


CLIMATE REPORT
NATIONAL WEATHER SERVICE MOUNT HOLLY NJ
227 AM EDT MON MAY 2 2016


...................................

...THE WILMINGTON DE CLIMATE SUMMARY FOR MAY 1 2016...

CLIMATE NORMAL PERIOD 1981 TO 2010
CLIMATE RECORD PERIOD 1894 TO 2016


WEATHER ITEM   OBSERVED TIME   RECORD YEAR NORMAL DEPARTURE LAST
                VALUE   (LST)  VALUE       VALUE  FROM      YEAR
                                                  NORMAL
..................................................................
TEMPERATURE (F)
 YESTERDAY
  MAXIMUM         53    837 PM  88    1942  69    -16       62
  MINIMUM         47    841 AM  30    1978  48     -1       47
  AVERAGE         50                        58     -8       55

PRECIPITATION (IN)
  YESTERDAY        0.36          2.29 1976   0.11   0.25     0.00
  MONTH TO DATE    0.36                      0.11   0.25     0.00
  SINCE MAR 1      4.00                      7.53  -3.53     9.68
  SINCE JAN 1     10.73                     13.22  -2.49    16.29

SNOWFALL (IN)
  YESTERDAY        0.0           T    1963   0.0    0.0      0.0
  MONTH TO DATE    0.0                       0.0    0.0      0.0
  SINCE MAR 1      2.7                       2.2    0.5      8.6
  SINCE JUL 1     25.4                      20.2    5.2     23.4
  SNOW DEPTH       0

DEGREE DAYS
 HEATING
  YESTERDAY       15                         7      8       10
  MONTH TO DATE   15                         7      8       10
  SINCE MAR 1    896                      1053   -157     1172
  SINCE JUL 1   3904                      4676   -772     5011

 COOLING
  YESTERDAY        0                         1     -1        0
  MONTH TO DATE    0                         1     -1        0
  SINCE MAR 1     14                        13      1        4
  SINCE JAN 1     14                        13      1        4
..................................................................


WIND (MPH)
  HIGHEST WIND SPEED    13   HIGHEST WIND DIRECTION    SE (150)
  HIGHEST GUST SPEED    16   HIGHEST GUST DIRECTION    SE (120)
  AVERAGE WIND SPEED     6.8


SKY COVER
  POSSIBLE SUNSHINE  MM
  AVERAGE SKY COVER 1.0


WEATHER CONDITIONS
 THE FOLLOWING WEATHER WAS RECORDED YESTERDAY.
  LIGHT RAIN
  FOG


RELATIVE HUMIDITY (PERCENT)
 HIGHEST   100           900 PM
 LOWEST     66           100 AM
 AVERAGE    83

..........................................................


THE WILMINGTON DE CLIMATE NORMALS FOR TODAY
                         NORMAL    RECORD    YEAR
 MAXIMUM TEMPERATURE (F)   69        90      1894
 MINIMUM TEMPERATURE (F)   48        34      1943


SUNRISE AND SUNSET
MAY  2 2016...........SUNRISE   601 AM EDT   SUNSET   758 PM EDT
MAY  3 2016...........SUNRISE   600 AM EDT   SUNSET   759 PM EDT


-  INDICATES NEGATIVE NUMBERS.
R  INDICATES RECORD WAS SET OR TIED.
MM INDICATES DATA IS MISSING.
T  INDICATES TRACE AMOUNT.




$$
