000
CDUS41 KPHI 230549
CLIILG


CLIMATE REPORT
NATIONAL WEATHER SERVICE MOUNT HOLLY NJ
148 AM EDT SUN JUL 23 2017


...................................

...THE WILMINGTON DE CLIMATE SUMMARY FOR JULY 22 2017...

CLIMATE NORMAL PERIOD 1981 TO 2010
CLIMATE RECORD PERIOD 1894 TO 2017


WEATHER ITEM   OBSERVED TIME   RECORD YEAR NORMAL DEPARTURE LAST
                VALUE   (LST)  VALUE       VALUE  FROM      YEAR
                                                  NORMAL
..................................................................
TEMPERATURE (F)
 YESTERDAY
  MAXIMUM         91    256 PM 102    2011  86      5       92
  MINIMUM         77   1159 PM  56    1950  68      9       71
                                      1937
  AVERAGE         84                        77      7       82

PRECIPITATION (IN)
  YESTERDAY        T             2.22 1919   0.15  -0.15     0.00
  MONTH TO DATE    2.79                      3.28  -0.49     3.08
  SINCE JUN 1      6.78                      7.16  -0.38     6.77
  SINCE JAN 1     23.96                     24.22  -0.26    24.44

SNOWFALL (IN)
  YESTERDAY        0.0           0.0  1894   0.0    0.0      0.0
  MONTH TO DATE    0.0                       0.0    0.0      0.0
  SINCE JUN 1      0.0                       0.0    0.0      0.0
  SINCE JUL 1      0.0                       0.0    0.0      0.0
  SNOW DEPTH       0

DEGREE DAYS
 HEATING
  YESTERDAY        0                         0      0        0
  MONTH TO DATE    0                         0      0        0
  SINCE JUN 1     10                        15     -5        5
  SINCE JUL 1      0                         0      0        0

 COOLING
  YESTERDAY       19                        12      7       17
  MONTH TO DATE  326                       260     66      298
  SINCE JUN 1    587                       491     96      526
  SINCE JAN 1    678                       570    108      618
..................................................................


WIND (MPH)
  HIGHEST WIND SPEED    17   HIGHEST WIND DIRECTION     W (250)
  HIGHEST GUST SPEED    22   HIGHEST GUST DIRECTION     W (250)
  AVERAGE WIND SPEED     7.0


SKY COVER
  POSSIBLE SUNSHINE  MM
  AVERAGE SKY COVER 0.3


WEATHER CONDITIONS
 THE FOLLOWING WEATHER WAS RECORDED YESTERDAY.
  LIGHT RAIN


RELATIVE HUMIDITY (PERCENT)
 HIGHEST    91           200 AM
 LOWEST     52           300 PM
 AVERAGE    72

..........................................................


THE WILMINGTON DE CLIMATE NORMALS FOR TODAY
                         NORMAL    RECORD    YEAR
 MAXIMUM TEMPERATURE (F)   86       100      2011
 MINIMUM TEMPERATURE (F)   68        54      1977
                                             1939


SUNRISE AND SUNSET
JULY 23 2017..........SUNRISE   554 AM EDT   SUNSET   823 PM EDT
JULY 24 2017..........SUNRISE   555 AM EDT   SUNSET   823 PM EDT


-  INDICATES NEGATIVE NUMBERS.
R  INDICATES RECORD WAS SET OR TIED.
MM INDICATES DATA IS MISSING.
T  INDICATES TRACE AMOUNT.




$$
