745
CDUS41 KPHI 240628
CLIILG


CLIMATE REPORT
NATIONAL WEATHER SERVICE MOUNT HOLLY NJ
227 AM EDT WED AUG 24 2016


...................................

...THE WILMINGTON DE CLIMATE SUMMARY FOR AUGUST 23 2016...

CLIMATE NORMAL PERIOD 1981 TO 2010
CLIMATE RECORD PERIOD 1894 TO 2016


WEATHER ITEM   OBSERVED TIME   RECORD YEAR NORMAL DEPARTURE LAST
                VALUE   (LST)  VALUE       VALUE  FROM      YEAR
                                                  NORMAL
..................................................................
TEMPERATURE (F)
 YESTERDAY
  MAXIMUM         83    325 PM  93    1968  84     -1       83
                                      1916
  MINIMUM         56    540 AM  47    1923  65     -9       58
  AVERAGE         70                        74     -4       71

PRECIPITATION (IN)
  YESTERDAY        0.00          3.60 1933   0.11  -0.11     0.00
  MONTH TO DATE    1.44                      2.49  -1.05     1.47
  SINCE JUN 1     11.48                     10.94   0.54    16.31
  SINCE JAN 1     29.15                     28.00   1.15    34.99

SNOWFALL (IN)
  YESTERDAY        0.0           0.0  1894   0.0    0.0      0.0
  MONTH TO DATE    0.0                       0.0    0.0      0.0
  SINCE JUN 1      0.0                       0.0    0.0      0.0
  SINCE JUL 1      0.0                       0.0    0.0      0.0
  SNOW DEPTH       0

DEGREE DAYS
 HEATING
  YESTERDAY        0                         0      0        0
  MONTH TO DATE    0                         0      0        0
  SINCE JUN 1      5                        15    -10       18
  SINCE JUL 1      0                         0      0        0

 COOLING
  YESTERDAY        5                        10     -5        6
  MONTH TO DATE  341                       246     95      265
  SINCE JUN 1   1022                       844    178      906
  SINCE JAN 1   1114                       923    191     1074
..................................................................


WIND (MPH)
  HIGHEST WIND SPEED    13   HIGHEST WIND DIRECTION     S (160)
  HIGHEST GUST SPEED    18   HIGHEST GUST DIRECTION     N (360)
  AVERAGE WIND SPEED     4.6


SKY COVER
  POSSIBLE SUNSHINE  MM
  AVERAGE SKY COVER 0.0


WEATHER CONDITIONS
 THE FOLLOWING WEATHER WAS RECORDED YESTERDAY.
  NO SIGNIFICANT WEATHER WAS OBSERVED.


RELATIVE HUMIDITY (PERCENT)
 HIGHEST    86           300 AM
 LOWEST     37          1100 AM
 AVERAGE    62

..........................................................


THE WILMINGTON DE CLIMATE NORMALS FOR TODAY
                         NORMAL    RECORD    YEAR
 MAXIMUM TEMPERATURE (F)   83        95      1914
                                             1895
 MINIMUM TEMPERATURE (F)   65        48      1952


SUNRISE AND SUNSET
AUGUST 24 2016........SUNRISE   624 AM EDT   SUNSET   745 PM EDT
AUGUST 25 2016........SUNRISE   624 AM EDT   SUNSET   743 PM EDT


-  INDICATES NEGATIVE NUMBERS.
R  INDICATES RECORD WAS SET OR TIED.
MM INDICATES DATA IS MISSING.
T  INDICATES TRACE AMOUNT.




$$
