000
CDUS41 KPHI 221851
CLIILG


CLIMATE REPORT
NATIONAL WEATHER SERVICE MOUNT HOLLY NJ
151 PM EST WED FEB 22 2017


...................................

...THE WILMINGTON DE CLIMATE SUMMARY FOR FEBRUARY 21 2017...

CLIMATE NORMAL PERIOD 1981 TO 2010
CLIMATE RECORD PERIOD 1894 TO 2017


WEATHER ITEM   OBSERVED TIME   RECORD YEAR NORMAL DEPARTURE LAST
                VALUE   (LST)  VALUE       VALUE  FROM      YEAR
                                                  NORMAL
..................................................................
TEMPERATURE (F)
 YESTERDAY
  MAXIMUM         48    200 PM  70    1953  45      3       60
  MINIMUM         35        MM   3    2015  28      7       35
  AVERAGE         42                        36      6       48

PRECIPITATION (IN)
  YESTERDAY        0.00          2.00 1898   0.09  -0.09      T
  MONTH TO DATE    0.86                      1.99  -1.13     2.77
  SINCE DEC 1      6.12                      8.48  -2.36    10.28
  SINCE JAN 1      3.53                      5.00  -1.47     5.07

SNOWFALL (IN)
  YESTERDAY        0.0           8.0  1929   0.3   -0.3      0.0
  MONTH TO DATE    1.1                       6.7   -5.6      5.8
  SINCE DEC 1      5.6                      16.0  -10.4     22.7
  SINCE JUL 1      5.6                      16.4  -10.8     22.7
  SNOW DEPTH       0

DEGREE DAYS
 HEATING
  YESTERDAY       23                        29     -6       17
  MONTH TO DATE  509                       643   -134      650
  SINCE DEC 1   2181                      2532   -351     2136
  SINCE JUL 1   2905                      3430   -525     2840

 COOLING
  YESTERDAY        0                         0      0        0
  MONTH TO DATE    0                         0      0        0
  SINCE DEC 1      0                         0      0        1
  SINCE JAN 1      0                         0      0        0
..................................................................


WIND (MPH)
  HIGHEST WIND SPEED    16   HIGHEST WIND DIRECTION     S (170)
  HIGHEST GUST SPEED    MM   HIGHEST GUST DIRECTION    MM
  AVERAGE WIND SPEED     8.3


SKY COVER
  POSSIBLE SUNSHINE   0 PERCENT
  AVERAGE SKY COVER 0.0


WEATHER CONDITIONS
 THE FOLLOWING WEATHER WAS RECORDED YESTERDAY.
  NO SIGNIFICANT WEATHER WAS OBSERVED.


RELATIVE HUMIDITY (PERCENT)
 HIGHEST     0          1200 AM
 LOWEST      0          1200 AM
 AVERAGE     0

..........................................................


THE WILMINGTON DE CLIMATE NORMALS FOR TODAY
                         NORMAL    RECORD    YEAR
 MAXIMUM TEMPERATURE (F)   45        69      1997
                                             1974
 MINIMUM TEMPERATURE (F)   28         7      1968


SUNRISE AND SUNSET
FEBRUARY 22 2017......SUNRISE   645 AM EST   SUNSET   547 PM EST
FEBRUARY 23 2017......SUNRISE   644 AM EST   SUNSET   548 PM EST


-  INDICATES NEGATIVE NUMBERS.
R  INDICATES RECORD WAS SET OR TIED.
MM INDICATES DATA IS MISSING.
T  INDICATES TRACE AMOUNT.




$$
