844
CDUS42 KILM 230841
CLIILM


CLIMATE REPORT
NATIONAL WEATHER SERVICE WILMINGTON NC
440 AM EDT SUN APR 23 2017


...................................

...THE WILMINGTON NC CLIMATE SUMMARY FOR APRIL 22 2017...

CLIMATE NORMAL PERIOD 1981 TO 2010
CLIMATE RECORD PERIOD 1871 TO 2017


WEATHER ITEM   OBSERVED TIME   RECORD YEAR NORMAL DEPARTURE LAST
                VALUE   (LST)  VALUE       VALUE  FROM      YEAR
                                                  NORMAL
..................................................................
TEMPERATURE (F)
 YESTERDAY
  MAXIMUM         85    342 PM  93    2002  76      9       81
  MINIMUM         68    601 AM  38    1983  53     15       63
  AVERAGE         77                        64     13       72

PRECIPITATION (IN)
  YESTERDAY        0.00          1.47 1992   0.10  -0.10     0.80
                                      1907
  MONTH TO DATE    2.83                      2.06   0.77     1.83
  SINCE MAR 1      5.54                      6.27  -0.73     4.66
  SINCE JAN 1     11.09                     13.65  -2.56    16.73

SNOWFALL (IN)
  YESTERDAY        0.0          MM      MM   0.0    0.0      0.0
  MONTH TO DATE    0.0                       0.0    0.0      0.0
  SINCE MAR 1      1.1                       0.2    0.9      0.0
  SINCE JUL 1      1.1                       1.7   -0.6       T
  SNOW DEPTH       0

DEGREE DAYS
 HEATING
  YESTERDAY        0                         3     -3        0
  MONTH TO DATE   44                       110    -66      124
  SINCE MAR 1    417                       433    -16      297
  SINCE JUL 1   1932                      2362   -430     1784

 COOLING
  YESTERDAY       12                         3      9        7
  MONTH TO DATE   81                        41     40       30
  SINCE MAR 1    105                        57     48      102
  SINCE JAN 1    111                        62     49      105
..................................................................


WIND (MPH)
  HIGHEST WIND SPEED    21   HIGHEST WIND DIRECTION     S (200)
  HIGHEST GUST SPEED    27   HIGHEST GUST DIRECTION     S (180)
  AVERAGE WIND SPEED    12.1


SKY COVER
  POSSIBLE SUNSHINE  MM
  AVERAGE SKY COVER 0.0


WEATHER CONDITIONS
 THE FOLLOWING WEATHER WAS RECORDED YESTERDAY.
  THUNDERSTORM


RELATIVE HUMIDITY (PERCENT)
 HIGHEST    93           400 AM
 LOWEST     51           300 PM
 AVERAGE    72

..........................................................


THE WILMINGTON NC CLIMATE NORMALS FOR TODAY
                         NORMAL    RECORD    YEAR
 MAXIMUM TEMPERATURE (F)   76        93      1980
 MINIMUM TEMPERATURE (F)   54        37      1986


SUNRISE AND SUNSET
APRIL 23 2017.........SUNRISE   631 AM EDT   SUNSET   750 PM EDT
APRIL 24 2017.........SUNRISE   629 AM EDT   SUNSET   751 PM EDT


-  INDICATES NEGATIVE NUMBERS.
R  INDICATES RECORD WAS SET OR TIED.
MM INDICATES DATA IS MISSING.
T  INDICATES TRACE AMOUNT.




$$
