000
CDUS42 KILM 280848
CLIILM


CLIMATE REPORT
NATIONAL WEATHER SERVICE WILMINGTON NC
446 AM EDT FRI JUL 28 2017


...................................

...THE WILMINGTON NC CLIMATE SUMMARY FOR JULY 27 2017...

CLIMATE NORMAL PERIOD 1981 TO 2010
CLIMATE RECORD PERIOD 1871 TO 2017


WEATHER ITEM   OBSERVED TIME   RECORD YEAR NORMAL DEPARTURE LAST
                VALUE   (LST)  VALUE       VALUE  FROM      YEAR
                                                  NORMAL
..................................................................
TEMPERATURE (F)
 YESTERDAY
  MAXIMUM         88    212 PM 101    2012  90     -2       98
  MINIMUM         69    526 AM  60    1920  73     -4       79
  AVERAGE         79                        81     -2       89

PRECIPITATION (IN)
  YESTERDAY        0.00          2.97 1881   0.26  -0.26     0.00
  MONTH TO DATE    5.20                      6.47  -1.27     4.60
  SINCE JUN 1     15.31                     11.65   3.66    11.23
  SINCE JAN 1     35.81                     30.55   5.26    33.92

DEGREE DAYS
 HEATING
  YESTERDAY        0                         0      0        0
  MONTH TO DATE    0                         0      0        0
  SINCE JUN 1      2                         2      0        0
  SINCE JUL 1      0                         0      0        0

 COOLING
  YESTERDAY       14                        16     -2       24
  MONTH TO DATE  489                       432     57      496
  SINCE JUN 1    877                       817     60      914
  SINCE JAN 1   1314                      1098    216     1249
..................................................................


WIND (MPH)
  HIGHEST WIND SPEED    13   HIGHEST WIND DIRECTION     S (160)
  HIGHEST GUST SPEED    17   HIGHEST GUST DIRECTION    SE (120)
  AVERAGE WIND SPEED     5.2


SKY COVER
  POSSIBLE SUNSHINE  MM
  AVERAGE SKY COVER 0.0


WEATHER CONDITIONS
 THE FOLLOWING WEATHER WAS RECORDED YESTERDAY.
  NO SIGNIFICANT WEATHER WAS OBSERVED.


RELATIVE HUMIDITY (PERCENT)
 HIGHEST   100           100 AM
 LOWEST     46           100 PM
 AVERAGE    73

..........................................................


THE WILMINGTON NC CLIMATE NORMALS FOR TODAY
                         NORMAL    RECORD    YEAR
 MAXIMUM TEMPERATURE (F)   90       102      1936
 MINIMUM TEMPERATURE (F)   73        58      1920


SUNRISE AND SUNSET
JULY 28 2017..........SUNRISE   620 AM EDT   SUNSET   816 PM EDT
JULY 29 2017..........SUNRISE   621 AM EDT   SUNSET   815 PM EDT


-  INDICATES NEGATIVE NUMBERS.
R  INDICATES RECORD WAS SET OR TIED.
MM INDICATES DATA IS MISSING.
T  INDICATES TRACE AMOUNT.




$$
