000
CDUS42 KILM 232042
CLIILM


CLIMATE REPORT
NATIONAL WEATHER SERVICE WILMINGTON NC
441 PM EDT SAT SEP 23 2017


...................................

...THE WILMINGTON NC CLIMATE SUMMARY FOR SEPTEMBER 23 2017...
VALID TODAY AS OF 0400 PM LOCAL TIME.

CLIMATE NORMAL PERIOD 1981 TO 2010
CLIMATE RECORD PERIOD 1871 TO 2017


WEATHER ITEM   OBSERVED TIME   RECORD YEAR NORMAL DEPARTURE LAST
                VALUE   (LST)  VALUE       VALUE  FROM      YEAR
                                                  NORMAL
..................................................................
TEMPERATURE (F)
 TODAY
  MAXIMUM         88    139 PM  94    1980  82      6       81
                                      1895
  MINIMUM         67    536 AM  46    1999  63      4       71
  AVERAGE         78                        73      5       76

PRECIPITATION (IN)
  TODAY            0.00          3.05 1923   0.25  -0.25     1.83
  MONTH TO DATE    3.82                      6.14  -2.32    14.34
  SINCE SEP 1      3.82                      6.14  -2.32    14.34
  SINCE JAN 1     51.20                     45.11   6.09    55.88

DEGREE DAYS
 HEATING
  TODAY            0                         0      0        0
  MONTH TO DATE    0                         0      0        0
  SINCE SEP 1      0                         0      0        0
  SINCE JUL 1      0                         0      0        0

 COOLING
  TODAY           13                         8      5       11
  MONTH TO DATE  258                       247     11      301
  SINCE SEP 1    258                       247     11      301
  SINCE JAN 1   2072                      1870    202     2171
..................................................................


WIND (MPH)
  HIGHEST WIND SPEED    13   HIGHEST WIND DIRECTION     N (20)
  HIGHEST GUST SPEED    20   HIGHEST GUST DIRECTION    NE (50)
  AVERAGE WIND SPEED     2.7


SKY COVER
  POSSIBLE SUNSHINE  MM
  AVERAGE SKY COVER 0.2


WEATHER CONDITIONS
 THE FOLLOWING WEATHER WAS RECORDED TODAY.
  FOG
  FOG W/VISIBILITY <= 1/4 MILE


RELATIVE HUMIDITY (PERCENT)
 HIGHEST   100          1200 AM
 LOWEST     46           100 PM
 AVERAGE    73

..........................................................


THE WILMINGTON NC CLIMATE NORMALS FOR TOMORROW
                         NORMAL    RECORD    YEAR
 MAXIMUM TEMPERATURE (F)   82        93      1931
 MINIMUM TEMPERATURE (F)   63        44      1981


SUNRISE AND SUNSET
SEPTEMBER 23 2017.....SUNRISE   701 AM EDT   SUNSET   707 PM EDT
SEPTEMBER 24 2017.....SUNRISE   701 AM EDT   SUNSET   705 PM EDT


-  INDICATES NEGATIVE NUMBERS.
R  INDICATES RECORD WAS SET OR TIED.
MM INDICATES DATA IS MISSING.
T  INDICATES TRACE AMOUNT.




$$
