000
CDUS42 KILM 140847
CLIILM


CLIMATE REPORT
NATIONAL WEATHER SERVICE WILMINGTON NC
446 AM EDT MON JUL 14 2014


...................................

...THE WILMINGTON NC CLIMATE SUMMARY FOR JULY 13 2014...

CLIMATE NORMAL PERIOD 1981 TO 2010
CLIMATE RECORD PERIOD 1871 TO 2014


WEATHER ITEM   OBSERVED TIME   RECORD YEAR NORMAL DEPARTURE LAST
                VALUE   (LST)  VALUE       VALUE  FROM      YEAR
                                                  NORMAL
..................................................................
TEMPERATURE (F)
 YESTERDAY
  MAXIMUM         88   1053 AM 102    2011  90     -2       83
  MINIMUM         71    428 AM  58    1918  73     -2       72
  AVERAGE         80                        81     -1       78

PRECIPITATION (IN)
  YESTERDAY        0.00          2.99 1989   0.24  -0.24     0.58
  MONTH TO DATE    4.69                      2.84   1.85     3.89
  SINCE JUN 1      7.17                      8.02  -0.85    15.35
  SINCE JAN 1     26.41                     26.92  -0.51    32.06

DEGREE DAYS
 HEATING
  YESTERDAY        0                         0      0        0
  MONTH TO DATE    0                         0      0        0
  SINCE JUN 1      0                         2     -2        0
  SINCE JUL 1      0                         0      0        0

 COOLING
  YESTERDAY       15                        16     -1       13
  MONTH TO DATE  200                       208     -8      188
  SINCE JUN 1    640                       593     47      568
  SINCE JAN 1   1047                       874    173      794
..................................................................


WIND (MPH)
  HIGHEST WIND SPEED    15   HIGHEST WIND DIRECTION     S (180)
  HIGHEST GUST SPEED    19   HIGHEST GUST DIRECTION     S (170)
  AVERAGE WIND SPEED     6.5


SKY COVER
  POSSIBLE SUNSHINE  MM
  AVERAGE SKY COVER 0.2


WEATHER CONDITIONS
 THE FOLLOWING WEATHER WAS RECORDED YESTERDAY.
  NO SIGNIFICANT WEATHER WAS OBSERVED.


RELATIVE HUMIDITY (PERCENT)
 HIGHEST    93           400 AM
 LOWEST     59          1100 AM
 AVERAGE    76

..........................................................


THE WILMINGTON NC CLIMATE NORMALS FOR TODAY
                         NORMAL    RECORD    YEAR
 MAXIMUM TEMPERATURE (F)   90        98      1986
                                             1981
                                             1880
 MINIMUM TEMPERATURE (F)   73        61      1918
                                             1888


SUNRISE AND SUNSET
JULY 14 2014..........SUNRISE   610 AM EDT   SUNSET   825 PM EDT
JULY 15 2014..........SUNRISE   611 AM EDT   SUNSET   824 PM EDT


-  INDICATES NEGATIVE NUMBERS.
R  INDICATES RECORD WAS SET OR TIED.
MM INDICATES DATA IS MISSING.
T  INDICATES TRACE AMOUNT.




$$
