000
CDUS42 KILM 010841
CLIILM


CLIMATE REPORT
NATIONAL WEATHER SERVICE WILMINGTON NC
441 AM EDT FRI AUG 1 2014


...................................

...THE WILMINGTON NC CLIMATE SUMMARY FOR JULY 31 2014...

CLIMATE NORMAL PERIOD 1981 TO 2010
CLIMATE RECORD PERIOD 1871 TO 2014


WEATHER ITEM   OBSERVED TIME   RECORD YEAR NORMAL DEPARTURE LAST
                VALUE   (LST)  VALUE       VALUE  FROM      YEAR
                                                  NORMAL
..................................................................
TEMPERATURE (F)
 YESTERDAY
  MAXIMUM         86   1253 PM  99    1999  89     -3       84
  MINIMUM         69    505 AM  60    1914  73     -4       72
  AVERAGE         78                        81     -3       78

PRECIPITATION (IN)
  YESTERDAY        0.02          3.14 1969   0.25  -0.23      T
  MONTH TO DATE   12.00                      7.48   4.52     5.64
  SINCE JUN 1     14.48                     12.66   1.82    17.10
  SINCE JAN 1     33.72                     31.56   2.16    33.81

DEGREE DAYS
 HEATING
  YESTERDAY        0                         0      0        0
  MONTH TO DATE    0                         0      0        0
  SINCE JUN 1      0                         2     -2        0
  SINCE JUL 1      0                         0      0        0

 COOLING
  YESTERDAY       13                        16     -3       13
  MONTH TO DATE  468                       501    -33      467
  SINCE JUN 1    908                       886     22      847
  SINCE JAN 1   1315                      1167    148     1073
..................................................................


WIND (MPH)
  HIGHEST WIND SPEED    17   HIGHEST WIND DIRECTION     E (100)
  HIGHEST GUST SPEED    24   HIGHEST GUST DIRECTION     E (90)
  AVERAGE WIND SPEED     8.4


SKY COVER
  POSSIBLE SUNSHINE  MM
  AVERAGE SKY COVER 0.2


WEATHER CONDITIONS
 THE FOLLOWING WEATHER WAS RECORDED YESTERDAY.
  LIGHT RAIN


RELATIVE HUMIDITY (PERCENT)
 HIGHEST    97           200 AM
 LOWEST     55          1200 PM
 AVERAGE    76

..........................................................


THE WILMINGTON NC CLIMATE NORMALS FOR TODAY
                         NORMAL    RECORD    YEAR
 MAXIMUM TEMPERATURE (F)   89       103      1999
 MINIMUM TEMPERATURE (F)   72        61      1997


SUNRISE AND SUNSET
AUGUST  1 2014........SUNRISE   623 AM EDT   SUNSET   813 PM EDT
AUGUST  2 2014........SUNRISE   623 AM EDT   SUNSET   812 PM EDT


-  INDICATES NEGATIVE NUMBERS.
R  INDICATES RECORD WAS SET OR TIED.
MM INDICATES DATA IS MISSING.
T  INDICATES TRACE AMOUNT.




$$
