000
CDUS42 KILM 280842
CLIILM


CLIMATE REPORT
NATIONAL WEATHER SERVICE WILMINGTON NC
441 AM EDT SUN MAY 28 2017


...................................

...THE WILMINGTON NC CLIMATE SUMMARY FOR MAY 27 2017...

CLIMATE NORMAL PERIOD 1981 TO 2010
CLIMATE RECORD PERIOD 1871 TO 2017


WEATHER ITEM   OBSERVED TIME   RECORD YEAR NORMAL DEPARTURE LAST
                VALUE   (LST)  VALUE       VALUE  FROM      YEAR
                                                  NORMAL
..................................................................
TEMPERATURE (F)
 YESTERDAY
  MAXIMUM         90    110 PM  96    1989  83      7       81
  MINIMUM         61    537 AM  46    1925  63     -2       63
  AVERAGE         76                        73      3       72

PRECIPITATION (IN)
  YESTERDAY        0.00          3.02 1960   0.17  -0.17     0.00
  MONTH TO DATE    4.48                      3.81   0.67     4.50
  SINCE MAR 1     14.24                     10.84   3.40     9.24
  SINCE JAN 1     19.79                     18.22   1.57    21.31

DEGREE DAYS
 HEATING
  YESTERDAY        0                         0      0        0
  MONTH TO DATE   12                        25    -13       19
  SINCE MAR 1    429                       478    -49      319
  SINCE JUL 1   1944                      2407   -463     1806

 COOLING
  YESTERDAY       11                         8      3        7
  MONTH TO DATE  208                       157     51      149
  SINCE MAR 1    372                       240    132      292
  SINCE JAN 1    378                       245    133      295
..................................................................


WIND (MPH)
  HIGHEST WIND SPEED    17   HIGHEST WIND DIRECTION    SW (220)
  HIGHEST GUST SPEED    23   HIGHEST GUST DIRECTION    SW (220)
  AVERAGE WIND SPEED     7.7


SKY COVER
  POSSIBLE SUNSHINE  MM
  AVERAGE SKY COVER 0.0


WEATHER CONDITIONS
 THE FOLLOWING WEATHER WAS RECORDED YESTERDAY.
  NO SIGNIFICANT WEATHER WAS OBSERVED.


RELATIVE HUMIDITY (PERCENT)
 HIGHEST    93           400 AM
 LOWEST     44           100 PM
 AVERAGE    69

..........................................................


THE WILMINGTON NC CLIMATE NORMALS FOR TODAY
                         NORMAL    RECORD    YEAR
 MAXIMUM TEMPERATURE (F)   83        97      1967
 MINIMUM TEMPERATURE (F)   64        44      1961


SUNRISE AND SUNSET
MAY 28 2017...........SUNRISE   602 AM EDT   SUNSET   816 PM EDT
MAY 29 2017...........SUNRISE   602 AM EDT   SUNSET   817 PM EDT


-  INDICATES NEGATIVE NUMBERS.
R  INDICATES RECORD WAS SET OR TIED.
MM INDICATES DATA IS MISSING.
T  INDICATES TRACE AMOUNT.




$$
