000
CDUS42 KILM 260941
CLIILM


CLIMATE REPORT
NATIONAL WEATHER SERVICE WILMINGTON NC
441 AM EST WED NOV 26 2014


...................................

...THE WILMINGTON NC CLIMATE SUMMARY FOR NOVEMBER 25 2014...

CLIMATE NORMAL PERIOD 1981 TO 2010
CLIMATE RECORD PERIOD 1871 TO 2014


WEATHER ITEM   OBSERVED TIME   RECORD YEAR NORMAL DEPARTURE LAST
                VALUE   (LST)  VALUE       VALUE  FROM      YEAR
                                                  NORMAL
..................................................................
TEMPERATURE (F)
 YESTERDAY
  MAXIMUM         67    345 PM  83    1973  65      2       47
  MINIMUM         62   1141 PM  20    1970  43     19       23
                                      1950
  AVERAGE         65                        54     11       35

PRECIPITATION (IN)
  YESTERDAY        0.44          2.58 2000   0.11   0.33     0.00
  MONTH TO DATE    3.80                      2.70   1.10     1.69
  SINCE SEP 1     11.39                     14.43  -3.04     4.94
  SINCE JAN 1     53.90                     53.40   0.50    47.43

SNOWFALL (IN)
  YESTERDAY        0.0           T    1950   0.0    0.0      0.0
  MONTH TO DATE    0.0                       0.0    0.0       T
  SINCE SEP 1      0.0                       0.0    0.0       T
  SINCE JUL 1      0.0                       0.0    0.0       T
  SNOW DEPTH       0

DEGREE DAYS
 HEATING
  YESTERDAY        0                        11    -11       30
  MONTH TO DATE  308                       211     97      242
  SINCE SEP 1    367                       308     59      314
  SINCE JUL 1    367                       308     59      314

 COOLING
  YESTERDAY        0                         0      0        0
  MONTH TO DATE   10                        23    -13       23
  SINCE SEP 1    433                       414     19      402
  SINCE JAN 1   2190                      2037    153     1892
..................................................................


WIND (MPH)
  HIGHEST WIND SPEED    17   HIGHEST WIND DIRECTION     E (80)
  HIGHEST GUST SPEED    23   HIGHEST GUST DIRECTION     E (80)
  AVERAGE WIND SPEED     5.6


SKY COVER
  POSSIBLE SUNSHINE  MM
  AVERAGE SKY COVER 0.9


WEATHER CONDITIONS
 THE FOLLOWING WEATHER WAS RECORDED YESTERDAY.
  THUNDERSTORM
  HEAVY RAIN
  RAIN
  LIGHT RAIN
  FOG


RELATIVE HUMIDITY (PERCENT)
 HIGHEST   100           600 AM
 LOWEST     87           100 AM
 AVERAGE    94

..........................................................


THE WILMINGTON NC CLIMATE NORMALS FOR TODAY
                         NORMAL    RECORD    YEAR
 MAXIMUM TEMPERATURE (F)   65        80      2001
                                             1999
 MINIMUM TEMPERATURE (F)   43        16      1950


SUNRISE AND SUNSET
NOVEMBER 26 2014......SUNRISE   655 AM EST   SUNSET   503 PM EST
NOVEMBER 27 2014......SUNRISE   656 AM EST   SUNSET   502 PM EST


-  INDICATES NEGATIVE NUMBERS.
R  INDICATES RECORD WAS SET OR TIED.
MM INDICATES DATA IS MISSING.
T  INDICATES TRACE AMOUNT.




$$
