000
CDUS42 KILM 172143
CLIILM


CLIMATE REPORT
NATIONAL WEATHER SERVICE WILMINGTON NC
443 PM EST SAT FEB 17 2018


...................................

...THE WILMINGTON NORTH CAROLINA CLIMATE SUMMARY FOR FEBRUARY 17 2018...
VALID TODAY AS OF 0400 PM LOCAL TIME.

CLIMATE NORMAL PERIOD 1981 TO 2010
CLIMATE RECORD PERIOD 1871 TO 2018


WEATHER ITEM   OBSERVED TIME   RECORD YEAR NORMAL DEPARTURE LAST
                VALUE   (LST)  VALUE       VALUE  FROM      YEAR
                                                  NORMAL
..................................................................
TEMPERATURE (F)
 TODAY
  MAXIMUM         65   1245 AM  81    1976  60      5       62
                                      1927
  MINIMUM         52    239 PM  14    1958  38     14       36
  AVERAGE         59                        49     10       49

PRECIPITATION (IN)
  TODAY            0.00          2.30 1998   0.13  -0.13     0.00
  MONTH TO DATE    1.68                      2.16  -0.48     1.32
  SINCE DEC 1     12.36                      9.54   2.82    10.90
  SINCE JAN 1      8.50                      5.92   2.58     5.54

SNOWFALL (IN)
  TODAY            0.0           1.0  1896   0.0    0.0      0.0
  MONTH TO DATE    0.0                       0.2   -0.2      0.0
  SINCE DEC 1      3.8                       1.4    2.4       T
  SINCE JUL 1      3.8                       1.4    2.4       T
  SNOW DEPTH       0

DEGREE DAYS
 HEATING
  TODAY            6                        16    -10       16
  MONTH TO DATE  201                       290    -89      207
  SINCE DEC 1   1425                      1396     29     1094
  SINCE JUL 1   1763                      1765     -2     1453

 COOLING
  TODAY            0                         0      0        0
  MONTH TO DATE   14                         0     14        5
  SINCE DEC 1     15                         7      8        8
  SINCE JAN 1     15                         2     13        5
..................................................................


WIND (MPH)
  RESULTANT WIND SPEED  11   RESULTANT WIND DIRECTION  NE (60)
  HIGHEST WIND SPEED    23   HIGHEST WIND DIRECTION     E (90)
  HIGHEST GUST SPEED    28   HIGHEST GUST DIRECTION     E (100)
  AVERAGE WIND SPEED    11.4


SKY COVER
  POSSIBLE SUNSHINE  MM
  AVERAGE SKY COVER 1.0


WEATHER CONDITIONS
 THE FOLLOWING WEATHER WAS RECORDED TODAY.
  NO SIGNIFICANT WEATHER WAS OBSERVED.


RELATIVE HUMIDITY (PERCENT)
 HIGHEST    83           500 AM
 LOWEST     48           100 AM
 AVERAGE    66

..........................................................


THE WILMINGTON NORTH CAROLINA CLIMATE NORMALS FOR TOMORROW
                         NORMAL    RECORD    YEAR
 MAXIMUM TEMPERATURE (F)   60        80      1891
 MINIMUM TEMPERATURE (F)   38        11      1958


SUNRISE AND SUNSET
FEBRUARY 17 2018......SUNRISE   654 AM EST   SUNSET   557 PM EST
FEBRUARY 18 2018......SUNRISE   653 AM EST   SUNSET   558 PM EST


-  INDICATES NEGATIVE NUMBERS.
R  INDICATES RECORD WAS SET OR TIED.
MM INDICATES DATA IS MISSING.
T  INDICATES TRACE AMOUNT.




$$
