000
CDUS42 KILM 231050
CLIILM


CLIMATE REPORT
NATIONAL WEATHER SERVICE WILMINGTON NC
549 AM EST THU NOV 23 2017


...................................

...THE WILMINGTON NC CLIMATE SUMMARY FOR NOVEMBER 22 2017...

CLIMATE NORMAL PERIOD 1981 TO 2010
CLIMATE RECORD PERIOD 1871 TO 2017


WEATHER ITEM   OBSERVED TIME   RECORD YEAR NORMAL DEPARTURE LAST
                VALUE   (LST)  VALUE       VALUE  FROM      YEAR
                                                  NORMAL
..................................................................
TEMPERATURE (F)
 YESTERDAY
  MAXIMUM         72    241 PM  80    2011  66      6       58
  MINIMUM         47   1054 PM  23    2008  44      3       29
  AVERAGE         60                        55      5       44

PRECIPITATION (IN)
  YESTERDAY        0.09          1.83 1985   0.12  -0.03     0.00
  MONTH TO DATE    1.07                      2.36  -1.29     1.96
  SINCE SEP 1     11.40                     14.09  -2.69    24.60
  SINCE JAN 1     58.78                     53.06   5.72    66.14

SNOWFALL (IN)
  YESTERDAY       MM            MM      MM   0.0   MM        0.0
  MONTH TO DATE    0.0                       0.0    0.0      0.0
  SINCE SEP 1      0.0                       0.0    0.0      0.0
  SINCE JUL 1      0.0                       0.0    0.0      0.0
  SNOW DEPTH       0

DEGREE DAYS
 HEATING
  YESTERDAY        5                        11     -6       21
  MONTH TO DATE  179                       178      1      237
  SINCE SEP 1    241                       275    -34      283
  SINCE JUL 1    241                       275    -34      283

 COOLING
  YESTERDAY        0                         1     -1        0
  MONTH TO DATE   27                        22      5        7
  SINCE SEP 1    541                       413    128      511
  SINCE JAN 1   2355                      2036    319     2381
..................................................................


WIND (MPH)
  HIGHEST WIND SPEED    17   HIGHEST WIND DIRECTION     N (340)
  HIGHEST GUST SPEED    22   HIGHEST GUST DIRECTION    NW (310)
  AVERAGE WIND SPEED     7.3


SKY COVER
  POSSIBLE SUNSHINE  MM
  AVERAGE SKY COVER 0.5


WEATHER CONDITIONS
 THE FOLLOWING WEATHER WAS RECORDED YESTERDAY.
  RAIN
  LIGHT RAIN
  FOG
  FOG W/VISIBILITY <= 1/4 MILE


RELATIVE HUMIDITY (PERCENT)
 HIGHEST   100          1200 AM
 LOWEST     44           300 PM
 AVERAGE    72

..........................................................


THE WILMINGTON NC CLIMATE NORMALS FOR TODAY
                         NORMAL    RECORD    YEAR
 MAXIMUM TEMPERATURE (F)   66        81      1992
                                             1900
 MINIMUM TEMPERATURE (F)   43        23      1981


SUNRISE AND SUNSET
NOVEMBER 23 2017......SUNRISE   652 AM EST   SUNSET   504 PM EST
NOVEMBER 24 2017......SUNRISE   653 AM EST   SUNSET   503 PM EST


-  INDICATES NEGATIVE NUMBERS.
R  INDICATES RECORD WAS SET OR TIED.
MM INDICATES DATA IS MISSING.
T  INDICATES TRACE AMOUNT.




$$
