000
CDUS43 KILX 210646
CLIILX


CLIMATE REPORT
NATIONAL WEATHER SERVICE LINCOLN IL
144 AM CDT THU SEP 21 2017


...................................

...THE LINCOLN IL CLIMATE SUMMARY FOR SEPTEMBER 20 2017...

CLIMATE NORMAL PERIOD 1981 TO 2010
CLIMATE RECORD PERIOD 1905 TO 2017


WEATHER ITEM   OBSERVED TIME   RECORD YEAR NORMAL DEPARTURE LAST
                VALUE   (LST)  VALUE       VALUE  FROM      YEAR
                                                  NORMAL
..................................................................
TEMPERATURE (F)
 YESTERDAY
  MAXIMUM         92        MM  94    1940  77     15       93
  MINIMUM         62        MM  31    1918  52     10       66
  AVERAGE         77                        64     13       80

PRECIPITATION (IN)
  YESTERDAY        0.00          3.55 1986   0.10  -0.10     0.00
  MONTH TO DATE    0.71                      2.18  -1.47     3.92
  SINCE SEP 1      0.71                      2.18  -1.47     3.92
  SINCE JAN 1     25.83                     29.60  -3.77    33.36

SNOWFALL (IN)
  YESTERDAY        0.0           T    1913   0.0    0.0      0.0
  MONTH TO DATE    0.0                       0.0    0.0      0.0
  SINCE SEP 1      0.0                       0.0    0.0      0.0
  SINCE JUL 1      T                         0.0    0.0      0.0
  SNOW DEPTH       0

DEGREE DAYS
 HEATING
  YESTERDAY        0                         3     -3        0
  MONTH TO DATE   52                        33     19        1
  SINCE SEP 1     52                        33     19        1
  SINCE JUL 1     58                        42     16       10

 COOLING
  YESTERDAY       12                         3      9       15
  MONTH TO DATE   64                        95    -31      137
  SINCE SEP 1     64                        95    -31      137
  SINCE JAN 1    863                       984   -121     1128
..................................................................


WIND (MPH)
  HIGHEST WIND SPEED    MM   HIGHEST WIND DIRECTION    MM
  HIGHEST GUST SPEED    MM   HIGHEST GUST DIRECTION    MM
  AVERAGE WIND SPEED    MM


SKY COVER
  POSSIBLE SUNSHINE  MM


WEATHER CONDITIONS
 THE FOLLOWING WEATHER WAS RECORDED YESTERDAY.
  NO SIGNIFICANT WEATHER WAS OBSERVED.


..........................................................


THE LINCOLN IL CLIMATE NORMALS FOR TODAY
                         NORMAL    RECORD    YEAR
 MAXIMUM TEMPERATURE (F)   76        94      1940
 MINIMUM TEMPERATURE (F)   51        34      1918


SUNRISE AND SUNSET
SEPTEMBER 21 2017.....SUNRISE   644 AM CDT   SUNSET   656 PM CDT
SEPTEMBER 22 2017.....SUNRISE   645 AM CDT   SUNSET   654 PM CDT


-  INDICATES NEGATIVE NUMBERS.
R  INDICATES RECORD WAS SET OR TIED.
MM INDICATES DATA IS MISSING.
T  INDICATES TRACE AMOUNT.




$$
