000
CDUS43 KILX 042332
CLIILX


CLIMATE REPORT
NATIONAL WEATHER SERVICE LINCOLN IL
532 PM CST SUN DEC 4 2016


...................................

...THE LINCOLN IL CLIMATE SUMMARY FOR DECEMBER 4 2016...
VALID TODAY AS OF 0400 PM LOCAL TIME.

CLIMATE NORMAL PERIOD 1981 TO 2010
CLIMATE RECORD PERIOD 1905 TO 2016


WEATHER ITEM   OBSERVED TIME   RECORD YEAR NORMAL DEPARTURE LAST
                VALUE   (LST)  VALUE       VALUE  FROM      YEAR
                                                  NORMAL
..................................................................
TEMPERATURE (F)
 TODAY
  MAXIMUM         34        MM  69    1916  41     -7       44
  MINIMUM         32        MM   1    1929  25      7       23
  AVERAGE         33                        33      0       34

PRECIPITATION (IN)
  TODAY            0.41          1.08 1982   0.10   0.31     0.00
  MONTH TO DATE    0.41                      0.39   0.02     0.06
  SINCE DEC 1      0.41                      0.39   0.02     0.06
  SINCE JAN 1     38.83                     37.35   1.48    41.87

SNOWFALL (IN)
  TODAY            2.7           3.0  1957   0.2    2.5      0.0
  MONTH TO DATE    2.7                       0.5    2.2       T
  SINCE DEC 1      2.7                       0.5    2.2       T
  SINCE JUL 1      2.7                       1.1    1.6      1.0
  SNOW DEPTH       2

DEGREE DAYS
 HEATING
  TODAY           32                        32      0       31
  MONTH TO DATE  115                       124     -9      120
  SINCE DEC 1    115                       124     -9      120
  SINCE JUL 1    892                      1267   -375     1047

 COOLING
  TODAY            0                         0      0        0
  MONTH TO DATE    0                         0      0        0
  SINCE DEC 1      0                         0      0        0
  SINCE JAN 1   1241                      1017    224      998
..................................................................







THE LINCOLN IL CLIMATE NORMALS FOR TOMORROW
                         NORMAL    RECORD    YEAR
 MAXIMUM TEMPERATURE (F)   41        72      1998
 MINIMUM TEMPERATURE (F)   25         3      2005


SUNRISE AND SUNSET
DECEMBER  4 2016......SUNRISE   704 AM CST   SUNSET   432 PM CST
DECEMBER  5 2016......SUNRISE   705 AM CST   SUNSET   432 PM CST


-  INDICATES NEGATIVE NUMBERS.
R  INDICATES RECORD WAS SET OR TIED.
MM INDICATES DATA IS MISSING.
T  INDICATES TRACE AMOUNT.




$$
