000
CDUS43 KILX 220638
CLIILX


CLIMATE REPORT
NATIONAL WEATHER SERVICE LINCOLN IL
1237 AM CST WED NOV 22 2017


...................................

...THE LINCOLN IL CLIMATE SUMMARY FOR NOVEMBER 21 2017...

CLIMATE NORMAL PERIOD 1981 TO 2010
CLIMATE RECORD PERIOD 1905 TO 2017


WEATHER ITEM   OBSERVED TIME   RECORD YEAR NORMAL DEPARTURE LAST
                VALUE   (LST)  VALUE       VALUE  FROM      YEAR
                                                  NORMAL
..................................................................
TEMPERATURE (F)
 YESTERDAY
  MAXIMUM         49        MM  76    1913  48      1       43
  MINIMUM         25        MM   5    1937  31     -6       18
  AVERAGE         37                        40     -3       31

PRECIPITATION (IN)
  YESTERDAY        0.00          1.32 1906   0.12  -0.12     0.00
  MONTH TO DATE    2.37                      2.25   0.12     0.97
  SINCE SEP 1      7.76                      8.54  -0.78     7.04
  SINCE JAN 1     32.88                     35.96  -3.08    36.48

SNOWFALL (IN)
  YESTERDAY        0.0           T    2002   0.0    0.0      0.0
                                      1985
                                      1975
  MONTH TO DATE    T                         0.2   -0.2      0.0
  SINCE SEP 1      T                         0.2   -0.2      0.0
  SINCE JUL 1      T                         0.2   -0.2      0.0
  SNOW DEPTH       0

DEGREE DAYS
 HEATING
  YESTERDAY       28                        25      3       34
  MONTH TO DATE  505                       435     70      336
  SINCE SEP 1    843                       882    -39      557
  SINCE JUL 1    849                       891    -42      566

 COOLING
  YESTERDAY        0                         0      0        0
  MONTH TO DATE    0                         0      0        7
  SINCE SEP 1    185                       128     57      250
  SINCE JAN 1    984                      1017    -33     1241
..................................................................


WIND (MPH)
  HIGHEST WIND SPEED    MM   HIGHEST WIND DIRECTION    MM
  HIGHEST GUST SPEED    MM   HIGHEST GUST DIRECTION    MM
  AVERAGE WIND SPEED    MM


SKY COVER
  POSSIBLE SUNSHINE  MM


WEATHER CONDITIONS
 THE FOLLOWING WEATHER WAS RECORDED YESTERDAY.
  NO SIGNIFICANT WEATHER WAS OBSERVED.


..........................................................


THE LINCOLN IL CLIMATE NORMALS FOR TODAY
                         NORMAL    RECORD    YEAR
 MAXIMUM TEMPERATURE (F)   48        72      1927
 MINIMUM TEMPERATURE (F)   31         7      1937


SUNRISE AND SUNSET
NOVEMBER 22 2017......SUNRISE   651 AM CST   SUNSET   436 PM CST
NOVEMBER 23 2017......SUNRISE   652 AM CST   SUNSET   435 PM CST


-  INDICATES NEGATIVE NUMBERS.
R  INDICATES RECORD WAS SET OR TIED.
MM INDICATES DATA IS MISSING.
T  INDICATES TRACE AMOUNT.




$$
