000
CDUS43 KILX 250641
CLIILX


CLIMATE REPORT
NATIONAL WEATHER SERVICE LINCOLN IL
140 AM CDT SAT MAR 25 2017


...................................

...THE LINCOLN IL CLIMATE SUMMARY FOR MARCH 24 2017...

CLIMATE NORMAL PERIOD 1981 TO 2010
CLIMATE RECORD PERIOD 1905 TO 2017


WEATHER ITEM   OBSERVED TIME   RECORD YEAR NORMAL DEPARTURE LAST
                VALUE   (LST)  VALUE       VALUE  FROM      YEAR
                                                  NORMAL
..................................................................
TEMPERATURE (F)
 YESTERDAY
  MAXIMUM         77        MM  85    1929  55     22       61
  MINIMUM         40        MM   7    1974  34      6       33
  AVERAGE         59                        44     15       47

PRECIPITATION (IN)
  YESTERDAY        0.02          1.13 2013   0.09  -0.07     0.54
  MONTH TO DATE    1.22                      1.97  -0.75     1.92
  SINCE MAR 1      1.22                      1.97  -0.75     1.92
  SINCE JAN 1      3.87                      5.72  -1.85     4.16

SNOWFALL (IN)
  YESTERDAY        0.0          10.8  2013   0.0    0.0      0.0
  MONTH TO DATE    3.7                       1.5    2.2       T
  SINCE MAR 1      3.7                       1.5    2.2       T
  SINCE JUL 1     10.9                      20.0   -9.1     12.3
  SNOW DEPTH       0

DEGREE DAYS
 HEATING
  YESTERDAY        6                        21    -15       18
  MONTH TO DATE  586                       604    -18      430
  SINCE MAR 1    586                       604    -18      430
  SINCE JUL 1   4194                      5027   -833     4225

 COOLING
  YESTERDAY        0                         0      0        0
  MONTH TO DATE    0                         0      0        0
  SINCE MAR 1      0                         0      0        0
  SINCE JAN 1      0                         0      0        0
..................................................................


WIND (MPH)
  HIGHEST WIND SPEED    MM   HIGHEST WIND DIRECTION    MM
  HIGHEST GUST SPEED    MM   HIGHEST GUST DIRECTION    MM
  AVERAGE WIND SPEED    MM


SKY COVER
  POSSIBLE SUNSHINE  MM


WEATHER CONDITIONS
 THE FOLLOWING WEATHER WAS RECORDED YESTERDAY.
  LIGHT RAIN


..........................................................


THE LINCOLN IL CLIMATE NORMALS FOR TODAY
                         NORMAL    RECORD    YEAR
 MAXIMUM TEMPERATURE (F)   55        82      1929
 MINIMUM TEMPERATURE (F)   34         9      1974


SUNRISE AND SUNSET
MARCH 25 2017.........SUNRISE   652 AM CDT   SUNSET   715 PM CDT
MARCH 26 2017.........SUNRISE   651 AM CDT   SUNSET   716 PM CDT


-  INDICATES NEGATIVE NUMBERS.
R  INDICATES RECORD WAS SET OR TIED.
MM INDICATES DATA IS MISSING.
T  INDICATES TRACE AMOUNT.




$$
