000
CDUS43 KILX 140642
CLIILX


CLIMATE REPORT
NATIONAL WEATHER SERVICE LINCOLN IL
1234 AM CST SUN FEB 14 2016


...................................

...THE LINCOLN IL CLIMATE SUMMARY FOR FEBRUARY 13 2016...

CLIMATE NORMAL PERIOD 1981 TO 2010
CLIMATE RECORD PERIOD 1905 TO 2016


WEATHER ITEM   OBSERVED TIME   RECORD YEAR NORMAL DEPARTURE LAST
                VALUE   (LST)  VALUE       VALUE  FROM      YEAR
                                                  NORMAL
..................................................................
TEMPERATURE (F)
 YESTERDAY
  MAXIMUM         20        MM  68    1938  38    -18       32
  MINIMUM          4        MM  -4    2014  21    -17        8
  AVERAGE         12                        30    -18       20

PRECIPITATION (IN)
  YESTERDAY        0.00          1.06 1984   0.06  -0.06     0.00
  MONTH TO DATE    0.73                      0.79  -0.06     0.80
  SINCE DEC 1      8.53                      5.36   3.17     3.64
  SINCE JAN 1      1.72                      2.72  -1.00     2.19

SNOWFALL (IN)
  YESTERDAY        0.0           9.7  2007   0.3   -0.3      0.0
  MONTH TO DATE    1.1                       3.0   -1.9      5.0
  SINCE DEC 1      6.7                      15.1   -8.4     10.0
  SINCE JUL 1      7.7                      15.7   -8.0     11.0
  SNOW DEPTH       0

DEGREE DAYS
 HEATING
  YESTERDAY       53                        35     18       45
  MONTH TO DATE  486                       479      7      527
  SINCE DEC 1   2446                      2790   -344     2773
  SINCE JUL 1   3373                      3933   -560     4171

 COOLING
  YESTERDAY        0                         0      0        0
  MONTH TO DATE    0                         0      0        0
  SINCE DEC 1      0                         0      0        0
  SINCE JAN 1      0                         0      0        0
..................................................................


WIND (MPH)
  HIGHEST WIND SPEED    MM   HIGHEST WIND DIRECTION    MM
  HIGHEST GUST SPEED    MM   HIGHEST GUST DIRECTION    MM
  AVERAGE WIND SPEED    MM


SKY COVER
  POSSIBLE SUNSHINE  MM


WEATHER CONDITIONS
 THE FOLLOWING WEATHER WAS RECORDED YESTERDAY.
  NO SIGNIFICANT WEATHER WAS OBSERVED.


..........................................................


THE LINCOLN IL CLIMATE NORMALS FOR TODAY
                         NORMAL    RECORD    YEAR
 MAXIMUM TEMPERATURE (F)   38        71      1954
 MINIMUM TEMPERATURE (F)   22        -4      1916


SUNRISE AND SUNSET
FEBRUARY 14 2016......SUNRISE   652 AM CST   SUNSET   531 PM CST
FEBRUARY 15 2016......SUNRISE   651 AM CST   SUNSET   532 PM CST


-  INDICATES NEGATIVE NUMBERS.
R  INDICATES RECORD WAS SET OR TIED.
MM INDICATES DATA IS MISSING.
T  INDICATES TRACE AMOUNT.




$$
