000
CDUS43 KILX 302159
CLIILX


CLIMATE REPORT
NATIONAL WEATHER SERVICE LINCOLN IL
459 PM CDT SAT AUG 30 2014


...................................

...THE LINCOLN IL CLIMATE SUMMARY FOR AUGUST 30 2014...
VALID TODAY AS OF 0400 PM LOCAL TIME.

CLIMATE NORMAL PERIOD 1981 TO 2010
CLIMATE RECORD PERIOD 1905 TO 2014


WEATHER ITEM   OBSERVED TIME   RECORD YEAR NORMAL DEPARTURE LAST
                VALUE   (LST)  VALUE       VALUE  FROM      YEAR
                                                  NORMAL
..................................................................
TEMPERATURE (F)
 TODAY
  MAXIMUM         85        MM  98    1951  83      2       95
  MINIMUM         70        MM  43    1986  60     10       66
  AVERAGE         78                        72      6       81

PRECIPITATION (IN)
  TODAY            0.00          3.51 1959   0.12  -0.12     0.00
  MONTH TO DATE    6.13                      3.81   2.32     1.87
  SINCE JUN 1     17.33                     13.19   4.14     7.98
  SINCE JAN 1     28.65                     27.31   1.34    29.14

SNOWFALL (IN)
  TODAY            0.0           0.0    MM   0.0    0.0      0.0
  MONTH TO DATE    0.0                       0.0    0.0      0.0
  SINCE JUN 1      0.0                       0.0    0.0       T
  SINCE JUL 1      0.0                       0.0    0.0       T
  SNOW DEPTH       0

DEGREE DAYS
 HEATING
  TODAY            0                         0      0        0
  MONTH TO DATE    1                         0      1       11
  SINCE JUN 1     17                        19     -2       39
  SINCE JUL 1     10                         2      8       22

 COOLING
  TODAY           13                         7      6       16
  MONTH TO DATE  246                       249     -3      191
  SINCE JUN 1    612                       792   -180      653
  SINCE JAN 1    741                       883   -142      755
..................................................................







THE LINCOLN IL CLIMATE NORMALS FOR TOMORROW
                         NORMAL    RECORD    YEAR
 MAXIMUM TEMPERATURE (F)   83       101      1953
 MINIMUM TEMPERATURE (F)   60        36      1915


SUNRISE AND SUNSET
AUGUST 30 2014........SUNRISE   623 AM CDT   SUNSET   732 PM CDT
AUGUST 31 2014........SUNRISE   624 AM CDT   SUNSET   731 PM CDT


-  INDICATES NEGATIVE NUMBERS.
R  INDICATES RECORD WAS SET OR TIED.
MM INDICATES DATA IS MISSING.
T  INDICATES TRACE AMOUNT.




$$
