000
CDUS43 KILX 230649
CLIILX


CLIMATE REPORT
NATIONAL WEATHER SERVICE LINCOLN IL
149 AM CDT WED JUL 23 2014


...................................

...THE LINCOLN IL CLIMATE SUMMARY FOR JULY 22 2014...

CLIMATE NORMAL PERIOD 1981 TO 2010
CLIMATE RECORD PERIOD 1905 TO 2014


WEATHER ITEM   OBSERVED TIME   RECORD YEAR NORMAL DEPARTURE LAST
                VALUE   (LST)  VALUE       VALUE  FROM      YEAR
                                                  NORMAL
..................................................................
TEMPERATURE (F)
 YESTERDAY
  MAXIMUM         86        MM 103    1934  85      1       86
  MINIMUM         62        MM  47    1915  64     -2       65
  AVERAGE         74                        75     -1       76

PRECIPITATION (IN)
  YESTERDAY        0.00          4.64 1990   0.17  -0.17      T
  MONTH TO DATE    3.59                      3.71  -0.12     1.94
  SINCE JUN 1     10.01                      8.03   1.98     5.19
  SINCE JAN 1     21.33                     22.15  -0.82    26.35

SNOWFALL (IN)
  YESTERDAY        0.0           0.0    MM   0.0    0.0      0.0
  MONTH TO DATE    0.0                       0.0    0.0       T
  SINCE JUN 1      0.0                       0.0    0.0       T
  SINCE JUL 1      0.0                       0.0    0.0       T
  SNOW DEPTH       0

DEGREE DAYS
 HEATING
  YESTERDAY        0                         0      0        0
  MONTH TO DATE    7                         0      7        0
  SINCE JUN 1     14                        17     -3       17
  SINCE JUL 1      7                         0      7        0

 COOLING
  YESTERDAY        9                        10     -1       11
  MONTH TO DATE  101                       227   -126      223
  SINCE JUN 1    338                       459   -121      447
  SINCE JAN 1    467                       550    -83      549
..................................................................


WIND (MPH)
  HIGHEST WIND SPEED    MM   HIGHEST WIND DIRECTION    MM
  HIGHEST GUST SPEED    MM   HIGHEST GUST DIRECTION    MM
  AVERAGE WIND SPEED    MM


SKY COVER
  POSSIBLE SUNSHINE  MM


WEATHER CONDITIONS
 THE FOLLOWING WEATHER WAS RECORDED YESTERDAY.
  FOG


..........................................................


THE LINCOLN IL CLIMATE NORMALS FOR TODAY
                         NORMAL    RECORD    YEAR
 MAXIMUM TEMPERATURE (F)   85       104      1934
 MINIMUM TEMPERATURE (F)   64        47      1925


SUNRISE AND SUNSET
JULY 23 2014..........SUNRISE   547 AM CDT   SUNSET   820 PM CDT
JULY 24 2014..........SUNRISE   548 AM CDT   SUNSET   819 PM CDT


-  INDICATES NEGATIVE NUMBERS.
R  INDICATES RECORD WAS SET OR TIED.
MM INDICATES DATA IS MISSING.
T  INDICATES TRACE AMOUNT.




$$
