000
CDUS43 KIND 140540
CLIIND


CLIMATE REPORT
NATIONAL WEATHER SERVICE INDIANAPOLIS IN
1240 AM EST SUN FEB 14 2016


...................................

...THE INDIANAPOLIS IN CLIMATE SUMMARY FOR FEBRUARY 13 2016...

CLIMATE NORMAL PERIOD 1981 TO 2010
CLIMATE RECORD PERIOD 1871 TO 2016


WEATHER ITEM   OBSERVED TIME   RECORD YEAR NORMAL DEPARTURE LAST
                VALUE   (LST)  VALUE       VALUE  FROM      YEAR
                                                  NORMAL
..................................................................
TEMPERATURE (F)
 YESTERDAY
  MAXIMUM         20        MM  67    1938  39    -19       31
  MINIMUM          7        MM -17    1899  23    -16        9
  AVERAGE         14                        31    -17       20

PRECIPITATION (IN)
  YESTERDAY        0.00          1.48 1950   0.08  -0.08     0.00
  MONTH TO DATE    0.36                      1.06  -0.70     0.37
  SINCE DEC 1      7.41                      6.89   0.52     4.73
  SINCE JAN 1      1.82                      3.72  -1.90     2.18

SNOWFALL (IN)
  YESTERDAY        0.0           7.4  2007   0.2   -0.2      0.0
  MONTH TO DATE    1.4                       3.4   -2.0      3.0
  SINCE DEC 1      7.8                      18.9  -11.1      6.2
  SINCE JUL 1      9.1                      20.0  -10.9      8.9
  SNOW DEPTH       0

DEGREE DAYS
 HEATING
  YESTERDAY       51                        34     17       45
  MONTH TO DATE  458                       455      3      481
  SINCE DEC 1   2255                      2634   -379     2679
  SINCE JUL 1   3042                      3676   -634     3958

 COOLING
  YESTERDAY        0                         0      0        0
  MONTH TO DATE    0                         0      0        0
  SINCE DEC 1      0                         0      0        0
  SINCE JAN 1      0                         0      0        0
..................................................................


WIND (MPH)
  HIGHEST WIND SPEED    16   HIGHEST WIND DIRECTION    NW (330)
  HIGHEST GUST SPEED    24   HIGHEST GUST DIRECTION    NW (310)
  AVERAGE WIND SPEED     9.5


SKY COVER
  AVERAGE SKY COVER 0.4


WEATHER CONDITIONS
 THE FOLLOWING WEATHER WAS RECORDED YESTERDAY.
  NO SIGNIFICANT WEATHER WAS OBSERVED.


RELATIVE HUMIDITY (PERCENT)
 HIGHEST    69           700 AM
 LOWEST     34           400 PM
 AVERAGE    52

..........................................................


THE INDIANAPOLIS IN CLIMATE NORMALS FOR TODAY
                         NORMAL    RECORD    YEAR
 MAXIMUM TEMPERATURE (F)   40        65      1954
 MINIMUM TEMPERATURE (F)   24       -14      1905


SUNRISE AND SUNSET
FEBRUARY 14 2016......SUNRISE   739 AM EST   SUNSET   620 PM EST
FEBRUARY 15 2016......SUNRISE   738 AM EST   SUNSET   621 PM EST


-  INDICATES NEGATIVE NUMBERS.
R  INDICATES RECORD WAS SET OR TIED.
MM INDICATES DATA IS MISSING.
T  INDICATES TRACE AMOUNT.




$$
