000
CDUS43 KIND 230608
CLIIND


CLIMATE REPORT
NATIONAL WEATHER SERVICE INDIANAPOLIS IN
158 AM EDT FRI JUN 23 2017


...................................

...THE INDIANAPOLIS IN CLIMATE SUMMARY FOR JUNE 22 2017...

CLIMATE NORMAL PERIOD 1981 TO 2010
CLIMATE RECORD PERIOD 1871 TO 2017


WEATHER ITEM   OBSERVED TIME   RECORD YEAR NORMAL DEPARTURE LAST
                VALUE   (LST)  VALUE       VALUE  FROM      YEAR
                                                  NORMAL
..................................................................
TEMPERATURE (F)
 YESTERDAY
  MAXIMUM         84    228 PM  99    1988  84      0       82
  MINIMUM         71    606 AM  37    1992  64      7       65
  AVERAGE         78                        74      4       74

PRECIPITATION (IN)
  YESTERDAY        0.02          1.92 1974   0.15  -0.13     0.37
  MONTH TO DATE    2.26                      3.10  -0.84     4.32
  SINCE JUN 1      2.26                      3.10  -0.84     4.32
  SINCE JAN 1     26.54                     20.50   6.04    21.83

SNOWFALL (IN)
  YESTERDAY        0.0           T    2008   0.0    0.0      0.0
  MONTH TO DATE    0.0                       0.0    0.0      0.0
  SINCE JUN 1      0.0                       0.0    0.0      0.0
  SINCE JUL 1      9.7                      25.9  -16.2     13.3
  SNOW DEPTH       0

DEGREE DAYS
 HEATING
  YESTERDAY        0                         0      0        0
  MONTH TO DATE    0                        13    -13        1
  SINCE JUN 1      0                        13    -13        1
  SINCE JUL 1   4272                      5375  -1103     4445

 COOLING
  YESTERDAY       13                         9      4        9
  MONTH TO DATE  185                       149     36      211
  SINCE JUN 1    185                       149     36      211
  SINCE JAN 1    291                       233     58      312
..................................................................


WIND (MPH)
  HIGHEST WIND SPEED    26   HIGHEST WIND DIRECTION     S (200)
  HIGHEST GUST SPEED    34   HIGHEST GUST DIRECTION     S (200)
  AVERAGE WIND SPEED    13.8


SKY COVER
  AVERAGE SKY COVER 0.7


WEATHER CONDITIONS
 THE FOLLOWING WEATHER WAS RECORDED YESTERDAY.
  LIGHT RAIN


RELATIVE HUMIDITY (PERCENT)
 HIGHEST    93           900 PM
 LOWEST     65          1100 AM
 AVERAGE    79

..........................................................


THE INDIANAPOLIS IN CLIMATE NORMALS FOR TODAY
                         NORMAL    RECORD    YEAR
 MAXIMUM TEMPERATURE (F)   84        96      1930
 MINIMUM TEMPERATURE (F)   64        44      1918


SUNRISE AND SUNSET
JUNE 23 2017..........SUNRISE   618 AM EDT   SUNSET   917 PM EDT
JUNE 24 2017..........SUNRISE   618 AM EDT   SUNSET   917 PM EDT


-  INDICATES NEGATIVE NUMBERS.
R  INDICATES RECORD WAS SET OR TIED.
MM INDICATES DATA IS MISSING.
T  INDICATES TRACE AMOUNT.




$$
