000
CDUS43 KIND 270535
CLIIND


CLIMATE REPORT
NATIONAL WEATHER SERVICE INDIANAPOLIS IN
134 AM EDT MON MAR 27 2017


...................................

...THE INDIANAPOLIS IN CLIMATE SUMMARY FOR MARCH 26 2017...

CLIMATE NORMAL PERIOD 1981 TO 2010
CLIMATE RECORD PERIOD 1871 TO 2017


WEATHER ITEM   OBSERVED TIME   RECORD YEAR NORMAL DEPARTURE LAST
                VALUE   (LST)  VALUE       VALUE  FROM      YEAR
                                                  NORMAL
..................................................................
TEMPERATURE (F)
 YESTERDAY
  MAXIMUM         63   1238 PM  80    1907  56      7       61
  MINIMUM         48   1153 PM   8    1955  36     12       32
  AVERAGE         56                        46     10       47

PRECIPITATION (IN)
  YESTERDAY        0.89          1.98 1948   0.12   0.77     0.00
  MONTH TO DATE    3.62                      2.92   0.70     2.85
  SINCE MAR 1      3.62                      2.92   0.70     2.85
  SINCE JAN 1      9.07                      7.90   1.17     6.56

SNOWFALL (IN)
  YESTERDAY       MM             2.1  1930   0.0   MM        0.0
  MONTH TO DATE    1.0                       2.4   -1.4      1.2
  SINCE MAR 1      1.0                       2.4   -1.4      1.2
  SINCE JUL 1      9.7                      25.5  -15.8     13.3
  SNOW DEPTH       0

DEGREE DAYS
 HEATING
  YESTERDAY        9                        19    -10       18
  MONTH TO DATE  599                       616    -17      423
  SINCE MAR 1    599                       616    -17      423
  SINCE JUL 1   3883                      4759   -876     3876

 COOLING
  YESTERDAY        0                         0      0        0
  MONTH TO DATE    2                         0      2        0
  SINCE MAR 1      2                         0      2        0
  SINCE JAN 1      2                         0      2        0
..................................................................


WIND (MPH)
  HIGHEST WIND SPEED    21   HIGHEST WIND DIRECTION     S (200)
  HIGHEST GUST SPEED    25   HIGHEST GUST DIRECTION     S (180)
  AVERAGE WIND SPEED    10.7


SKY COVER
  AVERAGE SKY COVER 0.9


WEATHER CONDITIONS
 THE FOLLOWING WEATHER WAS RECORDED YESTERDAY.
  HEAVY RAIN
  RAIN
  LIGHT RAIN
  FOG


RELATIVE HUMIDITY (PERCENT)
 HIGHEST   100          1200 AM
 LOWEST     72           600 PM
 AVERAGE    86

..........................................................


THE INDIANAPOLIS IN CLIMATE NORMALS FOR TODAY
                         NORMAL    RECORD    YEAR
 MAXIMUM TEMPERATURE (F)   56        84      1910
 MINIMUM TEMPERATURE (F)   36        11      1955


SUNRISE AND SUNSET
MARCH 27 2017.........SUNRISE   737 AM EDT   SUNSET   805 PM EDT
MARCH 28 2017.........SUNRISE   735 AM EDT   SUNSET   806 PM EDT


-  INDICATES NEGATIVE NUMBERS.
R  INDICATES RECORD WAS SET OR TIED.
MM INDICATES DATA IS MISSING.
T  INDICATES TRACE AMOUNT.




$$
