575
CDUS43 KIND 220541
CLIIND


CLIMATE REPORT
NATIONAL WEATHER SERVICE INDIANAPOLIS IN
1240 AM EST MON JAN 22 2018


...................................

...THE INDIANAPOLIS IN CLIMATE SUMMARY FOR JANUARY 21 2018...

CLIMATE NORMAL PERIOD 1981 TO 2010
CLIMATE RECORD PERIOD 1871 TO 2018


WEATHER ITEM   OBSERVED TIME   RECORD YEAR NORMAL DEPARTURE LAST
                VALUE   (LST)  VALUE       VALUE  FROM      YEAR
                                                  NORMAL
..................................................................
TEMPERATURE (F)
 YESTERDAY
  MAXIMUM         50   1028 PM  68    1906  36     14       66
  MINIMUM         39    418 AM -21    1984  20     19       45
  AVERAGE         45                        28     17       56

PRECIPITATION (IN)
  YESTERDAY        0.02          2.25 1959   0.08  -0.06     0.00
  MONTH TO DATE    1.16                      1.87  -0.71     4.32
  SINCE DEC 1      2.28                      5.04  -2.76     5.84
  SINCE JAN 1      1.16                      1.87  -0.71     4.32

SNOWFALL (IN)
  YESTERDAY        0.0           3.5  2007   0.2   -0.2      0.0
  MONTH TO DATE    3.6                       5.7   -2.1      1.2
  SINCE DEC 1      7.5                      12.6   -5.1      6.1
  SINCE JUL 1      7.5                      13.7   -6.2      6.1
  SNOW DEPTH       0

DEGREE DAYS
 HEATING
  YESTERDAY       20                        37    -17        9
  MONTH TO DATE  946                       777    169      646
  SINCE DEC 1   2015                      1811    204     1713
  SINCE JUL 1   2919                      2853     66     2406

 COOLING
  YESTERDAY        0                         0      0        0
  MONTH TO DATE    0                         0      0        0
  SINCE DEC 1      0                         0      0        0
  SINCE JAN 1      0                         0      0        0
..................................................................


WIND (MPH)
  HIGHEST WIND SPEED    13   HIGHEST WIND DIRECTION     S (190)
  HIGHEST GUST SPEED    15   HIGHEST GUST DIRECTION     S (200)
  AVERAGE WIND SPEED     7.1


SKY COVER
  AVERAGE SKY COVER 1.0


WEATHER CONDITIONS
 THE FOLLOWING WEATHER WAS RECORDED YESTERDAY.
  LIGHT RAIN
  FOG
  FOG W/VISIBILITY <= 1/4 MILE


RELATIVE HUMIDITY (PERCENT)
 HIGHEST   100           100 AM
 LOWEST     92           900 AM
 AVERAGE    96

..........................................................


THE INDIANAPOLIS IN CLIMATE NORMALS FOR TODAY
                         NORMAL    RECORD    YEAR
 MAXIMUM TEMPERATURE (F)   36        64      1964
                                             1887
 MINIMUM TEMPERATURE (F)   20       -17      1936


SUNRISE AND SUNSET
JANUARY 22 2018.......SUNRISE   801 AM EST   SUNSET   553 PM EST
JANUARY 23 2018.......SUNRISE   800 AM EST   SUNSET   554 PM EST


-  INDICATES NEGATIVE NUMBERS.
R  INDICATES RECORD WAS SET OR TIED.
MM INDICATES DATA IS MISSING.
T  INDICATES TRACE AMOUNT.




$$
