000
CDUS43 KIND 040534
CLIIND


CLIMATE REPORT
NATIONAL WEATHER SERVICE INDIANAPOLIS IN
1231 AM EST SUN DEC 4 2016


...................................

...THE INDIANAPOLIS IN CLIMATE SUMMARY FOR DECEMBER 3 2016...

CLIMATE NORMAL PERIOD 1981 TO 2010
CLIMATE RECORD PERIOD 1871 TO 2016


WEATHER ITEM   OBSERVED TIME   RECORD YEAR NORMAL DEPARTURE LAST
                VALUE   (LST)  VALUE       VALUE  FROM      YEAR
                                                  NORMAL
..................................................................
TEMPERATURE (F)
 YESTERDAY
  MAXIMUM         39    356 PM  69    2012  43     -4       35
                                      1982
  MINIMUM         32   1115 PM  -2    1929  28      4       24
  AVERAGE         36                        36      0       30

PRECIPITATION (IN)
  YESTERDAY        0.00          3.46 1873   0.10  -0.10     0.00
  MONTH TO DATE    T                         0.31  -0.31     0.19
  SINCE DEC 1      T                         0.31  -0.31     0.19
  SINCE JAN 1     44.42                     39.58   4.84    42.75

SNOWFALL (IN)
  YESTERDAY        0.0           3.0  1957   0.1   -0.1      0.0
  MONTH TO DATE    0.0                       0.3   -0.3      0.6
  SINCE DEC 1      0.0                       0.3   -0.3      0.6
  SINCE JUL 1      T                         1.4   -1.4      1.9
  SNOW DEPTH       0

DEGREE DAYS
 HEATING
  YESTERDAY       29                        29      0       35
  MONTH TO DATE   83                        86     -3       91
  SINCE DEC 1     83                        86     -3       91
  SINCE JUL 1    776                      1128   -352      878

 COOLING
  YESTERDAY        0                         0      0        0
  MONTH TO DATE    0                         0      0        0
  SINCE DEC 1      0                         0      0        0
  SINCE JAN 1   1443                      1066    377     1164
..................................................................


WIND (MPH)
  HIGHEST WIND SPEED    15   HIGHEST WIND DIRECTION     W (270)
  HIGHEST GUST SPEED    21   HIGHEST GUST DIRECTION     W (260)
  AVERAGE WIND SPEED     6.2


SKY COVER
  AVERAGE SKY COVER 0.8


WEATHER CONDITIONS
 THE FOLLOWING WEATHER WAS RECORDED YESTERDAY.
  NO SIGNIFICANT WEATHER WAS OBSERVED.


RELATIVE HUMIDITY (PERCENT)
 HIGHEST    85          1200 AM
 LOWEST     59           300 PM
 AVERAGE    72

..........................................................


THE INDIANAPOLIS IN CLIMATE NORMALS FOR TODAY
                         NORMAL    RECORD    YEAR
 MAXIMUM TEMPERATURE (F)   43        70      1998
 MINIMUM TEMPERATURE (F)   28         5      1991


SUNRISE AND SUNSET
DECEMBER  4 2016......SUNRISE   750 AM EST   SUNSET   521 PM EST
DECEMBER  5 2016......SUNRISE   751 AM EST   SUNSET   521 PM EST


-  INDICATES NEGATIVE NUMBERS.
R  INDICATES RECORD WAS SET OR TIED.
MM INDICATES DATA IS MISSING.
T  INDICATES TRACE AMOUNT.




$$
