697
CDUS43 KIND 200532
CLIIND


CLIMATE REPORT
NATIONAL WEATHER SERVICE INDIANAPOLIS IN
131 AM EDT SUN AUG 20 2017


...................................

...THE INDIANAPOLIS IN CLIMATE SUMMARY FOR AUGUST 19 2017...

CLIMATE NORMAL PERIOD 1981 TO 2010
CLIMATE RECORD PERIOD 1871 TO 2017


WEATHER ITEM   OBSERVED TIME   RECORD YEAR NORMAL DEPARTURE LAST
                VALUE   (LST)  VALUE       VALUE  FROM      YEAR
                                                  NORMAL
..................................................................
TEMPERATURE (F)
 YESTERDAY
  MAXIMUM         89    415 PM 100    1936  84      5       86
  MINIMUM         68    613 AM  50    1896  64      4       72
  AVERAGE         79                        74      5       79

PRECIPITATION (IN)
  YESTERDAY        0.01          1.65 1906   0.10  -0.09      T
                                      1891
  MONTH TO DATE    0.18                      1.92  -1.74     3.62
  SINCE JUN 1     12.89                     10.72   2.17    13.81
  SINCE JAN 1     37.17                     28.12   9.05    31.32

SNOWFALL (IN)
  YESTERDAY        0.0           0.0    MM   0.0    0.0      0.0
  MONTH TO DATE    0.0                       0.0    0.0      0.0
  SINCE JUN 1      0.0                       0.0    0.0      0.0
  SINCE JUL 1      0.0                       0.0    0.0      0.0
  SNOW DEPTH       0

DEGREE DAYS
 HEATING
  YESTERDAY        0                         0      0        0
  MONTH TO DATE    0                         0      0        0
  SINCE JUN 1      3                        17    -14        3
  SINCE JUL 1      0                         1     -1        2

 COOLING
  YESTERDAY       14                         9      5       14
  MONTH TO DATE  169                       187    -18      267
  SINCE JUN 1    746                       736     10      930
  SINCE JAN 1    852                       820     32     1031
..................................................................


WIND (MPH)
  HIGHEST WIND SPEED    13   HIGHEST WIND DIRECTION    SW (240)
  HIGHEST GUST SPEED    20   HIGHEST GUST DIRECTION    NW (300)
  AVERAGE WIND SPEED     5.6


SKY COVER
  AVERAGE SKY COVER 0.5


WEATHER CONDITIONS
 THE FOLLOWING WEATHER WAS RECORDED YESTERDAY.
  LIGHT RAIN


RELATIVE HUMIDITY (PERCENT)
 HIGHEST    90           700 AM
 LOWEST     39           500 PM
 AVERAGE    65

..........................................................


THE INDIANAPOLIS IN CLIMATE NORMALS FOR TODAY
                         NORMAL    RECORD    YEAR
 MAXIMUM TEMPERATURE (F)   84        99      1983
 MINIMUM TEMPERATURE (F)   64        50      1897


SUNRISE AND SUNSET
AUGUST 20 2017........SUNRISE   702 AM EDT   SUNSET   834 PM EDT
AUGUST 21 2017........SUNRISE   703 AM EDT   SUNSET   833 PM EDT


-  INDICATES NEGATIVE NUMBERS.
R  INDICATES RECORD WAS SET OR TIED.
MM INDICATES DATA IS MISSING.
T  INDICATES TRACE AMOUNT.




$$
