000
CDUS43 KIND 222134
CLIIND


CLIMATE REPORT
NATIONAL WEATHER SERVICE INDIANAPOLIS IN
434 PM EST MON DEC 22 2014


...................................

...THE INDIANAPOLIS IN CLIMATE SUMMARY FOR DECEMBER 22 2014...
VALID TODAY AS OF 0400 PM LOCAL TIME.

CLIMATE NORMAL PERIOD 1981 TO 2010
CLIMATE RECORD PERIOD 1871 TO 2014


WEATHER ITEM   OBSERVED TIME   RECORD YEAR NORMAL DEPARTURE LAST
                VALUE   (LST)  VALUE       VALUE  FROM      YEAR
                                                  NORMAL
..................................................................
TEMPERATURE (F)
 TODAY
  MAXIMUM         44    359 PM  61    1949  37      7       46
  MINIMUM         27    354 AM -23    1989  23      4       29
  AVERAGE         36                        30      6       38

PRECIPITATION (IN)
  TODAY            T             1.62 1981   0.11  -0.11     0.04
                                      1881
  MONTH TO DATE    1.61                      2.24  -0.63     4.44
  SINCE DEC 1      1.61                      2.24  -0.63     4.44
  SINCE JAN 1     40.63                     41.51  -0.88    45.92

SNOWFALL (IN)
  TODAY            0.0           5.2  2004   0.2   -0.2       T
  MONTH TO DATE    0.1                       4.4   -4.3      8.8
  SINCE DEC 1      0.1                       4.4   -4.3      8.8
  SINCE JUL 1      2.8                       5.5   -2.7      8.9
  SNOW DEPTH       0

..................................................................


WIND (MPH)
  HIGHEST WIND SPEED    14   HIGHEST WIND DIRECTION    SE (140)
  HIGHEST GUST SPEED    17   HIGHEST GUST DIRECTION    SE (130)
  AVERAGE WIND SPEED     8.8


SKY COVER
  AVERAGE SKY COVER 0.9


WEATHER CONDITIONS
 THE FOLLOWING WEATHER WAS RECORDED TODAY.
  LIGHT RAIN
  FOG
  HAZE


RELATIVE HUMIDITY (PERCENT)
 HIGHEST    92           200 AM
 LOWEST     76           300 PM

..........................................................


THE INDIANAPOLIS IN CLIMATE NORMALS FOR TOMORROW
                         NORMAL    RECORD    YEAR
 MAXIMUM TEMPERATURE (F)   37        64      1933
 MINIMUM TEMPERATURE (F)   23       -15      1989


SUNRISE AND SUNSET
DECEMBER 22 2014......SUNRISE   803 AM EST   SUNSET   524 PM EST
DECEMBER 23 2014......SUNRISE   804 AM EST   SUNSET   525 PM EST


-  INDICATES NEGATIVE NUMBERS.
R  INDICATES RECORD WAS SET OR TIED.
MM INDICATES DATA IS MISSING.
T  INDICATES TRACE AMOUNT.




$$
