000
CDUS43 KDLH 222301
CLIINL


CLIMATE REPORT
NATIONAL WEATHER SERVICE DULUTH MN
459 PM CST MON JAN 22 2018


...................................

...THE INTERNATIONAL FALLS MN CLIMATE SUMMARY FOR JANUARY 22 2018...
VALID TODAY AS OF 0400 PM LOCAL TIME.

CLIMATE NORMAL PERIOD 1981 TO 2010
CLIMATE RECORD PERIOD 1895 TO 2018


WEATHER ITEM   OBSERVED TIME   RECORD YEAR NORMAL DEPARTURE LAST
                VALUE   (LST)  VALUE       VALUE  FROM      YEAR
                                                  NORMAL
..................................................................
TEMPERATURE (F)
 TODAY
  MAXIMUM         23   1246 AM  39    2017  16      7       39
  MINIMUM         19   1116 AM -38    1907  -7     26       33
  AVERAGE         21                         4     17       36

PRECIPITATION (IN)
  TODAY            0.00                      0.02  -0.02     0.00
  MONTH TO DATE    0.51                      0.48   0.03     1.16
  SINCE DEC 1      1.67                      1.29   0.38     3.35
  SINCE JAN 1      0.51                      0.48   0.03     1.16

SNOWFALL (IN)
  TODAY            0.0                       0.5   -0.5      0.0
  MONTH TO DATE    6.7                      11.3   -4.6     14.8
  SINCE JUL 1     37.1                      42.3   -5.2     48.7
  SNOW DEPTH       9

DEGREE DAYS
 HEATING
  TODAY           44                        61    -17       29
  MONTH TO DATE 1339                      1338      1     1275
  SINCE DEC 1   3166                      3052    114     2941
  SINCE JUL 1   5560                      5513     47     4747

 COOLING
  TODAY            0                         0      0        0
  MONTH TO DATE    0                         0      0        0
  SINCE DEC 1      0                         0      0        0
  SINCE JAN 1      0                         0      0        0
..................................................................


WIND (MPH)
  HIGHEST WIND SPEED    12   HIGHEST WIND DIRECTION    NE (30)
  HIGHEST GUST SPEED    16   HIGHEST GUST DIRECTION    NE (30)


SKY COVER
  AVERAGE SKY COVER 1.0


WEATHER CONDITIONS
 THE FOLLOWING WEATHER WAS RECORDED TODAY.
  FOG


RELATIVE HUMIDITY (PERCENT)
 HIGHEST    92           100 AM
 LOWEST     77           300 PM
 AVERAGE    85

..........................................................


THE INTERNATIONAL FALLS MN CLIMATE NORMALS FOR TOMORROW
                         NORMAL    RECORD    YEAR
 MAXIMUM TEMPERATURE (F)   16        41      1981
 MINIMUM TEMPERATURE (F)   -7       -43      1907


SUNRISE AND SUNSET
JANUARY 22 2018.......SUNRISE   754 AM CST   SUNSET   456 PM CST
JANUARY 23 2018.......SUNRISE   753 AM CST   SUNSET   458 PM CST


-  INDICATES NEGATIVE NUMBERS.
R  INDICATES RECORD WAS SET OR TIED.
MM INDICATES DATA IS MISSING.
T  INDICATES TRACE AMOUNT.




$$
