000
CDUS43 KDLH 290621
CLIINL


CLIMATE REPORT
NATIONAL WEATHER SERVICE DULUTH MN
1220 AM CST MON DEC 29 2014


...................................

...THE INTERNATIONAL FALLS MN CLIMATE SUMMARY FOR DECEMBER 28 2014...

CLIMATE NORMAL PERIOD 1981 TO 2010
CLIMATE RECORD PERIOD 1895 TO 2014


WEATHER ITEM   OBSERVED TIME   RECORD YEAR NORMAL DEPARTURE LAST
                VALUE   (LST)  VALUE       VALUE  FROM      YEAR
                                                  NORMAL
..................................................................
TEMPERATURE (F)
 YESTERDAY
  MAXIMUM          7   1243 AM  40    1912  16     -9       28
  MINIMUM        -11   1159 PM -40    1917  -4     -7       -8
  AVERAGE         -2                         6     -8       10

PRECIPITATION (IN)
  YESTERDAY        T             0.29 1984   0.03  -0.03     0.18
  MONTH TO DATE    0.85                      0.74   0.11     1.44
  SINCE DEC 1      0.85                      0.74   0.11     1.44
  SINCE JAN 1     30.22                     24.15   6.07    31.84

SNOWFALL (IN)
  YESTERDAY        0.2           4.8  1984   0.5   -0.3      2.6
  MONTH TO DATE   10.6                      13.5   -2.9     26.4
  SINCE DEC 1     10.6                      13.5   -2.9     26.4
  SINCE JUL 1     19.9                      29.5   -9.6     37.3
  SNOW DEPTH       4

DEGREE DAYS
 HEATING
  YESTERDAY       67                        59      8       55
  MONTH TO DATE 1254                      1534   -280     1875
  SINCE DEC 1   1254                      1534   -280     1875
  SINCE JUL 1   3865                      3995   -130     4233

 COOLING
  YESTERDAY        0                         0      0        0
  MONTH TO DATE    0                         0      0        0
  SINCE DEC 1      0                         0      0        0
  SINCE JAN 1    121                       192    -71      224
..................................................................


WIND (MPH)
  HIGHEST WIND SPEED    15   HIGHEST WIND DIRECTION    NW (300)
  HIGHEST GUST SPEED    17   HIGHEST GUST DIRECTION    NW (310)
  AVERAGE WIND SPEED     7.2


SKY COVER
  AVERAGE SKY COVER 0.2


WEATHER CONDITIONS
 THE FOLLOWING WEATHER WAS RECORDED YESTERDAY.
  LIGHT SNOW


RELATIVE HUMIDITY (PERCENT)
 HIGHEST    87           200 AM
 LOWEST     65          1100 AM
 AVERAGE    76

..........................................................


THE INTERNATIONAL FALLS MN CLIMATE NORMALS FOR TODAY
                         NORMAL    RECORD    YEAR
 MAXIMUM TEMPERATURE (F)   16        36      1999
                                             1965
 MINIMUM TEMPERATURE (F)   -5       -36      1917


SUNRISE AND SUNSET
DECEMBER 29 2014......SUNRISE   806 AM CST   SUNSET   426 PM CST
DECEMBER 30 2014......SUNRISE   806 AM CST   SUNSET   427 PM CST


-  INDICATES NEGATIVE NUMBERS.
R  INDICATES RECORD WAS SET OR TIED.
MM INDICATES DATA IS MISSING.
T  INDICATES TRACE AMOUNT.




$$
