000
CDUS43 KDLH 220629
CLIINL


CLIMATE REPORT
NATIONAL WEATHER SERVICE DULUTH MN
126 AM CDT MON SEP 22 2014


...................................

...THE INTERNATIONAL FALLS MN CLIMATE SUMMARY FOR SEPTEMBER 21 2014...

CLIMATE NORMAL PERIOD 1981 TO 2010
CLIMATE RECORD PERIOD 1895 TO 2014


WEATHER ITEM   OBSERVED TIME   RECORD YEAR NORMAL DEPARTURE LAST
                VALUE   (LST)  VALUE       VALUE  FROM      YEAR
                                                  NORMAL
..................................................................
TEMPERATURE (F)
 YESTERDAY
  MAXIMUM         64    326 PM  83    1920  63      1       55
  MINIMUM         40   1118 PM  26    1956  40      0       33
  AVERAGE         52                        51      1       44

PRECIPITATION (IN)
  YESTERDAY        0.01          1.29 1973   0.10  -0.09     0.00
  MONTH TO DATE    2.70                      2.15   0.55     1.55
  SINCE SEP 1      2.70                      2.15   0.55     1.55
  SINCE JAN 1     27.24                     19.11   8.13    26.66

SNOWFALL (IN)
  YESTERDAY        0.0           0.5  1974   0.0    0.0      0.0
  MONTH TO DATE    0.0                       0.0    0.0      0.0
  SINCE SEP 1      0.0                       0.0    0.0      0.0
  SINCE JUL 1      0.0                       0.0    0.0      0.0
  SNOW DEPTH       0

DEGREE DAYS
 HEATING
  YESTERDAY       13                        14     -1       21
  MONTH TO DATE  247                       209     38      171
  SINCE SEP 1    247                       209     38      171
  SINCE JUL 1    461                       390     71      391

 COOLING
  YESTERDAY        0                         0      0        0
  MONTH TO DATE    3                         9     -6        7
  SINCE SEP 1      3                         9     -6        7
  SINCE JAN 1    114                       190    -76      220
..................................................................


WIND (MPH)
  HIGHEST WIND SPEED    16   HIGHEST WIND DIRECTION    NW (330)
  HIGHEST GUST SPEED    20   HIGHEST GUST DIRECTION    NW (330)
  AVERAGE WIND SPEED     6.3


SKY COVER
  AVERAGE SKY COVER 0.5


WEATHER CONDITIONS
 THE FOLLOWING WEATHER WAS RECORDED YESTERDAY.
  LIGHT RAIN


RELATIVE HUMIDITY (PERCENT)
 HIGHEST   100           100 AM
 LOWEST     51           100 PM
 AVERAGE    76

..........................................................


THE INTERNATIONAL FALLS MN CLIMATE NORMALS FOR TODAY
                         NORMAL    RECORD    YEAR
 MAXIMUM TEMPERATURE (F)   63        86      1920
 MINIMUM TEMPERATURE (F)   39        24      1972
                                             1971
                                             1947


SUNRISE AND SUNSET
SEPTEMBER 22 2014.....SUNRISE   700 AM CDT   SUNSET   711 PM CDT
SEPTEMBER 23 2014.....SUNRISE   702 AM CDT   SUNSET   709 PM CDT


-  INDICATES NEGATIVE NUMBERS.
R  INDICATES RECORD WAS SET OR TIED.
MM INDICATES DATA IS MISSING.
T  INDICATES TRACE AMOUNT.




$$
