000
CDUS45 KFGZ 200838
CLIINW
CLIMATE REPORT
NATIONAL WEATHER SERVICE FLAGSTAFF, AZ
128 AM MST MON OCT 20 2014


...................................

...THE WINSLOW AZ AIRPORT CLIMATE SUMMARY FOR OCTOBER 19 2014...

CLIMATE NORMAL PERIOD 1981 TO 2010
CLIMATE RECORD PERIOD 1898 TO 2014


WEATHER ITEM   OBSERVED TIME   RECORD YEAR NORMAL DEPARTURE LAST
                VALUE   (LST)  VALUE       VALUE  FROM      YEAR
                                                  NORMAL
..................................................................
TEMPERATURE (F)
 YESTERDAY
  MAXIMUM         77    320 PM  85    2003  72      5       69
                                      1952
                                      1921
  MINIMUM         50    228 AM  19    1917  38     12       27
  AVERAGE         64                        55      9       48

PRECIPITATION (IN)
  YESTERDAY        T             1.86 1972   0.02  -0.02     0.00
  MONTH TO DATE    0.32                      0.34  -0.02     0.25
  SINCE SEP 1      1.66                      1.22   0.44     1.18
  SINCE JAN 1      5.84                      5.75   0.09     6.88

DEGREE DAYS
 HEATING
  YESTERDAY        1                        10     -9       17
  MONTH TO DATE   77                       127    -50      218
  SINCE JUL 1     90                       158    -68      251

 COOLING
  YESTERDAY        0                         0      0        0
  MONTH TO DATE    1                         6     -5        0
  SINCE JAN 1   1327                      1207    120     1380
..................................................................


WIND (MPH)
  HIGHEST WIND SPEED    23   HIGHEST WIND DIRECTION     E (110)
  HIGHEST GUST SPEED    28   HIGHEST GUST DIRECTION     E (110)
  AVERAGE WIND SPEED     6.5


SKY COVER
  POSSIBLE SUNSHINE  MM
  AVERAGE SKY COVER 0.3


WEATHER CONDITIONS
 THE FOLLOWING WEATHER WAS RECORDED YESTERDAY.
  THUNDERSTORM


RELATIVE HUMIDITY (PERCENT)
 HIGHEST    71          1100 PM
 LOWEST     27           300 PM
 AVERAGE    49

..........................................................


THE WINSLOW AZ AIRPORT CLIMATE NORMALS FOR TODAY
                         NORMAL    RECORD    YEAR
 MAXIMUM TEMPERATURE (F)   72        89      1921
 MINIMUM TEMPERATURE (F)   38        19      1917


SUNRISE AND SUNSET
OCTOBER 20 2014.......SUNRISE   633 AM MST   SUNSET   542 PM MST
OCTOBER 21 2014.......SUNRISE   634 AM MST   SUNSET   541 PM MST


-  INDICATES NEGATIVE NUMBERS.
R  INDICATES RECORD WAS SET OR TIED.
MM INDICATES DATA IS MISSING.
T  INDICATES TRACE AMOUNT.




$$
