000
CDUS45 KFGZ 150732
CLIINW
CLIMATE REPORT
NATIONAL WEATHER SERVICE FLAGSTAFF, AZ
1231 AM MST FRI DEC 15 2017


...................................

...THE WINSLOW AZ AIRPORT CLIMATE SUMMARY FOR DECEMBER 14 2017...

CLIMATE NORMAL PERIOD 1981 TO 2010
CLIMATE RECORD PERIOD 1915 TO 2017


WEATHER ITEM   OBSERVED TIME   RECORD YEAR NORMAL DEPARTURE LAST
                VALUE   (LST)  VALUE       VALUE  FROM      YEAR
                                                  NORMAL
..................................................................
TEMPERATURE (F)
 YESTERDAY
  MAXIMUM         55    234 PM  73    2010  48      7       67
  MINIMUM         16    648 AM  -4    1931  20     -4       31
  AVERAGE         36                        34      2       49

PRECIPITATION (IN)
  YESTERDAY        0.00          1.32 1967   0.02  -0.02     0.00
  MONTH TO DATE    0.01                      0.26  -0.25     0.00
  SINCE SEP 1      0.23                      2.18  -1.95     2.02
  SINCE JAN 1      4.26                      6.71  -2.45     5.64

DEGREE DAYS
 HEATING
  YESTERDAY       29                        31     -2       16
  MONTH TO DATE  392                       409    -17      338
  SINCE JUL 1   1074                      1345   -271     1029

 COOLING
  YESTERDAY        0                         0      0        0
  MONTH TO DATE    0                         0      0        0
  SINCE JAN 1   1443                      1208    235     1278
..................................................................


WIND (MPH)
  HIGHEST WIND SPEED    21   HIGHEST WIND DIRECTION     N (340)
  HIGHEST GUST SPEED    26   HIGHEST GUST DIRECTION    NW (330)
  AVERAGE WIND SPEED     8.5


SKY COVER
  POSSIBLE SUNSHINE  MM
  AVERAGE SKY COVER 0.1


WEATHER CONDITIONS
 THE FOLLOWING WEATHER WAS RECORDED YESTERDAY.
  NO SIGNIFICANT WEATHER WAS OBSERVED.


RELATIVE HUMIDITY (PERCENT)
 HIGHEST    46          1100 PM
 LOWEST     23          1000 AM
 AVERAGE    35

..........................................................


THE WINSLOW AZ AIRPORT CLIMATE NORMALS FOR TODAY
                         NORMAL    RECORD    YEAR
 MAXIMUM TEMPERATURE (F)   48        69      1977
 MINIMUM TEMPERATURE (F)   20        -5      1931


SUNRISE AND SUNSET
DECEMBER 15 2017......SUNRISE   724 AM MST   SUNSET   513 PM MST
DECEMBER 16 2017......SUNRISE   724 AM MST   SUNSET   513 PM MST


-  INDICATES NEGATIVE NUMBERS.
R  INDICATES RECORD WAS SET OR TIED.
MM INDICATES DATA IS MISSING.
T  INDICATES TRACE AMOUNT.




$$
