000
CDUS45 KFGZ 190113
CLIINW
CLIMATE REPORT
NATIONAL WEATHER SERVICE FLAGSTAFF, AZ
612 PM MST FRI AUG 18 2017


...................................

...THE WINSLOW AZ AIRPORT CLIMATE SUMMARY FOR AUGUST 18 2017...
VALID TODAY AS OF 0500 PM LOCAL TIME.

CLIMATE NORMAL PERIOD 1981 TO 2010
CLIMATE RECORD PERIOD 1915 TO 2017


WEATHER ITEM   OBSERVED TIME   RECORD YEAR NORMAL DEPARTURE LAST
                VALUE   (LST)  VALUE       VALUE  FROM      YEAR
                                                  NORMAL
..................................................................
TEMPERATURE (F)
 TODAY
  MAXIMUM         95    348 PM  99    2015  91      4       85
                                      2002
  MINIMUM         53    504 AM  48    1960  61     -8       61
                                      1918
  AVERAGE         74                        76     -2       73

PRECIPITATION (IN)
  TODAY            0.00          1.23 1989   0.04  -0.04     0.02
  MONTH TO DATE    0.21                      0.71  -0.50     1.03
  SINCE SEP 1      6.94                      6.52   0.42     7.02
  SINCE JAN 1      3.86                      4.04  -0.18     3.00

DEGREE DAYS
 HEATING
  TODAY            0                         0      0        0
  MONTH TO DATE    0                         0      0        0
  SINCE JUL 1      0                         0      0        0

 COOLING
  TODAY            9                        11     -2        8
  MONTH TO DATE  208                       213     -5      218
  SINCE JAN 1   1074                       930    144     1071
..................................................................


WIND (MPH)
  HIGHEST WIND SPEED    15   HIGHEST WIND DIRECTION    SE (140)
  HIGHEST GUST SPEED    19   HIGHEST GUST DIRECTION    SE (150)
  AVERAGE WIND SPEED     4.7


SKY COVER
  POSSIBLE SUNSHINE  MM
  AVERAGE SKY COVER 0.0


WEATHER CONDITIONS
 THE FOLLOWING WEATHER WAS RECORDED TODAY.
  NO SIGNIFICANT WEATHER WAS OBSERVED.


RELATIVE HUMIDITY (PERCENT)
 HIGHEST    46           500 AM
 LOWEST     10           200 PM
 AVERAGE    28

..........................................................


THE WINSLOW AZ AIRPORT CLIMATE NORMALS FOR TOMORROW
                         NORMAL    RECORD    YEAR
 MAXIMUM TEMPERATURE (F)   91        99      1960
 MINIMUM TEMPERATURE (F)   61        52      1979


SUNRISE AND SUNSET
AUGUST 18 2017........SUNRISE   545 AM MST   SUNSET   707 PM MST
AUGUST 19 2017........SUNRISE   546 AM MST   SUNSET   706 PM MST


-  INDICATES NEGATIVE NUMBERS.
R  INDICATES RECORD WAS SET OR TIED.
MM INDICATES DATA IS MISSING.
T  INDICATES TRACE AMOUNT.




$$
