000
CDUS45 KFGZ 290759
CLIINW
CLIMATE REPORT
NATIONAL WEATHER SERVICE FLAGSTAFF, AZ
1258 AM MST THU SEP 29 2016


...................................

...THE WINSLOW AZ AIRPORT CLIMATE SUMMARY FOR SEPTEMBER 28 2016...

CLIMATE NORMAL PERIOD 1981 TO 2010
CLIMATE RECORD PERIOD 1915 TO 2016


WEATHER ITEM   OBSERVED TIME   RECORD YEAR NORMAL DEPARTURE LAST
                VALUE   (LST)  VALUE       VALUE  FROM      YEAR
                                                  NORMAL
..................................................................
TEMPERATURE (F)
 YESTERDAY
  MAXIMUM         82    246 PM  94    2003  81      1       91
  MINIMUM         47    508 AM  33    1924  47      0       55
  AVERAGE         65                        64      1       73

PRECIPITATION (IN)
  YESTERDAY        T             1.01 1941   0.02  -0.02     0.00
  MONTH TO DATE    0.31                      0.84  -0.53     1.29
  SINCE SEP 1      0.31                      0.84  -0.53     1.29
  SINCE JAN 1      3.93                      5.37  -1.44    10.19

DEGREE DAYS
 HEATING
  YESTERDAY        0                         3     -3        0
  MONTH TO DATE   21                        23     -2        0
  SINCE JUL 1     21                        23     -2        0

 COOLING
  YESTERDAY        0                         2     -2        8
  MONTH TO DATE  123                       141    -18      173
  SINCE JAN 1   1269                      1199     70     1282
..................................................................


WIND (MPH)
  HIGHEST WIND SPEED    31   HIGHEST WIND DIRECTION    SW (230)
  HIGHEST GUST SPEED    42   HIGHEST GUST DIRECTION    SW (220)
  AVERAGE WIND SPEED     6.2


SKY COVER
  POSSIBLE SUNSHINE  MM
  AVERAGE SKY COVER 0.4


WEATHER CONDITIONS
 THE FOLLOWING WEATHER WAS RECORDED YESTERDAY.
  THUNDERSTORM
  LIGHT RAIN


RELATIVE HUMIDITY (PERCENT)
 HIGHEST    93           500 AM
 LOWEST     28           300 PM
 AVERAGE    61

..........................................................


THE WINSLOW AZ AIRPORT CLIMATE NORMALS FOR TODAY
                         NORMAL    RECORD    YEAR
 MAXIMUM TEMPERATURE (F)   80        93      2010
 MINIMUM TEMPERATURE (F)   47        34      1974
                                             1924


SUNRISE AND SUNSET
SEPTEMBER 29 2016.....SUNRISE   617 AM MST   SUNSET   609 PM MST
SEPTEMBER 30 2016.....SUNRISE   617 AM MST   SUNSET   607 PM MST


-  INDICATES NEGATIVE NUMBERS.
R  INDICATES RECORD WAS SET OR TIED.
MM INDICATES DATA IS MISSING.
T  INDICATES TRACE AMOUNT.




$$
