000
CDUS45 KFGZ 260750
CLIINW
CLIMATE REPORT
NATIONAL WEATHER SERVICE FLAGSTAFF, AZ
1248 AM MST MON JAN 26 2015


...................................

...THE WINSLOW AZ AIRPORT CLIMATE SUMMARY FOR JANUARY 25 2015...

CLIMATE NORMAL PERIOD 1981 TO 2010
CLIMATE RECORD PERIOD 1915 TO 2015


WEATHER ITEM   OBSERVED TIME   RECORD YEAR NORMAL DEPARTURE LAST
                VALUE   (LST)  VALUE       VALUE  FROM      YEAR
                                                  NORMAL
..................................................................
TEMPERATURE (F)
 YESTERDAY
  MAXIMUM         57    339 PM  67    1999  51      6       56
                                      1959
  MINIMUM         21    738 AM -10    1937  21      0       24
  AVERAGE         39                        36      3       40

PRECIPITATION (IN)
  YESTERDAY        0.00          0.35 1962   0.01  -0.01     0.00
  MONTH TO DATE    1.13                      0.42   0.71     0.00
  SINCE SEP 1      3.98                      2.90   1.08     3.81
  SINCE JAN 1      1.13                      0.42   0.71     0.00

DEGREE DAYS
 HEATING
  YESTERDAY       26                        29     -3       25
  MONTH TO DATE  734                       755    -21      732
  SINCE JUL 1   2318                      2633   -315     2693

 COOLING
  YESTERDAY        0                         0      0        0
  MONTH TO DATE    0                         0      0        0
  SINCE JAN 1      0                         0      0        0
..................................................................


WIND (MPH)
  HIGHEST WIND SPEED     8   HIGHEST WIND DIRECTION    SW (220)
  HIGHEST GUST SPEED    10   HIGHEST GUST DIRECTION     W (290)
  AVERAGE WIND SPEED     2.0


SKY COVER
  POSSIBLE SUNSHINE  MM
  AVERAGE SKY COVER 0.0


WEATHER CONDITIONS
 THE FOLLOWING WEATHER WAS RECORDED YESTERDAY.
  NO SIGNIFICANT WEATHER WAS OBSERVED.


RELATIVE HUMIDITY (PERCENT)
 HIGHEST    88           200 AM
 LOWEST     27           400 PM
 AVERAGE    58

..........................................................


THE WINSLOW AZ AIRPORT CLIMATE NORMALS FOR TODAY
                         NORMAL    RECORD    YEAR
 MAXIMUM TEMPERATURE (F)   51        66      1982
                                             1953
                                             1947
 MINIMUM TEMPERATURE (F)   22       -13      1937


SUNRISE AND SUNSET
JANUARY 26 2015.......SUNRISE   726 AM MST   SUNSET   545 PM MST
JANUARY 27 2015.......SUNRISE   725 AM MST   SUNSET   546 PM MST


-  INDICATES NEGATIVE NUMBERS.
R  INDICATES RECORD WAS SET OR TIED.
MM INDICATES DATA IS MISSING.
T  INDICATES TRACE AMOUNT.




$$
