000
CDUS45 KFGZ 190740
CLIINW
CLIMATE REPORT
NATIONAL WEATHER SERVICE FLAGSTAFF, AZ
1240 AM MST THU JAN 19 2017


...................................

...THE WINSLOW AZ AIRPORT CLIMATE SUMMARY FOR JANUARY 18 2017...

CLIMATE NORMAL PERIOD 1981 TO 2010
CLIMATE RECORD PERIOD 1915 TO 2017


WEATHER ITEM   OBSERVED TIME   RECORD YEAR NORMAL DEPARTURE LAST
                VALUE   (LST)  VALUE       VALUE  FROM      YEAR
                                                  NORMAL
..................................................................
TEMPERATURE (F)
 YESTERDAY
  MAXIMUM         56    401 PM  70    2000  50      6       60
  MINIMUM         26    741 AM  -6    1968  21      5       24
  AVERAGE         41                        35      6       42

PRECIPITATION (IN)
  YESTERDAY        0.00          0.67 1980   0.01  -0.01     0.00
  MONTH TO DATE    0.63                      0.31   0.32     0.18
  SINCE SEP 1      3.71                      2.79   0.92     4.20
  SINCE JAN 1      0.63                      0.31   0.32     0.18

DEGREE DAYS
 HEATING
  YESTERDAY       24                        30     -6       23
  MONTH TO DATE  397                       551   -154      568
  SINCE JUL 1   1896                      2429   -533     2349

 COOLING
  YESTERDAY        0                         0      0        0
  MONTH TO DATE    0                         0      0        0
  SINCE JAN 1      0                         0      0        0
..................................................................


WIND (MPH)
  HIGHEST WIND SPEED    18   HIGHEST WIND DIRECTION    SW (230)
  HIGHEST GUST SPEED    23   HIGHEST GUST DIRECTION    SW (230)
  AVERAGE WIND SPEED     4.5


SKY COVER
  POSSIBLE SUNSHINE  MM
  AVERAGE SKY COVER 0.2


WEATHER CONDITIONS
 THE FOLLOWING WEATHER WAS RECORDED YESTERDAY.
  NO SIGNIFICANT WEATHER WAS OBSERVED.


RELATIVE HUMIDITY (PERCENT)
 HIGHEST   100           100 AM
 LOWEST     30           400 PM
 AVERAGE    65

..........................................................


THE WINSLOW AZ AIRPORT CLIMATE NORMALS FOR TODAY
                         NORMAL    RECORD    YEAR
 MAXIMUM TEMPERATURE (F)   50        70      2012
 MINIMUM TEMPERATURE (F)   21        -6      1968


SUNRISE AND SUNSET
JANUARY 19 2017.......SUNRISE   729 AM MST   SUNSET   539 PM MST
JANUARY 20 2017.......SUNRISE   729 AM MST   SUNSET   540 PM MST


-  INDICATES NEGATIVE NUMBERS.
R  INDICATES RECORD WAS SET OR TIED.
MM INDICATES DATA IS MISSING.
T  INDICATES TRACE AMOUNT.




$$
