000
CDUS45 KFGZ 270744
CLIINW
CLIMATE REPORT
NATIONAL WEATHER SERVICE FLAGSTAFF, AZ
1241 AM MST THU APR 27 2017


...................................

...THE WINSLOW AZ AIRPORT CLIMATE SUMMARY FOR APRIL 26 2017...

CLIMATE NORMAL PERIOD 1981 TO 2010
CLIMATE RECORD PERIOD 1915 TO 2017


WEATHER ITEM   OBSERVED TIME   RECORD YEAR NORMAL DEPARTURE LAST
                VALUE   (LST)  VALUE       VALUE  FROM      YEAR
                                                  NORMAL
..................................................................
TEMPERATURE (F)
 YESTERDAY
  MAXIMUM         76    512 PM  88    1996  75      1       66
                                      1927
  MINIMUM         29    524 AM  25    1997  40    -11       28
  AVERAGE         53                        57     -4       47

PRECIPITATION (IN)
  YESTERDAY        0.00          0.32 1985   0.00   0.00      T
  MONTH TO DATE    0.11                      0.23  -0.12     0.22
  SINCE SEP 1      4.82                      4.23   0.59     4.85
  SINCE JAN 1      1.74                      1.75  -0.01     0.83

DEGREE DAYS
 HEATING
  YESTERDAY       12                         8      4       18
  MONTH TO DATE  244                       298    -54      278
  SINCE JUL 1   3450                      4351   -901     4074

 COOLING
  YESTERDAY        0                         0      0        0
  MONTH TO DATE    0                         0      0        0
  SINCE JAN 1      0                         0      0        0
..................................................................


WIND (MPH)
  HIGHEST WIND SPEED    31   HIGHEST WIND DIRECTION     W (270)
  HIGHEST GUST SPEED    39   HIGHEST GUST DIRECTION     W (260)
  AVERAGE WIND SPEED     9.8


SKY COVER
  POSSIBLE SUNSHINE  MM
  AVERAGE SKY COVER 0.1


WEATHER CONDITIONS
 THE FOLLOWING WEATHER WAS RECORDED YESTERDAY.
  NO SIGNIFICANT WEATHER WAS OBSERVED.


RELATIVE HUMIDITY (PERCENT)
 HIGHEST    53           500 AM
 LOWEST      9           200 PM
 AVERAGE    31

..........................................................


THE WINSLOW AZ AIRPORT CLIMATE NORMALS FOR TODAY
                         NORMAL    RECORD    YEAR
 MAXIMUM TEMPERATURE (F)   75        91      2000
 MINIMUM TEMPERATURE (F)   40        26      2008
                                             1971


SUNRISE AND SUNSET
APRIL 27 2017.........SUNRISE   536 AM MST   SUNSET   705 PM MST
APRIL 28 2017.........SUNRISE   535 AM MST   SUNSET   706 PM MST


-  INDICATES NEGATIVE NUMBERS.
R  INDICATES RECORD WAS SET OR TIED.
MM INDICATES DATA IS MISSING.
T  INDICATES TRACE AMOUNT.




$$
