000
CDUS45 KFGZ 240737
CLIINW
CLIMATE REPORT
NATIONAL WEATHER SERVICE FLAGSTAFF, AZ
1236 AM MST SUN JUL 24 2016


...................................

...THE WINSLOW AZ AIRPORT CLIMATE SUMMARY FOR JULY 23 2016...

CLIMATE NORMAL PERIOD 1981 TO 2010
CLIMATE RECORD PERIOD 1915 TO 2016


WEATHER ITEM   OBSERVED TIME   RECORD YEAR NORMAL DEPARTURE LAST
                VALUE   (LST)  VALUE       VALUE  FROM      YEAR
                                                  NORMAL
..................................................................
TEMPERATURE (F)
 YESTERDAY
  MAXIMUM        102    341 PM 104    1996  94      8       94
  MINIMUM         60    422 AM  51    1995  63     -3       59
                                      1973
  AVERAGE         81                        78      3       77

PRECIPITATION (IN)
  YESTERDAY        0.00          0.74 1992   0.04  -0.04     0.00
                                      1938
  MONTH TO DATE    0.36                      0.71  -0.35     1.32
  SINCE SEP 1      5.99                      5.48   0.51     8.48
  SINCE JAN 1      1.97                      3.00  -1.03     5.63

DEGREE DAYS
 HEATING
  YESTERDAY        0                         0      0        0
  MONTH TO DATE    0                         0      0        0
  SINCE JUL 1      0                         0      0        0

 COOLING
  YESTERDAY       16                        13      3       12
  MONTH TO DATE  310                       306      4      258
  SINCE JAN 1    716                       614    102      611
..................................................................


WIND (MPH)
  HIGHEST WIND SPEED    24   HIGHEST WIND DIRECTION     W (270)
  HIGHEST GUST SPEED    28   HIGHEST GUST DIRECTION     W (260)
  AVERAGE WIND SPEED     6.9


SKY COVER
  POSSIBLE SUNSHINE  MM
  AVERAGE SKY COVER 0.0


WEATHER CONDITIONS
 THE FOLLOWING WEATHER WAS RECORDED YESTERDAY.
  THUNDERSTORM


RELATIVE HUMIDITY (PERCENT)
 HIGHEST    72           600 AM
 LOWEST     13           500 PM
 AVERAGE    43

..........................................................


THE WINSLOW AZ AIRPORT CLIMATE NORMALS FOR TODAY
                         NORMAL    RECORD    YEAR
 MAXIMUM TEMPERATURE (F)   94       105      1996
 MINIMUM TEMPERATURE (F)   63        49      1973


SUNRISE AND SUNSET
JULY 24 2016..........SUNRISE   527 AM MST   SUNSET   732 PM MST
JULY 25 2016..........SUNRISE   528 AM MST   SUNSET   731 PM MST


-  INDICATES NEGATIVE NUMBERS.
R  INDICATES RECORD WAS SET OR TIED.
MM INDICATES DATA IS MISSING.
T  INDICATES TRACE AMOUNT.




$$
