000
CDUS45 KFGZ 260828
CLIINW
CLIMATE REPORT
NATIONAL WEATHER SERVICE FLAGSTAFF, AZ
124 AM MST FRI DEC 26 2014


...................................

...THE WINSLOW AZ AIRPORT CLIMATE SUMMARY FOR DECEMBER 25 2014...

CLIMATE NORMAL PERIOD 1981 TO 2010
CLIMATE RECORD PERIOD 1915 TO 2014


WEATHER ITEM   OBSERVED TIME   RECORD YEAR NORMAL DEPARTURE LAST
                VALUE   (LST)  VALUE       VALUE  FROM      YEAR
                                                  NORMAL
..................................................................
TEMPERATURE (F)
 YESTERDAY
  MAXIMUM         50    155 PM  65    1969  47      3       46
  MINIMUM         26   1159 PM  -9    1990  20      6       15
  AVERAGE         38                        33      5       31

PRECIPITATION (IN)
  YESTERDAY        T             0.29 1959   0.02  -0.02     0.00
  MONTH TO DATE    1.03                      0.46   0.57     0.05
  SINCE SEP 1      2.76                      2.38   0.38     3.81
  SINCE JAN 1      6.94                      6.91   0.03     9.51

DEGREE DAYS
 HEATING
  YESTERDAY       27                        32     -5       34
  MONTH TO DATE  622                       753   -131      802
  SINCE JUL 1   1374                      1689   -315     1774

 COOLING
  YESTERDAY        0                         0      0        0
  MONTH TO DATE    0                         0      0        0
  SINCE JAN 1   1327                      1208    119     1380
..................................................................


WIND (MPH)
  HIGHEST WIND SPEED    30   HIGHEST WIND DIRECTION    SW (240)
  HIGHEST GUST SPEED    38   HIGHEST GUST DIRECTION    SW (240)
  AVERAGE WIND SPEED    13.3


SKY COVER
  POSSIBLE SUNSHINE  MM
  AVERAGE SKY COVER 0.4


WEATHER CONDITIONS
 THE FOLLOWING WEATHER WAS RECORDED YESTERDAY.
  NO SIGNIFICANT WEATHER WAS OBSERVED.


RELATIVE HUMIDITY (PERCENT)
 HIGHEST    55           400 PM
 LOWEST     25          1200 AM
 AVERAGE    40

..........................................................


THE WINSLOW AZ AIRPORT CLIMATE NORMALS FOR TODAY
                         NORMAL    RECORD    YEAR
 MAXIMUM TEMPERATURE (F)   47        67      1921
 MINIMUM TEMPERATURE (F)   20        -7      1932


SUNRISE AND SUNSET
DECEMBER 26 2014......SUNRISE   729 AM MST   SUNSET   518 PM MST
DECEMBER 27 2014......SUNRISE   730 AM MST   SUNSET   519 PM MST


-  INDICATES NEGATIVE NUMBERS.
R  INDICATES RECORD WAS SET OR TIED.
MM INDICATES DATA IS MISSING.
T  INDICATES TRACE AMOUNT.




$$
