000
CDUS43 KDVN 211023
CLIIOW


CLIMATE REPORT
NATIONAL WEATHER SERVICE QUAD CITIES IA IL
421 AM CST WED FEB 21 2018


...................................

...THE IOWA CITY IA CLIMATE SUMMARY FOR FEBRUARY 20 2018...

CLIMATE NORMAL PERIOD 1981 TO 2010
CLIMATE RECORD PERIOD 9999 TO 9999


WEATHER ITEM   OBSERVED TIME   RECORD YEAR NORMAL DEPARTURE LAST
                VALUE   (LST)  VALUE       VALUE  FROM      YEAR
                                                  NORMAL
..................................................................
TEMPERATURE (F)
 YESTERDAY
  MAXIMUM         36    854 AM  MM      MM  36      0       64
  MINIMUM         22   1159 PM  MM      MM  20      2       48
  AVERAGE         29                        28      1       56

PRECIPITATION (IN)
  YESTERDAY        0.96         MM      MM   0.04   0.92     0.20
  MONTH TO DATE    2.22                      0.83   1.39     0.33
  SINCE DEC 1      3.21                      3.27  -0.06     2.64
  SINCE JAN 1      2.51                      1.75   0.76     1.80

DEGREE DAYS
 HEATING
  YESTERDAY       36                        37     -1        9
  MONTH TO DATE  882                       799     83      592
  SINCE DEC 1   3391                      3359     32     2926
  SINCE JUL 1   4486                      4666   -180     3728

 COOLING
  YESTERDAY        0                         0      0        0
  MONTH TO DATE    0                         0      0        0
  SINCE DEC 1      0                         0      0        0
  SINCE JAN 1      0                         0      0        0
..................................................................


WIND (MPH)
  HIGHEST WIND SPEED    30   HIGHEST WIND DIRECTION     W (270)
  HIGHEST GUST SPEED    36   HIGHEST GUST DIRECTION     W (270)
  AVERAGE WIND SPEED    11.3


SKY COVER
  POSSIBLE SUNSHINE  MM
  AVERAGE SKY COVER 0.9


WEATHER CONDITIONS
 THE FOLLOWING WEATHER WAS RECORDED YESTERDAY.
  THUNDERSTORM
  HEAVY RAIN
  RAIN
  LIGHT RAIN
  FOG
  HAZE


RELATIVE HUMIDITY (PERCENT)
 HIGHEST   100          1200 AM
 LOWEST     62          1000 PM
 AVERAGE    81

..........................................................


THE IOWA CITY IA CLIMATE NORMALS FOR TODAY
                         NORMAL    RECORD    YEAR
 MAXIMUM TEMPERATURE (F)   36        MM        MM
 MINIMUM TEMPERATURE (F)   20        MM        MM


SUNRISE AND SUNSET
FEBRUARY 21 2018......SUNRISE   653 AM CST   SUNSET   547 PM CST
FEBRUARY 22 2018......SUNRISE   651 AM CST   SUNSET   548 PM CST


-  INDICATES NEGATIVE NUMBERS.
R  INDICATES RECORD WAS SET OR TIED.
MM INDICATES DATA IS MISSING.
T  INDICATES TRACE AMOUNT.




$$
