000
CDUS43 KDVN 230928
CLIIOW


CLIMATE REPORT
NATIONAL WEATHER SERVICE QUAD CITIES IA IL
428 AM CDT WED JUL 23 2014


...................................

...THE IOWA CITY IA CLIMATE SUMMARY FOR JULY 22 2014...

CLIMATE NORMAL PERIOD 1981 TO 2010
CLIMATE RECORD PERIOD 9999 TO 9999


WEATHER ITEM   OBSERVED TIME   RECORD YEAR NORMAL DEPARTURE LAST
                VALUE   (LST)  VALUE       VALUE  FROM      YEAR
                                                  NORMAL
..................................................................
TEMPERATURE (F)
 YESTERDAY
  MAXIMUM         90    503 PM  MM      MM  85      5       90
  MINIMUM         74    552 AM  MM      MM  65      9       64
  AVERAGE         82                        75      7       77

PRECIPITATION (IN)
  YESTERDAY        0.03         MM      MM   0.16  -0.13     0.07
  MONTH TO DATE    2.52                      3.83  -1.31     0.50
  SINCE JUN 1     12.32                      8.44   3.88     5.33
  SINCE JAN 1     23.37                     20.53   2.84    26.57

DEGREE DAYS
 HEATING
  YESTERDAY        0                         0      0        0
  MONTH TO DATE   12                         0     12        0
  SINCE JUN 1     16                        17     -1       21
  SINCE JUL 1     12                         0     12        0

 COOLING
  YESTERDAY       17                        10      7       12
  MONTH TO DATE  117                       220   -103      246
  SINCE JUN 1    331                       431   -100      451
  SINCE JAN 1    420                       492    -72      538
..................................................................


WIND (MPH)
  HIGHEST WIND SPEED    17   HIGHEST WIND DIRECTION     W (280)
  HIGHEST GUST SPEED    23   HIGHEST GUST DIRECTION     S (200)
  AVERAGE WIND SPEED     9.3


SKY COVER
  POSSIBLE SUNSHINE  MM
  AVERAGE SKY COVER 0.0


WEATHER CONDITIONS
 THE FOLLOWING WEATHER WAS RECORDED YESTERDAY.
  THUNDERSTORM
  LIGHT RAIN


RELATIVE HUMIDITY (PERCENT)
 HIGHEST    87          1200 AM
 LOWEST     65           800 PM
 AVERAGE    76

..........................................................


THE IOWA CITY IA CLIMATE NORMALS FOR TODAY
                         NORMAL    RECORD    YEAR
 MAXIMUM TEMPERATURE (F)   85        MM        MM
 MINIMUM TEMPERATURE (F)   65        MM        MM


SUNRISE AND SUNSET
JULY 23 2014..........SUNRISE   552 AM CDT   SUNSET   833 PM CDT
JULY 24 2014..........SUNRISE   553 AM CDT   SUNSET   832 PM CDT


-  INDICATES NEGATIVE NUMBERS.
R  INDICATES RECORD WAS SET OR TIED.
MM INDICATES DATA IS MISSING.
T  INDICATES TRACE AMOUNT.




$$
