000
CDUS43 KDVN 210924
CLIIOW


CLIMATE REPORT
NATIONAL WEATHER SERVICE QUAD CITIES IA IL
422 AM CDT MON APR 21 2014


...................................

...THE IOWA CITY IA CLIMATE SUMMARY FOR APRIL 20 2014...

CLIMATE NORMAL PERIOD 1981 TO 2010
CLIMATE RECORD PERIOD 9999 TO 9999


WEATHER ITEM   OBSERVED TIME   RECORD YEAR NORMAL DEPARTURE LAST
                VALUE   (LST)  VALUE       VALUE  FROM      YEAR
                                                  NORMAL
..................................................................
TEMPERATURE (F)
 YESTERDAY
  MAXIMUM         82    302 PM  MM      MM  63     19       48
  MINIMUM         49    404 AM  MM      MM  42      7       24
  AVERAGE         66                        52     14       36

PRECIPITATION (IN)
  YESTERDAY        0.00         MM      MM   0.14  -0.14     0.00
  MONTH TO DATE    2.25                      2.04   0.21     8.30
  SINCE MAR 1      2.88                      4.26  -1.38    10.73
  SINCE JAN 1      4.71                      6.42  -1.71    13.18

DEGREE DAYS
 HEATING
  YESTERDAY        0                        13    -13       29
  MONTH TO DATE  351                       317     34      406
  SINCE MAR 1   1394                      1134    260     1460
  SINCE JUL 1   7187                      6084   1103     6146

 COOLING
  YESTERDAY        1                         0      1        0
  MONTH TO DATE    3                         0      3        0
  SINCE MAR 1      3                         0      3        0
  SINCE JAN 1      3                         0      3        0
..................................................................


WIND (MPH)
  HIGHEST WIND SPEED    18   HIGHEST WIND DIRECTION     S (180)
  HIGHEST GUST SPEED    25   HIGHEST GUST DIRECTION    SW (210)
  AVERAGE WIND SPEED     8.0


SKY COVER
  POSSIBLE SUNSHINE  MM
  AVERAGE SKY COVER 0.1


WEATHER CONDITIONS
 THE FOLLOWING WEATHER WAS RECORDED YESTERDAY.
  NO SIGNIFICANT WEATHER WAS OBSERVED.


RELATIVE HUMIDITY (PERCENT)
 HIGHEST    71           300 AM
 LOWEST     30           400 PM
 AVERAGE    51

..........................................................


THE IOWA CITY IA CLIMATE NORMALS FOR TODAY
                         NORMAL    RECORD    YEAR
 MAXIMUM TEMPERATURE (F)   64        MM        MM
 MINIMUM TEMPERATURE (F)   42        MM        MM


SUNRISE AND SUNSET
APRIL 21 2014.........SUNRISE   617 AM CDT   SUNSET   753 PM CDT
APRIL 22 2014.........SUNRISE   616 AM CDT   SUNSET   755 PM CDT


-  INDICATES NEGATIVE NUMBERS.
R  INDICATES RECORD WAS SET OR TIED.
MM INDICATES DATA IS MISSING.
T  INDICATES TRACE AMOUNT.




$$
