000
CDUS43 KDVN 282124
CLIIOW


CLIMATE REPORT
NATIONAL WEATHER SERVICE QUAD CITIES IA IL
421 PM CDT THU JUL 28 2016


...................................

...THE IOWA CITY IA CLIMATE SUMMARY FOR JULY 28 2016...
VALID TODAY AS OF 0400 PM LOCAL TIME.

CLIMATE NORMAL PERIOD 1981 TO 2010
CLIMATE RECORD PERIOD 9999 TO 9999


WEATHER ITEM   OBSERVED TIME   RECORD YEAR NORMAL DEPARTURE LAST
                VALUE   (LST)  VALUE       VALUE  FROM      YEAR
                                                  NORMAL
..................................................................
TEMPERATURE (F)
 TODAY
  MAXIMUM         82    253 PM  MM      MM  84     -2       84
  MINIMUM         67    401 AM  MM      MM  65      2       71
  AVERAGE         75                        75      0       78

PRECIPITATION (IN)
  TODAY            0.00         MM      MM   0.12  -0.12     1.01
  MONTH TO DATE    3.34                      4.57  -1.23     2.57
  SINCE JUN 1     10.00                      9.18   0.82     8.45
  SINCE JAN 1     18.61                     21.27  -2.66    18.30

DEGREE DAYS
 HEATING
  TODAY            0                         0      0        0
  MONTH TO DATE    2                         0      2        2
  SINCE JUN 1      4                        17    -13        9
  SINCE JUL 1      2                         0      2        2

 COOLING
  TODAY           10                        10      0       13
  MONTH TO DATE  275                       280     -5      251
  SINCE JUN 1    563                       491     72      451
  SINCE JAN 1    635                       552     83      514
..................................................................


WIND (MPH)
  HIGHEST WIND SPEED    16   HIGHEST WIND DIRECTION    NW (330)
  HIGHEST GUST SPEED    21   HIGHEST GUST DIRECTION    NW (320)
  AVERAGE WIND SPEED     7.1


SKY COVER
  POSSIBLE SUNSHINE  MM
  AVERAGE SKY COVER 0.3


WEATHER CONDITIONS
 THE FOLLOWING WEATHER WAS RECORDED TODAY.
  NO SIGNIFICANT WEATHER WAS OBSERVED.


RELATIVE HUMIDITY (PERCENT)
 HIGHEST    97           100 AM
 LOWEST     58           200 PM
 AVERAGE    78

..........................................................


THE IOWA CITY IA CLIMATE NORMALS FOR TOMORROW
                         NORMAL    RECORD    YEAR
 MAXIMUM TEMPERATURE (F)   84        MM        MM
 MINIMUM TEMPERATURE (F)   65        MM        MM


SUNRISE AND SUNSET
JULY 28 2016..........SUNRISE   557 AM CDT   SUNSET   828 PM CDT
JULY 29 2016..........SUNRISE   558 AM CDT   SUNSET   827 PM CDT


-  INDICATES NEGATIVE NUMBERS.
R  INDICATES RECORD WAS SET OR TIED.
MM INDICATES DATA IS MISSING.
T  INDICATES TRACE AMOUNT.




$$
