000
CDUS43 KDVN 300916
CLIIOW


CLIMATE REPORT
NATIONAL WEATHER SERVICE QUAD CITIES IA IL
415 AM CDT WED JUL 30 2014


...................................

...THE IOWA CITY IA CLIMATE SUMMARY FOR JULY 29 2014...

CLIMATE NORMAL PERIOD 1981 TO 2010
CLIMATE RECORD PERIOD 9999 TO 9999


WEATHER ITEM   OBSERVED TIME   RECORD YEAR NORMAL DEPARTURE LAST
                VALUE   (LST)  VALUE       VALUE  FROM      YEAR
                                                  NORMAL
..................................................................
TEMPERATURE (F)
 YESTERDAY
  MAXIMUM         79    358 PM  MM      MM  84     -5       76
  MINIMUM         56    543 AM  MM      MM  65     -9       50
  AVERAGE         68                        74     -6       63

PRECIPITATION (IN)
  YESTERDAY        0.00         MM      MM   0.13  -0.13     0.00
  MONTH TO DATE    2.96                      4.70  -1.74     2.03
  SINCE JUN 1     12.76                      9.31   3.45     6.86
  SINCE JAN 1     23.81                     21.40   2.41    28.10

DEGREE DAYS
 HEATING
  YESTERDAY        0                         0      0        2
  MONTH TO DATE   12                         0     12        8
  SINCE JUN 1     16                        17     -1       29
  SINCE JUL 1     12                         0     12        8

 COOLING
  YESTERDAY        3                        10     -7        0
  MONTH TO DATE  155                       290   -135      267
  SINCE JUN 1    369                       501   -132      472
  SINCE JAN 1    458                       562   -104      559
..................................................................


WIND (MPH)
  HIGHEST WIND SPEED    15   HIGHEST WIND DIRECTION     W (290)
  HIGHEST GUST SPEED    19   HIGHEST GUST DIRECTION     W (270)
  AVERAGE WIND SPEED     5.6


SKY COVER
  POSSIBLE SUNSHINE  MM
  AVERAGE SKY COVER 0.0


WEATHER CONDITIONS
 THE FOLLOWING WEATHER WAS RECORDED YESTERDAY.
  NO SIGNIFICANT WEATHER WAS OBSERVED.


RELATIVE HUMIDITY (PERCENT)
 HIGHEST    93           200 AM
 LOWEST     45           400 PM
 AVERAGE    69

..........................................................


THE IOWA CITY IA CLIMATE NORMALS FOR TODAY
                         NORMAL    RECORD    YEAR
 MAXIMUM TEMPERATURE (F)   84        MM        MM
 MINIMUM TEMPERATURE (F)   65        MM        MM


SUNRISE AND SUNSET
JULY 30 2014..........SUNRISE   559 AM CDT   SUNSET   826 PM CDT
JULY 31 2014..........SUNRISE   600 AM CDT   SUNSET   825 PM CDT


-  INDICATES NEGATIVE NUMBERS.
R  INDICATES RECORD WAS SET OR TIED.
MM INDICATES DATA IS MISSING.
T  INDICATES TRACE AMOUNT.




$$
