000
CDUS43 KDVN 242130
CLIIOW


CLIMATE REPORT
NATIONAL WEATHER SERVICE QUAD CITIES IA IL
430 PM CDT THU APR 24 2014


...................................

...THE IOWA CITY IA CLIMATE SUMMARY FOR APRIL 24 2014...
VALID TODAY AS OF 0400 PM LOCAL TIME.

CLIMATE NORMAL PERIOD 1981 TO 2010
CLIMATE RECORD PERIOD 9999 TO 9999


WEATHER ITEM   OBSERVED TIME   RECORD YEAR NORMAL DEPARTURE LAST
                VALUE   (LST)  VALUE       VALUE  FROM      YEAR
                                                  NORMAL
..................................................................
TEMPERATURE (F)
 TODAY
  MAXIMUM         57   1021 AM  MM      MM  64     -7       54
  MINIMUM         47    430 AM  MM      MM  43      4       31
  AVERAGE         52                        54     -2       43

PRECIPITATION (IN)
  TODAY            0.35         MM      MM   0.13   0.22     0.01
  MONTH TO DATE    3.18                      2.57   0.61     8.45
  SINCE MAR 1      3.81                      4.79  -0.98    10.88
  SINCE JAN 1      5.64                      6.95  -1.31    13.33

DEGREE DAYS
 HEATING
  TODAY           13                        11      2       22
  MONTH TO DATE  398                       364     34      471
  SINCE MAR 1   1441                      1181    260     1525
  SINCE JUL 1   7234                      6131   1103     6211

 COOLING
  TODAY            0                         0      0        0
  MONTH TO DATE    3                         0      3        0
  SINCE MAR 1      3                         0      3        0
  SINCE JAN 1      3                         0      3        0
..................................................................


WIND (MPH)
  HIGHEST WIND SPEED    22   HIGHEST WIND DIRECTION    SE (150)
  HIGHEST GUST SPEED    29   HIGHEST GUST DIRECTION    SE (140)
  AVERAGE WIND SPEED    12.7


SKY COVER
  POSSIBLE SUNSHINE  MM
  AVERAGE SKY COVER 0.6


WEATHER CONDITIONS
 THE FOLLOWING WEATHER WAS RECORDED TODAY.
  THUNDERSTORM
  RAIN
  LIGHT RAIN
  FOG


RELATIVE HUMIDITY (PERCENT)
 HIGHEST    96           100 PM
 LOWEST     51          1000 AM
 AVERAGE    74

..........................................................


THE IOWA CITY IA CLIMATE NORMALS FOR TOMORROW
                         NORMAL    RECORD    YEAR
 MAXIMUM TEMPERATURE (F)   65        MM        MM
 MINIMUM TEMPERATURE (F)   43        MM        MM


SUNRISE AND SUNSET
APRIL 24 2014.........SUNRISE   613 AM CDT   SUNSET   757 PM CDT
APRIL 25 2014.........SUNRISE   611 AM CDT   SUNSET   758 PM CDT


-  INDICATES NEGATIVE NUMBERS.
R  INDICATES RECORD WAS SET OR TIED.
MM INDICATES DATA IS MISSING.
T  INDICATES TRACE AMOUNT.




$$
