000
CDUS43 KDVN 061004
CLIIOW


CLIMATE REPORT
NATIONAL WEATHER SERVICE QUAD CITIES IA IL
403 AM CST FRI MAR 6 2015


...................................

...THE IOWA CITY IA CLIMATE SUMMARY FOR MARCH 5 2015...

CLIMATE NORMAL PERIOD 1981 TO 2010
CLIMATE RECORD PERIOD 9999 TO 9999


WEATHER ITEM   OBSERVED TIME   RECORD YEAR NORMAL DEPARTURE LAST
                VALUE   (LST)  VALUE       VALUE  FROM      YEAR
                                                  NORMAL
..................................................................
TEMPERATURE (F)
 YESTERDAY
  MAXIMUM         13    433 PM  MM      MM  42    -29       23
  MINIMUM         -2    659 AM  MM      MM  25    -27       19
  AVERAGE          6                        33    -27       21

PRECIPITATION (IN)
  YESTERDAY        0.00         MM      MM   0.08  -0.08     0.03
  MONTH TO DATE    0.18                      0.37  -0.19     0.15
  SINCE MAR 1      0.18                      0.37  -0.19     0.15
  SINCE JAN 1      1.76                      2.53  -0.77     1.98

DEGREE DAYS
 HEATING
  YESTERDAY       59                        32     27       44
  MONTH TO DATE  246                       164     82      272
  SINCE MAR 1    246                       164     82      272
  SINCE JUL 1   5611                      5114    497     6065

 COOLING
  YESTERDAY        0                         0      0        0
  MONTH TO DATE    0                         0      0        0
  SINCE MAR 1      0                         0      0        0
  SINCE JAN 1      0                         0      0        0
..................................................................


WIND (MPH)
  HIGHEST WIND SPEED    15   HIGHEST WIND DIRECTION    NW (310)
  HIGHEST GUST SPEED    19   HIGHEST GUST DIRECTION     N (340)
  AVERAGE WIND SPEED     7.2


SKY COVER
  POSSIBLE SUNSHINE  MM
  AVERAGE SKY COVER 0.0


WEATHER CONDITIONS
 THE FOLLOWING WEATHER WAS RECORDED YESTERDAY.
  NO SIGNIFICANT WEATHER WAS OBSERVED.


RELATIVE HUMIDITY (PERCENT)
 HIGHEST    83           900 PM
 LOWEST     53           300 PM
 AVERAGE    68

..........................................................


THE IOWA CITY IA CLIMATE NORMALS FOR TODAY
                         NORMAL    RECORD    YEAR
 MAXIMUM TEMPERATURE (F)   43        MM        MM
 MINIMUM TEMPERATURE (F)   25        MM        MM


SUNRISE AND SUNSET
MARCH  6 2015.........SUNRISE   633 AM CST   SUNSET   602 PM CST
MARCH  7 2015.........SUNRISE   632 AM CST   SUNSET   603 PM CST


-  INDICATES NEGATIVE NUMBERS.
R  INDICATES RECORD WAS SET OR TIED.
MM INDICATES DATA IS MISSING.
T  INDICATES TRACE AMOUNT.




$$
