000
CDUS43 KDVN 252224
CLIIOW


CLIMATE REPORT
NATIONAL WEATHER SERVICE QUAD CITIES IA IL
422 PM CST THU DEC 25 2014


...................................

...THE IOWA CITY IA CLIMATE SUMMARY FOR DECEMBER 25 2014...
VALID TODAY AS OF 0400 PM LOCAL TIME.

CLIMATE NORMAL PERIOD 1981 TO 2010
CLIMATE RECORD PERIOD 9999 TO 9999


WEATHER ITEM   OBSERVED TIME   RECORD YEAR NORMAL DEPARTURE LAST
                VALUE   (LST)  VALUE       VALUE  FROM      YEAR
                                                  NORMAL
..................................................................
TEMPERATURE (F)
 TODAY
  MAXIMUM         48    313 PM  MM      MM  30     18       29
  MINIMUM         31    759 AM  MM      MM  15     16       17
  AVERAGE         40                        23     17       23

PRECIPITATION (IN)
  TODAY            T            MM      MM   0.03  -0.03      T
  MONTH TO DATE    1.00                      1.38  -0.38     0.64
  SINCE DEC 1      1.00                      1.38  -0.38     0.64
  SINCE JAN 1     38.27                     36.14   2.13    35.06

DEGREE DAYS
 HEATING
  TODAY           25                        42    -17       42
  MONTH TO DATE  812                       975   -163     1135
  SINCE DEC 1    812                       975   -163     1135
  SINCE JUL 1   2372                      2282     90     2503

 COOLING
  TODAY            0                         0      0        0
  MONTH TO DATE    0                         0      0        0
  SINCE DEC 1      0                         0      0        0
  SINCE JAN 1    779                       912   -133     1064
..................................................................


WIND (MPH)
  HIGHEST WIND SPEED    17   HIGHEST WIND DIRECTION     S (170)
  HIGHEST GUST SPEED    23   HIGHEST GUST DIRECTION    SW (240)
  AVERAGE WIND SPEED    11.3


SKY COVER
  POSSIBLE SUNSHINE  MM
  AVERAGE SKY COVER 0.3


WEATHER CONDITIONS
 THE FOLLOWING WEATHER WAS RECORDED TODAY.
  LIGHT SNOW
  FOG


RELATIVE HUMIDITY (PERCENT)
 HIGHEST    92           700 AM
 LOWEST     54           300 PM
 AVERAGE    73

..........................................................


THE IOWA CITY IA CLIMATE NORMALS FOR TOMORROW
                         NORMAL    RECORD    YEAR
 MAXIMUM TEMPERATURE (F)   30        MM        MM
 MINIMUM TEMPERATURE (F)   15        MM        MM


SUNRISE AND SUNSET
DECEMBER 25 2014......SUNRISE   731 AM CST   SUNSET   441 PM CST
DECEMBER 26 2014......SUNRISE   732 AM CST   SUNSET   442 PM CST


-  INDICATES NEGATIVE NUMBERS.
R  INDICATES RECORD WAS SET OR TIED.
MM INDICATES DATA IS MISSING.
T  INDICATES TRACE AMOUNT.




$$
