000
CDUS43 KDVN 290920
CLIIOW


CLIMATE REPORT
NATIONAL WEATHER SERVICE QUAD CITIES IA IL
420 AM CDT FRI APR 29 2016


...................................

...THE IOWA CITY IA CLIMATE SUMMARY FOR APRIL 28 2016...

CLIMATE NORMAL PERIOD 1981 TO 2010
CLIMATE RECORD PERIOD 9999 TO 9999


WEATHER ITEM   OBSERVED TIME   RECORD YEAR NORMAL DEPARTURE LAST
                VALUE   (LST)  VALUE       VALUE  FROM      YEAR
                                                  NORMAL
..................................................................
TEMPERATURE (F)
 YESTERDAY
  MAXIMUM         56    158 PM  MM      MM  66    -10       71
  MINIMUM         47   1157 PM  MM      MM  44      3       39
  AVERAGE         52                        55     -3       55

PRECIPITATION (IN)
  YESTERDAY        0.02         MM      MM   0.16  -0.14     0.00
  MONTH TO DATE    1.34                      3.16  -1.82     3.10
  SINCE MAR 1      3.37                      5.38  -2.01     3.63
  SINCE JAN 1      4.12                      7.54  -3.42     5.21

DEGREE DAYS
 HEATING
  YESTERDAY       13                        10      3       10
  MONTH TO DATE  399                       407     -8      368
  SINCE MAR 1   1048                      1224   -176     1212
  SINCE JUL 1   5259                      6174   -915     6577

 COOLING
  YESTERDAY        0                         0      0        0
  MONTH TO DATE    6                         0      6        0
  SINCE MAR 1      6                         0      6        0
  SINCE JAN 1      6                         0      6        0
..................................................................


WIND (MPH)
  HIGHEST WIND SPEED    16   HIGHEST WIND DIRECTION     W (250)
  HIGHEST GUST SPEED    19   HIGHEST GUST DIRECTION     W (250)
  AVERAGE WIND SPEED     6.4


SKY COVER
  POSSIBLE SUNSHINE  MM
  AVERAGE SKY COVER 0.9


WEATHER CONDITIONS
 THE FOLLOWING WEATHER WAS RECORDED YESTERDAY.
  LIGHT RAIN
  FOG


RELATIVE HUMIDITY (PERCENT)
 HIGHEST   100           500 AM
 LOWEST     72           300 PM
 AVERAGE    86

..........................................................


THE IOWA CITY IA CLIMATE NORMALS FOR TODAY
                         NORMAL    RECORD    YEAR
 MAXIMUM TEMPERATURE (F)   66        MM        MM
 MINIMUM TEMPERATURE (F)   45        MM        MM


SUNRISE AND SUNSET
APRIL 29 2016.........SUNRISE   605 AM CDT   SUNSET   803 PM CDT
APRIL 30 2016.........SUNRISE   604 AM CDT   SUNSET   804 PM CDT


-  INDICATES NEGATIVE NUMBERS.
R  INDICATES RECORD WAS SET OR TIED.
MM INDICATES DATA IS MISSING.
T  INDICATES TRACE AMOUNT.




$$
