000
CDUS41 KCTP 030617
CLIIPT


CLIMATE REPORT
NATIONAL WEATHER SERVICE STATE COLLEGE PA
217 AM EDT THU SEP 3 2015


...................................

...THE WILLIAMSPORT PA CLIMATE SUMMARY FOR SEPTEMBER 2 2015...

CLIMATE NORMAL PERIOD 1981 TO 2010
CLIMATE RECORD PERIOD 1895 TO 2015


WEATHER ITEM   OBSERVED TIME   RECORD YEAR NORMAL DEPARTURE LAST
                VALUE   (LST)  VALUE       VALUE  FROM      YEAR
                                                  NORMAL
..................................................................
TEMPERATURE (F)
 YESTERDAY
  MAXIMUM         89    455 PM 101    1953  78     11       89
  MINIMUM         66    547 AM  41    1896  58      8       65
  AVERAGE         78                        68     10       77

PRECIPITATION (IN)
  YESTERDAY        0.00          3.87 2006   0.13  -0.13     0.05
  MONTH TO DATE    0.00                      0.26  -0.26     0.05
  SINCE SEP 1      0.00                      0.26  -0.26     0.05
  SINCE JAN 1     28.29                     27.29   1.00    28.86

DEGREE DAYS
 HEATING
  YESTERDAY        0                         1     -1        0
  MONTH TO DATE    0                         2     -2        0
  SINCE SEP 1      0                         2     -2        0
  SINCE JUL 1      2                        16    -14        5

 COOLING
  YESTERDAY       13                         4      9       12
  MONTH TO DATE   25                         8     17       23
  SINCE SEP 1     25                         8     17       23
  SINCE JAN 1    810                       642    168      640
..................................................................


WIND (MPH)
  HIGHEST WIND SPEED     9   HIGHEST WIND DIRECTION     W (260)
  HIGHEST GUST SPEED    13   HIGHEST GUST DIRECTION     W (290)
  AVERAGE WIND SPEED     3.5


SKY COVER
  POSSIBLE SUNSHINE  MM
  AVERAGE SKY COVER 0.4


WEATHER CONDITIONS
 THE FOLLOWING WEATHER WAS RECORDED YESTERDAY.
  FOG
  HAZE


RELATIVE HUMIDITY (PERCENT)
 HIGHEST    93           100 AM
 LOWEST     44           500 PM
 AVERAGE    69

..........................................................


THE WILLIAMSPORT PA CLIMATE NORMALS FOR TODAY
                         NORMAL    RECORD    YEAR
 MAXIMUM TEMPERATURE (F)   78       102      1953
 MINIMUM TEMPERATURE (F)   58        42      1967


SUNRISE AND SUNSET
SEPTEMBER  3 2015.....SUNRISE   636 AM EDT   SUNSET   738 PM EDT
SEPTEMBER  4 2015.....SUNRISE   637 AM EDT   SUNSET   736 PM EDT


-  INDICATES NEGATIVE NUMBERS.
R  INDICATES RECORD WAS SET OR TIED.
MM INDICATES DATA IS MISSING.
T  INDICATES TRACE AMOUNT.




$$
