000
CDUS41 KCTP 260620
CLIIPT


CLIMATE REPORT
NATIONAL WEATHER SERVICE STATE COLLEGE PA
120 AM EST WED NOV 26 2014


...................................

...THE WILLIAMSPORT PA CLIMATE SUMMARY FOR NOVEMBER 25 2014...

CLIMATE NORMAL PERIOD 1981 TO 2010
CLIMATE RECORD PERIOD 1895 TO 2014


WEATHER ITEM   OBSERVED TIME   RECORD YEAR NORMAL DEPARTURE LAST
                VALUE   (LST)  VALUE       VALUE  FROM      YEAR
                                                  NORMAL
..................................................................
TEMPERATURE (F)
 YESTERDAY
  MAXIMUM         60   1202 AM  67    1979  46     14       33
  MINIMUM         33   1156 PM  14    1956  31      2       18
                                      1938
  AVERAGE         47                        38      9       26

PRECIPITATION (IN)
  YESTERDAY        0.00          2.44 1950   0.13  -0.13     0.00
  MONTH TO DATE    1.64                      3.08  -1.44     1.04
  SINCE SEP 1      5.24                     10.66  -5.42     5.63
  SINCE JAN 1     34.05                     37.69  -3.64    27.25

SNOWFALL (IN)
  YESTERDAY        0.0
  MONTH TO DATE    T
  SINCE SEP 1      T
  SINCE JUL 1      T
  SNOW DEPTH       0

DEGREE DAYS
 HEATING
  YESTERDAY       18                        27     -9       39
  MONTH TO DATE  618                       562     56      612
  SINCE SEP 1   1001                      1091    -90     1053
  SINCE JUL 1   1006                      1105    -99     1058

 COOLING
  YESTERDAY        0                         0      0        0
  MONTH TO DATE    0                         0      0        0
  SINCE SEP 1     96                        68     28      104
  SINCE JAN 1    713                       702     11      863
..................................................................


WIND (MPH)
  HIGHEST WIND SPEED    24   HIGHEST WIND DIRECTION     W (270)
  HIGHEST GUST SPEED    34   HIGHEST GUST DIRECTION     W (270)
  AVERAGE WIND SPEED     8.5


SKY COVER
  POSSIBLE SUNSHINE  MM
  AVERAGE SKY COVER 0.0


WEATHER CONDITIONS
 THE FOLLOWING WEATHER WAS RECORDED YESTERDAY.
  NO SIGNIFICANT WEATHER WAS OBSERVED.


RELATIVE HUMIDITY (PERCENT)
 HIGHEST    75          1000 PM
 LOWEST     27          1200 AM
 AVERAGE    51

..........................................................


THE WILLIAMSPORT PA CLIMATE NORMALS FOR TODAY
                         NORMAL    RECORD    YEAR
 MAXIMUM TEMPERATURE (F)   45        68      1979
 MINIMUM TEMPERATURE (F)   31         4      1938


SUNRISE AND SUNSET
NOVEMBER 26 2014......SUNRISE   708 AM EST   SUNSET   441 PM EST
NOVEMBER 27 2014......SUNRISE   710 AM EST   SUNSET   441 PM EST


-  INDICATES NEGATIVE NUMBERS.
R  INDICATES RECORD WAS SET OR TIED.
MM INDICATES DATA IS MISSING.
T  INDICATES TRACE AMOUNT.




$$
