534
CDUS41 KCTP 280607
CLIIPT


CLIMATE REPORT
NATIONAL WEATHER SERVICE STATE COLLEGE PA
207 AM EDT TUE MAR 28 2017


...................................

...THE WILLIAMSPORT PA CLIMATE SUMMARY FOR MARCH 27 2017...

CLIMATE NORMAL PERIOD 1981 TO 2010
CLIMATE RECORD PERIOD 1895 TO 2017


WEATHER ITEM   OBSERVED TIME   RECORD YEAR NORMAL DEPARTURE LAST
                VALUE   (LST)  VALUE       VALUE  FROM      YEAR
                                                  NORMAL
..................................................................
TEMPERATURE (F)
 YESTERDAY
  MAXIMUM         60    448 PM  84    2007  52      8       54
  MINIMUM         40    346 AM  13    2014  32      8       36
  AVERAGE         50                        42      8       45

PRECIPITATION (IN)
  YESTERDAY        0.15          1.11 1919   0.11   0.04     0.00
  MONTH TO DATE    2.58                      2.53   0.05     0.77
  SINCE MAR 1      2.58                      2.53   0.05     0.77
  SINCE JAN 1      7.88                      7.57   0.31     7.19

SNOWFALL (IN)
  YESTERDAY        0.0           1.8  1959   0.1   -0.1      0.0
  MONTH TO DATE   22.6                       6.4   16.2      0.2
  SINCE MAR 1     22.6                       6.4   16.2      0.2
  SINCE JUL 1     41.1                      34.4    6.7      5.9
  SNOW DEPTH       0

DEGREE DAYS
 HEATING
  YESTERDAY       15                        23     -8       20
  MONTH TO DATE  777                       743     34      519
  SINCE MAR 1    777                       743     34      519
  SINCE JUL 1   4413                      5210   -797     4162

 COOLING
  YESTERDAY        0                         0      0        0
  MONTH TO DATE    0                         0      0        0
  SINCE MAR 1      0                         0      0        0
  SINCE JAN 1      0                         0      0        0
..................................................................


WIND (MPH)
  HIGHEST WIND SPEED    15   HIGHEST WIND DIRECTION    NE (60)
  HIGHEST GUST SPEED    23   HIGHEST GUST DIRECTION     E (70)
  AVERAGE WIND SPEED     4.8


SKY COVER
  POSSIBLE SUNSHINE  MM
  AVERAGE SKY COVER 0.7


WEATHER CONDITIONS
 THE FOLLOWING WEATHER WAS RECORDED YESTERDAY.
  LIGHT RAIN
  FOG


RELATIVE HUMIDITY (PERCENT)
 HIGHEST    93           500 AM
 LOWEST     67           300 PM
 AVERAGE    80

..........................................................


THE WILLIAMSPORT PA CLIMATE NORMALS FOR TODAY
                         NORMAL    RECORD    YEAR
 MAXIMUM TEMPERATURE (F)   53        83      1945
 MINIMUM TEMPERATURE (F)   33        16      1982


SUNRISE AND SUNSET
MARCH 28 2017.........SUNRISE   657 AM EDT   SUNSET   729 PM EDT
MARCH 29 2017.........SUNRISE   655 AM EDT   SUNSET   730 PM EDT


-  INDICATES NEGATIVE NUMBERS.
R  INDICATES RECORD WAS SET OR TIED.
MM INDICATES DATA IS MISSING.
T  INDICATES TRACE AMOUNT.




$$
