000
CDUS41 KCTP 290626
CLIIPT


CLIMATE REPORT
NATIONAL WEATHER SERVICE STATE COLLEGE PA
226 AM EDT SUN MAR 29 2015


...................................

...THE WILLIAMSPORT PA CLIMATE SUMMARY FOR MARCH 28 2015...

CLIMATE NORMAL PERIOD 1981 TO 2010
CLIMATE RECORD PERIOD 1895 TO 2015


WEATHER ITEM   OBSERVED TIME   RECORD YEAR NORMAL DEPARTURE LAST
                VALUE   (LST)  VALUE       VALUE  FROM      YEAR
                                                  NORMAL
..................................................................
TEMPERATURE (F)
 YESTERDAY
  MAXIMUM         33    324 PM  83    1945  53    -20       59
  MINIMUM         20   1116 PM  16    1982  33    -13       36
  AVERAGE         27                        43    -16       48

PRECIPITATION (IN)
  YESTERDAY        T             1.90 1932   0.11  -0.11     0.38
  MONTH TO DATE    1.91                      2.64  -0.73     1.11
  SINCE MAR 1      1.91                      2.64  -0.73     1.11
  SINCE JAN 1      4.70                      7.68  -2.98     4.91

SNOWFALL (IN)
  YESTERDAY        T             8.5  1932   0.2   -0.2      0.0
  MONTH TO DATE    7.1                       6.6    0.5      0.1
  SINCE MAR 1      7.1                       6.6    0.5      0.1
  SINCE JUL 1     40.1                      34.6    5.5     45.9
  SNOW DEPTH       0

DEGREE DAYS
 HEATING
  YESTERDAY       38                        22     16       17
  MONTH TO DATE  905                       765    140      932
  SINCE MAR 1    905                       765    140      932
  SINCE JUL 1   5542                      5232    310     5764

 COOLING
  YESTERDAY        0                         0      0        0
  MONTH TO DATE    0                         0      0        0
  SINCE MAR 1      0                         0      0        0
  SINCE JAN 1      0                         0      0        0
..................................................................


WIND (MPH)
  HIGHEST WIND SPEED    22   HIGHEST WIND DIRECTION    NW (330)
  HIGHEST GUST SPEED    27   HIGHEST GUST DIRECTION    NW (320)
  AVERAGE WIND SPEED    10.4


SKY COVER
  POSSIBLE SUNSHINE  MM
  AVERAGE SKY COVER 0.7


WEATHER CONDITIONS
 THE FOLLOWING WEATHER WAS RECORDED YESTERDAY.
  LIGHT SNOW


RELATIVE HUMIDITY (PERCENT)
 HIGHEST    63           300 AM
 LOWEST     28           500 PM
 AVERAGE    46

..........................................................


THE WILLIAMSPORT PA CLIMATE NORMALS FOR TODAY
                         NORMAL    RECORD    YEAR
 MAXIMUM TEMPERATURE (F)   53        83      1945
                                             1907
 MINIMUM TEMPERATURE (F)   33         9      1923


SUNRISE AND SUNSET
MARCH 29 2015.........SUNRISE   656 AM EDT   SUNSET   729 PM EDT
MARCH 30 2015.........SUNRISE   655 AM EDT   SUNSET   730 PM EDT


-  INDICATES NEGATIVE NUMBERS.
R  INDICATES RECORD WAS SET OR TIED.
MM INDICATES DATA IS MISSING.
T  INDICATES TRACE AMOUNT.




$$
