000
CDUS41 KCTP 210636
CLIIPT


CLIMATE REPORT
NATIONAL WEATHER SERVICE STATE COLLEGE PA
236 AM EDT MON APR 21 2014


...................................

...THE WILLIAMSPORT PA CLIMATE SUMMARY FOR APRIL 20 2014...

CLIMATE NORMAL PERIOD 1981 TO 2010
CLIMATE RECORD PERIOD 1895 TO 2014


WEATHER ITEM   OBSERVED TIME   RECORD YEAR NORMAL DEPARTURE LAST
                VALUE   (LST)  VALUE       VALUE  FROM      YEAR
                                                  NORMAL
..................................................................
TEMPERATURE (F)
 YESTERDAY
  MAXIMUM         66    450 PM  85    1976  63      3       52
                                      1941
  MINIMUM         32    547 AM  19    1897  40     -8       34
  AVERAGE         49                        52     -3       43

PRECIPITATION (IN)
  YESTERDAY        0.00          2.69 1901   0.10  -0.10      T
  MONTH TO DATE    1.92                      2.18  -0.26     2.64
  SINCE MAR 1      4.81                      5.15  -0.34     4.38
  SINCE JAN 1      8.61                     10.19  -1.58     8.84

SNOWFALL (IN)
  YESTERDAY        0.0
  MONTH TO DATE    T
  SINCE MAR 1      0.1
  SINCE JUL 1     45.9
  SNOW DEPTH       0

DEGREE DAYS
 HEATING
  YESTERDAY       16                        14      2       22
  MONTH TO DATE  342                       340      2      303
  SINCE MAR 1   1342                      1169    173     1173
  SINCE JUL 1   6174                      5636    538     5339

 COOLING
  YESTERDAY        0                         0      0        0
  MONTH TO DATE    9                         0      9        8
  SINCE MAR 1      9                         0      9        8
  SINCE JAN 1      9                         0      9        8
..................................................................


WIND (MPH)
  HIGHEST WIND SPEED    21   HIGHEST WIND DIRECTION     S (170)
  HIGHEST GUST SPEED    29   HIGHEST GUST DIRECTION     S (160)
  AVERAGE WIND SPEED     6.1


SKY COVER
  POSSIBLE SUNSHINE  MM
  AVERAGE SKY COVER 0.0


WEATHER CONDITIONS
 THE FOLLOWING WEATHER WAS RECORDED YESTERDAY.
  NO SIGNIFICANT WEATHER WAS OBSERVED.


RELATIVE HUMIDITY (PERCENT)
 HIGHEST    76           200 AM
 LOWEST     28           200 PM
 AVERAGE    52

..........................................................


THE WILLIAMSPORT PA CLIMATE NORMALS FOR TODAY
                         NORMAL    RECORD    YEAR
 MAXIMUM TEMPERATURE (F)   63        90      1941
 MINIMUM TEMPERATURE (F)   41        25      1925


SUNRISE AND SUNSET
APRIL 21 2014.........SUNRISE   619 AM EDT   SUNSET   754 PM EDT
APRIL 22 2014.........SUNRISE   618 AM EDT   SUNSET   755 PM EDT


-  INDICATES NEGATIVE NUMBERS.
R  INDICATES RECORD WAS SET OR TIED.
MM INDICATES DATA IS MISSING.
T  INDICATES TRACE AMOUNT.




$$
