000
CDUS41 KCTP 020638
CLIIPT


CLIMATE REPORT
NATIONAL WEATHER SERVICE STATE COLLEGE PA
238 AM EDT SUN AUG 2 2015


...................................

...THE WILLIAMSPORT PA CLIMATE SUMMARY FOR AUGUST 1 2015...

CLIMATE NORMAL PERIOD 1981 TO 2010
CLIMATE RECORD PERIOD 1895 TO 2015


WEATHER ITEM   OBSERVED TIME   RECORD YEAR NORMAL DEPARTURE LAST
                VALUE   (LST)  VALUE       VALUE  FROM      YEAR
                                                  NORMAL
..................................................................
TEMPERATURE (F)
 YESTERDAY
  MAXIMUM         86    419 PM  99    1955  83      3       83
  MINIMUM         62   1159 PM  48    1903  62      0       62
  AVERAGE         74                        73      1       73

PRECIPITATION (IN)
  YESTERDAY        0.00          1.15 1983   0.13  -0.13     0.00
                                      1950
  MONTH TO DATE    0.00                      0.13  -0.13     0.00
  SINCE JUN 1     11.74                      8.39   3.35     7.48
  SINCE JAN 1     24.16                     23.30   0.86    22.23

DEGREE DAYS
 HEATING
  YESTERDAY        0                         0      0        0
  MONTH TO DATE    0                         0      0        0
  SINCE JUN 1     23                        41    -18        8
  SINCE JUL 1      2                         4     -2        0

 COOLING
  YESTERDAY        9                         8      1        8
  MONTH TO DATE    9                         8      1        8
  SINCE JUN 1    437                       398     39      415
  SINCE JAN 1    565                       441    124      467
..................................................................


WIND (MPH)
  HIGHEST WIND SPEED    15   HIGHEST WIND DIRECTION     W (250)
  HIGHEST GUST SPEED    21   HIGHEST GUST DIRECTION     W (260)
  AVERAGE WIND SPEED     5.1


SKY COVER
  POSSIBLE SUNSHINE  MM
  AVERAGE SKY COVER 0.3


WEATHER CONDITIONS
 THE FOLLOWING WEATHER WAS RECORDED YESTERDAY.
  NO SIGNIFICANT WEATHER WAS OBSERVED.


RELATIVE HUMIDITY (PERCENT)
 HIGHEST    93           500 AM
 LOWEST     34           300 PM
 AVERAGE    64

..........................................................


THE WILLIAMSPORT PA CLIMATE NORMALS FOR TODAY
                         NORMAL    RECORD    YEAR
 MAXIMUM TEMPERATURE (F)   83        98      2007
                                             1955
 MINIMUM TEMPERATURE (F)   62        45      1947


SUNRISE AND SUNSET
AUGUST  2 2015........SUNRISE   604 AM EDT   SUNSET   824 PM EDT
AUGUST  3 2015........SUNRISE   605 AM EDT   SUNSET   822 PM EDT


-  INDICATES NEGATIVE NUMBERS.
R  INDICATES RECORD WAS SET OR TIED.
MM INDICATES DATA IS MISSING.
T  INDICATES TRACE AMOUNT.




$$
