000
CDUS41 KCTP 220617
CLIIPT


CLIMATE REPORT
NATIONAL WEATHER SERVICE STATE COLLEGE PA
217 AM EDT FRI AUG 22 2014


...................................

...THE WILLIAMSPORT PA CLIMATE SUMMARY FOR AUGUST 21 2014...

CLIMATE NORMAL PERIOD 1981 TO 2010
CLIMATE RECORD PERIOD 1895 TO 2014


WEATHER ITEM   OBSERVED TIME   RECORD YEAR NORMAL DEPARTURE LAST
                VALUE   (LST)  VALUE       VALUE  FROM      YEAR
                                                  NORMAL
..................................................................
TEMPERATURE (F)
 YESTERDAY
  MAXIMUM         82    300 PM  97    1916  81      1       86
  MINIMUM         67    419 AM  42    1941  60      7       57
  AVERAGE         75                        71      4       72

PRECIPITATION (IN)
  YESTERDAY        0.09          1.67 2007   0.13  -0.04     0.00
  MONTH TO DATE    5.35                      2.65   2.70     1.39
  SINCE JUN 1     12.83                     10.91   1.92     8.68
  SINCE JAN 1     27.58                     25.82   1.76    21.25

DEGREE DAYS
 HEATING
  YESTERDAY        0                         0      0        0
  MONTH TO DATE    4                         0      4        5
  SINCE JUN 1     12                        41    -29       14
  SINCE JUL 1      4                         4      0        5

 COOLING
  YESTERDAY       10                         6      4        7
  MONTH TO DATE  109                       148    -39      102
  SINCE JUN 1    516                       538    -22      599
  SINCE JAN 1    568                       581    -13      670
..................................................................


WIND (MPH)
  HIGHEST WIND SPEED    14   HIGHEST WIND DIRECTION     S (160)
  HIGHEST GUST SPEED    19   HIGHEST GUST DIRECTION     S (170)
  AVERAGE WIND SPEED     2.8


SKY COVER
  POSSIBLE SUNSHINE  MM
  AVERAGE SKY COVER 0.5


WEATHER CONDITIONS
 THE FOLLOWING WEATHER WAS RECORDED YESTERDAY.
  THUNDERSTORM
  HEAVY RAIN
  LIGHT RAIN
  FOG


RELATIVE HUMIDITY (PERCENT)
 HIGHEST    93          1100 PM
 LOWEST     58           300 PM
 AVERAGE    76

..........................................................


THE WILLIAMSPORT PA CLIMATE NORMALS FOR TODAY
                         NORMAL    RECORD    YEAR
 MAXIMUM TEMPERATURE (F)   81        98      1916
 MINIMUM TEMPERATURE (F)   60        42      1941


SUNRISE AND SUNSET
AUGUST 22 2014........SUNRISE   624 AM EDT   SUNSET   756 PM EDT
AUGUST 23 2014........SUNRISE   625 AM EDT   SUNSET   755 PM EDT


-  INDICATES NEGATIVE NUMBERS.
R  INDICATES RECORD WAS SET OR TIED.
MM INDICATES DATA IS MISSING.
T  INDICATES TRACE AMOUNT.




$$
