000
CDUS41 KCTP 210625
CLIIPT


CLIMATE REPORT
NATIONAL WEATHER SERVICE STATE COLLEGE PA
125 AM EST WED FEB 21 2018


...................................

...THE WILLIAMSPORT PA CLIMATE SUMMARY FOR FEBRUARY 20 2018...

CLIMATE NORMAL PERIOD 1981 TO 2010
CLIMATE RECORD PERIOD 1895 TO 2018


WEATHER ITEM   OBSERVED TIME   RECORD YEAR NORMAL DEPARTURE LAST
                VALUE   (LST)  VALUE       VALUE  FROM      YEAR
                                                  NORMAL
..................................................................
TEMPERATURE (F)
 YESTERDAY
  MAXIMUM         58    504 PM  67    2016  39     19       56
                                      1930
  MINIMUM         40   1133 PM  -7    1936  22     18       32
  AVERAGE         49                        31     18       44

PRECIPITATION (IN)
  YESTERDAY        0.00          1.19 1981   0.08  -0.08     0.00
  MONTH TO DATE    2.36                      1.66   0.70     1.50
  SINCE DEC 1      7.20                      7.29  -0.09     7.89
  SINCE JAN 1      6.01                      4.36   1.65     4.93

SNOWFALL (IN)
  YESTERDAY        0.0          13.0  1921   0.3   -0.3      0.0
  MONTH TO DATE    7.9                       6.3    1.6      6.2
  SINCE DEC 1     18.9                      23.7   -4.8     18.4
  SINCE JUL 1     19.0                      25.5   -6.5     18.5
  SNOW DEPTH       0

DEGREE DAYS
 HEATING
  YESTERDAY       16                        34    -18       21
  MONTH TO DATE  659                       722    -63      590
  SINCE DEC 1   2896                      2956    -60     2546
  SINCE JUL 1   3880                      4201   -321     3480

 COOLING
  YESTERDAY        0                         0      0        0
  MONTH TO DATE    0                         0      0        0
  SINCE DEC 1      0                         0      0        0
  SINCE JAN 1      0                         0      0        0
..................................................................


WIND (MPH)
  HIGHEST WIND SPEED    12   HIGHEST WIND DIRECTION    NE (60)
  HIGHEST GUST SPEED    15   HIGHEST GUST DIRECTION     E (70)
  AVERAGE WIND SPEED     4.1


SKY COVER
  POSSIBLE SUNSHINE  MM
  AVERAGE SKY COVER 0.7


WEATHER CONDITIONS
 THE FOLLOWING WEATHER WAS RECORDED YESTERDAY.
  FOG
  FOG W/VISIBILITY <= 1/4 MILE


RELATIVE HUMIDITY (PERCENT)
 HIGHEST   100          1200 AM
 LOWEST     80           400 PM
 AVERAGE    90

..........................................................


THE WILLIAMSPORT PA CLIMATE NORMALS FOR TODAY
                         NORMAL    RECORD    YEAR
 MAXIMUM TEMPERATURE (F)   40        69      1930
 MINIMUM TEMPERATURE (F)   22        -2      1936


SUNRISE AND SUNSET
FEBRUARY 21 2018......SUNRISE   654 AM EST   SUNSET   549 PM EST
FEBRUARY 22 2018......SUNRISE   653 AM EST   SUNSET   550 PM EST


-  INDICATES NEGATIVE NUMBERS.
R  INDICATES RECORD WAS SET OR TIED.
MM INDICATES DATA IS MISSING.
T  INDICATES TRACE AMOUNT.




$$
