000
CDUS41 KCTP 260631
CLIIPT


CLIMATE REPORT
NATIONAL WEATHER SERVICE STATE COLLEGE PA
230 AM EDT TUE MAY 26 2015


...................................

...THE WILLIAMSPORT PA CLIMATE SUMMARY FOR MAY 25 2015...

CLIMATE NORMAL PERIOD 1981 TO 2010
CLIMATE RECORD PERIOD 1895 TO 2015


WEATHER ITEM   OBSERVED TIME   RECORD YEAR NORMAL DEPARTURE LAST
                VALUE   (LST)  VALUE       VALUE  FROM      YEAR
                                                  NORMAL
..................................................................
TEMPERATURE (F)
 YESTERDAY
  MAXIMUM         87    140 PM  92    1991  74     13       82
  MINIMUM         57    545 AM  31    1956  51      6       49
  AVERAGE         72                        62     10       66

PRECIPITATION (IN)
  YESTERDAY        0.00          1.34 1947   0.12  -0.12     0.00
  MONTH TO DATE    1.66                      2.94  -1.28     4.90
  SINCE MAR 1      8.22                      9.15  -0.93    10.66
  SINCE JAN 1     11.01                     14.19  -3.18    14.46

SNOWFALL (IN)
  YESTERDAY        0.0           T    1925   0.0    0.0      0.0
                                      2001
  MONTH TO DATE    0.0                       0.0    0.0      0.0
  SINCE MAR 1     11.4                       8.0    3.4      0.1
  SINCE JUL 1     44.4                      36.0    8.4     45.9
  SNOW DEPTH       0

DEGREE DAYS
 HEATING
  YESTERDAY        0                         5     -5        0
  MONTH TO DATE   93                       181    -88      135
  SINCE MAR 1   1517                      1469     48     1618
  SINCE JUL 1   6154                      5936    218     6450

 COOLING
  YESTERDAY        7                         2      5        1
  MONTH TO DATE   82                        24     58       27
  SINCE MAR 1     82                        29     53       36
  SINCE JAN 1     82                        29     53       36
..................................................................


WIND (MPH)
  HIGHEST WIND SPEED    22   HIGHEST WIND DIRECTION     S (180)
  HIGHEST GUST SPEED    31   HIGHEST GUST DIRECTION     S (180)
  AVERAGE WIND SPEED     8.5


SKY COVER
  POSSIBLE SUNSHINE  MM
  AVERAGE SKY COVER 0.1


WEATHER CONDITIONS
 THE FOLLOWING WEATHER WAS RECORDED YESTERDAY.
  NO SIGNIFICANT WEATHER WAS OBSERVED.


RELATIVE HUMIDITY (PERCENT)
 HIGHEST    80           100 AM
 LOWEST     37           100 PM
 AVERAGE    59

..........................................................


THE WILLIAMSPORT PA CLIMATE NORMALS FOR TODAY
                         NORMAL    RECORD    YEAR
 MAXIMUM TEMPERATURE (F)   74        93      1914
 MINIMUM TEMPERATURE (F)   51        35      1925


SUNRISE AND SUNSET
MAY 26 2015...........SUNRISE   540 AM EDT   SUNSET   829 PM EDT
MAY 27 2015...........SUNRISE   540 AM EDT   SUNSET   830 PM EDT


-  INDICATES NEGATIVE NUMBERS.
R  INDICATES RECORD WAS SET OR TIED.
MM INDICATES DATA IS MISSING.
T  INDICATES TRACE AMOUNT.




$$
