000
CDUS41 KCTP 302224
CLIIPT


CLIMATE REPORT
NATIONAL WEATHER SERVICE STATE COLLEGE PA
523 PM EST FRI JAN 30 2015


...................................

...THE WILLIAMSPORT PA CLIMATE SUMMARY FOR JANUARY 30 2015...
VALID TODAY AS OF 0500 PM LOCAL TIME.

CLIMATE NORMAL PERIOD 1981 TO 2010
CLIMATE RECORD PERIOD 1895 TO 2015


WEATHER ITEM   OBSERVED TIME   RECORD YEAR NORMAL DEPARTURE LAST
                VALUE   (LST)  VALUE       VALUE  FROM      YEAR
                                                  NORMAL
..................................................................
TEMPERATURE (F)
 TODAY
  MAXIMUM         34   1251 PM  65    1947  35     -1       28
  MINIMUM         24    509 PM  -6    1948  20      4       -1
  AVERAGE         29                        27      2       14

PRECIPITATION (IN)
  TODAY            0.06          0.77 1968   0.09  -0.03     0.00
  MONTH TO DATE    1.71                      2.61  -0.90     1.25
  SINCE DEC 1      4.31                      5.54  -1.23     4.89
  SINCE JAN 1      1.71                      2.61  -0.90     1.25

SNOWFALL (IN)
  TODAY            0.4          14.5  1925   0.3    0.1      0.0
  MONTH TO DATE   14.7                      10.1    4.6      7.9
  SINCE DEC 1     18.7                      17.0    1.7     22.0
  SINCE JUL 1     23.8                      18.8    5.0     24.2
  SNOW DEPTH       6

DEGREE DAYS
 HEATING
  TODAY           36                        38     -2       51
  MONTH TO DATE 1204                      1148     56     1314
  SINCE DEC 1   2107                      2196    -89     2387
  SINCE JUL 1   3277                      3441   -164     3630

 COOLING
  TODAY            0                         0      0        0
  MONTH TO DATE    0                         0      0        0
  SINCE DEC 1      0                         0      0        0
  SINCE JAN 1      0                         0      0        0
..................................................................


WIND (MPH)
  HIGHEST WIND SPEED    25   HIGHEST WIND DIRECTION     W (290)
  HIGHEST GUST SPEED    36   HIGHEST GUST DIRECTION     W (290)
  AVERAGE WIND SPEED    10.1


SKY COVER
  POSSIBLE SUNSHINE  MM
  AVERAGE SKY COVER 1.0


WEATHER CONDITIONS
 THE FOLLOWING WEATHER WAS RECORDED TODAY.
  LIGHT SNOW
  FOG
  HAZE


RELATIVE HUMIDITY (PERCENT)
 HIGHEST    92           300 AM
 LOWEST     47           300 PM
 AVERAGE    70

..........................................................


THE WILLIAMSPORT PA CLIMATE NORMALS FOR TOMORROW
                         NORMAL    RECORD    YEAR
 MAXIMUM TEMPERATURE (F)   35        62      1974
 MINIMUM TEMPERATURE (F)   20       -14      1948


SUNRISE AND SUNSET
JANUARY 30 2015.......SUNRISE   721 AM EST   SUNSET   521 PM EST
JANUARY 31 2015.......SUNRISE   720 AM EST   SUNSET   523 PM EST


-  INDICATES NEGATIVE NUMBERS.
R  INDICATES RECORD WAS SET OR TIED.
MM INDICATES DATA IS MISSING.
T  INDICATES TRACE AMOUNT.




$$
