000
CDUS41 KCTP 192117
CLIIPT


CLIMATE REPORT
NATIONAL WEATHER SERVICE STATE COLLEGE PA
517 PM EDT SUN OCT 19 2014


...................................

...THE WILLIAMSPORT PA CLIMATE SUMMARY FOR OCTOBER 19 2014...
VALID TODAY AS OF 0500 PM LOCAL TIME.

CLIMATE NORMAL PERIOD 1981 TO 2010
CLIMATE RECORD PERIOD 1895 TO 2014


WEATHER ITEM   OBSERVED TIME   RECORD YEAR NORMAL DEPARTURE LAST
                VALUE   (LST)  VALUE       VALUE  FROM      YEAR
                                                  NORMAL
..................................................................
TEMPERATURE (F)
 TODAY
  MAXIMUM         55    337 PM  82    1963  61     -6       58
  MINIMUM         41    745 AM  24    1974  40      1       36
                                      1930
  AVERAGE         48                        51     -3       47

PRECIPITATION (IN)
  TODAY            T             2.90 1906   0.11  -0.11     0.10
  MONTH TO DATE    2.45                      2.17   0.28     2.75
  SINCE SEP 1      3.55                      6.33  -2.78     4.35
  SINCE JAN 1     32.36                     33.36  -1.00    25.97

SNOWFALL (IN)
  TODAY            0.0
  MONTH TO DATE    0.0
  SINCE SEP 1      0.0
  SINCE JUL 1      0.0
  SNOW DEPTH       0

DEGREE DAYS
 HEATING
  TODAY           17                        14      3       18
  MONTH TO DATE  155                       217    -62      100
  SINCE SEP 1    231                       331   -100      221
  SINCE JUL 1    236                       345   -109      226

 COOLING
  TODAY            0                         0      0        0
  MONTH TO DATE    6                         1      5       30
  SINCE SEP 1     96                        64     32      104
  SINCE JAN 1    713                       698     15      863
..................................................................


WIND (MPH)
  HIGHEST WIND SPEED    20   HIGHEST WIND DIRECTION    NW (300)
  HIGHEST GUST SPEED    26   HIGHEST GUST DIRECTION    NW (300)
  AVERAGE WIND SPEED    11.3


SKY COVER
  POSSIBLE SUNSHINE  MM
  AVERAGE SKY COVER 0.6


WEATHER CONDITIONS
 THE FOLLOWING WEATHER WAS RECORDED TODAY.
  LIGHT RAIN


RELATIVE HUMIDITY (PERCENT)
 HIGHEST    70           600 AM
 LOWEST     32           200 PM
 AVERAGE    51

..........................................................


THE WILLIAMSPORT PA CLIMATE NORMALS FOR TOMORROW
                         NORMAL    RECORD    YEAR
 MAXIMUM TEMPERATURE (F)   61        80      1969
                                             1963
                                             1947
 MINIMUM TEMPERATURE (F)   40        20      1972


SUNRISE AND SUNSET
OCTOBER 19 2014.......SUNRISE   724 AM EDT   SUNSET   621 PM EDT
OCTOBER 20 2014.......SUNRISE   725 AM EDT   SUNSET   619 PM EDT


-  INDICATES NEGATIVE NUMBERS.
R  INDICATES RECORD WAS SET OR TIED.
MM INDICATES DATA IS MISSING.
T  INDICATES TRACE AMOUNT.




$$
