000
CDUS43 KEAX 270637
CLIIRK


CLIMATE REPORT
NATIONAL WEATHER SERVICE KANSAS CITY/PLEASANT HILL MO
136 AM CDT THU APR 27 2017


...................................

...THE KIRKSVILLE MO CLIMATE SUMMARY FOR APRIL 26 2017...

CLIMATE NORMAL PERIOD 1981 TO 2010
CLIMATE RECORD PERIOD 9999 TO 9999


WEATHER ITEM   OBSERVED TIME   NORMAL DEPARTURE LAST
                VALUE   (LST)  VALUE  FROM      YEAR
                                      NORMAL
......................................................
TEMPERATURE (F)
 YESTERDAY
  MAXIMUM         62    153 AM  66     -4       72
  MINIMUM         42   1159 PM  44     -2       55
  AVERAGE         52            55     -3       64

PRECIPITATION (IN)
  YESTERDAY        0.61          0.16   0.45     0.63
  MONTH TO DATE    3.41          3.14   0.27     2.52
  SINCE MAR 1      7.05          5.69   1.36     4.51
  SINCE JAN 1      8.91          8.49   0.42     7.10

DEGREE DAYS
 HEATING
  YESTERDAY       13            10      3        1
  MONTH TO DATE  217           365   -148      295
  SINCE MAR 1    859          1119   -260      821
  SINCE JUL 1   4388          5652  -1264     4528

 COOLING
  YESTERDAY        0             0      0        0
  MONTH TO DATE   24             0     24        8
  SINCE MAR 1     24             0     24        8
  SINCE JAN 1     24             0     24        8
......................................................


WIND (MPH)
  HIGHEST WIND SPEED    16   HIGHEST WIND DIRECTION    NW (310)
  HIGHEST GUST SPEED    22   HIGHEST GUST DIRECTION    NW (300)
  AVERAGE WIND SPEED     9.2


SKY COVER
  AVERAGE SKY COVER 0.9


WEATHER CONDITIONS
 THE FOLLOWING WEATHER WAS RECORDED YESTERDAY.
  THUNDERSTORM
  RAIN
  LIGHT RAIN
  FOG


RELATIVE HUMIDITY (PERCENT)
 HIGHEST   100           400 AM
 LOWEST     78          1200 AM
 AVERAGE    89

..........................................................


THE KIRKSVILLE MO CLIMATE NORMALS FOR TODAY
                         NORMAL
 MAXIMUM TEMPERATURE (F)   66
 MINIMUM TEMPERATURE (F)   45


SUNRISE AND SUNSET
APRIL 27 2017.........SUNRISE   615 AM CDT   SUNSET   801 PM CDT
APRIL 28 2017.........SUNRISE   613 AM CDT   SUNSET   802 PM CDT


-  INDICATES NEGATIVE NUMBERS.
R  INDICATES RECORD WAS SET OR TIED.
MM INDICATES DATA IS MISSING.
T  INDICATES TRACE AMOUNT.




$$
