000
CDUS43 KEAX 270643
CLIIRK


CLIMATE REPORT
NATIONAL WEATHER SERVICE KANSAS CITY/PLEASANT HILL MO
142 AM CDT TUE JUN 27 2017


...................................

...THE KIRKSVILLE MO CLIMATE SUMMARY FOR JUNE 26 2017...

CLIMATE NORMAL PERIOD 1981 TO 2010
CLIMATE RECORD PERIOD 9999 TO 9999


WEATHER ITEM   OBSERVED TIME   NORMAL DEPARTURE LAST
                VALUE   (LST)  VALUE  FROM      YEAR
                                      NORMAL
......................................................
TEMPERATURE (F)
 YESTERDAY
  MAXIMUM         73    440 PM  83    -10       88
  MINIMUM         48    513 AM  63    -15       70
  AVERAGE         61            73    -12       79

PRECIPITATION (IN)
  YESTERDAY        0.01          0.11  -0.10      T
  MONTH TO DATE    3.03          4.35  -1.32     1.49
  SINCE JUN 1      3.03          4.35  -1.32     1.49
  SINCE JAN 1     16.45         18.50  -2.05    13.78

DEGREE DAYS
 HEATING
  YESTERDAY        4             0      4        0
  MONTH TO DATE    6            12     -6        0
  SINCE JUN 1      6            12     -6        0
  SINCE JUL 1   4619          5852  -1233     4738

 COOLING
  YESTERDAY        0             8     -8       14
  MONTH TO DATE  220           157     63      286
  SINCE JUN 1    220           157     63      286
  SINCE JAN 1    312           219     93      358
......................................................


WIND (MPH)
  HIGHEST WIND SPEED    15   HIGHEST WIND DIRECTION     W (270)
  HIGHEST GUST SPEED    21   HIGHEST GUST DIRECTION     W (280)
  AVERAGE WIND SPEED     5.2


SKY COVER
  AVERAGE SKY COVER 0.2


WEATHER CONDITIONS
 THE FOLLOWING WEATHER WAS RECORDED YESTERDAY.
  NO SIGNIFICANT WEATHER WAS OBSERVED.


RELATIVE HUMIDITY (PERCENT)
 HIGHEST   100          1100 PM
 LOWEST     53           200 PM
 AVERAGE    77

..........................................................


THE KIRKSVILLE MO CLIMATE NORMALS FOR TODAY
                         NORMAL
 MAXIMUM TEMPERATURE (F)   83
 MINIMUM TEMPERATURE (F)   63


SUNRISE AND SUNSET
JUNE 27 2017..........SUNRISE   543 AM CDT   SUNSET   843 PM CDT
JUNE 28 2017..........SUNRISE   544 AM CDT   SUNSET   843 PM CDT


-  INDICATES NEGATIVE NUMBERS.
R  INDICATES RECORD WAS SET OR TIED.
MM INDICATES DATA IS MISSING.
T  INDICATES TRACE AMOUNT.




$$
