220
CDUS43 KEAX 280634
CLIIRK


CLIMATE REPORT
NATIONAL WEATHER SERVICE KANSAS CITY/PLEASANT HILL MO
133 AM CDT SUN AUG 28 2016


...................................

...THE KIRKSVILLE MO CLIMATE SUMMARY FOR AUGUST 27 2016...

CLIMATE NORMAL PERIOD 1981 TO 2010
CLIMATE RECORD PERIOD 9999 TO 9999


WEATHER ITEM   OBSERVED TIME   NORMAL DEPARTURE LAST
                VALUE   (LST)  VALUE  FROM      YEAR
                                      NORMAL
......................................................
TEMPERATURE (F)
 YESTERDAY
  MAXIMUM         87    331 PM  83      4       76
  MINIMUM         64    624 AM  61      3       53
  AVERAGE         76            72      4       65

PRECIPITATION (IN)
  YESTERDAY        0.06          0.15  -0.09     0.00
  MONTH TO DATE    5.78          3.20   2.58     2.42
  SINCE JUN 1      9.49         12.64  -3.15    20.46
  SINCE JAN 1     21.78         26.79  -5.01    31.22

DEGREE DAYS
 HEATING
  YESTERDAY        0             0      0        0
  MONTH TO DATE    0             0      0        8
  SINCE JUN 1      6            17    -11       28
  SINCE JUL 1      6             1      5       13

 COOLING
  YESTERDAY       11             7      4        0
  MONTH TO DATE  280           249     31      202
  SINCE JUN 1    962           754    208      776
  SINCE JAN 1   1034           816    218      844
......................................................


WIND (MPH)
  HIGHEST WIND SPEED    13   HIGHEST WIND DIRECTION    SW (210)
  HIGHEST GUST SPEED    19   HIGHEST GUST DIRECTION     S (190)
  AVERAGE WIND SPEED     4.2


SKY COVER
  AVERAGE SKY COVER 0.2


WEATHER CONDITIONS
 THE FOLLOWING WEATHER WAS RECORDED YESTERDAY.
  THUNDERSTORM
  RAIN
  LIGHT RAIN
  FOG


RELATIVE HUMIDITY (PERCENT)
 HIGHEST    93           200 AM
 LOWEST     57           200 PM
 AVERAGE    75

..........................................................


THE KIRKSVILLE MO CLIMATE NORMALS FOR TODAY
                         NORMAL
 MAXIMUM TEMPERATURE (F)   82
 MINIMUM TEMPERATURE (F)   60


SUNRISE AND SUNSET
AUGUST 28 2016........SUNRISE   635 AM CDT   SUNSET   747 PM CDT
AUGUST 29 2016........SUNRISE   635 AM CDT   SUNSET   746 PM CDT


-  INDICATES NEGATIVE NUMBERS.
R  INDICATES RECORD WAS SET OR TIED.
MM INDICATES DATA IS MISSING.
T  INDICATES TRACE AMOUNT.




$$
