000
CDUS43 KEAX 050635
CLIIRK


CLIMATE REPORT
NATIONAL WEATHER SERVICE KANSAS CITY/PLEASANT HILL MO
134 AM CDT THU MAY 5 2016


...................................

...THE KIRKSVILLE MO CLIMATE SUMMARY FOR MAY 4 2016...

CLIMATE NORMAL PERIOD 1981 TO 2010
CLIMATE RECORD PERIOD 9999 TO 9999


WEATHER ITEM   OBSERVED TIME   NORMAL DEPARTURE LAST
                VALUE   (LST)  VALUE  FROM      YEAR
                                      NORMAL
......................................................
TEMPERATURE (F)
 YESTERDAY
  MAXIMUM         66    417 PM  68     -2       78
  MINIMUM         46   1023 PM  47     -1       62
  AVERAGE         56            58     -2       70

PRECIPITATION (IN)
  YESTERDAY        0.00          0.19  -0.19     0.03
  MONTH TO DATE    0.07          0.76  -0.69     0.21
  SINCE MAR 1      5.05          7.15  -2.10     4.74
  SINCE JAN 1      7.64          9.95  -2.31     6.79

DEGREE DAYS
 HEATING
  YESTERDAY        9             8      1        0
  MONTH TO DATE   50            33     17       14
  SINCE MAR 1    911          1190   -279      982
  SINCE JUL 1   4618          5723  -1105     5661

 COOLING
  YESTERDAY        0             1     -1        5
  MONTH TO DATE    0             3     -3        8
  SINCE MAR 1      8            10     -2       11
  SINCE JAN 1      8            10     -2       11
......................................................


WIND (MPH)
  HIGHEST WIND SPEED    24   HIGHEST WIND DIRECTION     N (10)
  HIGHEST GUST SPEED    32   HIGHEST GUST DIRECTION     N (20)
  AVERAGE WIND SPEED    12.1


SKY COVER
  AVERAGE SKY COVER 0.2


WEATHER CONDITIONS
 THE FOLLOWING WEATHER WAS RECORDED YESTERDAY.
  NO SIGNIFICANT WEATHER WAS OBSERVED.


RELATIVE HUMIDITY (PERCENT)
 HIGHEST    66           400 AM
 LOWEST     31           400 PM
 AVERAGE    49

..........................................................


THE KIRKSVILLE MO CLIMATE NORMALS FOR TODAY
                         NORMAL
 MAXIMUM TEMPERATURE (F)   69
 MINIMUM TEMPERATURE (F)   48


SUNRISE AND SUNSET
MAY  5 2016...........SUNRISE   605 AM CDT   SUNSET   810 PM CDT
MAY  6 2016...........SUNRISE   603 AM CDT   SUNSET   811 PM CDT


-  INDICATES NEGATIVE NUMBERS.
R  INDICATES RECORD WAS SET OR TIED.
MM INDICATES DATA IS MISSING.
T  INDICATES TRACE AMOUNT.




$$
