000
CDUS43 KEAX 030638
CLIIRK


CLIMATE REPORT
NATIONAL WEATHER SERVICE KANSAS CITY/PLEASANT HILL MO
1237 AM CST TUE MAR 3 2015


...................................

...THE KIRKSVILLE MO CLIMATE SUMMARY FOR MARCH 2 2015...

CLIMATE NORMAL PERIOD 1981 TO 2010
CLIMATE RECORD PERIOD 9999 TO 9999


WEATHER ITEM   OBSERVED TIME   NORMAL DEPARTURE LAST
                VALUE   (LST)  VALUE  FROM      YEAR
                                      NORMAL
......................................................
TEMPERATURE (F)
 YESTERDAY
  MAXIMUM         35    323 PM  44     -9        5
  MINIMUM         18    603 AM  26     -8       -3
  AVERAGE         27            35     -8        1

PRECIPITATION (IN)
  YESTERDAY        0.00          0.08  -0.08     0.17
  MONTH TO DATE    0.09          0.16  -0.07     0.30
  SINCE MAR 1      0.09          0.16  -0.07     0.30
  SINCE JAN 1      2.14          2.96  -0.82     3.85

DEGREE DAYS
 HEATING
  YESTERDAY       38            30      8       64
  MONTH TO DATE   77            61     16      111
  SINCE MAR 1     77            61     16      111
  SINCE JUL 1   4756          4594    162     5081

 COOLING
  YESTERDAY        0             0      0        0
  MONTH TO DATE    0             0      0        0
  SINCE MAR 1      0             0      0        0
  SINCE JAN 1      0             0      0        0
......................................................


WIND (MPH)
  HIGHEST WIND SPEED    20   HIGHEST WIND DIRECTION    SE (130)
  HIGHEST GUST SPEED    24   HIGHEST GUST DIRECTION    SE (140)
  AVERAGE WIND SPEED     7.7


SKY COVER
  AVERAGE SKY COVER 0.2


WEATHER CONDITIONS
 THE FOLLOWING WEATHER WAS RECORDED YESTERDAY.
  FOG


RELATIVE HUMIDITY (PERCENT)
 HIGHEST    91           200 AM
 LOWEST     61           400 PM
 AVERAGE    76

..........................................................


THE KIRKSVILLE MO CLIMATE NORMALS FOR TODAY
                         NORMAL
 MAXIMUM TEMPERATURE (F)   45
 MINIMUM TEMPERATURE (F)   26


SUNRISE AND SUNSET
MARCH  3 2015.........SUNRISE   641 AM CST   SUNSET   604 PM CST
MARCH  4 2015.........SUNRISE   639 AM CST   SUNSET   605 PM CST


-  INDICATES NEGATIVE NUMBERS.
R  INDICATES RECORD WAS SET OR TIED.
MM INDICATES DATA IS MISSING.
T  INDICATES TRACE AMOUNT.




$$
