000
CDUS43 KEAX 160032
CLIIRK


CLIMATE REPORT
NATIONAL WEATHER SERVICE KANSAS CITY/PLEASANT HILL MO
631 PM CST FRI DEC 15 2017


...................................

...THE KIRKSVILLE MO CLIMATE SUMMARY FOR DECEMBER 15 2017...
VALID TODAY AS OF 0600 PM LOCAL TIME.

CLIMATE NORMAL PERIOD 1981 TO 2010
CLIMATE RECORD PERIOD 9999 TO 9999


WEATHER ITEM   OBSERVED TIME   NORMAL DEPARTURE LAST
                VALUE   (LST)  VALUE  FROM      YEAR
                                      NORMAL
......................................................
TEMPERATURE (F)
 TODAY
  MAXIMUM         45    220 PM  37      8       17
  MINIMUM         27   1216 AM  20      7        5
  AVERAGE         36            28      8       11

PRECIPITATION (IN)
  TODAY            0.00          0.05  -0.05     0.00
  MONTH TO DATE    0.58          0.94  -0.36     0.56
  SINCE DEC 1      0.58          0.94  -0.36     0.56
  SINCE JAN 1     32.14         38.50  -6.36    30.28

DEGREE DAYS
 HEATING
  TODAY           29            37     -8       54
  MONTH TO DATE  433           515    -82      572
  SINCE DEC 1    433           515    -82      572
  SINCE JUL 1   1452          1736   -284     1294

 COOLING
  TODAY            0             0      0        0
  MONTH TO DATE    0             0      0        0
  SINCE DEC 1      0             0      0        0
  SINCE JAN 1   1121           939    182     1313
......................................................


WIND (MPH)
  HIGHEST WIND SPEED    20   HIGHEST WIND DIRECTION     W (280)
  HIGHEST GUST SPEED    30   HIGHEST GUST DIRECTION     W (280)
  AVERAGE WIND SPEED     8.6


SKY COVER
  AVERAGE SKY COVER 0.6


WEATHER CONDITIONS
 THE FOLLOWING WEATHER WAS RECORDED TODAY.
  NO SIGNIFICANT WEATHER WAS OBSERVED.


RELATIVE HUMIDITY (PERCENT)
 HIGHEST    92          1200 AM
 LOWEST     41           300 PM
 AVERAGE    67

..........................................................


THE KIRKSVILLE MO CLIMATE NORMALS FOR TOMORROW
                         NORMAL
 MAXIMUM TEMPERATURE (F)   37
 MINIMUM TEMPERATURE (F)   20


SUNRISE AND SUNSET
DECEMBER 15 2017......SUNRISE   725 AM CST   SUNSET   446 PM CST
DECEMBER 16 2017......SUNRISE   726 AM CST   SUNSET   446 PM CST


-  INDICATES NEGATIVE NUMBERS.
R  INDICATES RECORD WAS SET OR TIED.
MM INDICATES DATA IS MISSING.
T  INDICATES TRACE AMOUNT.




$$
