000
CDUS43 KEAX 020647
CLIIRK


CLIMATE REPORT
NATIONAL WEATHER SERVICE KANSAS CITY/PLEASANT HILL MO
147 AM CDT SUN AUG 2 2015


...................................

...THE KIRKSVILLE MO CLIMATE SUMMARY FOR AUGUST 1 2015...

CLIMATE NORMAL PERIOD 1981 TO 2010
CLIMATE RECORD PERIOD 9999 TO 9999


WEATHER ITEM   OBSERVED TIME   NORMAL DEPARTURE LAST
                VALUE   (LST)  VALUE  FROM      YEAR
                                      NORMAL
......................................................
TEMPERATURE (F)
 YESTERDAY
  MAXIMUM         90    417 PM  86      4       85
  MINIMUM         64   1059 PM  65     -1       59
  AVERAGE         77            76      1       72

PRECIPITATION (IN)
  YESTERDAY        T             0.11  -0.11     0.00
  MONTH TO DATE    T             0.11  -0.11     0.00
  SINCE JUN 1     18.04          9.55   8.49    10.23
  SINCE JAN 1     28.80         23.70   5.10    19.33

DEGREE DAYS
 HEATING
  YESTERDAY        0             0      0        0
  MONTH TO DATE    0             0      0        0
  SINCE JUN 1     20            17      3       12
  SINCE JUL 1      5             1      4        6

 COOLING
  YESTERDAY       12            11      1        7
  MONTH TO DATE   12            11      1        7
  SINCE JUN 1    586           516     70      445
  SINCE JAN 1    654           578     76      567
......................................................


WIND (MPH)
  HIGHEST WIND SPEED    17   HIGHEST WIND DIRECTION     S (190)
  HIGHEST GUST SPEED    23   HIGHEST GUST DIRECTION     S (180)
  AVERAGE WIND SPEED     4.8


SKY COVER
  AVERAGE SKY COVER 0.2


WEATHER CONDITIONS
 THE FOLLOWING WEATHER WAS RECORDED YESTERDAY.
  THUNDERSTORM
  LIGHT RAIN


RELATIVE HUMIDITY (PERCENT)
 HIGHEST    87          1200 AM
 LOWEST     56           400 PM
 AVERAGE    72

..........................................................


THE KIRKSVILLE MO CLIMATE NORMALS FOR TODAY
                         NORMAL
 MAXIMUM TEMPERATURE (F)   86
 MINIMUM TEMPERATURE (F)   65


SUNRISE AND SUNSET
AUGUST  2 2015........SUNRISE   609 AM CDT   SUNSET   823 PM CDT
AUGUST  3 2015........SUNRISE   610 AM CDT   SUNSET   822 PM CDT


-  INDICATES NEGATIVE NUMBERS.
R  INDICATES RECORD WAS SET OR TIED.
MM INDICATES DATA IS MISSING.
T  INDICATES TRACE AMOUNT.




$$
