000
CDUS43 KEAX 010033
CLIIRK


CLIMATE REPORT
NATIONAL WEATHER SERVICE KANSAS CITY/PLEASANT HILL MO
733 PM CDT TUE MAY 31 2016


...................................

...THE KIRKSVILLE MO CLIMATE SUMMARY FOR MAY 31 2016...
VALID TODAY AS OF 0700 PM LOCAL TIME.

CLIMATE NORMAL PERIOD 1981 TO 2010
CLIMATE RECORD PERIOD 9999 TO 9999


WEATHER ITEM   OBSERVED TIME   NORMAL DEPARTURE LAST
                VALUE   (LST)  VALUE  FROM      YEAR
                                      NORMAL
......................................................
TEMPERATURE (F)
 TODAY
  MAXIMUM         81    349 PM  77      4       66
  MINIMUM         61    138 AM  57      4       50
  AVERAGE         71            67      4       58

PRECIPITATION (IN)
  TODAY            T             0.16  -0.16     0.00
  MONTH TO DATE    4.72          4.96  -0.24     4.18
  SINCE MAR 1      9.70         11.35  -1.65     8.71
  SINCE JAN 1     12.29         14.15  -1.86    10.76

DEGREE DAYS
 HEATING
  TODAY            0             2     -2        7
  MONTH TO DATE  170           151     19      118
  SINCE MAR 1   1031          1307   -276     1086
  SINCE JUL 1   4738          5840  -1102     5765

 COOLING
  TODAY            6             4      2        0
  MONTH TO DATE   64            55      9       65
  SINCE MAR 1     72            62     10       68
  SINCE JAN 1     72            62     10       68
......................................................


WIND (MPH)
  HIGHEST WIND SPEED    16   HIGHEST WIND DIRECTION     S (160)
  HIGHEST GUST SPEED    19   HIGHEST GUST DIRECTION     S (190)
  AVERAGE WIND SPEED     5.3


SKY COVER
  AVERAGE SKY COVER 0.6


WEATHER CONDITIONS
 THE FOLLOWING WEATHER WAS RECORDED TODAY.
  NO SIGNIFICANT WEATHER WAS OBSERVED.


RELATIVE HUMIDITY (PERCENT)
 HIGHEST    93          1200 AM
 LOWEST     54           200 PM
 AVERAGE    74

..........................................................


THE KIRKSVILLE MO CLIMATE NORMALS FOR TOMORROW
                         NORMAL
 MAXIMUM TEMPERATURE (F)   77
 MINIMUM TEMPERATURE (F)   57


SUNRISE AND SUNSET
MAY 31 2016...........SUNRISE   543 AM CDT   SUNSET   833 PM CDT
JUNE  1 2016..........SUNRISE   543 AM CDT   SUNSET   834 PM CDT


-  INDICATES NEGATIVE NUMBERS.
R  INDICATES RECORD WAS SET OR TIED.
MM INDICATES DATA IS MISSING.
T  INDICATES TRACE AMOUNT.




$$
