000
CDUS43 KBIS 280725
CLIISN


CLIMATE REPORT
NATIONAL WEATHER SERVICE BISMARCK ND
224 AM CDT THU JUL 28 2016


...................................

...THE WILLISTON ND CLIMATE SUMMARY FOR JULY 27 2016...

CLIMATE NORMAL PERIOD 1981 TO 2010
CLIMATE RECORD PERIOD 1894 TO 2016


WEATHER ITEM   OBSERVED TIME   RECORD YEAR NORMAL DEPARTURE LAST
                VALUE   (LST)  VALUE       VALUE  FROM      YEAR
                                                  NORMAL
..................................................................
TEMPERATURE (F)
 YESTERDAY
  MAXIMUM         75   1142 AM 108    1988  86    -11       92
  MINIMUM         58    411 AM  40    1908  57      1       63
  AVERAGE         67                        72     -5       78

PRECIPITATION (IN)
  YESTERDAY        0.03          0.94 2001   0.06  -0.03     0.33
  MONTH TO DATE    2.34                      2.29   0.05     1.33
  SINCE JUN 1      4.18                      4.81  -0.63     3.23
  SINCE JAN 1      9.25                      9.42  -0.17     6.73

SNOWFALL (IN)
  YESTERDAY       MM
  SNOW DEPTH      MM

DEGREE DAYS
 HEATING
  YESTERDAY        0                         0      0        0
  MONTH TO DATE    1                        21    -20        3
  SINCE JUN 1     17                       141   -124       57
  SINCE JUL 1      1                        21    -20        3

 COOLING
  YESTERDAY        2                         7     -5       13
  MONTH TO DATE  183                       154     29      230
  SINCE JUN 1    279                       222     57      333
  SINCE JAN 1    289                       235     54      334
..................................................................


WIND (MPH)
  HIGHEST WIND SPEED    16   HIGHEST WIND DIRECTION     N (10)
  HIGHEST GUST SPEED    18   HIGHEST GUST DIRECTION    NE (30)
  AVERAGE WIND SPEED     5.6


SKY COVER
  POSSIBLE SUNSHINE  MM
  AVERAGE SKY COVER 0.5


WEATHER CONDITIONS
 THE FOLLOWING WEATHER WAS RECORDED YESTERDAY.
  LIGHT RAIN


RELATIVE HUMIDITY (PERCENT)
 HIGHEST    87          1000 PM
 LOWEST     61          1000 AM
 AVERAGE    74

..........................................................


THE WILLISTON ND CLIMATE NORMALS FOR TODAY
                         NORMAL    RECORD    YEAR
 MAXIMUM TEMPERATURE (F)   86       104      1975
 MINIMUM TEMPERATURE (F)   57        43      1971


SUNRISE AND SUNSET
JULY 28 2016..........SUNRISE   626 AM CDT   SUNSET   935 PM CDT
JULY 29 2016..........SUNRISE   627 AM CDT   SUNSET   934 PM CDT


-  INDICATES NEGATIVE NUMBERS.
R  INDICATES RECORD WAS SET OR TIED.
MM INDICATES DATA IS MISSING.
T  INDICATES TRACE AMOUNT.




$$
