000
CDUS43 KBIS 031952
CLIISN


CLIMATE REPORT
NATIONAL WEATHER SERVICE BISMARCK ND
252 PM CDT FRI JUL 3 2015


...................................

...THE WILLISTON ND CLIMATE SUMMARY FOR JULY 2 2015...

CLIMATE NORMAL PERIOD 1981 TO 2010
CLIMATE RECORD PERIOD 1894 TO 2015


WEATHER ITEM   OBSERVED TIME   RECORD YEAR NORMAL DEPARTURE LAST
                VALUE   (LST)  VALUE       VALUE  FROM      YEAR
                                                  NORMAL
..................................................................
TEMPERATURE (F)
 YESTERDAY
  MAXIMUM         85    513 PM  97    1990  82      3       77
                                      1985
                                      1949
  MINIMUM         54    534 AM  38    1968  54      0       43
  AVERAGE         70                        68      2       60

PRECIPITATION (IN)
  YESTERDAY        0.06          1.90 1902   0.09  -0.03     0.00
  MONTH TO DATE    0.10                      0.18  -0.08     0.05
  SINCE JUN 1      2.00                      2.70  -0.70     1.49
  SINCE JAN 1      5.50                      7.31  -1.81     5.58

SNOWFALL (IN)
  YESTERDAY       MM             T    1989   0.0   MM       MM
  MONTH TO DATE   MM                         0.0   MM       MM
  SINCE JUN 1     MM                         0.0   MM       MM
  SINCE JUL 1     MM                         0.0   MM       MM
  SNOW DEPTH      MM

DEGREE DAYS
 HEATING
  YESTERDAY        0                         2     -2        5
  MONTH TO DATE    0                         4     -4        8
  SINCE JUN 1     54                       124    -70      118
  SINCE JUL 1      0                         4     -4        8

 COOLING
  YESTERDAY        5                         4      1        0
  MONTH TO DATE   10                         8      2        0
  SINCE JUN 1    113                        76     37       28
  SINCE JAN 1    114                        89     25       49
..................................................................


WIND (MPH)
  HIGHEST WIND SPEED    21   HIGHEST WIND DIRECTION     N (360)
  HIGHEST GUST SPEED    26   HIGHEST GUST DIRECTION     N (360)
  AVERAGE WIND SPEED     6.3


SKY COVER
  POSSIBLE SUNSHINE  MM
  AVERAGE SKY COVER 0.3


WEATHER CONDITIONS
 THE FOLLOWING WEATHER WAS RECORDED YESTERDAY.
  LIGHT RAIN
  FOG
  HAZE


RELATIVE HUMIDITY (PERCENT)
 HIGHEST    93           500 AM
 LOWEST     40           400 PM
 AVERAGE    67

..........................................................


THE WILLISTON ND CLIMATE NORMALS FOR TODAY
                         NORMAL    RECORD    YEAR
 MAXIMUM TEMPERATURE (F)   82        99      1933
 MINIMUM TEMPERATURE (F)   54        34      1967


SUNRISE AND SUNSET
JULY  3 2015..........SUNRISE   559 AM CDT   SUNSET   958 PM CDT
JULY  4 2015..........SUNRISE   600 AM CDT   SUNSET   957 PM CDT


-  INDICATES NEGATIVE NUMBERS.
R  INDICATES RECORD WAS SET OR TIED.
MM INDICATES DATA IS MISSING.
T  INDICATES TRACE AMOUNT.




$$
