000
CDUS43 KBIS 210811
CLIISN


CLIMATE REPORT
NATIONAL WEATHER SERVICE BISMARCK ND
210 AM CST TUE NOV 21 2017


...................................

...THE WILLISTON ND CLIMATE SUMMARY FOR NOVEMBER 20 2017...

CLIMATE NORMAL PERIOD 1981 TO 2010
CLIMATE RECORD PERIOD 1894 TO 2017


WEATHER ITEM   OBSERVED TIME   RECORD YEAR NORMAL DEPARTURE LAST
                VALUE   (LST)  VALUE       VALUE  FROM      YEAR
                                                  NORMAL
..................................................................
TEMPERATURE (F)
 YESTERDAY
  MAXIMUM         50   1118 AM  64    2006  35     15       44
  MINIMUM          7   1159 PM -22    1896  14     -7       22
  AVERAGE         29                        24      5       33

PRECIPITATION (IN)
  YESTERDAY        0.00          0.38 2010   0.02  -0.02     0.00
  MONTH TO DATE    0.26                      0.47  -0.21     0.01
  SINCE SEP 1      2.46                      2.45   0.01     4.61
  SINCE JAN 1     11.74                     13.57  -1.83    14.36

DEGREE DAYS
 HEATING
  YESTERDAY       36                        41     -5       32
  MONTH TO DATE  827                       701    126      464
  SINCE SEP 1   1702                      1657     45     1237
  SINCE JUL 1   1721                      1728     -7     1247

 COOLING
  YESTERDAY        0                         0      0        0
  MONTH TO DATE    0                         0      0        0
  SINCE SEP 1     38                        27     11       31
  SINCE JAN 1    643                       456    187      521
..................................................................


WIND (MPH)
  HIGHEST WIND SPEED    38   HIGHEST WIND DIRECTION    NW (300)
  HIGHEST GUST SPEED    49   HIGHEST GUST DIRECTION    NW (300)
  AVERAGE WIND SPEED    15.5


SKY COVER
  POSSIBLE SUNSHINE  MM
  AVERAGE SKY COVER 0.4


WEATHER CONDITIONS
 THE FOLLOWING WEATHER WAS RECORDED YESTERDAY.
  NO SIGNIFICANT WEATHER WAS OBSERVED.


RELATIVE HUMIDITY (PERCENT)
 HIGHEST    81          1200 AM
 LOWEST     33          1100 AM
 AVERAGE    57

..........................................................


THE WILLISTON ND CLIMATE NORMALS FOR TODAY
                         NORMAL    RECORD    YEAR
 MAXIMUM TEMPERATURE (F)   34        58      1987
 MINIMUM TEMPERATURE (F)   14       -22      1978
                                             1900


SUNRISE AND SUNSET
NOVEMBER 21 2017......SUNRISE   811 AM CST   SUNSET   510 PM CST
NOVEMBER 22 2017......SUNRISE   812 AM CST   SUNSET   509 PM CST


-  INDICATES NEGATIVE NUMBERS.
R  INDICATES RECORD WAS SET OR TIED.
MM INDICATES DATA IS MISSING.
T  INDICATES TRACE AMOUNT.




$$
