000
CDUS43 KBIS 030732
CLIISN


CLIMATE REPORT
NATIONAL WEATHER SERVICE BISMARCK ND
232 AM CDT WED SEP 3 2014


...................................

...THE WILLISTON ND CLIMATE SUMMARY FOR SEPTEMBER 2 2014...

CLIMATE NORMAL PERIOD 1981 TO 2010
CLIMATE RECORD PERIOD 1894 TO 2014


WEATHER ITEM   OBSERVED TIME   RECORD YEAR NORMAL DEPARTURE LAST
                VALUE   (LST)  VALUE       VALUE  FROM      YEAR
                                                  NORMAL
..................................................................
TEMPERATURE (F)
 YESTERDAY
  MAXIMUM         77    452 PM  99    1901  78     -1       89
  MINIMUM         50   1127 PM  32    1974  48      2       50
  AVERAGE         64                        63      1       70

PRECIPITATION (IN)
  YESTERDAY        0.02          0.90 1961   0.04  -0.02     0.00
  MONTH TO DATE    0.02                      0.08  -0.06     0.00
  SINCE SEP 1      0.02                      0.08  -0.06     0.00
  SINCE JAN 1      8.45                     11.20  -2.75    15.89

SNOWFALL (IN)
  YESTERDAY       MM             1.5  1961   0.0   MM       MM
  MONTH TO DATE   MM                         0.0   MM       MM
  SINCE SEP 1     MM                         0.0   MM       MM
  SINCE JUL 1     MM                         0.0   MM       MM
  SNOW DEPTH      MM

DEGREE DAYS
 HEATING
  YESTERDAY        1                         4     -3        0
  MONTH TO DATE    6                         8     -2        0
  SINCE SEP 1      6                         8     -2        0
  SINCE JUL 1     63                        79    -16       46

 COOLING
  YESTERDAY        0                         2     -2        5
  MONTH TO DATE    0                         4     -4        8
  SINCE SEP 1      0                         4     -4        8
  SINCE JAN 1    391                       433    -42      335
..................................................................


WIND (MPH)
  HIGHEST WIND SPEED    20   HIGHEST WIND DIRECTION     W (280)
  HIGHEST GUST SPEED    26   HIGHEST GUST DIRECTION     W (280)
  AVERAGE WIND SPEED     8.0


SKY COVER
  POSSIBLE SUNSHINE  MM
  AVERAGE SKY COVER 0.2


WEATHER CONDITIONS
 THE FOLLOWING WEATHER WAS RECORDED YESTERDAY.
  RAIN
  LIGHT RAIN


RELATIVE HUMIDITY (PERCENT)
 HIGHEST    89           600 AM
 LOWEST     28           500 PM
 AVERAGE    59

..........................................................


THE WILLISTON ND CLIMATE NORMALS FOR TODAY
                         NORMAL    RECORD    YEAR
 MAXIMUM TEMPERATURE (F)   78       102      1978
 MINIMUM TEMPERATURE (F)   48        32      1902


SUNRISE AND SUNSET
SEPTEMBER  3 2014.....SUNRISE   715 AM CDT   SUNSET   832 PM CDT
SEPTEMBER  4 2014.....SUNRISE   716 AM CDT   SUNSET   830 PM CDT


-  INDICATES NEGATIVE NUMBERS.
R  INDICATES RECORD WAS SET OR TIED.
MM INDICATES DATA IS MISSING.
T  INDICATES TRACE AMOUNT.




$$
