000
CDUS43 KBIS 310021
CLIISN


CLIMATE REPORT
NATIONAL WEATHER SERVICE BISMARCK ND
721 PM CDT THU JUL 30 2015


...................................

...THE WILLISTON ND CLIMATE SUMMARY FOR JULY 30 2015...
VALID TODAY AS OF 0700 PM LOCAL TIME.

CLIMATE NORMAL PERIOD 1981 TO 2010
CLIMATE RECORD PERIOD 1894 TO 2015


WEATHER ITEM   OBSERVED TIME   RECORD YEAR NORMAL DEPARTURE LAST
                VALUE   (LST)  VALUE       VALUE  FROM      YEAR
                                                  NORMAL
..................................................................
TEMPERATURE (F)
 TODAY
  MAXIMUM         86    406 PM 102    2007  86      0       85
                                      2000
  MINIMUM         51    502 AM  39    1903  57     -6       54
  AVERAGE         69                        72     -3       70

PRECIPITATION (IN)
  TODAY            0.00          0.41 1975   0.06  -0.06     0.00
                                      1961
  MONTH TO DATE    1.55                      2.48  -0.93     0.56
  SINCE JUN 1      3.45                      5.00  -1.55     2.00
  SINCE JAN 1      6.95                      9.61  -2.66     6.09

SNOWFALL (IN)
  TODAY           MM

DEGREE DAYS
 HEATING
  TODAY            0                         0      0        0
  MONTH TO DATE    8                        21    -13       17
  SINCE JUN 1     62                       141    -79      127
  SINCE JUL 1      8                        21    -13       17

 COOLING
  TODAY            4                         7     -3        5
  MONTH TO DATE  240                       175     65      153
  SINCE JUN 1    343                       243    100      181
  SINCE JAN 1    344                       256     88      202
..................................................................


WIND (MPH)
  HIGHEST WIND SPEED    20   HIGHEST WIND DIRECTION    NW (320)
  HIGHEST GUST SPEED    27   HIGHEST GUST DIRECTION    NW (330)
  AVERAGE WIND SPEED     7.3


SKY COVER
  POSSIBLE SUNSHINE  MM
  AVERAGE SKY COVER 0.1


WEATHER CONDITIONS
 THE FOLLOWING WEATHER WAS RECORDED TODAY.
  NO SIGNIFICANT WEATHER WAS OBSERVED.


RELATIVE HUMIDITY (PERCENT)
 HIGHEST    89           500 AM
 LOWEST     23           300 PM
 AVERAGE    56

..........................................................


THE WILLISTON ND CLIMATE NORMALS FOR TOMORROW
                         NORMAL    RECORD    YEAR
 MAXIMUM TEMPERATURE (F)   86       105      1989
 MINIMUM TEMPERATURE (F)   57        40      1898


SUNRISE AND SUNSET
JULY 30 2015..........SUNRISE   627 AM CDT   SUNSET   934 PM CDT
JULY 31 2015..........SUNRISE   629 AM CDT   SUNSET   932 PM CDT


-  INDICATES NEGATIVE NUMBERS.
R  INDICATES RECORD WAS SET OR TIED.
MM INDICATES DATA IS MISSING.
T  INDICATES TRACE AMOUNT.




$$
