000
CDUS43 KBIS 260735
CLIISN


CLIMATE REPORT
NATIONAL WEATHER SERVICE BISMARCK ND
234 AM CDT FRI AUG 26 2016


...................................

...THE WILLISTON ND CLIMATE SUMMARY FOR AUGUST 25 2016...

CLIMATE NORMAL PERIOD 1981 TO 2010
CLIMATE RECORD PERIOD 1894 TO 2016


WEATHER ITEM   OBSERVED TIME   RECORD YEAR NORMAL DEPARTURE LAST
                VALUE   (LST)  VALUE       VALUE  FROM      YEAR
                                                  NORMAL
..................................................................
TEMPERATURE (F)
 YESTERDAY
  MAXIMUM         78    345 PM 101    1952  82     -4       88
  MINIMUM         52    647 AM  35    1934  52      0       52
  AVERAGE         65                        66     -1       70

PRECIPITATION (IN)
  YESTERDAY        0.01          1.76 1960   0.04  -0.03     0.00
  MONTH TO DATE    0.45                      1.18  -0.73     0.82
  SINCE JUN 1      4.68                      6.24  -1.56     4.27
  SINCE JAN 1      9.75                     10.85  -1.10     7.77

SNOWFALL (IN)
  YESTERDAY       MM
  SNOW DEPTH      MM

DEGREE DAYS
 HEATING
  YESTERDAY        0                         2     -2        0
  MONTH TO DATE    6                        31    -25       31
  SINCE JUN 1     23                       175   -152       93
  SINCE JUL 1      7                        55    -48       39

 COOLING
  YESTERDAY        0                         4     -4        5
  MONTH TO DATE  145                       147     -2      171
  SINCE JUN 1    450                       397     53      521
  SINCE JAN 1    460                       410     50      522
..................................................................


WIND (MPH)
  HIGHEST WIND SPEED    18   HIGHEST WIND DIRECTION    NW (300)
  HIGHEST GUST SPEED    25   HIGHEST GUST DIRECTION    NW (300)
  AVERAGE WIND SPEED     9.7


SKY COVER
  POSSIBLE SUNSHINE  MM
  AVERAGE SKY COVER 0.6


WEATHER CONDITIONS
 THE FOLLOWING WEATHER WAS RECORDED YESTERDAY.
  LIGHT RAIN
  FOG


RELATIVE HUMIDITY (PERCENT)
 HIGHEST    83           300 AM
 LOWEST     21           400 PM
 AVERAGE    52

..........................................................


THE WILLISTON ND CLIMATE NORMALS FOR TODAY
                         NORMAL    RECORD    YEAR
 MAXIMUM TEMPERATURE (F)   81        99      1901
 MINIMUM TEMPERATURE (F)   51        33      1914


SUNRISE AND SUNSET
AUGUST 26 2016........SUNRISE   705 AM CDT   SUNSET   847 PM CDT
AUGUST 27 2016........SUNRISE   706 AM CDT   SUNSET   845 PM CDT


-  INDICATES NEGATIVE NUMBERS.
R  INDICATES RECORD WAS SET OR TIED.
MM INDICATES DATA IS MISSING.
T  INDICATES TRACE AMOUNT.




$$
