000
CDUS43 KBIS 300735
CLIISN


CLIMATE REPORT
NATIONAL WEATHER SERVICE BISMARCK ND
235 AM CDT SUN APR 30 2017


...................................

...THE WILLISTON ND CLIMATE SUMMARY FOR APRIL 29 2017...

CLIMATE NORMAL PERIOD 1981 TO 2010
CLIMATE RECORD PERIOD 1894 TO 2017


WEATHER ITEM   OBSERVED TIME   RECORD YEAR NORMAL DEPARTURE LAST
                VALUE   (LST)  VALUE       VALUE  FROM      YEAR
                                                  NORMAL
..................................................................
TEMPERATURE (F)
 YESTERDAY
  MAXIMUM         64    416 PM  91    1949  63      1       61
  MINIMUM         28    600 AM  12    1903  35     -7       33
  AVERAGE         46                        49     -3       47

PRECIPITATION (IN)
  YESTERDAY        0.00          0.75 2011   0.04  -0.04     0.00
  MONTH TO DATE    0.50                      0.95  -0.45     1.95
  SINCE MAR 1      1.35                      1.66  -0.31     2.13
  SINCE JAN 1      2.49                      2.64  -0.15     3.26

SNOWFALL (IN)
  YESTERDAY       MM
  SNOW DEPTH      MM

DEGREE DAYS
 HEATING
  YESTERDAY       19                        16      3       18
  MONTH TO DATE  603                       634    -31      582
  SINCE MAR 1   1643                      1741    -98     1452
  SINCE JUL 1   7665                      8509   -844     7062

 COOLING
  YESTERDAY        0                         0      0        0
  MONTH TO DATE    0                         0      0        0
  SINCE MAR 1      0                         0      0        0
  SINCE JAN 1      0                         0      0        0
..................................................................


WIND (MPH)
  HIGHEST WIND SPEED    16   HIGHEST WIND DIRECTION     W (250)
  HIGHEST GUST SPEED    22   HIGHEST GUST DIRECTION     W (250)
  AVERAGE WIND SPEED     3.5


SKY COVER
  POSSIBLE SUNSHINE  MM
  AVERAGE SKY COVER 0.1


WEATHER CONDITIONS
 THE FOLLOWING WEATHER WAS RECORDED YESTERDAY.
  NO SIGNIFICANT WEATHER WAS OBSERVED.


RELATIVE HUMIDITY (PERCENT)
 HIGHEST    78           500 AM
 LOWEST     30           500 PM
 AVERAGE    54

..........................................................


THE WILLISTON ND CLIMATE NORMALS FOR TODAY
                         NORMAL    RECORD    YEAR
 MAXIMUM TEMPERATURE (F)   63        91      1901
 MINIMUM TEMPERATURE (F)   35        13      1954
                                             1909


SUNRISE AND SUNSET
APRIL 30 2017.........SUNRISE   637 AM CDT   SUNSET   907 PM CDT
MAY  1 2017...........SUNRISE   635 AM CDT   SUNSET   909 PM CDT


-  INDICATES NEGATIVE NUMBERS.
R  INDICATES RECORD WAS SET OR TIED.
MM INDICATES DATA IS MISSING.
T  INDICATES TRACE AMOUNT.




$$
