000
CDUS43 KBIS 210731
CLIISN


CLIMATE REPORT
NATIONAL WEATHER SERVICE BISMARCK ND
229 AM CDT MON APR 21 2014


...................................

...THE WILLISTON ND CLIMATE SUMMARY FOR APRIL 20 2014...

CLIMATE NORMAL PERIOD 1981 TO 2010
CLIMATE RECORD PERIOD 1894 TO 2014


WEATHER ITEM   OBSERVED TIME   RECORD YEAR NORMAL DEPARTURE LAST
                VALUE   (LST)  VALUE       VALUE  FROM      YEAR
                                                  NORMAL
..................................................................
TEMPERATURE (F)
 YESTERDAY
  MAXIMUM         68    339 PM  92    1980  59      9       40
  MINIMUM         28    430 AM  11    1966  31     -3       27
  AVERAGE         48                        45      3       34

PRECIPITATION (IN)
  YESTERDAY        0.00          1.90 1967   0.03  -0.03     0.04
  MONTH TO DATE    0.28                      0.59  -0.31     0.60
  SINCE MAR 1      0.60                      1.30  -0.70     2.02
  SINCE JAN 1      1.04                      2.28  -1.24     2.59

SNOWFALL (IN)
  YESTERDAY       MM             2.4  1967   0.1   MM         T
  MONTH TO DATE   MM                         2.8   MM        8.5
  SINCE MAR 1     MM                         9.0   MM       24.6
  SINCE JUL 1     MM                        43.1   MM       56.6
  SNOW DEPTH      MM

DEGREE DAYS
 HEATING
  YESTERDAY       17                        20     -3       31
  MONTH TO DATE  539                       474     65      686
  SINCE MAR 1   1742                      1581    161     2136
  SINCE JUL 1   8691                      8349    342     8724

 COOLING
  YESTERDAY        0                         0      0        0
  MONTH TO DATE    0                         0      0        0
  SINCE MAR 1      0                         0      0        0
  SINCE JAN 1      0                         0      0        0
..................................................................


WIND (MPH)
  HIGHEST WIND SPEED    33   HIGHEST WIND DIRECTION     W (280)
  HIGHEST GUST SPEED    45   HIGHEST GUST DIRECTION    NW (300)
  AVERAGE WIND SPEED    10.8


SKY COVER
  POSSIBLE SUNSHINE  MM
  AVERAGE SKY COVER 0.1


WEATHER CONDITIONS
 THE FOLLOWING WEATHER WAS RECORDED YESTERDAY.
  NO SIGNIFICANT WEATHER WAS OBSERVED.


RELATIVE HUMIDITY (PERCENT)
 HIGHEST    92           200 AM
 LOWEST     20           300 PM
 AVERAGE    56

..........................................................


THE WILLISTON ND CLIMATE NORMALS FOR TODAY
                         NORMAL    RECORD    YEAR
 MAXIMUM TEMPERATURE (F)   60        92      1980
 MINIMUM TEMPERATURE (F)   32        17      1909


SUNRISE AND SUNSET
APRIL 21 2014.........SUNRISE   653 AM CDT   SUNSET   854 PM CDT
APRIL 22 2014.........SUNRISE   652 AM CDT   SUNSET   855 PM CDT


-  INDICATES NEGATIVE NUMBERS.
R  INDICATES RECORD WAS SET OR TIED.
MM INDICATES DATA IS MISSING.
T  INDICATES TRACE AMOUNT.




$$
