000
CDUS41 KOKX 272037
CLIISP


CLIMATE REPORT
NATIONAL WEATHER SERVICE NEW YORK NY
437 PM EDT THU AUG 27 2015


...................................

...THE ISLIP NY CLIMATE SUMMARY FOR AUGUST 27 2015...
VALID TODAY AS OF 0400 PM LOCAL TIME.

CLIMATE NORMAL PERIOD 1981 TO 2010
CLIMATE RECORD PERIOD 1986 TO 2015


WEATHER ITEM   OBSERVED TIME   RECORD YEAR NORMAL DEPARTURE LAST
                VALUE   (LST)  VALUE       VALUE  FROM      YEAR
                                                  NORMAL
..................................................................
TEMPERATURE (F)
 TODAY
  MAXIMUM         81    255 PM  91    1993  79      2       85
  MINIMUM         61    537 AM  52    1989  64     -3       63
  AVERAGE         71                        72     -1       74

PRECIPITATION (IN)
  TODAY            0.00          2.19 2006   0.12  -0.12     0.00
  MONTH TO DATE    1.48                      3.50  -2.02    14.05
  SINCE JUN 1      7.27                     11.20  -3.93    18.80
  SINCE JAN 1     22.36                     30.66  -8.30    40.54

SNOWFALL (IN)
  TODAY            0.0          MM      MM   0.0    0.0      0.0
  MONTH TO DATE    0.0                       0.0    0.0      0.0
  SINCE OCT 1     63.7                      24.8   38.9     63.7
  SINCE JUL 1      0.0                       0.0    0.0      0.0
  SNOW DEPTH       0

DEGREE DAYS
 HEATING
  TODAY            0                         0      0        0
  MONTH TO DATE    0                         0      0        0
  SINCE JUN 1     46                        40      6        2
  SINCE JUL 1      0                         2     -2        0

 COOLING
  TODAY            6                         7     -1        9
  MONTH TO DATE  298                       222     76      194
  SINCE JUN 1    791                       638    153      689
  SINCE JAN 1    841                       662    179      718
..................................................................


WIND (MPH)
  HIGHEST WIND SPEED    16   HIGHEST WIND DIRECTION    NW (320)
  HIGHEST GUST SPEED    20   HIGHEST GUST DIRECTION    NW (310)
  AVERAGE WIND SPEED     5.0


SKY COVER
  AVERAGE SKY COVER 0.3


WEATHER CONDITIONS
 THE FOLLOWING WEATHER WAS RECORDED TODAY.
  NO SIGNIFICANT WEATHER WAS OBSERVED.


RELATIVE HUMIDITY (PERCENT)
 HIGHEST    90           500 AM
 LOWEST     36           300 PM
 AVERAGE    63

..........................................................


THE ISLIP NY CLIMATE NORMALS FOR TOMORROW
                         NORMAL    RECORD    YEAR
 MAXIMUM TEMPERATURE (F)   79        89      1991
 MINIMUM TEMPERATURE (F)   64        49      1986


SUNRISE AND SUNSET
AUGUST 27 2015........SUNRISE   614 AM EDT   SUNSET   733 PM EDT
AUGUST 28 2015........SUNRISE   615 AM EDT   SUNSET   732 PM EDT


-  INDICATES NEGATIVE NUMBERS.
R  INDICATES RECORD WAS SET OR TIED.
MM INDICATES DATA IS MISSING.
T  INDICATES TRACE AMOUNT.




$$
