000
CDUS41 KOKX 260616
CLIISP


CLIMATE REPORT
NATIONAL WEATHER SERVICE NEW YORK NY
216 AM EDT MON SEP 26 2016


...................................

...THE ISLIP NY CLIMATE SUMMARY FOR SEPTEMBER 25 2016...

CLIMATE NORMAL PERIOD 1981 TO 2010
CLIMATE RECORD PERIOD 1984 TO 2016


WEATHER ITEM   OBSERVED TIME   RECORD YEAR NORMAL DEPARTURE LAST
                VALUE   (LST)  VALUE       VALUE  FROM      YEAR
                                                  NORMAL
..................................................................
TEMPERATURE (F)
 YESTERDAY
  MAXIMUM         69    313 PM  87    2010  71     -2       74
  MINIMUM         48   1159 PM  39    1997  54     -6       59
  AVERAGE         59                        62     -3       67

PRECIPITATION (IN)
  YESTERDAY        0.00          1.19 1991   0.12  -0.12     0.00
  MONTH TO DATE    2.54                      2.94  -0.40     2.80
  SINCE SEP 1      2.54                      2.94  -0.40     2.80
  SINCE JAN 1     24.98                     34.08  -9.10    25.16

SNOWFALL (IN)
  YESTERDAY        0.0          MM      MM   0.0    0.0      0.0
  MONTH TO DATE    0.0                       0.0    0.0      0.0
  SINCE OCT 1     41.4                      24.8   16.6     63.7
  SINCE JUL 1      0.0                       0.0    0.0      0.0
  SNOW DEPTH       0

DEGREE DAYS
 HEATING
  YESTERDAY        6                         4      2        0
  MONTH TO DATE   13                        46    -33        1
  SINCE SEP 1     13                        46    -33        1
  SINCE JUL 1     13                        51    -38        1

 COOLING
  YESTERDAY        0                         1     -1        2
  MONTH TO DATE  156                        86     70      171
  SINCE SEP 1    156                        86     70      171
  SINCE JAN 1   1103                       772    331     1052
..................................................................


WIND (MPH)
  HIGHEST WIND SPEED    16   HIGHEST WIND DIRECTION     N (340)
  HIGHEST GUST SPEED    20   HIGHEST GUST DIRECTION     N (340)
  AVERAGE WIND SPEED     6.6


SKY COVER
  AVERAGE SKY COVER 0.1


WEATHER CONDITIONS
 THE FOLLOWING WEATHER WAS RECORDED YESTERDAY.
  NO SIGNIFICANT WEATHER WAS OBSERVED.


RELATIVE HUMIDITY (PERCENT)
 HIGHEST    71           600 AM
 LOWEST     27           300 PM
 AVERAGE    49

..........................................................


THE ISLIP NY CLIMATE NORMALS FOR TODAY
                         NORMAL    RECORD    YEAR
 MAXIMUM TEMPERATURE (F)   70        79      2011
                                             2007
                                             1998
 MINIMUM TEMPERATURE (F)   53        40      1987


SUNRISE AND SUNSET
SEPTEMBER 26 2016.....SUNRISE   644 AM EDT   SUNSET   642 PM EDT
SEPTEMBER 27 2016.....SUNRISE   645 AM EDT   SUNSET   640 PM EDT


-  INDICATES NEGATIVE NUMBERS.
R  INDICATES RECORD WAS SET OR TIED.
MM INDICATES DATA IS MISSING.
T  INDICATES TRACE AMOUNT.




$$
