000
CDUS41 KOKX 230621
CLIISP


CLIMATE REPORT
NATIONAL WEATHER SERVICE NEW YORK NY
221 AM EDT SAT MAY 23 2015


...................................

...THE ISLIP NY CLIMATE SUMMARY FOR MAY 22 2015...

CLIMATE NORMAL PERIOD 1981 TO 2010
CLIMATE RECORD PERIOD 1986 TO 2015


WEATHER ITEM   OBSERVED TIME   RECORD YEAR NORMAL DEPARTURE LAST
                VALUE   (LST)  VALUE       VALUE  FROM      YEAR
                                                  NORMAL
..................................................................
TEMPERATURE (F)
 YESTERDAY
  MAXIMUM         74    244 PM  92    1992  69      5       61
  MINIMUM         50    452 AM  37    2002  52     -2       56
  AVERAGE         62                        60      2       59

PRECIPITATION (IN)
  YESTERDAY        0.02          1.09 2001   0.13  -0.11     0.26
  MONTH TO DATE    0.42                      2.56  -2.14     2.44
  SINCE MAR 1      7.15                     11.34  -4.19    13.18
  SINCE JAN 1     15.09                     18.24  -3.15    21.52

SNOWFALL (IN)
  YESTERDAY        0.0          MM      MM   0.0    0.0      0.0
  MONTH TO DATE    0.0                       0.0    0.0      0.0
  SINCE OCT 1     63.7                      24.8   38.9     63.7
  SINCE JUL 1     63.7                      24.8   38.9     63.7
  SNOW DEPTH       0

DEGREE DAYS
 HEATING
  YESTERDAY        3                         5     -2        6
  MONTH TO DATE  100                       180    -80       97
  SINCE MAR 1   1479                      1456     23     1474
  SINCE JUL 1   5499                      5351    148     5427

 COOLING
  YESTERDAY        0                         1     -1        0
  MONTH TO DATE   25                         6     19       12
  SINCE MAR 1     25                         8     17       12
  SINCE JAN 1     25                         8     17       12
..................................................................


WIND (MPH)
  HIGHEST WIND SPEED    22   HIGHEST WIND DIRECTION     W (290)
  HIGHEST GUST SPEED    31   HIGHEST GUST DIRECTION     W (270)
  AVERAGE WIND SPEED    10.1


SKY COVER
  AVERAGE SKY COVER 0.6


WEATHER CONDITIONS
 THE FOLLOWING WEATHER WAS RECORDED YESTERDAY.
  LIGHT RAIN


RELATIVE HUMIDITY (PERCENT)
 HIGHEST    89           400 AM
 LOWEST     27           300 PM
 AVERAGE    58

..........................................................


THE ISLIP NY CLIMATE NORMALS FOR TODAY
                         NORMAL    RECORD    YEAR
 MAXIMUM TEMPERATURE (F)   70        90      1992
 MINIMUM TEMPERATURE (F)   52        42      2006


SUNRISE AND SUNSET
MAY 23 2015...........SUNRISE   529 AM EDT   SUNSET   810 PM EDT
MAY 24 2015...........SUNRISE   528 AM EDT   SUNSET   811 PM EDT


-  INDICATES NEGATIVE NUMBERS.
R  INDICATES RECORD WAS SET OR TIED.
MM INDICATES DATA IS MISSING.
T  INDICATES TRACE AMOUNT.




$$
