000
CDCA42 TJSJ 290431
CLIIST


CLIMATE REPORT
NATIONAL WEATHER SERVICE SAN JUAN, PR
1230 AM AST FRI MAY 29 2015


...................................

...THE CYRIL E. KING AP/ST THOMAS  CLIMATE SUMMARY FOR MAY 28 2015...

CLIMATE NORMAL PERIOD 1981 TO 2010
CLIMATE RECORD PERIOD 1953 TO 2015


WEATHER ITEM   OBSERVED TIME   RECORD YEAR NORMAL DEPARTURE LAST
                VALUE   (LST)  VALUE       VALUE  FROM      YEAR
                                                  NORMAL
..................................................................
TEMPERATURE (F)
 YESTERDAY
  MAXIMUM         86    357 PM  96    1995  88     -2       86
                                      1990
  MINIMUM         75    505 AM  71    1956  77     -2       77
  AVERAGE         81                        83     -2       82

PRECIPITATION (IN)
  YESTERDAY        T             3.54 1980   0.08  -0.08      T
  MONTH TO DATE    6.16                      2.82   3.34     6.45
  SINCE MAR 1      8.92                      6.98   1.94    10.43
  SINCE JAN 1     23.95                     10.79  13.16    13.01

SNOWFALL (IN)
  YESTERDAY        0.0                       0.0    0.0      0.0
  MONTH TO DATE    0.0                       0.0    0.0      0.0
  SINCE MAR 1      0.0                       0.0    0.0      0.0
  SINCE JUL 1      0.0                       0.0    0.0      0.0

DEGREE DAYS
 HEATING
  YESTERDAY        0                         0      0        0
  MONTH TO DATE    0                         0      0        0
  SINCE MAR 1      0                         0      0        0
  SINCE JUL 1      0                         0      0        0

 COOLING
  YESTERDAY       16                        18     -2       17
  MONTH TO DATE  490                       469     21      448
  SINCE MAR 1   1382                      1383     -1     1353
  SINCE JAN 1   2186                      2197    -11     2175
..................................................................


WIND (MPH)
  HIGHEST WIND SPEED    14   HIGHEST WIND DIRECTION    SE (120)
  HIGHEST GUST SPEED    18   HIGHEST GUST DIRECTION    SE (140)
  AVERAGE WIND SPEED     8.0


SKY COVER
  AVERAGE SKY COVER 0.6


WEATHER CONDITIONS
 THE FOLLOWING WEATHER WAS RECORDED YESTERDAY.
  LIGHT RAIN


RELATIVE HUMIDITY (PERCENT)
 HIGHEST    87
 LOWEST     65
 AVERAGE    76

..........................................................


THE CYRIL E. KING AP/ST THOMAS  CLIMATE NORMALS FOR TODAY
                         NORMAL    RECORD    YEAR
 MAXIMUM TEMPERATURE (F)   88        96      1994
                                             1984
 MINIMUM TEMPERATURE (F)   77        71      1956


SUNRISE AND SUNSET
MAY 29 2015...........SUNRISE   543 AM AST   SUNSET   651 PM AST
MAY 30 2015...........SUNRISE   543 AM AST   SUNSET   652 PM AST


-  INDICATES NEGATIVE NUMBERS.
R  INDICATES RECORD WAS SET OR TIED.
MM INDICATES DATA IS MISSING.
T  INDICATES TRACE AMOUNT.




$$
