000
CDCA42 TJSJ 281233
CLIISX

CLIMATE REPORT
NATIONAL WEATHER SERVICE SAN JUAN, PR
1245 AM AST FRI NOV 28 2014


...................................

...THE HENRY E. ROHLSEN AIRPORT/USVI CLIMATE SUMMARY FOR NOVEMBER 27 2014...

CLIMATE NORMAL PERIOD 1981 TO 2010
CLIMATE RECORD PERIOD 1951 TO 2014


WEATHER ITEM   OBSERVED TIME   RECORD YEAR NORMAL DEPARTURE LAST
                VALUE   (LST)  VALUE       VALUE  FROM      YEAR
                                                  NORMAL
..................................................................
TEMPERATURE (F)
 YESTERDAY
  MAXIMUM         87      1212PM  90    1972  86      1       86
  MINIMUM         71       615AM  62    1978  74     -3       75
  AVERAGE         79                          80     -1       81


PRECIPITATION (IN)
  YESTERDAY          T          2.50 1987   0.13  -0.13     0.01
  MONTH TO DATE    8.23                      5.09   3.14     5.25
  SINCE SEP 1     13.24                     15.20  -1.96    15.40
  SINCE JAN 1     33.74                     35.33  -1.59    37.12

SNOWFALL (IN)
  YESTERDAY        0.0
  MONTH TO DATE    0.0
  SINCE SEP 1      0.0
  SINCE JUL 1      0.0

DEGREE DAYS
 HEATING
  YESTERDAY        0                         0      0        0
  MONTH TO DATE    0                         0      0        0
  SINCE SEP 1      0                         0      0        0
  SINCE JUL 1      0                         0      0        0

 COOLING
  YESTERDAY       14                        15     -1       16
  MONTH TO DATE  347                       422    -75      438
  SINCE SEP 1   1442                      1496    -54     1530
  SINCE JAN 1   5452                      5349    103     5194
..................................................................


WIND (MPH)
  RESULTANT WIND SPEED   8   RESULTANT WIND DIRECTION   E (80)
  HIGHEST WIND SPEED    13   HIGHEST WIND DIRECTION     E (110)
  AVERAGE WIND SPEED     9.1


SKY COVER
  AVERAGE SKY COVER 0.3


WEATHER CONDITIONS
 THE FOLLOWING WEATHER WAS RECORDED YESTERDAY.
  NO SIGNIFICANT WEATHER WAS OBSERVED.


RELATIVE HUMIDITY (PERCENT)
 HIGHEST    90
 LOWEST     53
 AVERAGE    72

..........................................................


THE HENRY E. ROHLSEN AIRPORT/USVI CLIMATE NORMALS FOR TODAY
                         NORMAL    RECORD    YEAR
 MAXIMUM TEMPERATURE (F)   86        90      1998
 MINIMUM TEMPERATURE (F)   74        64      1952


SUNRISE AND SUNSET
NOVEMBER 28 2014......SUNRISE   632 AM AST   SUNSET   542 PM AST
NOVEMBER 29 2014......SUNRISE   633 AM AST   SUNSET   542 PM AST


-  INDICATES NEGATIVE NUMBERS.
R  INDICATES RECORD WAS SET OR TIED.
MM INDICATES DATA IS MISSING.
T  INDICATES TRACE AMOUNT.




$$
