000
CDCA42 TJSJ 012129
CLIISX


CLIMATE REPORT
NATIONAL WEATHER SERVICE SAN JUAN, PR
529 PM AST FRI AUG 1 2014


...................................

...THE HENRY E. ROHLSEN AIRPORT/USVI CLIMATE SUMMARY FOR AUGUST 1 2014...
VALID TODAY AS OF 0500 PM LOCAL TIME.

CLIMATE NORMAL PERIOD 1981 TO 2010
CLIMATE RECORD PERIOD 1951 TO 2014


WEATHER ITEM   OBSERVED TIME   RECORD YEAR NORMAL DEPARTURE LAST
                VALUE   (LST)  VALUE       VALUE  FROM      YEAR
                                                  NORMAL
..................................................................
TEMPERATURE (F)
 TODAY
  MAXIMUM         91    241 PM  93    1972  89      2       89
  MINIMUM         77    549 AM  70    1977  79     -2       79
  AVERAGE         84                        84      0       84

PRECIPITATION (IN)
  TODAY            T             2.31 1963   0.10  -0.10     0.07
  MONTH TO DATE    T                         0.10  -0.10     0.07
  SINCE JUN 1      1.37                      5.45  -4.08     6.67
  SINCE JAN 1     14.53                     17.08  -2.55    17.16

SNOWFALL (IN)
  TODAY            0.0
  MONTH TO DATE    0.0
  SINCE JUN 1      0.0
  SINCE JUL 1      0.0

DEGREE DAYS
 HEATING
  TODAY            0                         0      0        0
  MONTH TO DATE    0                         0      0        0
  SINCE JUN 1      0                         0      0        0
  SINCE JUL 1      0                         0      0        0

 COOLING
  TODAY           19                        19      0       19
  MONTH TO DATE   19                        19      0       19
  SINCE JUN 1   1197                      1136     61     1024
  SINCE JAN 1   3449                      3289    160     3083
..................................................................


WIND (MPH)
  RESULTANT WIND SPEED  10   RESULTANT WIND DIRECTION   E (90)
  HIGHEST WIND SPEED    22   HIGHEST WIND DIRECTION     E (100)
  HIGHEST GUST SPEED    26   HIGHEST GUST DIRECTION     E (80)
  AVERAGE WIND SPEED    11.6


SKY COVER
  POSSIBLE SUNSHINE  MM
  AVERAGE SKY COVER 0.3


WEATHER CONDITIONS
 THE FOLLOWING WEATHER WAS RECORDED TODAY.
  NO SIGNIFICANT WEATHER WAS OBSERVED.


RELATIVE HUMIDITY (PERCENT)
 HIGHEST    88
 LOWEST     56
 AVERAGE    72

..........................................................


THE HENRY E. ROHLSEN AIRPORT/USVI CLIMATE NORMALS FOR TOMORROW
                         NORMAL    RECORD    YEAR
 MAXIMUM TEMPERATURE (F)   89        93      2012
                                             1953
 MINIMUM TEMPERATURE (F)   79        69      1983


SUNRISE AND SUNSET
AUGUST  1 2014........SUNRISE   558 AM AST   SUNSET   653 PM AST
AUGUST  2 2014........SUNRISE   558 AM AST   SUNSET   652 PM AST


-  INDICATES NEGATIVE NUMBERS.
R  INDICATES RECORD WAS SET OR TIED.
MM INDICATES DATA IS MISSING.
T  INDICATES TRACE AMOUNT.




$$
