000
CDHW43 PHFO 220228
CLIITO


CLIMATE REPORT
NATIONAL WEATHER SERVICE HONOLULU HI
427 PM HST SAT OCT 21 2017


...................................

...THE HILO HI CLIMATE SUMMARY FOR OCTOBER 21 2017...
VALID TODAY AS OF 0400 PM LOCAL TIME.

CLIMATE NORMAL PERIOD 1981 TO 2010
CLIMATE RECORD PERIOD 1946 TO 2017


WEATHER ITEM   OBSERVED TIME   RECORD YEAR NORMAL DEPARTURE LAST
                VALUE   (LST)  VALUE       VALUE  FROM      YEAR
                                                  NORMAL
..................................................................
TEMPERATURE (F)
 TODAY
  MAXIMUM         83    308 PM  88    1992  82      1       82
  MINIMUM         68    426 AM  63    2012  68      0       70
  AVERAGE         76                        75      1       76

PRECIPITATION (IN)
  TODAY            0.23          5.67 1976   0.32  -0.09     1.21
  MONTH TO DATE   10.33                      6.20   4.13    14.84
  SINCE SEP 1     14.24                     16.14  -1.90    25.58
  SINCE JAN 1     67.86                     96.08 -28.22    93.67

SNOWFALL (IN)
  TODAY            0.0
  MONTH TO DATE    0.0
  SINCE SEP 1      0.0
  SINCE JUL 1      0.0
  SNOW DEPTH      MM

DEGREE DAYS
 HEATING
  TODAY            0                         0      0        0
  MONTH TO DATE    0                         0      0        0
  SINCE SEP 1      0                         0      0        0
  SINCE JUL 1      0                         0      0        0

 COOLING
  TODAY           11                        10      1       11
  MONTH TO DATE  248                       228     20      244
  SINCE SEP 1    610                       564     46      626
  SINCE JAN 1   3026                      2636    390     3377
..................................................................


WIND (MPH)
  HIGHEST WIND SPEED    13   HIGHEST WIND DIRECTION    NE (30)
  HIGHEST GUST SPEED    16   HIGHEST GUST DIRECTION    SE (140)
  AVERAGE WIND SPEED    MM


SKY COVER
  POSSIBLE SUNSHINE  MM
  AVERAGE SKY COVER  MM


WEATHER CONDITIONS
 THE FOLLOWING WEATHER WAS RECORDED TODAY.
  FOG


RELATIVE HUMIDITY (PERCENT)
 HIGHEST    MM
 LOWEST     MM
 AVERAGE    MM

..........................................................


THE HILO HI CLIMATE NORMALS FOR TOMORROW
                         NORMAL    RECORD    YEAR
 MAXIMUM TEMPERATURE (F)   82        89      1958
 MINIMUM TEMPERATURE (F)   68        64      1998
                                             1980
                                             1955


SUNRISE AND SUNSET
OCTOBER 21 2017.......SUNRISE   617 AM HST   SUNSET   552 PM HST
OCTOBER 22 2017.......SUNRISE   617 AM HST   SUNSET   552 PM HST


-  INDICATES NEGATIVE NUMBERS.
R  INDICATES RECORD WAS SET OR TIED.
MM INDICATES DATA IS MISSING.
T  INDICATES TRACE AMOUNT.




$$
