000
CDHW43 PHFO 121245
CLIITO


CLIMATE REPORT
NATIONAL WEATHER SERVICE HONOLULU HI
245 AM HST FRI FEB 12 2016


...................................

...THE HILO HI CLIMATE SUMMARY FOR FEBRUARY 11 2016...

CLIMATE NORMAL PERIOD 1981 TO 2010
CLIMATE RECORD PERIOD 1946 TO 2016


WEATHER ITEM   OBSERVED TIME   RECORD YEAR NORMAL DEPARTURE LAST
                VALUE   (LST)  VALUE       VALUE  FROM      YEAR
                                                  NORMAL
..................................................................
TEMPERATURE (F)
 YESTERDAY
  MAXIMUM         83    214 PM  88    1981  79      4       84
  MINIMUM         62    710 AM  57    1990  63     -1       68
  AVERAGE         73                        71      2       76

PRECIPITATION (IN)
  YESTERDAY        0.00          3.82 1994   0.34  -0.34     0.00
  MONTH TO DATE    1.05                      3.67  -2.62      T
  SINCE DEC 1     16.44                     24.50  -8.06     8.90
  SINCE JAN 1      2.34                     12.93 -10.59     2.80

SNOWFALL (IN)
  YESTERDAY        0.0
  MONTH TO DATE    0.0
  SINCE DEC 1      0.0
  SINCE JUL 1      0.0
  SNOW DEPTH       0

DEGREE DAYS
 HEATING
  YESTERDAY        0                         0      0        0
  MONTH TO DATE    0                         0      0        0
  SINCE DEC 1      0                         0      0        0
  SINCE JUL 1      0                         0      0        0

 COOLING
  YESTERDAY        8                         6      2       11
  MONTH TO DATE   95                        66     29      106
  SINCE DEC 1    688                       489    199      605
  SINCE JAN 1    382                       264    118      364
..................................................................


WIND (MPH)
  HIGHEST WIND SPEED    13   HIGHEST WIND DIRECTION     N (10)
  HIGHEST GUST SPEED    17   HIGHEST GUST DIRECTION     N (20)
  AVERAGE WIND SPEED     6.9


SKY COVER
  POSSIBLE SUNSHINE  MM
  AVERAGE SKY COVER 0.2


WEATHER CONDITIONS
 THE FOLLOWING WEATHER WAS RECORDED YESTERDAY.
  NO SIGNIFICANT WEATHER WAS OBSERVED.


RELATIVE HUMIDITY (PERCENT)
 HIGHEST    78          1200 AM
 LOWEST     46           100 PM
 AVERAGE    62

..........................................................


THE HILO HI CLIMATE NORMALS FOR TODAY
                         NORMAL    RECORD    YEAR
 MAXIMUM TEMPERATURE (F)   79        86      1986
                                             1977
                                             1971
 MINIMUM TEMPERATURE (F)   63        56      1995


SUNRISE AND SUNSET
FEBRUARY 12 2016......SUNRISE   651 AM HST   SUNSET   618 PM HST
FEBRUARY 13 2016......SUNRISE   650 AM HST   SUNSET   619 PM HST


-  INDICATES NEGATIVE NUMBERS.
R  INDICATES RECORD WAS SET OR TIED.
MM INDICATES DATA IS MISSING.
T  INDICATES TRACE AMOUNT.




$$
