000
CDHW43 PHFO 170249
CLIITO


CLIMATE REPORT
NATIONAL WEATHER SERVICE HONOLULU HI
447 PM HST SAT DEC 16 2017


...................................

...THE HILO HI CLIMATE SUMMARY FOR DECEMBER 16 2017...
VALID TODAY AS OF 0400 PM LOCAL TIME.

CLIMATE NORMAL PERIOD 1981 TO 2010
CLIMATE RECORD PERIOD 1946 TO 2017


WEATHER ITEM   OBSERVED TIME   RECORD YEAR NORMAL DEPARTURE LAST
                VALUE   (LST)  VALUE       VALUE  FROM      YEAR
                                                  NORMAL
..................................................................
TEMPERATURE (F)
 TODAY
  MAXIMUM         81   1214 PM  87    1968  79      2       77
  MINIMUM         57R   625 AM  59    1989  65     -8       66
                                      1955
  AVERAGE         69                        72     -3       72

PRECIPITATION (IN)
  TODAY            0.00          3.72 1990   0.37  -0.37     0.00
  MONTH TO DATE    4.32                      6.42  -2.10    12.77
  SINCE DEC 1      4.32                      6.42  -2.10    12.77
  SINCE JAN 1     99.57                    121.57 -22.00   120.77

SNOWFALL (IN)
  TODAY            0.0
  MONTH TO DATE    0.0
  SINCE DEC 1      0.0
  SINCE JUL 1      0.0
  SNOW DEPTH      MM

DEGREE DAYS
 HEATING
  TODAY            0                         0      0        0
  MONTH TO DATE    0                         0      0        0
  SINCE DEC 1      0                         0      0        0
  SINCE JUL 1      0                         0      0        0

 COOLING
  TODAY            4                         7     -3        7
  MONTH TO DATE   91                       121    -30      123
  SINCE DEC 1     91                       121    -30      123
  SINCE JAN 1   3476                      3128    348     3884
..................................................................


WIND (MPH)
  HIGHEST WIND SPEED    18   HIGHEST WIND DIRECTION     E (100)
  HIGHEST GUST SPEED    25   HIGHEST GUST DIRECTION     S (160)
  AVERAGE WIND SPEED    MM


SKY COVER
  POSSIBLE SUNSHINE  MM
  AVERAGE SKY COVER  MM


WEATHER CONDITIONS
 THE FOLLOWING WEATHER WAS RECORDED TODAY.
  NO SIGNIFICANT WEATHER WAS OBSERVED.


RELATIVE HUMIDITY (PERCENT)
 HIGHEST    MM
 LOWEST     MM
 AVERAGE    MM

..........................................................


THE HILO HI CLIMATE NORMALS FOR TOMORROW
                         NORMAL    RECORD    YEAR
 MAXIMUM TEMPERATURE (F)   79        86      1967
 MINIMUM TEMPERATURE (F)   65        59      1989
                                             1955


SUNRISE AND SUNSET
DECEMBER 16 2017......SUNRISE   648 AM HST   SUNSET   545 PM HST
DECEMBER 17 2017......SUNRISE   648 AM HST   SUNSET   545 PM HST


-  INDICATES NEGATIVE NUMBERS.
R  INDICATES RECORD WAS SET OR TIED.
MM INDICATES DATA IS MISSING.
T  INDICATES TRACE AMOUNT.




$$
