748
CDHW43 PHFO 051245
CLIITO


CLIMATE REPORT
NATIONAL WEATHER SERVICE HONOLULU HI
245 AM HST MON DEC 5 2016


...................................

...THE HILO HI CLIMATE SUMMARY FOR DECEMBER 4 2016...

CLIMATE NORMAL PERIOD 1981 TO 2010
CLIMATE RECORD PERIOD 1946 TO 2016


WEATHER ITEM   OBSERVED TIME   RECORD YEAR NORMAL DEPARTURE LAST
                VALUE   (LST)  VALUE       VALUE  FROM      YEAR
                                                  NORMAL
..................................................................
TEMPERATURE (F)
 YESTERDAY
  MAXIMUM         80   1225 PM  88    1966  80      0       85
  MINIMUM         65    654 AM  59    1954  66     -1       67
  AVERAGE         73                        73      0       76

PRECIPITATION (IN)
  YESTERDAY        0.63          2.12 1968   0.40   0.23     0.04
  MONTH TO DATE   10.11                      1.64   8.47     0.34
  SINCE DEC 1     10.11                      1.64   8.47     0.34
  SINCE JAN 1    118.11                    116.79   1.32   131.37

SNOWFALL (IN)
  YESTERDAY        0.0
  MONTH TO DATE    0.0
  SINCE DEC 1      0.0
  SINCE JUL 1      0.0
  SNOW DEPTH       0

DEGREE DAYS
 HEATING
  YESTERDAY        0                         0      0        0
  MONTH TO DATE    0                         0      0        0
  SINCE DEC 1      0                         0      0        0
  SINCE JUL 1      0                         0      0        0

 COOLING
  YESTERDAY        8                         8      0       11
  MONTH TO DATE   25                        32     -7       43
  SINCE DEC 1     25                        32     -7       43
  SINCE JAN 1   3786                      3039    747     3713
..................................................................


WIND (MPH)
  HIGHEST WIND SPEED    17   HIGHEST WIND DIRECTION     N (360)
  HIGHEST GUST SPEED    24   HIGHEST GUST DIRECTION     N (360)
  AVERAGE WIND SPEED     4.6


SKY COVER
  POSSIBLE SUNSHINE  MM
  AVERAGE SKY COVER 0.5


WEATHER CONDITIONS
 THE FOLLOWING WEATHER WAS RECORDED YESTERDAY.
  HEAVY RAIN
  RAIN
  LIGHT RAIN
  FOG


RELATIVE HUMIDITY (PERCENT)
 HIGHEST   100          1100 PM
 LOWEST     73           900 AM
 AVERAGE    87

..........................................................


THE HILO HI CLIMATE NORMALS FOR TODAY
                         NORMAL    RECORD    YEAR
 MAXIMUM TEMPERATURE (F)   80        86      1988
                                             1977
 MINIMUM TEMPERATURE (F)   66        60      1962


SUNRISE AND SUNSET
DECEMBER  5 2016......SUNRISE   641 AM HST   SUNSET   541 PM HST
DECEMBER  6 2016......SUNRISE   642 AM HST   SUNSET   541 PM HST


-  INDICATES NEGATIVE NUMBERS.
R  INDICATES RECORD WAS SET OR TIED.
MM INDICATES DATA IS MISSING.
T  INDICATES TRACE AMOUNT.




$$
