000
CDUS43 KGLD 210750
CLIITR

CLIMATE REPORT
NATIONAL WEATHER SERVICE GOODLAND
146 AM MDT SUN SEP 21 2014

...................................

...THE BURLINGTON CO CLIMATE SUMMARY FOR SEPTEMBER 20 2014...

CLIMATE NORMAL PERIOD 1981 TO 2010
CLIMATE RECORD PERIOD 1896 TO 2014

WEATHER ITEM   OBSERVED TIME   RECORD YEAR NORMAL DEPARTURE LAST
                VALUE   (LST)  VALUE       VALUE  FROM      YEAR
                                                  NORMAL
..................................................................
TEMPERATURE (F)
 YESTERDAY
  MAXIMUM         84    240 PM  97    2010  77      7       72
  MINIMUM         56   1124 PM  27    1983  46     10       46
  AVERAGE         70                        62      8       59

PRECIPITATION (IN)
  YESTERDAY        0.00                      0.04  -0.04     0.00
  MONTH TO DATE    0.37                      0.83  -0.46     5.30
  SINCE SEP 1      0.37                      0.83  -0.46     5.30
  SINCE JAN 1     10.27                     14.98  -4.71    15.75

..................................................................

THE BURLINGTON CO CLIMATE NORMALS FOR TODAY
                         NORMAL    RECORD    YEAR
 MAXIMUM TEMPERATURE (F)   76        96      2005
 MINIMUM TEMPERATURE (F)   46        25      1983

-  INDICATES NEGATIVE NUMBERS.
R  INDICATES RECORD WAS SET OR TIED.
MM INDICATES DATA IS MISSING.
T  INDICATES TRACE AMOUNT.

$$
