000
CDUS44 KJAN 280824 CCA
CLIJAN

CLIMATE REPORT...CORRECTED
NATIONAL WEATHER SERVICE JACKSON MS
314 AM CDT MON JUL 28 2014


...................................

...THE JACKSON CLIMATE SUMMARY FOR JULY 27 2014...

CLIMATE NORMAL PERIOD 1981 TO 2010
CLIMATE RECORD PERIOD 1896 TO 2014


WEATHER ITEM   OBSERVED TIME   RECORD YEAR NORMAL DEPARTURE LAST
                VALUE   (LST)  VALUE       VALUE  FROM      YEAR
                                                  NORMAL
..................................................................
TEMPERATURE (F)
 YESTERDAY
  MAXIMUM         94   1258 PM 103    1952  92      2       81
  MINIMUM         75    516 AM  58    1911  72      3       71
  AVERAGE         85                        82      3       76

PRECIPITATION (IN)
  YESTERDAY        0.00          2.28 1950   0.15  -0.15     0.85
  MONTH TO DATE    2.14                      4.20  -2.06     2.66
  SINCE JUN 1      8.57                      8.32   0.25     7.64
  SINCE JAN 1     40.17                     32.43   7.74    40.70

SNOWFALL (IN)
  YESTERDAY        0.0           0.0  2002   0.0    0.0      0.0
                                      2001
  MONTH TO DATE    0.0                       0.0    0.0      0.0
  SINCE JUN 1      0.0                       0.0    0.0      0.0
  SINCE JUL 1      0.0                       0.0    0.0      0.0

DEGREE DAYS
 HEATING
  YESTERDAY        0                         0      0        0
  MONTH TO DATE    0                         0      0        0
  SINCE JUN 1      0                         0      0        0
  SINCE JUL 1      0                         0      0        0

 COOLING
  YESTERDAY       20                        17      3       11
  MONTH TO DATE  392                       452    -60      400
  SINCE JUN 1    835                       874    -39      847
  SINCE JAN 1   1166                      1232    -66     1165
..................................................................


WIND (MPH)
  HIGHEST WIND SPEED    12   HIGHEST WIND DIRECTION    SW (240)
  HIGHEST GUST SPEED    17   HIGHEST GUST DIRECTION    SW (240)
  AVERAGE WIND SPEED     5.3


SKY COVER
  POSSIBLE SUNSHINE  MM
  AVERAGE SKY COVER 0.2


WEATHER CONDITIONS
 THE FOLLOWING WEATHER WAS RECORDED YESTERDAY.
  FOG


RELATIVE HUMIDITY (PERCENT)
 HIGHEST    94           300 AM
 LOWEST     52           100 PM
 AVERAGE    73

..........................................................


THE JACKSON CLIMATE NORMALS FOR TODAY
                         NORMAL    RECORD    YEAR
 MAXIMUM TEMPERATURE (F)   92       102      1930
 MINIMUM TEMPERATURE (F)   72        60      1911


SUNRISE AND SUNSET
JULY 28 2014..........SUNRISE   612 AM CDT   SUNSET   801 PM CDT
JULY 29 2014..........SUNRISE   613 AM CDT   SUNSET   800 PM CDT


-  INDICATES NEGATIVE NUMBERS.
R  INDICATES RECORD WAS SET OR TIED.
MM INDICATES DATA IS MISSING.
T  INDICATES TRACE AMOUNT.

AT 3 AM:

THE PEARL RIVER STAGE AT JACKSON WAS 3.9 FEET. THE RIVER STAGE HAS FALLEN 0.1
FEET OVER THE LAST 24 HOURS.

THE MISSISSIPPI RIVER STAGE AT VICKSBURG WAS 24.6 FEET. THE RIVER STAGE HAS
FALLEN 1.1 FEET OVER THE LAST 24 HOURS.

$$
