000
CDUS44 KJAN 290649
CLIJAN


CLIMATE REPORT
NATIONAL WEATHER SERVICE JACKSON MS
137 AM CDT SAT AUG 29 2015


...................................

...THE JACKSON CLIMATE SUMMARY FOR AUGUST 28 2015...

CLIMATE NORMAL PERIOD 1981 TO 2010
CLIMATE RECORD PERIOD 1896 TO 2015


WEATHER ITEM   OBSERVED TIME   RECORD YEAR NORMAL DEPARTURE LAST
                VALUE   (LST)  VALUE       VALUE  FROM      YEAR
                                                  NORMAL
..................................................................
TEMPERATURE (F)
 YESTERDAY
  MAXIMUM         95    218 PM 106    1943  91      4       94
  MINIMUM         61    549 AM  57    1958  70     -9       68
  AVERAGE         78                        80     -2       81

PRECIPITATION (IN)
  YESTERDAY        0.00          2.65 2004   0.11  -0.11     0.00
  MONTH TO DATE    0.40                      3.91  -3.51     3.20
  SINCE JUN 1      8.33                     12.84  -4.51    11.77
  SINCE JAN 1     36.61                     36.95  -0.34    43.37

SNOWFALL (IN)
  YESTERDAY        0.0           0.0  2002   0.0    0.0      0.0
                                      2001
  MONTH TO DATE    0.0                       0.0    0.0      0.0
  SINCE JUN 1      0.0                       0.0    0.0      0.0
  SINCE JUL 1      0.0                       0.0    0.0      0.0

DEGREE DAYS
 HEATING
  YESTERDAY        0                         0      0        0
  MONTH TO DATE    0                         0      0        0
  SINCE JUN 1      0                         0      0        0
  SINCE JUL 1      0                         0      0        0

 COOLING
  YESTERDAY       13                        15     -2       16
  MONTH TO DATE  525                       462     63      467
  SINCE JUN 1   1625                      1399    226     1350
  SINCE JAN 1   2078                      1757    321     1681
..................................................................


WIND (MPH)
  HIGHEST WIND SPEED    13   HIGHEST WIND DIRECTION    SE (140)
  HIGHEST GUST SPEED    17   HIGHEST GUST DIRECTION    SE (140)
  AVERAGE WIND SPEED     2.6


SKY COVER
  POSSIBLE SUNSHINE  MM
  AVERAGE SKY COVER 0.2


WEATHER CONDITIONS
 THE FOLLOWING WEATHER WAS RECORDED YESTERDAY.
  NO SIGNIFICANT WEATHER WAS OBSERVED.


RELATIVE HUMIDITY (PERCENT)
 HIGHEST    84           300 AM
 LOWEST     28           300 PM
 AVERAGE    56

..........................................................


THE JACKSON CLIMATE NORMALS FOR TODAY
                         NORMAL    RECORD    YEAR
 MAXIMUM TEMPERATURE (F)   91       104      2000
                                             1924
 MINIMUM TEMPERATURE (F)   70        55      1992


SUNRISE AND SUNSET
AUGUST 29 2015........SUNRISE   633 AM CDT   SUNSET   729 PM CDT
AUGUST 30 2015........SUNRISE   634 AM CDT   SUNSET   727 PM CDT


-  INDICATES NEGATIVE NUMBERS.
R  INDICATES RECORD WAS SET OR TIED.
MM INDICATES DATA IS MISSING.
T  INDICATES TRACE AMOUNT.


AT 1 AM:

THE PEARL RIVER STAGE AT JACKSON WAS 3.4 FEET. THE RIVER STAGE HAS
REMAINED STEADY OVER THE PAST 24 HOURS.

THE MISSISSIPPI RIVER STAGE AT VICKSBURG WAS 17.7 FEET. THE RIVER
STAGE DROPPED 0.5 FEET OVER THE PAST 24 HOURS.

$$
