000
CDUS44 KJAN 160856
CLIJAN


CLIMATE REPORT
NATIONAL WEATHER SERVICE JACKSON MS
247 AM CST TUE JAN 16 2018


...................................

...THE JACKSON CLIMATE SUMMARY FOR JANUARY 15 2018...

CLIMATE NORMAL PERIOD 1981 TO 2010
CLIMATE RECORD PERIOD 1896 TO 2018


WEATHER ITEM   OBSERVED TIME   RECORD YEAR NORMAL DEPARTURE LAST
                VALUE   (LST)  VALUE       VALUE  FROM      YEAR
                                                  NORMAL
..................................................................
TEMPERATURE (F)
 YESTERDAY
  MAXIMUM         57    313 PM  82    1947  56      1       77
  MINIMUM         23    625 AM  13    1982  35    -12       48
  AVERAGE         40                        45     -5       63

PRECIPITATION (IN)
  YESTERDAY        0.00          1.70 1954   0.15  -0.15     0.00
  MONTH TO DATE    1.65                      2.24  -0.59     3.56
  SINCE DEC 1      5.32                      7.39  -2.07     9.30
  SINCE JAN 1      1.65                      2.24  -0.59     3.56

SNOWFALL (IN)
  YESTERDAY        0.0           1.0  1944   0.1   -0.1      0.0
  MONTH TO DATE    T                         0.2   -0.2      0.8
  SINCE DEC 1      5.1                       0.5    4.6      0.8
  SINCE JUL 1      5.1                       0.5    4.6      0.8

DEGREE DAYS
 HEATING
  YESTERDAY       25                        20      5        2
  MONTH TO DATE  383                       300     83      189
  SINCE DEC 1    859                       842     17      593
  SINCE JUL 1   1118                      1250   -132      797

 COOLING
  YESTERDAY        0                         0      0        0
  MONTH TO DATE    0                         0      0       14
  SINCE DEC 1     11                         8      3       44
  SINCE JAN 1      0                         0      0       14
..................................................................


WIND (MPH)
  HIGHEST WIND SPEED    10   HIGHEST WIND DIRECTION    SE (150)
  HIGHEST GUST SPEED    15   HIGHEST GUST DIRECTION     W (250)
  AVERAGE WIND SPEED     3.2


SKY COVER
  POSSIBLE SUNSHINE  MM
  AVERAGE SKY COVER 0.0


WEATHER CONDITIONS
 THE FOLLOWING WEATHER WAS RECORDED YESTERDAY.
  NO SIGNIFICANT WEATHER WAS OBSERVED.


RELATIVE HUMIDITY (PERCENT)
 HIGHEST    88           200 AM
 LOWEST     27           300 PM
 AVERAGE    58

..........................................................


THE JACKSON CLIMATE NORMALS FOR TODAY
                         NORMAL    RECORD    YEAR
 MAXIMUM TEMPERATURE (F)   56        80      1932
                                             1914
 MINIMUM TEMPERATURE (F)   35        15      1977
                                             1972


SUNRISE AND SUNSET
JANUARY 16 2018.......SUNRISE   702 AM CST   SUNSET   519 PM CST
JANUARY 17 2018.......SUNRISE   701 AM CST   SUNSET   520 PM CST


-  INDICATES NEGATIVE NUMBERS.
R  INDICATES RECORD WAS SET OR TIED.
MM INDICATES DATA IS MISSING.
T  INDICATES TRACE AMOUNT.

&&

AT 2 AM:

THE PEARL RIVER STAGE AT JACKSON WAS 3.6 FEET. THE RIVER HAS REMAINED STEADY
OVER THE PAST 24 HOURS.

THE MISSISSIPPI RIVER STAGE AT VICKSBURG WAS 9.4 FEET. THE RIVER
HAS FALLEN 0.5 FEET OVER THE PAST 24 HOURS.


$$
