000
CDUS44 KJAN 230817
CLIJAN


CLIMATE REPORT
NATIONAL WEATHER SERVICE JACKSON MS
314 AM CDT SUN APR 23 2017


...................................

...THE JACKSON CLIMATE SUMMARY FOR APRIL 22 2017...

CLIMATE NORMAL PERIOD 1981 TO 2010
CLIMATE RECORD PERIOD 1896 TO 2017


WEATHER ITEM   OBSERVED TIME   RECORD YEAR NORMAL DEPARTURE LAST
                VALUE   (LST)  VALUE       VALUE  FROM      YEAR
                                                  NORMAL
..................................................................
TEMPERATURE (F)
 YESTERDAY
  MAXIMUM         84    121 PM  92    1925  77      7       81
  MINIMUM         57   1159 PM  36    1993  54      3       56
  AVERAGE         71                        66      5       69

PRECIPITATION (IN)
  YESTERDAY        1.28          4.55 1928   0.15   1.13     0.00
  MONTH TO DATE    8.75                      3.83   4.92     6.78
  SINCE MAR 1     13.27                      8.87   4.40    19.02
  SINCE JAN 1     23.48                     18.60   4.88    30.62

SNOWFALL (IN)
  YESTERDAY        0.0           0.0    MM   0.0    0.0      0.0
  MONTH TO DATE    0.0                       0.0    0.0      0.0
  SINCE MAR 1      0.0                       0.1   -0.1      0.0
  SINCE JUL 1      0.8                       0.8    0.0       T

DEGREE DAYS
 HEATING
  YESTERDAY        0                         2     -2        0
  MONTH TO DATE   23                        94    -71       45
  SINCE MAR 1    187                       372   -185      189
  SINCE JUL 1   1305                      2364  -1059     1580

 COOLING
  YESTERDAY        6                         3      3        4
  MONTH TO DATE  102                        51     51       40
  SINCE MAR 1    187                        78    109       92
  SINCE JAN 1    245                        88    157      101
..................................................................


WIND (MPH)
  HIGHEST WIND SPEED    20   HIGHEST WIND DIRECTION     N (340)
  HIGHEST GUST SPEED    24   HIGHEST GUST DIRECTION    SW (230)
  AVERAGE WIND SPEED     8.8


SKY COVER
  POSSIBLE SUNSHINE  MM
  AVERAGE SKY COVER 0.6


WEATHER CONDITIONS
 THE FOLLOWING WEATHER WAS RECORDED YESTERDAY.
  THUNDERSTORM
  HEAVY RAIN
  RAIN
  LIGHT RAIN
  FOG


RELATIVE HUMIDITY (PERCENT)
 HIGHEST    93           400 AM
 LOWEST     58          1200 PM
 AVERAGE    76

..........................................................


THE JACKSON CLIMATE NORMALS FOR TODAY
                         NORMAL    RECORD    YEAR
 MAXIMUM TEMPERATURE (F)   78        93      1925
 MINIMUM TEMPERATURE (F)   54        35      1903


SUNRISE AND SUNSET
APRIL 23 2017.........SUNRISE   622 AM CDT   SUNSET   736 PM CDT
APRIL 24 2017.........SUNRISE   621 AM CDT   SUNSET   737 PM CDT


-  INDICATES NEGATIVE NUMBERS.
R  INDICATES RECORD WAS SET OR TIED.
MM INDICATES DATA IS MISSING.
T  INDICATES TRACE AMOUNT.

&&

AT 3 AM:

THE PEARL RIVER STAGE AT JACKSON WAS 5.2 FEET. THE RIVER HAS RISEN
1.3 FEET OVER THE PAST 24 HOURS.

THE MISSISSIPPI RIVER STAGE AT VICKSBURG WAS 34.1 FEET. THE RIVER
FELL HALF A FOOT OVER THE PAST 24 HOURS.

$$
