000
CDUS44 KJAN 190734
CLIJAN


CLIMATE REPORT
NATIONAL WEATHER SERVICE JACKSON MS
232 AM CDT FRI SEP 19 2014


...................................

...THE JACKSON CLIMATE SUMMARY FOR SEPTEMBER 18 2014...

CLIMATE NORMAL PERIOD 1981 TO 2010
CLIMATE RECORD PERIOD 1896 TO 2014


WEATHER ITEM   OBSERVED TIME   RECORD YEAR NORMAL DEPARTURE LAST
                VALUE   (LST)  VALUE       VALUE  FROM      YEAR
                                                  NORMAL
..................................................................
TEMPERATURE (F)
 YESTERDAY
  MAXIMUM         90    146 PM 103    1925  86      4       90
  MINIMUM         69    604 AM  46    1981  64      5       67
                                      1934
  AVERAGE         80                        75      5       79

PRECIPITATION (IN)
  YESTERDAY        0.18          1.53 1964   0.09   0.09     0.00
  MONTH TO DATE    1.72                      1.79  -0.07     0.27
  SINCE SEP 1      1.72                      1.79  -0.07     0.27
  SINCE JAN 1     45.40                     39.07   6.33    43.93

SNOWFALL (IN)
  YESTERDAY        0.0           0.0  2002   0.0    0.0      0.0
                                      2001
  MONTH TO DATE    0.0                       0.0    0.0      0.0
  SINCE SEP 1      0.0                       0.0    0.0      0.0
  SINCE JUL 1      0.0                       0.0    0.0      0.0

DEGREE DAYS
 HEATING
  YESTERDAY        0                         0      0        0
  MONTH TO DATE    0                         0      0        0
  SINCE SEP 1      0                         0      0        0
  SINCE JUL 1      0                         0      0        0

 COOLING
  YESTERDAY       15                        10      5       14
  MONTH TO DATE  281                       228     53      306
  SINCE SEP 1    281                       228     53      306
  SINCE JAN 1   2011                      2027    -16     2070
..................................................................


WIND (MPH)
  HIGHEST WIND SPEED    24   HIGHEST WIND DIRECTION    NE (30)
  HIGHEST GUST SPEED    31   HIGHEST GUST DIRECTION    NE (30)
  AVERAGE WIND SPEED     5.0


SKY COVER
  POSSIBLE SUNSHINE  MM
  AVERAGE SKY COVER 0.5


WEATHER CONDITIONS
 THE FOLLOWING WEATHER WAS RECORDED YESTERDAY.
  THUNDERSTORM
  LIGHT RAIN
  FOG


RELATIVE HUMIDITY (PERCENT)
 HIGHEST    90           600 AM
 LOWEST     50           100 PM
 AVERAGE    70

..........................................................


THE JACKSON CLIMATE NORMALS FOR TODAY
                         NORMAL    RECORD    YEAR
 MAXIMUM TEMPERATURE (F)   86       105      1925
 MINIMUM TEMPERATURE (F)   64        43      1981


SUNRISE AND SUNSET
SEPTEMBER 19 2014.....SUNRISE   647 AM CDT   SUNSET   701 PM CDT
SEPTEMBER 20 2014.....SUNRISE   647 AM CDT   SUNSET   700 PM CDT


-  INDICATES NEGATIVE NUMBERS.
R  INDICATES RECORD WAS SET OR TIED.
MM INDICATES DATA IS MISSING.
T  INDICATES TRACE AMOUNT.

&&

AT 2 AM:

THE PEARL RIVER STAGE AT JACKSON WAS 3.8 FEET. THE RIVER HAS RISEN
0.1 FEET OVER THE PAST 24 HOURS.

THE MISSISSIPPI RIVER STAGE AT VICKSBURG WAS 17.8 FEET. THE RIVER
HAS RISEN 1 FOOT OVER THE PAST 24 HOURS.

$$
