000
CDUS44 KJAN 240715
CLIJAN


CLIMATE REPORT
NATIONAL WEATHER SERVICE JACKSON MS
206 AM CDT SUN JUL 24 2016


...................................

...THE JACKSON CLIMATE SUMMARY FOR JULY 23 2016...

CLIMATE NORMAL PERIOD 1981 TO 2010
CLIMATE RECORD PERIOD 1896 TO 2016


WEATHER ITEM   OBSERVED TIME   RECORD YEAR NORMAL DEPARTURE LAST
                VALUE   (LST)  VALUE       VALUE  FROM      YEAR
                                                  NORMAL
..................................................................
TEMPERATURE (F)
 YESTERDAY
  MAXIMUM         96    216 PM 103    1934  92      4       97
                                      1924
  MINIMUM         73    527 AM  57    1947  72      1       77
  AVERAGE         85                        82      3       87

PRECIPITATION (IN)
  YESTERDAY        3.08R         1.73 2011   0.16   2.92     0.00
  MONTH TO DATE    6.30                      3.57   2.73     1.39
  SINCE JUN 1      9.33                      7.69   1.64     7.83
  SINCE JAN 1     41.78                     31.80   9.98    36.11

SNOWFALL (IN)
  YESTERDAY        0.0           0.0  2002   0.0    0.0      0.0
                                      2001
  MONTH TO DATE    0.0                       0.0    0.0      0.0
  SINCE JUN 1      0.0                       0.0    0.0      0.0
  SINCE JUL 1      0.0                       0.0    0.0      0.0

DEGREE DAYS
 HEATING
  YESTERDAY        0                         0      0        0
  MONTH TO DATE    0                         0      0        0
  SINCE JUN 1      0                         0      0        0
  SINCE JUL 1      0                         0      0        0

 COOLING
  YESTERDAY       20                        17      3       22
  MONTH TO DATE  457                       384     73      441
  SINCE JUN 1    973                       806    167      923
  SINCE JAN 1   1361                      1164    197     1376
..................................................................


WIND (MPH)
  HIGHEST WIND SPEED    17   HIGHEST WIND DIRECTION     W (290)
  HIGHEST GUST SPEED    32   HIGHEST GUST DIRECTION    NE (30)
  AVERAGE WIND SPEED     3.5


SKY COVER
  POSSIBLE SUNSHINE  MM
  AVERAGE SKY COVER 0.6


WEATHER CONDITIONS
 THE FOLLOWING WEATHER WAS RECORDED YESTERDAY.
  THUNDERSTORM
  HEAVY RAIN
  RAIN
  LIGHT RAIN
  FOG


RELATIVE HUMIDITY (PERCENT)
 HIGHEST    94           500 PM
 LOWEST     49           200 PM
 AVERAGE    72

..........................................................


THE JACKSON CLIMATE NORMALS FOR TODAY
                         NORMAL    RECORD    YEAR
 MAXIMUM TEMPERATURE (F)   92       105      1924
 MINIMUM TEMPERATURE (F)   72        59      1915


SUNRISE AND SUNSET
JULY 24 2016..........SUNRISE   610 AM CDT   SUNSET   803 PM CDT
JULY 25 2016..........SUNRISE   611 AM CDT   SUNSET   803 PM CDT


-  INDICATES NEGATIVE NUMBERS.
R  INDICATES RECORD WAS SET OR TIED.
MM INDICATES DATA IS MISSING.
T  INDICATES TRACE AMOUNT.

&&

AT 2 AM:

THE PEARL RIVER STAGE AT JACKSON WAS 6.9 FEET. THE RIVER HAS RISEN
3.3 FEET OVER THE PAST 24 HOURS.

THE MISSISSIPPI RIVER STAGE AT VICKSBURG WAS 21.4 FEET. THE RIVER
HAS FALLEN 0.7 FEET OVER THE PAST 24 HOURS.

$$
