000
CDUS42 KJAX 190526
CLIJAX


CLIMATE REPORT
NATIONAL WEATHER SERVICE JACKSONVILLE FL
126 AM EDT THU OCT 19 2017


...................................

...THE JACKSONVILLE CLIMATE SUMMARY FOR OCTOBER 18 2017...

CLIMATE NORMAL PERIOD 1981 TO 2010
CLIMATE RECORD PERIOD 1871 TO 2017


WEATHER ITEM   OBSERVED TIME   RECORD YEAR NORMAL DEPARTURE LAST
                VALUE   (LST)  VALUE       VALUE  FROM      YEAR
                                                  NORMAL
..................................................................
TEMPERATURE (F)
 YESTERDAY
  MAXIMUM         81   1159 AM  91    1980  80      1       84
  MINIMUM         60    329 AM  36    1977  60      0       65
  AVERAGE         71                        70      1       75

PRECIPITATION (IN)
  YESTERDAY        0.02          7.47 1950   0.11  -0.09     0.00
  MONTH TO DATE    3.98                      2.87   1.11     9.51
  SINCE SEP 1     17.31                     11.06   6.25    13.87
  SINCE JAN 1     65.05                     46.42  18.63    36.21

SNOWFALL (IN)
  YESTERDAY        0.0           0.0  2002   0.0    0.0      0.0
                                      2001
  MONTH TO DATE    0.0                       0.0    0.0      0.0
  SINCE SEP 1      0.0                       0.0    0.0      0.0
  SINCE JUL 1      0.0                       0.0    0.0      0.0
  SNOW DEPTH       0

DEGREE DAYS
 HEATING
  YESTERDAY        0                         1     -1        0
  MONTH TO DATE    0                         6     -6        0
  SINCE SEP 1      0                         6     -6        0
  SINCE JUL 1      0                         6     -6        0

 COOLING
  YESTERDAY        6                         6      0       10
  MONTH TO DATE  248                       140    108      165
  SINCE SEP 1    673                       536    137      594
  SINCE JAN 1   2874                      2526    348     2830
..................................................................


WIND (MPH)
  HIGHEST WIND SPEED    25   HIGHEST WIND DIRECTION    NE (40)
  HIGHEST GUST SPEED    31   HIGHEST GUST DIRECTION    NE (50)
  AVERAGE WIND SPEED    11.9


SKY COVER
  POSSIBLE SUNSHINE  MM
  AVERAGE SKY COVER 0.7


WEATHER CONDITIONS
 THE FOLLOWING WEATHER WAS RECORDED YESTERDAY.
  FOG


RELATIVE HUMIDITY (PERCENT)
 HIGHEST    90           800 PM
 LOWEST     67          1000 AM
 AVERAGE    79

..........................................................


THE JACKSONVILLE CLIMATE NORMALS FOR TODAY
                         NORMAL    RECORD    YEAR
 MAXIMUM TEMPERATURE (F)   80        91      1980
 MINIMUM TEMPERATURE (F)   59        43      2009
                                             1981
                                             1927


SUNRISE AND SUNSET
OCTOBER 19 2017.......SUNRISE   732 AM EDT   SUNSET   651 PM EDT
OCTOBER 20 2017.......SUNRISE   733 AM EDT   SUNSET   650 PM EDT


-  INDICATES NEGATIVE NUMBERS.
R  INDICATES RECORD WAS SET OR TIED.
MM INDICATES DATA IS MISSING.
T  INDICATES TRACE AMOUNT.




$$
