000
CDUS42 KJAX 060534
CLIJAX


CLIMATE REPORT
NATIONAL WEATHER SERVICE JACKSONVILLE FL
1232 AM EST TUE DEC 6 2016


...................................

...THE JACKSONVILLE CLIMATE SUMMARY FOR DECEMBER 5 2016...

CLIMATE NORMAL PERIOD 1981 TO 2010
CLIMATE RECORD PERIOD 1871 TO 2016


WEATHER ITEM   OBSERVED TIME   RECORD YEAR NORMAL DEPARTURE LAST
                VALUE   (LST)  VALUE       VALUE  FROM      YEAR
                                                  NORMAL
..................................................................
TEMPERATURE (F)
 YESTERDAY
  MAXIMUM         85R   158 PM  83    2013  69     16       63
  MINIMUM         65    557 AM  25    1876  46     19       53
  AVERAGE         75                        57     18       58

PRECIPITATION (IN)
  YESTERDAY        0.17          1.28 1877   0.09   0.08     0.00
  MONTH TO DATE    0.23                      0.44  -0.21      T
  SINCE DEC 1      0.23                      0.44  -0.21      T
  SINCE JAN 1     36.46                     50.03 -13.57    43.98

SNOWFALL (IN)
  YESTERDAY        0.0           0.0  2001   0.0    0.0      0.0
  MONTH TO DATE    0.0                       0.0    0.0      0.0
  SINCE DEC 1      0.0                       0.0    0.0      0.0
  SINCE JUL 1      0.0                       0.0    0.0      0.0
  SNOW DEPTH       0

DEGREE DAYS
 HEATING
  YESTERDAY        0                         9     -9        7
  MONTH TO DATE   29                        41    -12       20
  SINCE DEC 1     29                        41    -12       20
  SINCE JUL 1    159                       214    -55       74

 COOLING
  YESTERDAY       10                         1      9        0
  MONTH TO DATE   10                         5      5       11
  SINCE DEC 1     10                         5      5       11
  SINCE JAN 1   2961                      2649    312     2971
..................................................................


WIND (MPH)
  HIGHEST WIND SPEED    18   HIGHEST WIND DIRECTION     S (190)
  HIGHEST GUST SPEED    22   HIGHEST GUST DIRECTION     S (190)
  AVERAGE WIND SPEED     7.7


SKY COVER
  POSSIBLE SUNSHINE  MM
  AVERAGE SKY COVER 0.7


WEATHER CONDITIONS
 THE FOLLOWING WEATHER WAS RECORDED YESTERDAY.
  RAIN
  LIGHT RAIN
  FOG


RELATIVE HUMIDITY (PERCENT)
 HIGHEST   100           400 AM
 LOWEST     59           200 PM
 AVERAGE    80

..........................................................


THE JACKSONVILLE CLIMATE NORMALS FOR TODAY
                         NORMAL    RECORD    YEAR
 MAXIMUM TEMPERATURE (F)   69        83      2013
 MINIMUM TEMPERATURE (F)   46        26      1876


SUNRISE AND SUNSET
DECEMBER  6 2016......SUNRISE   710 AM EST   SUNSET   526 PM EST
DECEMBER  7 2016......SUNRISE   711 AM EST   SUNSET   526 PM EST


-  INDICATES NEGATIVE NUMBERS.
R  INDICATES RECORD WAS SET OR TIED.
MM INDICATES DATA IS MISSING.
T  INDICATES TRACE AMOUNT.




$$
