000
CDUS42 KJAX 220535
CLIJAX


CLIMATE REPORT
NATIONAL WEATHER SERVICE JACKSONVILLE FL
134 AM EDT WED OCT 22 2014


...................................

...THE JACKSONVILLE CLIMATE SUMMARY FOR OCTOBER 21 2014...

CLIMATE NORMAL PERIOD 1981 TO 2010
CLIMATE RECORD PERIOD 1871 TO 2014


WEATHER ITEM   OBSERVED TIME   RECORD YEAR NORMAL DEPARTURE LAST
                VALUE   (LST)  VALUE       VALUE  FROM      YEAR
                                                  NORMAL
..................................................................
TEMPERATURE (F)
 YESTERDAY
  MAXIMUM         83    257 PM  89    2005  79      4       80
                                      1993
  MINIMUM         59    520 AM  36    1989  59      0       66
  AVERAGE         71                        69      2       73

PRECIPITATION (IN)
  YESTERDAY        0.00          3.18 1941   0.09  -0.09     0.00
  MONTH TO DATE    1.87                      3.15  -1.28     1.11
  SINCE SEP 1     11.67                     11.34   0.33     4.69
  SINCE JAN 1     47.76                     46.70   1.06    41.05

SNOWFALL (IN)
  YESTERDAY        0.0           0.0  2002   0.0    0.0      0.0
                                      2001
  MONTH TO DATE    0.0                       0.0    0.0      0.0
  SINCE SEP 1      0.0                       0.0    0.0      0.0
  SINCE JUL 1      0.0                       0.0    0.0      0.0
  SNOW DEPTH       0

DEGREE DAYS
 HEATING
  YESTERDAY        0                         1     -1        0
  MONTH TO DATE    6                         9     -3        0
  SINCE SEP 1      6                         9     -3        0
  SINCE JUL 1      6                         9     -3        0

 COOLING
  YESTERDAY        6                         5      1        8
  MONTH TO DATE  146                       156    -10      182
  SINCE SEP 1    537                       552    -15      592
  SINCE JAN 1   2525                      2542    -17     2521
..................................................................


WIND (MPH)
  HIGHEST WIND SPEED    10   HIGHEST WIND DIRECTION     W (290)
  HIGHEST GUST SPEED    14   HIGHEST GUST DIRECTION     W (260)
  AVERAGE WIND SPEED     2.5


SKY COVER
  POSSIBLE SUNSHINE  MM
  AVERAGE SKY COVER 0.3


WEATHER CONDITIONS
 THE FOLLOWING WEATHER WAS RECORDED YESTERDAY.
  FOG
  FOG W/VISIBILITY <= 1/4 MILE


RELATIVE HUMIDITY (PERCENT)
 HIGHEST   100          1200 AM
 LOWEST     43           400 PM
 AVERAGE    72

..........................................................


THE JACKSONVILLE CLIMATE NORMALS FOR TODAY
                         NORMAL    RECORD    YEAR
 MAXIMUM TEMPERATURE (F)   79        92      2006
 MINIMUM TEMPERATURE (F)   58        39      2011
                                             1976


SUNRISE AND SUNSET
OCTOBER 22 2014.......SUNRISE   734 AM EDT   SUNSET   648 PM EDT
OCTOBER 23 2014.......SUNRISE   735 AM EDT   SUNSET   647 PM EDT


-  INDICATES NEGATIVE NUMBERS.
R  INDICATES RECORD WAS SET OR TIED.
MM INDICATES DATA IS MISSING.
T  INDICATES TRACE AMOUNT.




$$
