000
CDUS42 KJAX 210534
CLIJAX


CLIMATE REPORT
NATIONAL WEATHER SERVICE JACKSONVILLE
133 AM EDT MON APR 21 2014


...................................

...THE JACKSONVILLE CLIMATE SUMMARY FOR APRIL 20 2014...

CLIMATE NORMAL PERIOD 1981 TO 2010
CLIMATE RECORD PERIOD 1871 TO 2014


WEATHER ITEM   OBSERVED TIME   RECORD YEAR NORMAL DEPARTURE LAST
                VALUE   (LST)  VALUE       VALUE  FROM      YEAR
                                                  NORMAL
..................................................................
TEMPERATURE (F)
 YESTERDAY
  MAXIMUM         62    153 PM  92    1995  80    -18       62
                                      1968
  MINIMUM         54    725 AM  40    1983  55     -1       50
  AVERAGE         58                        68    -10       56

PRECIPITATION (IN)
  YESTERDAY        T             2.46 1893   0.09  -0.09     0.36
  MONTH TO DATE    5.61                      1.91   3.70     2.18
  SINCE MAR 1     10.26                      5.86   4.40     5.25
  SINCE JAN 1     19.97                     12.35   7.62    10.97

SNOWFALL (IN)
  YESTERDAY        0.0           0.0  2002   0.0    0.0      0.0
                                      2001
  MONTH TO DATE    0.0                       0.0    0.0      0.0
  SINCE MAR 1      0.0                       T      0.0      0.0
  SINCE JUL 1      0.0                       T      0.0      0.0
  SNOW DEPTH       0

DEGREE DAYS
 HEATING
  YESTERDAY        7                         1      6        9
  MONTH TO DATE   27                        46    -19       28
  SINCE MAR 1    226                       202     24      332
  SINCE JUL 1   1303                      1335    -32     1225

 COOLING
  YESTERDAY        0                         4     -4        0
  MONTH TO DATE   58                        64     -6       89
  SINCE MAR 1     86                       118    -32      105
  SINCE JAN 1    116                       147    -31      181
..................................................................


WIND (MPH)
  HIGHEST WIND SPEED    14   HIGHEST WIND DIRECTION     N (340)
  HIGHEST GUST SPEED    18   HIGHEST GUST DIRECTION    NW (330)
  AVERAGE WIND SPEED     8.0


SKY COVER
  POSSIBLE SUNSHINE  MM
  AVERAGE SKY COVER 1.0


WEATHER CONDITIONS
 THE FOLLOWING WEATHER WAS RECORDED YESTERDAY.
  FOG


RELATIVE HUMIDITY (PERCENT)
 HIGHEST   100           400 AM
 LOWEST     84           200 PM
 AVERAGE    92

..........................................................


THE JACKSONVILLE CLIMATE NORMALS FOR TODAY
                         NORMAL    RECORD    YEAR
 MAXIMUM TEMPERATURE (F)   80        95      1968
 MINIMUM TEMPERATURE (F)   56        38      1983


SUNRISE AND SUNSET
APRIL 21 2014.........SUNRISE   653 AM EDT   SUNSET   758 PM EDT
APRIL 22 2014.........SUNRISE   652 AM EDT   SUNSET   759 PM EDT


-  INDICATES NEGATIVE NUMBERS.
R  INDICATES RECORD WAS SET OR TIED.
MM INDICATES DATA IS MISSING.
T  INDICATES TRACE AMOUNT.




$$
