560
CDUS42 KJAX 270533
CLIJAX


CLIMATE REPORT
NATIONAL WEATHER SERVICE JACKSONVILLE FL
132 AM EDT TUE JUN 27 2017


...................................

...THE JACKSONVILLE CLIMATE SUMMARY FOR JUNE 26 2017...

CLIMATE NORMAL PERIOD 1981 TO 2010
CLIMATE RECORD PERIOD 1871 TO 2017


WEATHER ITEM   OBSERVED TIME   RECORD YEAR NORMAL DEPARTURE LAST
                VALUE   (LST)  VALUE       VALUE  FROM      YEAR
                                                  NORMAL
..................................................................
TEMPERATURE (F)
 YESTERDAY
  MAXIMUM         91    141 PM 101    1952  91      0       88
  MINIMUM         74   1159 PM  63    1966  72      2       74
  AVERAGE         83                        81      2       81

PRECIPITATION (IN)
  YESTERDAY        1.76          5.20 2012   0.23   1.53     0.54
  MONTH TO DATE   10.32                      5.50   4.82     3.01
  SINCE JUN 1     10.32                      5.50   4.82     3.01
  SINCE JAN 1     26.18                     21.06   5.12    17.47

SNOWFALL (IN)
  YESTERDAY        0.0           0.0  2002   0.0    0.0      0.0
                                      2001
  MONTH TO DATE    0.0                       0.0    0.0      0.0
  SINCE JUN 1      0.0                       0.0    0.0      0.0
  SINCE JUL 1      0.0                       T      0.0      0.0
  SNOW DEPTH       0

DEGREE DAYS
 HEATING
  YESTERDAY        0                         0      0        0
  MONTH TO DATE    0                         0      0        0
  SINCE JUN 1      0                         0      0        0
  SINCE JUL 1    782                      1349   -567      949

 COOLING
  YESTERDAY       18                        16      2       16
  MONTH TO DATE  377                       383     -6      420
  SINCE JUN 1    377                       383     -6      420
  SINCE JAN 1   1033                       867    166      997
..................................................................


WIND (MPH)
  HIGHEST WIND SPEED    25   HIGHEST WIND DIRECTION    NE (40)
  HIGHEST GUST SPEED    29   HIGHEST GUST DIRECTION    NE (40)
  AVERAGE WIND SPEED     5.2


SKY COVER
  POSSIBLE SUNSHINE  MM
  AVERAGE SKY COVER 0.8


WEATHER CONDITIONS
 THE FOLLOWING WEATHER WAS RECORDED YESTERDAY.
  THUNDERSTORM
  HEAVY RAIN
  RAIN
  LIGHT RAIN
  FOG
  FOG W/VISIBILITY <= 1/4 MILE
  HAZE


RELATIVE HUMIDITY (PERCENT)
 HIGHEST   100           200 AM
 LOWEST     59          1200 PM
 AVERAGE    80

..........................................................


THE JACKSONVILLE CLIMATE NORMALS FOR TODAY
                         NORMAL    RECORD    YEAR
 MAXIMUM TEMPERATURE (F)   91       102      1950
 MINIMUM TEMPERATURE (F)   72        65      1936


SUNRISE AND SUNSET
JUNE 27 2017..........SUNRISE   627 AM EDT   SUNSET   833 PM EDT
JUNE 28 2017..........SUNRISE   627 AM EDT   SUNSET   833 PM EDT


-  INDICATES NEGATIVE NUMBERS.
R  INDICATES RECORD WAS SET OR TIED.
MM INDICATES DATA IS MISSING.
T  INDICATES TRACE AMOUNT.




$$
