000
CDUS44 KMEG 240735
CLIJBR


CLIMATE REPORT
NATIONAL WEATHER SERVICE MEMPHIS TN
134 AM CST TUE JAN 24 2017


...................................

...THE JONESBORO CLIMATE SUMMARY FOR JANUARY 23 2017...

CLIMATE NORMAL PERIOD 1981 TO 2010
CLIMATE RECORD PERIOD 1897 TO 2017


WEATHER ITEM   OBSERVED TIME   RECORD YEAR NORMAL DEPARTURE LAST
                VALUE   (LST)  VALUE       VALUE  FROM      YEAR
                                                  NORMAL
..................................................................
TEMPERATURE (F)
 YESTERDAY
  MAXIMUM         54    354 PM  75    1943  47      7       36
  MINIMUM         37   1159 PM   3    1918  29      8       25
  AVERAGE         46                        38      8       31

PRECIPITATION (IN)
  YESTERDAY        0.00          1.50 1903   0.10  -0.10     0.00
  MONTH TO DATE    3.70                      2.46   1.24     1.64
  SINCE DEC 1      8.16                      7.23   0.93     8.01
  SINCE JAN 1      3.70                      2.46   1.24     1.64

DEGREE DAYS
 HEATING
  YESTERDAY       19                        27     -8       34
  MONTH TO DATE  489                       642   -153      684
  SINCE DEC 1   1224                      1434   -210     1188
  SINCE JUL 1   1573                      2084   -511     1697

 COOLING
  YESTERDAY        0                         0      0        0
  MONTH TO DATE    0                         0      0        0
  SINCE DEC 1      0                         0      0        3
  SINCE JAN 1      0                         0      0        0
..................................................................


WIND (MPH)
  HIGHEST WIND SPEED    25   HIGHEST WIND DIRECTION    NW (310)
  HIGHEST GUST SPEED    35   HIGHEST GUST DIRECTION    NW (310)
  AVERAGE WIND SPEED    10.5


SKY COVER
  POSSIBLE SUNSHINE  MM
  AVERAGE SKY COVER 0.2


WEATHER CONDITIONS
 THE FOLLOWING WEATHER WAS RECORDED YESTERDAY.
  NO SIGNIFICANT WEATHER WAS OBSERVED.


RELATIVE HUMIDITY (PERCENT)
 HIGHEST    92           900 PM
 LOWEST     54           200 PM
 AVERAGE    73

..........................................................


THE JONESBORO CLIMATE NORMALS FOR TODAY
                         NORMAL    RECORD    YEAR
 MAXIMUM TEMPERATURE (F)   47        78      1943
 MINIMUM TEMPERATURE (F)   29         0      1963


SUNRISE AND SUNSET
JANUARY 24 2017.......SUNRISE   708 AM CST   SUNSET   522 PM CST
JANUARY 25 2017.......SUNRISE   707 AM CST   SUNSET   523 PM CST


-  INDICATES NEGATIVE NUMBERS.
R  INDICATES RECORD WAS SET OR TIED.
MM INDICATES DATA IS MISSING.
T  INDICATES TRACE AMOUNT.




$$
