000
CDUS44 KMEG 180746
CLIJBR


CLIMATE REPORT
NATIONAL WEATHER SERVICE MEMPHIS TN
145 AM CST THU DEC 18 2014


...................................

...THE JONESBORO CLIMATE SUMMARY FOR DECEMBER 17 2014...

CLIMATE NORMAL PERIOD 1981 TO 2010
CLIMATE RECORD PERIOD 1897 TO 2014


WEATHER ITEM   OBSERVED TIME   RECORD YEAR NORMAL DEPARTURE LAST
                VALUE   (LST)  VALUE       VALUE  FROM      YEAR
                                                  NORMAL
..................................................................
TEMPERATURE (F)
 YESTERDAY
  MAXIMUM         39    340 PM  76    1924  47     -8       55
  MINIMUM         29    625 AM  10    2000  30     -1       36
                                      1989
  AVERAGE         34                        39     -5       46

PRECIPITATION (IN)
  YESTERDAY        0.22          2.04 1928   0.14   0.08     0.00
  MONTH TO DATE    1.90                      2.80  -0.90     1.86
  SINCE DEC 1      1.90                      2.80  -0.90     1.86
  SINCE JAN 1     43.26                     46.13  -2.87    47.84

SNOWFALL (IN)
  YESTERDAY        0.0           3.0  1932   0.0    0.0      0.0
  MONTH TO DATE    0.0                       0.2   -0.2      1.0
  SINCE DEC 1      0.0                       0.2   -0.2      1.0
  SINCE JUL 1      0.3                       0.2    0.1      1.0
  SNOW DEPTH       0

DEGREE DAYS
 HEATING
  YESTERDAY       31                        26      5       19
  MONTH TO DATE  349                       413    -64      456
  SINCE DEC 1    349                       413    -64      456
  SINCE JUL 1   1108                      1063     45     1199

 COOLING
  YESTERDAY        0                         0      0        0
  MONTH TO DATE    0                         0      0        0
  SINCE DEC 1      0                         0      0        0
  SINCE JAN 1   1800                      1827    -27     2044
..................................................................


WIND (MPH)
  HIGHEST WIND SPEED     9   HIGHEST WIND DIRECTION     E (80)
  HIGHEST GUST SPEED    12   HIGHEST GUST DIRECTION     E (80)
  AVERAGE WIND SPEED     4.1


SKY COVER
  POSSIBLE SUNSHINE  MM
  AVERAGE SKY COVER 0.4


WEATHER CONDITIONS
 THE FOLLOWING WEATHER WAS RECORDED YESTERDAY.
  RAIN
  LIGHT RAIN
  FOG


RELATIVE HUMIDITY (PERCENT)
 HIGHEST    92           500 AM
 LOWEST     70           300 PM
 AVERAGE    81

..........................................................


THE JONESBORO CLIMATE NORMALS FOR TODAY
                         NORMAL    RECORD    YEAR
 MAXIMUM TEMPERATURE (F)   47        74      1889
 MINIMUM TEMPERATURE (F)   30         8      1964
                                             1932


SUNRISE AND SUNSET
DECEMBER 18 2014......SUNRISE   707 AM CST   SUNSET   451 PM CST
DECEMBER 19 2014......SUNRISE   708 AM CST   SUNSET   452 PM CST


-  INDICATES NEGATIVE NUMBERS.
R  INDICATES RECORD WAS SET OR TIED.
MM INDICATES DATA IS MISSING.
T  INDICATES TRACE AMOUNT.




$$
