000
CDUS44 KMEG 240632
CLIJBR


CLIMATE REPORT
NATIONAL WEATHER SERVICE MEMPHIS TN
132 AM CDT SAT JUN 24 2017


...................................

...THE JONESBORO CLIMATE SUMMARY FOR JUNE 23 2017...

CLIMATE NORMAL PERIOD 1981 TO 2010
CLIMATE RECORD PERIOD 1897 TO 2017


WEATHER ITEM   OBSERVED TIME   RECORD YEAR NORMAL DEPARTURE LAST
                VALUE   (LST)  VALUE       VALUE  FROM      YEAR
                                                  NORMAL
..................................................................
TEMPERATURE (F)
 YESTERDAY
  MAXIMUM         91    248 PM 107    1901  90      1       96
  MINIMUM         71   1159 PM  51    1902  69      2       80
  AVERAGE         81                        80      1       88

PRECIPITATION (IN)
  YESTERDAY        1.10          1.60 1899   0.16   0.94      T
  MONTH TO DATE    2.54                      2.65  -0.11     0.48
  SINCE JUN 1      2.54                      2.65  -0.11     0.48
  SINCE JAN 1     29.73                     23.93   5.80    32.91

DEGREE DAYS
 HEATING
  YESTERDAY        0                         0      0        0
  MONTH TO DATE    0                         0      0        0
  SINCE JUN 1      0                         0      0        0
  SINCE JUL 1   2628                      3652  -1024     2983

 COOLING
  YESTERDAY       16                        14      2       23
  MONTH TO DATE  314                       277     37      363
  SINCE JUN 1    314                       277     37      363
  SINCE JAN 1    548                       490     58      562
..................................................................


WIND (MPH)
  HIGHEST WIND SPEED    31   HIGHEST WIND DIRECTION    NW (300)
  HIGHEST GUST SPEED    41   HIGHEST GUST DIRECTION    NW (300)
  AVERAGE WIND SPEED     9.2


SKY COVER
  POSSIBLE SUNSHINE  MM
  AVERAGE SKY COVER 0.6


WEATHER CONDITIONS
 THE FOLLOWING WEATHER WAS RECORDED YESTERDAY.
  THUNDERSTORM
  HEAVY RAIN
  RAIN
  LIGHT RAIN
  FOG


RELATIVE HUMIDITY (PERCENT)
 HIGHEST   100           400 AM
 LOWEST     64           300 PM
 AVERAGE    82

..........................................................


THE JONESBORO CLIMATE NORMALS FOR TODAY
                         NORMAL    RECORD    YEAR
 MAXIMUM TEMPERATURE (F)   90       107      1901
 MINIMUM TEMPERATURE (F)   69        56      1974


SUNRISE AND SUNSET
JUNE 24 2017..........SUNRISE   548 AM CDT   SUNSET   823 PM CDT
JUNE 25 2017..........SUNRISE   548 AM CDT   SUNSET   823 PM CDT


-  INDICATES NEGATIVE NUMBERS.
R  INDICATES RECORD WAS SET OR TIED.
MM INDICATES DATA IS MISSING.
T  INDICATES TRACE AMOUNT.




$$
