000
CDUS44 KMEG 272155
CLIJBR


CLIMATE REPORT
NATIONAL WEATHER SERVICE MEMPHIS TN
455 PM CDT THU APR 27 2017


...................................

...THE JONESBORO CLIMATE SUMMARY FOR APRIL 27 2017...
VALID TODAY AS OF 0400 PM LOCAL TIME.

CLIMATE NORMAL PERIOD 1981 TO 2010
CLIMATE RECORD PERIOD 1897 TO 2017


WEATHER ITEM   OBSERVED TIME   RECORD YEAR NORMAL DEPARTURE LAST
                VALUE   (LST)  VALUE       VALUE  FROM      YEAR
                                                  NORMAL
..................................................................
TEMPERATURE (F)
 TODAY
  MAXIMUM         65    348 PM  92    1987  74     -9       80
  MINIMUM         50    628 AM  35    1919  53     -3       63
  AVERAGE         58                        63     -5       72

PRECIPITATION (IN)
  TODAY            0.00          1.70 1966   0.18  -0.18     0.12
  MONTH TO DATE    3.81                      4.44  -0.63     1.01
  SINCE MAR 1     10.08                      8.94   1.14    14.23
  SINCE JAN 1     15.69                     16.09  -0.40    18.16

DEGREE DAYS
 HEATING
  TODAY            7                         3      4        0
  MONTH TO DATE   94                       187    -93      115
  SINCE MAR 1    458                       651   -193      461
  SINCE JUL 1   2591                      3607  -1016     2950

 COOLING
  TODAY            0                         2     -2        7
  MONTH TO DATE   50                        35     15       37
  SINCE MAR 1     56                        41     15       41
  SINCE JAN 1     60                        41     19       41
..................................................................


WIND (MPH)
  HIGHEST WIND SPEED    16   HIGHEST WIND DIRECTION    NW (300)
  HIGHEST GUST SPEED    23   HIGHEST GUST DIRECTION    NW (300)
  AVERAGE WIND SPEED     8.2


SKY COVER
  POSSIBLE SUNSHINE  MM
  AVERAGE SKY COVER 0.6


WEATHER CONDITIONS
 THE FOLLOWING WEATHER WAS RECORDED TODAY.
  NO SIGNIFICANT WEATHER WAS OBSERVED.


RELATIVE HUMIDITY (PERCENT)
 HIGHEST    86           100 AM
 LOWEST     60           100 PM
 AVERAGE    73

..........................................................


THE JONESBORO CLIMATE NORMALS FOR TOMORROW
                         NORMAL    RECORD    YEAR
 MAXIMUM TEMPERATURE (F)   74        94      1901
 MINIMUM TEMPERATURE (F)   53        36      1992


SUNRISE AND SUNSET
APRIL 27 2017.........SUNRISE   614 AM CDT   SUNSET   746 PM CDT
APRIL 28 2017.........SUNRISE   613 AM CDT   SUNSET   747 PM CDT


-  INDICATES NEGATIVE NUMBERS.
R  INDICATES RECORD WAS SET OR TIED.
MM INDICATES DATA IS MISSING.
T  INDICATES TRACE AMOUNT.




$$
