000
CDUS44 KMEG 232151
CLIJBR


CLIMATE REPORT
NATIONAL WEATHER SERVICE MEMPHIS TN
450 PM CDT WED AUG 23 2017


...................................

...THE JONESBORO CLIMATE SUMMARY FOR AUGUST 23 2017...
VALID TODAY AS OF 0400 PM LOCAL TIME.

CLIMATE NORMAL PERIOD 1981 TO 2010
CLIMATE RECORD PERIOD 1897 TO 2017


WEATHER ITEM   OBSERVED TIME   RECORD YEAR NORMAL DEPARTURE LAST
                VALUE   (LST)  VALUE       VALUE  FROM      YEAR
                                                  NORMAL
..................................................................
TEMPERATURE (F)
 TODAY
  MAXIMUM         82    221 PM 101    1938  89     -7       88
                                      1921
  MINIMUM         71    633 AM  55    1956  69      2       69
  AVERAGE         77                        79     -2       79

PRECIPITATION (IN)
  TODAY            0.00          2.51 1942   0.07  -0.07     0.22
  MONTH TO DATE    3.08                      1.87   1.21     5.19
  SINCE JUN 1      9.22                      9.16   0.06     8.58
  SINCE JAN 1     36.41                     30.44   5.97    41.01

DEGREE DAYS
 HEATING
  TODAY            0                         0      0        0
  MONTH TO DATE    0                         0      0        0
  SINCE JUN 1      0                         1     -1        0
  SINCE JUL 1      0                         0      0        0

 COOLING
  TODAY           12                        14     -2       14
  MONTH TO DATE  290                       354    -64      358
  SINCE JUN 1   1220                      1228     -8     1411
  SINCE JAN 1   1454                      1441     13     1610
..................................................................


WIND (MPH)
  HIGHEST WIND SPEED    14   HIGHEST WIND DIRECTION    NE (50)
  HIGHEST GUST SPEED    23   HIGHEST GUST DIRECTION    NE (50)
  AVERAGE WIND SPEED     7.8


SKY COVER
  POSSIBLE SUNSHINE  MM
  AVERAGE SKY COVER 0.6


WEATHER CONDITIONS
 THE FOLLOWING WEATHER WAS RECORDED TODAY.
  NO SIGNIFICANT WEATHER WAS OBSERVED.


RELATIVE HUMIDITY (PERCENT)
 HIGHEST   100          1200 AM
 LOWEST     58           200 PM
 AVERAGE    79

..........................................................


THE JONESBORO CLIMATE NORMALS FOR TOMORROW
                         NORMAL    RECORD    YEAR
 MAXIMUM TEMPERATURE (F)   89       103      1943
 MINIMUM TEMPERATURE (F)   69        55      1916


SUNRISE AND SUNSET
AUGUST 23 2017........SUNRISE   628 AM CDT   SUNSET   742 PM CDT
AUGUST 24 2017........SUNRISE   629 AM CDT   SUNSET   740 PM CDT


-  INDICATES NEGATIVE NUMBERS.
R  INDICATES RECORD WAS SET OR TIED.
MM INDICATES DATA IS MISSING.
T  INDICATES TRACE AMOUNT.




$$
