000
CDUS44 KMEG 242148
CLIJBR


CLIMATE REPORT
NATIONAL WEATHER SERVICE MEMPHIS TN
447 PM CDT SAT SEP 24 2016


...................................

...THE JONESBORO CLIMATE SUMMARY FOR SEPTEMBER 24 2016...
VALID TODAY AS OF 0400 PM LOCAL TIME.

CLIMATE NORMAL PERIOD 1981 TO 2010
CLIMATE RECORD PERIOD 1897 TO 2016


WEATHER ITEM   OBSERVED TIME   RECORD YEAR NORMAL DEPARTURE LAST
                VALUE   (LST)  VALUE       VALUE  FROM      YEAR
                                                  NORMAL
..................................................................
TEMPERATURE (F)
 TODAY
  MAXIMUM         95    148 PM 100    1921  80     15       87
  MINIMUM         68    541 AM  40    1918  57     11       57
  AVERAGE         82                        69     13       72

PRECIPITATION (IN)
  TODAY            0.00          1.75 1936   0.08  -0.08     0.00
  MONTH TO DATE    1.94                      2.32  -0.38     2.16
  SINCE SEP 1      1.94                      2.32  -0.38     2.16
  SINCE JAN 1     42.96                     33.43   9.53    42.25

SNOWFALL (IN)
  TODAY            0.0

DEGREE DAYS
 HEATING
  TODAY            0                         1     -1        0
  MONTH TO DATE    0                         7     -7        7
  SINCE SEP 1      0                         7     -7        7
  SINCE JUL 1      0                         7     -7        7

 COOLING
  TODAY           17                         5     12        7
  MONTH TO DATE  329                       200    129      200
  SINCE SEP 1    329                       200    129      200
  SINCE JAN 1   2082                      1746    336     1673
..................................................................


WIND (MPH)
  HIGHEST WIND SPEED     9   HIGHEST WIND DIRECTION     S (190)
  HIGHEST GUST SPEED    13   HIGHEST GUST DIRECTION     S (190)
  AVERAGE WIND SPEED     2.2


SKY COVER
  POSSIBLE SUNSHINE  MM
  AVERAGE SKY COVER 0.0


WEATHER CONDITIONS
 THE FOLLOWING WEATHER WAS RECORDED TODAY.
  NO SIGNIFICANT WEATHER WAS OBSERVED.


RELATIVE HUMIDITY (PERCENT)
 HIGHEST    90          1200 AM
 LOWEST     39           100 PM
 AVERAGE    65

..........................................................


THE JONESBORO CLIMATE NORMALS FOR TOMORROW
                         NORMAL    RECORD    YEAR
 MAXIMUM TEMPERATURE (F)   80        98      1910
 MINIMUM TEMPERATURE (F)   57        40      1903


SUNRISE AND SUNSET
SEPTEMBER 24 2016.....SUNRISE   652 AM CDT   SUNSET   656 PM CDT
SEPTEMBER 25 2016.....SUNRISE   653 AM CDT   SUNSET   654 PM CDT


-  INDICATES NEGATIVE NUMBERS.
R  INDICATES RECORD WAS SET OR TIED.
MM INDICATES DATA IS MISSING.
T  INDICATES TRACE AMOUNT.




$$
