000
CDUS44 KMEG 220642
CLIJBR


CLIMATE REPORT
NATIONAL WEATHER SERVICE MEMPHIS TN
142 AM CDT FRI MAY 22 2015


...................................

...THE JONESBORO CLIMATE SUMMARY FOR MAY 21 2015...

CLIMATE NORMAL PERIOD 1981 TO 2010
CLIMATE RECORD PERIOD 1897 TO 2015


WEATHER ITEM   OBSERVED TIME   RECORD YEAR NORMAL DEPARTURE LAST
                VALUE   (LST)  VALUE       VALUE  FROM      YEAR
                                                  NORMAL
..................................................................
TEMPERATURE (F)
 YESTERDAY
  MAXIMUM         62    412 PM  95    1941  82    -20       83
  MINIMUM         47   1153 PM  42    1919  60    -13       66
  AVERAGE         55                        71    -16       75

PRECIPITATION (IN)
  YESTERDAY        0.00          2.56 2013   0.14  -0.14     0.00
  MONTH TO DATE    5.82                      3.51   2.31     3.50
  SINCE MAR 1     18.96                     13.03   5.93    15.49
  SINCE JAN 1     23.79                     20.18   3.61    20.20

SNOWFALL (IN)
  YESTERDAY        0.0          MM      MM   0.0    0.0      0.0
  MONTH TO DATE    0.0                       0.0    0.0      0.0
  SINCE MAR 1      7.6                       0.7    6.9      3.2
  SINCE JUL 1      9.4                       4.8    4.6      5.2
  SNOW DEPTH       0

DEGREE DAYS
 HEATING
  YESTERDAY       10                         1      9        0
  MONTH TO DATE   40                        33      7       64
  SINCE MAR 1    757                       692     65      885
  SINCE JUL 1   4005                      3648    357     4150

 COOLING
  YESTERDAY        0                         6     -6       10
  MONTH TO DATE   87                        87      0      111
  SINCE MAR 1    115                       134    -19      132
  SINCE JAN 1    115                       134    -19      132
..................................................................


WIND (MPH)
  HIGHEST WIND SPEED    16   HIGHEST WIND DIRECTION     N (10)
  HIGHEST GUST SPEED    21   HIGHEST GUST DIRECTION     N (360)
  AVERAGE WIND SPEED     6.9


SKY COVER
  POSSIBLE SUNSHINE  MM
  AVERAGE SKY COVER 0.7


WEATHER CONDITIONS
 THE FOLLOWING WEATHER WAS RECORDED YESTERDAY.
  NO SIGNIFICANT WEATHER WAS OBSERVED.


RELATIVE HUMIDITY (PERCENT)
 HIGHEST   100          1000 PM
 LOWEST     64           400 PM
 AVERAGE    82

..........................................................


THE JONESBORO CLIMATE NORMALS FOR TODAY
                         NORMAL    RECORD    YEAR
 MAXIMUM TEMPERATURE (F)   82        98      1901
 MINIMUM TEMPERATURE (F)   60        40      1924


SUNRISE AND SUNSET
MAY 22 2015...........SUNRISE   552 AM CDT   SUNSET   806 PM CDT
MAY 23 2015...........SUNRISE   552 AM CDT   SUNSET   807 PM CDT


-  INDICATES NEGATIVE NUMBERS.
R  INDICATES RECORD WAS SET OR TIED.
MM INDICATES DATA IS MISSING.
T  INDICATES TRACE AMOUNT.




$$
