000
CDUS44 KMEG 230634
CLIJBR


CLIMATE REPORT
NATIONAL WEATHER SERVICE MEMPHIS TN
133 AM CDT TUE SEP 23 2014


...................................

...THE JONESBORO CLIMATE SUMMARY FOR SEPTEMBER 22 2014...

CLIMATE NORMAL PERIOD 1981 TO 2010
CLIMATE RECORD PERIOD 1897 TO 2014


WEATHER ITEM   OBSERVED TIME   RECORD YEAR NORMAL DEPARTURE LAST
                VALUE   (LST)  VALUE       VALUE  FROM      YEAR
                                                  NORMAL
..................................................................
TEMPERATURE (F)
 YESTERDAY
  MAXIMUM         78    318 PM  99    1921  81     -3       80
  MINIMUM         56   1139 PM  38    1918  58     -2       57
                                      1897
  AVERAGE         67                        69     -2       69

PRECIPITATION (IN)
  YESTERDAY        0.00          2.40 1900   0.09  -0.09     0.00
  MONTH TO DATE    1.84                      2.14  -0.30     1.19
  SINCE SEP 1      1.84                      2.14  -0.30     1.19
  SINCE JAN 1     35.52                     33.25   2.27    38.64

SNOWFALL (IN)
  YESTERDAY        0.0           0.0  2002   0.0    0.0      0.0
                                      2001
  MONTH TO DATE    0.0                       0.0    0.0      0.0
  SINCE SEP 1      0.0                       0.0    0.0      0.0
  SINCE JUL 1      0.0                       0.0    0.0      0.0
  SNOW DEPTH       0

DEGREE DAYS
 HEATING
  YESTERDAY        0                         1     -1        0
  MONTH TO DATE    9                         5      4        0
  SINCE SEP 1      9                         5      4        0
  SINCE JUL 1      9                         5      4        0

 COOLING
  YESTERDAY        2                         5     -3        4
  MONTH TO DATE  202                       190     12      292
  SINCE SEP 1    202                       190     12      292
  SINCE JAN 1   1662                      1736    -74     1892
..................................................................


WIND (MPH)
  HIGHEST WIND SPEED    18   HIGHEST WIND DIRECTION    NE (60)
  HIGHEST GUST SPEED    23   HIGHEST GUST DIRECTION    NE (60)
  AVERAGE WIND SPEED     7.8


SKY COVER
  POSSIBLE SUNSHINE  MM
  AVERAGE SKY COVER 0.0


WEATHER CONDITIONS
 THE FOLLOWING WEATHER WAS RECORDED YESTERDAY.
  NO SIGNIFICANT WEATHER WAS OBSERVED.


RELATIVE HUMIDITY (PERCENT)
 HIGHEST    80           600 AM
 LOWEST     36           400 PM
 AVERAGE    58

..........................................................


THE JONESBORO CLIMATE NORMALS FOR TODAY
                         NORMAL    RECORD    YEAR
 MAXIMUM TEMPERATURE (F)   81        97      1897
 MINIMUM TEMPERATURE (F)   57        40      1918


SUNRISE AND SUNSET
SEPTEMBER 23 2014.....SUNRISE   651 AM CDT   SUNSET   658 PM CDT
SEPTEMBER 24 2014.....SUNRISE   652 AM CDT   SUNSET   656 PM CDT


-  INDICATES NEGATIVE NUMBERS.
R  INDICATES RECORD WAS SET OR TIED.
MM INDICATES DATA IS MISSING.
T  INDICATES TRACE AMOUNT.




$$
