000
CDUS45 KGGW 291232
CLIJDN


CLIMATE REPORT
NATIONAL WEATHER SERVICE GLASGOW MT
632 AM MDT FRI AUG 29 2014


...................................

...THE JORDAN  ASOS MT CLIMATE SUMMARY FOR AUGUST 29 2014...
VALID AS OF 0600 AM LOCAL TIME.

CLIMATE NORMAL PERIOD 1981 TO 2010
CLIMATE RECORD PERIOD 9999 TO 9999


WEATHER ITEM   OBSERVED TIME   RECORD YEAR NORMAL DEPARTURE LAST
                VALUE   (LST)  VALUE       VALUE  FROM      YEAR
                                                  NORMAL
..................................................................
TEMPERATURE (F)
 TODAY
  MAXIMUM         68    400 AM  MM      MM  82    -14       91
  MINIMUM         58    500 AM  MM      MM  48     10       58
  AVERAGE         63                        65     -2       75

PRECIPITATION (IN)
  TODAY            0.00         MM      MM   0.03  -0.03     0.00
  MONTH TO DATE    6.24                      1.13   5.11     1.44
  SINCE OCT 1     14.01                     11.40   2.61    16.56
  SINCE JAN 1     11.60                      9.86   1.74    14.30

SNOWFALL (IN)
  TODAY            0.0          MM      MM  MM     MM        0.0
  MONTH TO DATE    0.0                      MM     MM        0.0
  SINCE JUN 1      0.0                      MM     MM        0.0
  SINCE JUL 1      0.0                      MM     MM        0.0
  SNOW DEPTH      MM

DEGREE DAYS
 HEATING
  TODAY            2                         3     -1        0
  MONTH TO DATE   43                        35      8        7
  SINCE JUN 1    178                       185     -7      108
  SINCE JUL 1     48                        60    -12       13

 COOLING
  TODAY            0                         3     -3       10
  MONTH TO DATE  177                       157     20      183
  SINCE JUN 1    425                       382     43      420
  SINCE JAN 1    450                       388     62      432
..................................................................


WIND (MPH)
  HIGHEST WIND SPEED    22   HIGHEST WIND DIRECTION     N (10)
  HIGHEST GUST SPEED    MM   HIGHEST GUST DIRECTION    MM
  AVERAGE WIND SPEED    12.9


SKY COVER
  POSSIBLE SUNSHINE  MM
  AVERAGE SKY COVER 0.0


WEATHER CONDITIONS
 THE FOLLOWING WEATHER WAS RECORDED TODAY.
  NO SIGNIFICANT WEATHER WAS OBSERVED.


RELATIVE HUMIDITY (PERCENT)
 HIGHEST    93           300 AM
 LOWEST     27           400 AM
 AVERAGE    60

..........................................................


THE JORDAN  ASOS MT CLIMATE NORMALS FOR TOMORROW
                         NORMAL    RECORD    YEAR
 MAXIMUM TEMPERATURE (F)   81        MM        MM
 MINIMUM TEMPERATURE (F)   48        MM        MM


SUNRISE AND SUNSET
AUGUST 29 2014........SUNRISE   622 AM MDT   SUNSET   753 PM MDT
AUGUST 30 2014........SUNRISE   624 AM MDT   SUNSET   751 PM MDT


-  INDICATES NEGATIVE NUMBERS.
R  INDICATES RECORD WAS SET OR TIED.
MM INDICATES DATA IS MISSING.
T  INDICATES TRACE AMOUNT.




$$
