000
CDUS45 KGGW 300016
CLIJDN


CLIMATE REPORT
NATIONAL WEATHER SERVICE GLASGOW MT
616 PM MDT WED JUL 29 2015


...................................

...THE JORDAN  ASOS MT CLIMATE SUMMARY FOR JULY 29 2015...
VALID TODAY AS OF 0500 PM LOCAL TIME.

CLIMATE NORMAL PERIOD 1981 TO 2010
CLIMATE RECORD PERIOD 9999 TO 9999


WEATHER ITEM   OBSERVED TIME   RECORD YEAR NORMAL DEPARTURE LAST
                VALUE   (LST)  VALUE       VALUE  FROM      YEAR
                                                  NORMAL
..................................................................
TEMPERATURE (F)
 TODAY
  MAXIMUM         83        MM  MM      MM  87     -4       93
  MINIMUM         49        MM  MM      MM  56     -7       59
  AVERAGE         66                        72     -6       76

PRECIPITATION (IN)
  TODAY            0.00         MM      MM   0.04  -0.04     0.01
  MONTH TO DATE    1.33                      1.79  -0.46     0.40
  SINCE OCT 1     10.15                     10.19  -0.04     7.77
  SINCE JAN 1      8.96                      8.65   0.31     5.36

SNOWFALL (IN)
  TODAY            0.0          MM      MM  MM     MM        0.0
  MONTH TO DATE    0.0                      MM     MM        0.0
  SINCE JUN 1      0.0                      MM     MM        0.0
  SINCE JUL 1      0.0                      MM     MM        0.0
  SNOW DEPTH       0

DEGREE DAYS
 HEATING
  TODAY            0                         0      0        0
  MONTH TO DATE    2                        27    -25        5
  SINCE JUN 1     46                       152   -106      135
  SINCE JUL 1      2                        27    -25        5

 COOLING
  TODAY            1                         7     -6       11
  MONTH TO DATE  177                       164     13      198
  SINCE JUN 1    292                       212     80      223
  SINCE JAN 1    292                       218     74      248
..................................................................


WIND (MPH)
  HIGHEST WIND SPEED    16   HIGHEST WIND DIRECTION    NW (300)
  HIGHEST GUST SPEED    22   HIGHEST GUST DIRECTION     W (290)
  AVERAGE WIND SPEED     9.5


SKY COVER
  POSSIBLE SUNSHINE  MM
  AVERAGE SKY COVER 0.0


WEATHER CONDITIONS
 THE FOLLOWING WEATHER WAS RECORDED TODAY.
  NO SIGNIFICANT WEATHER WAS OBSERVED.


RELATIVE HUMIDITY (PERCENT)
 HIGHEST    86           500 AM
 LOWEST     23           300 PM
 AVERAGE    55

..........................................................


THE JORDAN  ASOS MT CLIMATE NORMALS FOR TOMORROW
                         NORMAL    RECORD    YEAR
 MAXIMUM TEMPERATURE (F)   88        MM        MM
 MINIMUM TEMPERATURE (F)   56        MM        MM


SUNRISE AND SUNSET
JULY 29 2015..........SUNRISE   542 AM MDT   SUNSET   845 PM MDT
JULY 30 2015..........SUNRISE   543 AM MDT   SUNSET   844 PM MDT


-  INDICATES NEGATIVE NUMBERS.
R  INDICATES RECORD WAS SET OR TIED.
MM INDICATES DATA IS MISSING.
T  INDICATES TRACE AMOUNT.




$$
