000
CDUS45 KGGW 200741
CLIJDN


CLIMATE REPORT
NATIONAL WEATHER SERVICE GLASGOW MT
140 AM MDT SUN AUG 20 2017


...................................

...THE JORDAN  ASOS MT CLIMATE SUMMARY FOR AUGUST 19 2017...

CLIMATE NORMAL PERIOD 1981 TO 2010
CLIMATE RECORD PERIOD 9999 TO 9999


WEATHER ITEM   OBSERVED TIME   RECORD YEAR NORMAL DEPARTURE LAST
                VALUE   (LST)  VALUE       VALUE  FROM      YEAR
                                                  NORMAL
..................................................................
TEMPERATURE (F)
 YESTERDAY
  MAXIMUM         83    312 PM  MM      MM  85     -2       70
  MINIMUM         54   1252 AM  MM      MM  52      2       50
  AVERAGE         69                        69      0       60

PRECIPITATION (IN)
  YESTERDAY        0.00         MM      MM   0.04  -0.04     0.08
  MONTH TO DATE    0.07                      0.87  -0.80     0.40
  SINCE OCT 1      6.86                     11.14  -4.28    13.36
  SINCE JAN 1      3.65                      9.60  -5.95     9.67

SNOWFALL (IN)
  YESTERDAY        0.0          MM      MM  MM     MM        0.0
  MONTH TO DATE    0.0                      MM     MM        0.0
  SINCE JUN 1      0.0                      MM     MM        0.0
  SINCE JUL 1      0.0                      MM     MM        0.0
  SNOW DEPTH       0

DEGREE DAYS
 HEATING
  YESTERDAY        0                         1     -1        5
  MONTH TO DATE   16                        16      0        5
  SINCE JUN 1     78                       166    -88       54
  SINCE JUL 1     16                        41    -25       18

 COOLING
  YESTERDAY        4                         5     -1        0
  MONTH TO DATE   52                       120    -68      111
  SINCE JUN 1    502                       345    157      388
  SINCE JAN 1    516                       351    165      391
..................................................................


WIND (MPH)
  HIGHEST WIND SPEED    31   HIGHEST WIND DIRECTION    NW (320)
  HIGHEST GUST SPEED    36   HIGHEST GUST DIRECTION    NW (320)
  AVERAGE WIND SPEED    12.4


SKY COVER
  POSSIBLE SUNSHINE  MM
  AVERAGE SKY COVER 0.0


WEATHER CONDITIONS
 THE FOLLOWING WEATHER WAS RECORDED YESTERDAY.
  NO SIGNIFICANT WEATHER WAS OBSERVED.


RELATIVE HUMIDITY (PERCENT)
 HIGHEST    41           100 AM
 LOWEST     21           800 AM
 AVERAGE    31

..........................................................


THE JORDAN  ASOS MT CLIMATE NORMALS FOR TODAY
                         NORMAL    RECORD    YEAR
 MAXIMUM TEMPERATURE (F)   85        MM        MM
 MINIMUM TEMPERATURE (F)   52        MM        MM


SUNRISE AND SUNSET
AUGUST 20 2017........SUNRISE   611 AM MDT   SUNSET   809 PM MDT
AUGUST 21 2017........SUNRISE   612 AM MDT   SUNSET   808 PM MDT


-  INDICATES NEGATIVE NUMBERS.
R  INDICATES RECORD WAS SET OR TIED.
MM INDICATES DATA IS MISSING.
T  INDICATES TRACE AMOUNT.




$$
