000
CDUS45 KBOI 170933
CLIJER


CLIMATE REPORT
NATIONAL WEATHER SERVICE BOISE ID
333 AM MDT WED SEP 17 2014


...................................

...THE JEROME ID CLIMATE SUMMARY FOR SEPTEMBER 16 2014...

CLIMATE NORMAL PERIOD 1981 TO 2010
CLIMATE RECORD PERIOD 1919 TO 2014


WEATHER ITEM   OBSERVED TIME   RECORD YEAR NORMAL DEPARTURE LAST
                VALUE   (LST)  VALUE       VALUE  FROM      YEAR
                                                  NORMAL
..................................................................
TEMPERATURE (F)
 YESTERDAY
  MAXIMUM         88    247 PM  95    2002  75     13       85
  MINIMUM         58    744 AM  28    1921  46     12       57
  AVERAGE         73                        61     12       71

PRECIPITATION (IN)
  YESTERDAY        T             0.26 1965   0.01  -0.01     0.00
  MONTH TO DATE    T                         0.16  -0.16     0.23
  SINCE OCT 1      9.17                     10.54  -1.37     6.05
  SINCE JAN 1      8.57                      7.02   1.55     2.75

DEGREE DAYS
 HEATING
  YESTERDAY        0                         5     -5        0
  MONTH TO DATE   57                        60     -3        1
  SINCE SEP 1     57                        60     -3        1
  SINCE JUL 1     84                        93     -9        1

 COOLING
  YESTERDAY        8                         1      7        6
  MONTH TO DATE   22                        36    -14       86
  SINCE SEP 1     22                        36    -14       86
  SINCE JAN 1    614                       501    113      904
..................................................................


WIND (MPH)
  HIGHEST WIND SPEED    21   HIGHEST WIND DIRECTION    NE (60)
  HIGHEST GUST SPEED    27   HIGHEST GUST DIRECTION    NE (50)
  AVERAGE WIND SPEED     7.1


SKY COVER
  AVERAGE SKY COVER 0.0


WEATHER CONDITIONS
 THE FOLLOWING WEATHER WAS RECORDED YESTERDAY.
  NO SIGNIFICANT WEATHER WAS OBSERVED.


RELATIVE HUMIDITY (PERCENT)
 HIGHEST    49           100 AM
 LOWEST     21          1200 PM
 AVERAGE    35

..........................................................


THE JEROME ID CLIMATE NORMALS FOR TODAY
                         NORMAL    RECORD    YEAR
 MAXIMUM TEMPERATURE (F)   75        96      1981
 MINIMUM TEMPERATURE (F)   46        29      1949


SUNRISE AND SUNSET
SEPTEMBER 17 2014.....SUNRISE   720 AM MDT   SUNSET   744 PM MDT
SEPTEMBER 18 2014.....SUNRISE   721 AM MDT   SUNSET   742 PM MDT


-  INDICATES NEGATIVE NUMBERS.
R  INDICATES RECORD WAS SET OR TIED.
MM INDICATES DATA IS MISSING.
T  INDICATES TRACE AMOUNT.




$$
