505
CDUS45 KBOI 190937
CLIJER


CLIMATE REPORT
NATIONAL WEATHER SERVICE BOISE ID
337 AM MDT THU OCT 19 2017


...................................

...THE JEROME ID CLIMATE SUMMARY FOR OCTOBER 18 2017...

CLIMATE NORMAL PERIOD 1981 TO 2010
CLIMATE RECORD PERIOD 1915 TO 2017


WEATHER ITEM   OBSERVED TIME   RECORD YEAR NORMAL DEPARTURE LAST
                VALUE   (LST)  VALUE       VALUE  FROM      YEAR
                                                  NORMAL
..................................................................
TEMPERATURE (F)
 YESTERDAY
  MAXIMUM         73    337 PM  86    2003  60     13       48
  MINIMUM         38    435 AM  19    1996  37      1       35
  AVERAGE         56                        48      8       42

PRECIPITATION (IN)
  YESTERDAY        0.00          0.34 1918   0.03  -0.03     0.34
                                      1918
                                      2016
  MONTH TO DATE    0.39                      0.43  -0.04     1.59
  SINCE OCT 1      0.39                      0.43  -0.04     1.59
  SINCE JAN 1      7.92                      7.72   0.20     8.60

DEGREE DAYS
 HEATING
  YESTERDAY        9                        17     -8       23
  MONTH TO DATE  330                       245     85      236
  SINCE SEP 1    540                       415    125      411
  SINCE JUL 1    541                       448     93      433

 COOLING
  YESTERDAY        0                         0      0        0
  MONTH TO DATE    0                         0      0        0
  SINCE SEP 1    121                        44     77       30
  SINCE JAN 1    929                       509    420      612
..................................................................


WIND (MPH)
  HIGHEST WIND SPEED    14   HIGHEST WIND DIRECTION    NE (30)
  HIGHEST GUST SPEED    18   HIGHEST GUST DIRECTION     E (90)
  AVERAGE WIND SPEED     5.9


SKY COVER
  AVERAGE SKY COVER 0.0


WEATHER CONDITIONS
 THE FOLLOWING WEATHER WAS RECORDED YESTERDAY.
  NO SIGNIFICANT WEATHER WAS OBSERVED.


RELATIVE HUMIDITY (PERCENT)
 HIGHEST    55           500 AM
 LOWEST     17           200 PM
 AVERAGE    36

..........................................................


THE JEROME ID CLIMATE NORMALS FOR TODAY
                         NORMAL    RECORD    YEAR
 MAXIMUM TEMPERATURE (F)   59        88      2003
 MINIMUM TEMPERATURE (F)   37        21      1949


SUNRISE AND SUNSET
OCTOBER 19 2017.......SUNRISE   756 AM MDT   SUNSET   649 PM MDT
OCTOBER 20 2017.......SUNRISE   757 AM MDT   SUNSET   647 PM MDT


-  INDICATES NEGATIVE NUMBERS.
R  INDICATES RECORD WAS SET OR TIED.
MM INDICATES DATA IS MISSING.
T  INDICATES TRACE AMOUNT.




$$
