000
CDUS45 KBOI 180931
CLIJER


CLIMATE REPORT
NATIONAL WEATHER SERVICE BOISE ID
331 AM MDT FRI AUG 18 2017


...................................

...THE JEROME ID CLIMATE SUMMARY FOR AUGUST 17 2017...

CLIMATE NORMAL PERIOD 1981 TO 2010
CLIMATE RECORD PERIOD 1915 TO 2017


WEATHER ITEM   OBSERVED TIME   RECORD YEAR NORMAL DEPARTURE LAST
                VALUE   (LST)  VALUE       VALUE  FROM      YEAR
                                                  NORMAL
..................................................................
TEMPERATURE (F)
 YESTERDAY
  MAXIMUM         86    238 PM 100    2001  86      0       92
  MINIMUM         57    610 AM  40    1954  54      3       64
  AVERAGE         72                        70      2       78

PRECIPITATION (IN)
  YESTERDAY        0.00          0.82 1968   0.01  -0.01     0.00
  MONTH TO DATE    0.02                      0.14  -0.12      T
  SINCE OCT 1     11.32                     10.26   1.06     9.99
  SINCE JAN 1      6.80                      6.74   0.06     5.40

DEGREE DAYS
 HEATING
  YESTERDAY        0                         0      0        0
  MONTH TO DATE    1                         0      1        3
  SINCE JUN 1     65                       119    -54       60
  SINCE JUL 1      1                        12    -11       18

 COOLING
  YESTERDAY        7                         6      1       13
  MONTH TO DATE  156                       118     38      110
  SINCE JUN 1    669                       388    281      502
  SINCE JAN 1    685                       401    284      506
..................................................................


WIND (MPH)
  HIGHEST WIND SPEED    20   HIGHEST WIND DIRECTION     W (250)
  HIGHEST GUST SPEED    24   HIGHEST GUST DIRECTION     W (250)
  AVERAGE WIND SPEED    10.0


SKY COVER
  AVERAGE SKY COVER 0.0


WEATHER CONDITIONS
 THE FOLLOWING WEATHER WAS RECORDED YESTERDAY.
  NO SIGNIFICANT WEATHER WAS OBSERVED.


RELATIVE HUMIDITY (PERCENT)
 HIGHEST    55           600 AM
 LOWEST     19           500 PM
 AVERAGE    37

..........................................................


THE JEROME ID CLIMATE NORMALS FOR TODAY
                         NORMAL    RECORD    YEAR
 MAXIMUM TEMPERATURE (F)   86       104      2001
 MINIMUM TEMPERATURE (F)   54        40      1978


SUNRISE AND SUNSET
AUGUST 18 2017........SUNRISE   648 AM MDT   SUNSET   834 PM MDT
AUGUST 19 2017........SUNRISE   649 AM MDT   SUNSET   833 PM MDT


-  INDICATES NEGATIVE NUMBERS.
R  INDICATES RECORD WAS SET OR TIED.
MM INDICATES DATA IS MISSING.
T  INDICATES TRACE AMOUNT.




$$
