000
CDUS45 KBOI 170932
CLIJER


CLIMATE REPORT
NATIONAL WEATHER SERVICE BOISE ID
332 AM MDT THU APR 17 2014


...................................

...THE JEROME ID CLIMATE SUMMARY FOR APRIL 16 2014...

CLIMATE NORMAL PERIOD 1981 TO 2010
CLIMATE RECORD PERIOD 1919 TO 2014


WEATHER ITEM   OBSERVED TIME   RECORD YEAR NORMAL DEPARTURE LAST
                VALUE   (LST)  VALUE       VALUE  FROM      YEAR
                                                  NORMAL
..................................................................
TEMPERATURE (F)
 YESTERDAY
  MAXIMUM         59    413 PM  85    1990  58      1       39
  MINIMUM         35    612 AM  18    1924  35      0       26
  AVERAGE         47                        47      0       33

PRECIPITATION (IN)
  YESTERDAY        0.00          0.21 2013   0.04  -0.04     0.21
  MONTH TO DATE    0.12                      0.69  -0.57     0.67
  SINCE OCT 1      4.37                      7.23  -2.86     5.47
  SINCE JAN 1      3.77                      3.71   0.06     2.17

DEGREE DAYS
 HEATING
  YESTERDAY       18                        18      0       32
  MONTH TO DATE  281                       315    -34      324
  SINCE MAR 1    981                      1084   -103     1047
  SINCE JUL 1   5649                      5971   -322     5672

 COOLING
  YESTERDAY        0                         0      0        0
  MONTH TO DATE    0                         0      0        0
  SINCE MAR 1      0                         0      0        0
  SINCE JAN 1      0                         0      0        0
..................................................................


WIND (MPH)
  HIGHEST WIND SPEED    22   HIGHEST WIND DIRECTION     W (260)
  HIGHEST GUST SPEED    27   HIGHEST GUST DIRECTION     W (270)
  AVERAGE WIND SPEED     8.9


SKY COVER
  AVERAGE SKY COVER 0.1


WEATHER CONDITIONS
 THE FOLLOWING WEATHER WAS RECORDED YESTERDAY.
  NO SIGNIFICANT WEATHER WAS OBSERVED.


RELATIVE HUMIDITY (PERCENT)
 HIGHEST    56          1200 AM
 LOWEST     17           300 PM
 AVERAGE    37

..........................................................


THE JEROME ID CLIMATE NORMALS FOR TODAY
                         NORMAL    RECORD    YEAR
 MAXIMUM TEMPERATURE (F)   59        84      1994
 MINIMUM TEMPERATURE (F)   35        18      1964


SUNRISE AND SUNSET
APRIL 17 2014.........SUNRISE   653 AM MDT   SUNSET   822 PM MDT
APRIL 18 2014.........SUNRISE   651 AM MDT   SUNSET   823 PM MDT


-  INDICATES NEGATIVE NUMBERS.
R  INDICATES RECORD WAS SET OR TIED.
MM INDICATES DATA IS MISSING.
T  INDICATES TRACE AMOUNT.




$$
