000
CDUS45 KBOI 290933
CLIJER


CLIMATE REPORT
NATIONAL WEATHER SERVICE BOISE ID
332 AM MDT WED JUL 29 2015


...................................

...THE JEROME ID CLIMATE SUMMARY FOR JULY 28 2015...

CLIMATE NORMAL PERIOD 1981 TO 2010
CLIMATE RECORD PERIOD 1919 TO 2015


WEATHER ITEM   OBSERVED TIME   RECORD YEAR NORMAL DEPARTURE LAST
                VALUE   (LST)  VALUE       VALUE  FROM      YEAR
                                                  NORMAL
..................................................................
TEMPERATURE (F)
 YESTERDAY
  MAXIMUM         74    408 PM 105    1996  88    -14       91
  MINIMUM         41R   454 AM  43    1949  57    -16       67
  AVERAGE         58                        73    -15       79

PRECIPITATION (IN)
  YESTERDAY        0.00          0.07 1984   0.01  -0.01     0.00
  MONTH TO DATE    0.46                      0.20   0.26      T
  SINCE OCT 1      8.67                     10.09  -1.42     5.63
  SINCE JAN 1      5.77                      6.57  -0.80     5.03

DEGREE DAYS
 HEATING
  YESTERDAY        7                         0      7        0
  MONTH TO DATE   12                        10      2        0
  SINCE JUN 1     27                       117    -90       74
  SINCE JUL 1     12                        10      2        0

 COOLING
  YESTERDAY        0                         8     -8       14
  MONTH TO DATE  186                       180      6      340
  SINCE JUN 1    400                       248    152      385
  SINCE JAN 1    410                       261    149      395
..................................................................


WIND (MPH)
  HIGHEST WIND SPEED     9   HIGHEST WIND DIRECTION     E (90)
  HIGHEST GUST SPEED    12   HIGHEST GUST DIRECTION     S (170)
  AVERAGE WIND SPEED     3.7


SKY COVER
  AVERAGE SKY COVER 0.0


WEATHER CONDITIONS
 THE FOLLOWING WEATHER WAS RECORDED YESTERDAY.
  NO SIGNIFICANT WEATHER WAS OBSERVED.


RELATIVE HUMIDITY (PERCENT)
 HIGHEST    73           500 AM
 LOWEST     12           400 PM
 AVERAGE    43

..........................................................


THE JEROME ID CLIMATE NORMALS FOR TODAY
                         NORMAL    RECORD    YEAR
 MAXIMUM TEMPERATURE (F)   88       103      1995
 MINIMUM TEMPERATURE (F)   57        43      1950


SUNRISE AND SUNSET
JULY 29 2015..........SUNRISE   626 AM MDT   SUNSET   902 PM MDT
JULY 30 2015..........SUNRISE   627 AM MDT   SUNSET   901 PM MDT


-  INDICATES NEGATIVE NUMBERS.
R  INDICATES RECORD WAS SET OR TIED.
MM INDICATES DATA IS MISSING.
T  INDICATES TRACE AMOUNT.




$$
