000
CDUS45 KBOI 270931
CLIJER


CLIMATE REPORT
NATIONAL WEATHER SERVICE BOISE ID
231 AM MST SAT DEC 27 2014


...................................

...THE JEROME ID CLIMATE SUMMARY FOR DECEMBER 26 2014...

CLIMATE NORMAL PERIOD 1981 TO 2010
CLIMATE RECORD PERIOD 1919 TO 2014


WEATHER ITEM   OBSERVED TIME   RECORD YEAR NORMAL DEPARTURE LAST
                VALUE   (LST)  VALUE       VALUE  FROM      YEAR
                                                  NORMAL
..................................................................
TEMPERATURE (F)
 YESTERDAY
  MAXIMUM         26    425 PM  51    1955  33     -7       40
  MINIMUM         15    755 AM  -5    1990  19     -4       18
  AVERAGE         21                        26     -5       29

PRECIPITATION (IN)
  YESTERDAY        0.00          0.26 1983   0.05  -0.05     0.00
  MONTH TO DATE    1.58                      1.31   0.27     0.27
  SINCE OCT 1      2.82                      3.34  -0.52     0.60
  SINCE JAN 1     11.89                     10.63   1.26     3.62

DEGREE DAYS
 HEATING
  YESTERDAY       44                        39      5       36
  MONTH TO DATE  710                       983   -273     1116
  SINCE DEC 1    710                       983   -273     1116
  SINCE JUL 1   2046                      2534   -488     2599

 COOLING
  YESTERDAY        0                         0      0        0
  MONTH TO DATE    0                         0      0        0
  SINCE DEC 1      0                         0      0        0
  SINCE JAN 1    652                       510    142      904
..................................................................


WIND (MPH)
  HIGHEST WIND SPEED    10   HIGHEST WIND DIRECTION    NE (30)
  HIGHEST GUST SPEED    12   HIGHEST GUST DIRECTION    NE (30)
  AVERAGE WIND SPEED     4.9


SKY COVER
  AVERAGE SKY COVER 0.5


WEATHER CONDITIONS
 THE FOLLOWING WEATHER WAS RECORDED YESTERDAY.
  NO SIGNIFICANT WEATHER WAS OBSERVED.


RELATIVE HUMIDITY (PERCENT)
 HIGHEST    92           600 AM
 LOWEST     68           400 PM
 AVERAGE    80

..........................................................


THE JEROME ID CLIMATE NORMALS FOR TODAY
                         NORMAL    RECORD    YEAR
 MAXIMUM TEMPERATURE (F)   33        61      1980
 MINIMUM TEMPERATURE (F)   19        -6      1988


SUNRISE AND SUNSET
DECEMBER 27 2014......SUNRISE   807 AM MST   SUNSET   511 PM MST
DECEMBER 28 2014......SUNRISE   808 AM MST   SUNSET   511 PM MST


-  INDICATES NEGATIVE NUMBERS.
R  INDICATES RECORD WAS SET OR TIED.
MM INDICATES DATA IS MISSING.
T  INDICATES TRACE AMOUNT.




$$
