000
CDUS45 KBOI 310937
CLIJER


CLIMATE REPORT
NATIONAL WEATHER SERVICE BOISE ID
337 AM MDT MON AUG 31 2015


...................................

...THE JEROME ID CLIMATE SUMMARY FOR AUGUST 30 2015...

CLIMATE NORMAL PERIOD 1981 TO 2010
CLIMATE RECORD PERIOD 1919 TO 2015


WEATHER ITEM   OBSERVED TIME   RECORD YEAR NORMAL DEPARTURE LAST
                VALUE   (LST)  VALUE       VALUE  FROM      YEAR
                                                  NORMAL
..................................................................
TEMPERATURE (F)
 YESTERDAY
  MAXIMUM         78    447 PM 100    1998  83     -5       76
  MINIMUM         54   1130 PM  35    1965  51      3       54
  AVERAGE         66                        67     -1       65

PRECIPITATION (IN)
  YESTERDAY        0.00          0.18 1922   0.02  -0.02     0.01
  MONTH TO DATE    0.96                      0.25   0.71     3.52
  SINCE OCT 1      9.63                     10.37  -0.74     9.17
  SINCE JAN 1      6.73                      6.85  -0.12     8.57

DEGREE DAYS
 HEATING
  YESTERDAY        0                         2     -2        0
  MONTH TO DATE    3                        16    -13       22
  SINCE JUN 1     30                       135   -105       96
  SINCE JUL 1     15                        28    -13       22

 COOLING
  YESTERDAY        1                         4     -3        0
  MONTH TO DATE  218                       178     40      165
  SINCE JUN 1    633                       448    185      582
  SINCE JAN 1    643                       461    182      592
..................................................................


WIND (MPH)
  HIGHEST WIND SPEED    20   HIGHEST WIND DIRECTION     W (250)
  HIGHEST GUST SPEED    24   HIGHEST GUST DIRECTION    SW (240)
  AVERAGE WIND SPEED     8.5


SKY COVER
  AVERAGE SKY COVER 0.1


WEATHER CONDITIONS
 THE FOLLOWING WEATHER WAS RECORDED YESTERDAY.
  NO SIGNIFICANT WEATHER WAS OBSERVED.


RELATIVE HUMIDITY (PERCENT)
 HIGHEST    64           300 AM
 LOWEST     19           500 PM
 AVERAGE    42

..........................................................


THE JEROME ID CLIMATE NORMALS FOR TODAY
                         NORMAL    RECORD    YEAR
 MAXIMUM TEMPERATURE (F)   82        98      1996
 MINIMUM TEMPERATURE (F)   51        35      1965


SUNRISE AND SUNSET
AUGUST 31 2015........SUNRISE   701 AM MDT   SUNSET   814 PM MDT
SEPTEMBER  1 2015.....SUNRISE   702 AM MDT   SUNSET   812 PM MDT


-  INDICATES NEGATIVE NUMBERS.
R  INDICATES RECORD WAS SET OR TIED.
MM INDICATES DATA IS MISSING.
T  INDICATES TRACE AMOUNT.




$$
