000
CDUS45 KBOI 010932
CLIJER


CLIMATE REPORT
NATIONAL WEATHER SERVICE BOISE ID
332 AM MDT MON JUN 1 2015


...................................

...THE JEROME ID CLIMATE SUMMARY FOR MAY 31 2015...

CLIMATE NORMAL PERIOD 1981 TO 2010
CLIMATE RECORD PERIOD 1919 TO 2015


WEATHER ITEM   OBSERVED TIME   RECORD YEAR NORMAL DEPARTURE LAST
                VALUE   (LST)  VALUE       VALUE  FROM      YEAR
                                                  NORMAL
..................................................................
TEMPERATURE (F)
 YESTERDAY
  MAXIMUM         88    341 PM  94    1986  72     16       76
  MINIMUM         53    503 AM  27    1919  46      7       53
  AVERAGE         71                        59     12       65

PRECIPITATION (IN)
  YESTERDAY        0.02          0.97 1921   0.02   0.00      T
  MONTH TO DATE    3.19                      1.24   1.95     0.34
  SINCE OCT 1      8.10                      9.12  -1.02     5.28
  SINCE JAN 1      5.20                      5.60  -0.40     4.68

DEGREE DAYS
 HEATING
  YESTERDAY        0                         7     -7        0
  MONTH TO DATE  225                       324    -99      227
  SINCE MAR 1   1287                      1640   -353     1446
  SINCE JUL 1   5329                      6527  -1198     6114

 COOLING
  YESTERDAY        6                         1      5        0
  MONTH TO DATE   10                        13     -3       10
  SINCE MAR 1     10                        13     -3       10
  SINCE JAN 1     10                        13     -3       10
..................................................................


WIND (MPH)
  HIGHEST WIND SPEED    23   HIGHEST WIND DIRECTION    NW (300)
  HIGHEST GUST SPEED    30   HIGHEST GUST DIRECTION     W (290)
  AVERAGE WIND SPEED     4.7


SKY COVER
  AVERAGE SKY COVER 0.0


WEATHER CONDITIONS
 THE FOLLOWING WEATHER WAS RECORDED YESTERDAY.
  THUNDERSTORM
  LIGHT RAIN


RELATIVE HUMIDITY (PERCENT)
 HIGHEST    77           500 AM
 LOWEST     14           300 PM
 AVERAGE    46

..........................................................


THE JEROME ID CLIMATE NORMALS FOR TODAY
                         NORMAL    RECORD    YEAR
 MAXIMUM TEMPERATURE (F)   73        94      1986
 MINIMUM TEMPERATURE (F)   47        28      1920


SUNRISE AND SUNSET
JUNE  1 2015..........SUNRISE   602 AM MDT   SUNSET   909 PM MDT
JUNE  2 2015..........SUNRISE   602 AM MDT   SUNSET   910 PM MDT


-  INDICATES NEGATIVE NUMBERS.
R  INDICATES RECORD WAS SET OR TIED.
MM INDICATES DATA IS MISSING.
T  INDICATES TRACE AMOUNT.




$$
