000
CDUS45 KBOI 280931
CLIJER


CLIMATE REPORT
NATIONAL WEATHER SERVICE BOISE ID
331 AM MDT WED SEP 28 2016


...................................

...THE JEROME ID CLIMATE SUMMARY FOR SEPTEMBER 27 2016...

CLIMATE NORMAL PERIOD 1981 TO 2010
CLIMATE RECORD PERIOD 1915 TO 2016


WEATHER ITEM   OBSERVED TIME   RECORD YEAR NORMAL DEPARTURE LAST
                VALUE   (LST)  VALUE       VALUE  FROM      YEAR
                                                  NORMAL
..................................................................
TEMPERATURE (F)
 YESTERDAY
  MAXIMUM         83    351 PM  93    1969  70     13       71
  MINIMUM         50    628 AM  26    1948  43      7       51
  AVERAGE         67                        56     11       61

PRECIPITATION (IN)
  YESTERDAY        0.00          0.28 1972   0.02  -0.02     0.00
  MONTH TO DATE    1.55                      0.37   1.18     0.57
  SINCE OCT 1     11.58                     10.75   0.83    10.20
  SINCE JAN 1      6.99                      7.23  -0.24     7.30

DEGREE DAYS
 HEATING
  YESTERDAY        0                         9     -9        4
  MONTH TO DATE  175                       141     34       98
  SINCE SEP 1    175                       141     34       98
  SINCE JUL 1    197                       174     23      113

 COOLING
  YESTERDAY        2                         0      2        0
  MONTH TO DATE   20                        44    -24       56
  SINCE SEP 1     20                        44    -24       56
  SINCE JAN 1    602                       509     93      699
..................................................................


WIND (MPH)
  HIGHEST WIND SPEED    18   HIGHEST WIND DIRECTION    NE (50)
  HIGHEST GUST SPEED    23   HIGHEST GUST DIRECTION    NE (50)
  AVERAGE WIND SPEED    10.4


SKY COVER
  AVERAGE SKY COVER 0.0


WEATHER CONDITIONS
 THE FOLLOWING WEATHER WAS RECORDED YESTERDAY.
  NO SIGNIFICANT WEATHER WAS OBSERVED.


RELATIVE HUMIDITY (PERCENT)
 HIGHEST    77           400 AM
 LOWEST     15           400 PM
 AVERAGE    46

..........................................................


THE JEROME ID CLIMATE NORMALS FOR TODAY
                         NORMAL    RECORD    YEAR
 MAXIMUM TEMPERATURE (F)   69        93      1963
 MINIMUM TEMPERATURE (F)   42        27      1950


SUNRISE AND SUNSET
SEPTEMBER 28 2016.....SUNRISE   732 AM MDT   SUNSET   723 PM MDT
SEPTEMBER 29 2016.....SUNRISE   733 AM MDT   SUNSET   722 PM MDT


-  INDICATES NEGATIVE NUMBERS.
R  INDICATES RECORD WAS SET OR TIED.
MM INDICATES DATA IS MISSING.
T  INDICATES TRACE AMOUNT.




$$
