000
CDUS41 KOKX 280656
CLIJFK


CLIMATE REPORT
NATIONAL WEATHER SERVICE NEW YORK NY
256 AM EDT THU MAY 28 2015


...................................

...THE KENNEDY NY CLIMATE SUMMARY FOR MAY 27 2015...

CLIMATE NORMAL PERIOD 1981 TO 2010
CLIMATE RECORD PERIOD 1949 TO 2015


WEATHER ITEM   OBSERVED TIME   RECORD YEAR NORMAL DEPARTURE LAST
                VALUE   (LST)  VALUE       VALUE  FROM      YEAR
                                                  NORMAL
..................................................................
TEMPERATURE (F)
 YESTERDAY
  MAXIMUM         74    123 PM  86    1985  72      2       84
  MINIMUM         61   1159 PM  42    1961  56      5       64
  AVERAGE         68                        64      4       74

PRECIPITATION (IN)
  YESTERDAY        T             0.84 1961   0.13  -0.13      T
  MONTH TO DATE    0.44                      3.36  -2.92     3.57
  SINCE MAR 1      6.93                     11.01  -4.08    14.81
  SINCE JAN 1     14.59                     16.76  -2.17    22.41

SNOWFALL (IN)
  YESTERDAY        0.0          MM      MM   0.0    0.0      0.0
  MONTH TO DATE    0.0                       0.0    0.0      0.0
  SINCE OCT 1     44.2                      23.8   20.4     45.6
  SINCE JUL 1     44.2                      23.8   20.4     45.6
  SNOW DEPTH       0

DEGREE DAYS
 HEATING
  YESTERDAY        0                         3     -3        0
  MONTH TO DATE   77                       157    -80       83
  SINCE MAR 1   1279                      1297    -18     1375
  SINCE JUL 1   4971                      4808    163     5082

 COOLING
  YESTERDAY        3                         2      1        9
  MONTH TO DATE   38                        22     16       32
  SINCE MAR 1     38                        25     13       32
  SINCE JAN 1     38                        25     13       32
..................................................................


WIND (MPH)
  HIGHEST WIND SPEED    36   HIGHEST WIND DIRECTION     S (180)
  HIGHEST GUST SPEED    44   HIGHEST GUST DIRECTION     S (180)
  AVERAGE WIND SPEED    14.0


SKY COVER
  POSSIBLE SUNSHINE  MM
  AVERAGE SKY COVER 0.7


WEATHER CONDITIONS
 THE FOLLOWING WEATHER WAS RECORDED YESTERDAY.
  NO SIGNIFICANT WEATHER WAS OBSERVED.


RELATIVE HUMIDITY (PERCENT)
 HIGHEST    90           200 AM
 LOWEST     64           100 PM
 AVERAGE    77

..........................................................


THE KENNEDY NY CLIMATE NORMALS FOR TODAY
                         NORMAL    RECORD    YEAR
 MAXIMUM TEMPERATURE (F)   72        91      1991
 MINIMUM TEMPERATURE (F)   57        44      1961


SUNRISE AND SUNSET
MAY 28 2015...........SUNRISE   529 AM EDT   SUNSET   817 PM EDT
MAY 29 2015...........SUNRISE   528 AM EDT   SUNSET   817 PM EDT


-  INDICATES NEGATIVE NUMBERS.
R  INDICATES RECORD WAS SET OR TIED.
MM INDICATES DATA IS MISSING.
T  INDICATES TRACE AMOUNT.




$$
