000
CDUS41 KOKX 270619
CLIJFK


CLIMATE REPORT
NATIONAL WEATHER SERVICE NEW YORK NY
217 AM EDT SAT MAY 27 2017


...................................

...THE KENNEDY NY CLIMATE SUMMARY FOR MAY 26 2017...

CLIMATE NORMAL PERIOD 1981 TO 2010
CLIMATE RECORD PERIOD 1948 TO 2017


WEATHER ITEM   OBSERVED TIME   RECORD YEAR NORMAL DEPARTURE LAST
                VALUE   (LST)  VALUE       VALUE  FROM      YEAR
                                                  NORMAL
..................................................................
TEMPERATURE (F)
 YESTERDAY
  MAXIMUM         77    127 PM  91    2010  72      5       84
                                      1965
  MINIMUM         57    608 AM  42    1967  56      1       62
  AVERAGE         67                        64      3       73

PRECIPITATION (IN)
  YESTERDAY        0.19          1.69 2003   0.15   0.04     0.00
  MONTH TO DATE    5.51                      3.23   2.28     2.65
  SINCE MAR 1     15.36                     10.88   4.48     5.28
  SINCE JAN 1     21.58                     16.63   4.95    13.92

SNOWFALL (IN)
  YESTERDAY        0.0          MM      MM   0.0    0.0      0.0
  MONTH TO DATE    0.0                       0.0    0.0      0.0
  SINCE OCT 1     30.9                      23.8    7.1     41.4
  SINCE JUL 1     30.9                      23.8    7.1     41.4
  SNOW DEPTH       0

DEGREE DAYS
 HEATING
  YESTERDAY        0                         3     -3        0
  MONTH TO DATE  156                       154      2      192
  SINCE MAR 1   1244                      1294    -50     1136
  SINCE JUL 1   4162                      4805   -643     3890

 COOLING
  YESTERDAY        2                         2      0        8
  MONTH TO DATE   35                        20     15       19
  SINCE MAR 1     47                        23     24       19
  SINCE JAN 1     47                        23     24       19
..................................................................


WIND (MPH)
  HIGHEST WIND SPEED    23   HIGHEST WIND DIRECTION    NW (300)
  HIGHEST GUST SPEED    28   HIGHEST GUST DIRECTION     W (270)
  AVERAGE WIND SPEED    12.4


SKY COVER
  POSSIBLE SUNSHINE  MM
  AVERAGE SKY COVER 0.8


WEATHER CONDITIONS
 THE FOLLOWING WEATHER WAS RECORDED YESTERDAY.
  THUNDERSTORM
  HEAVY RAIN
  LIGHT RAIN
  FOG


RELATIVE HUMIDITY (PERCENT)
 HIGHEST   100          1200 AM
 LOWEST     50           200 PM
 AVERAGE    75

..........................................................


THE KENNEDY NY CLIMATE NORMALS FOR TODAY
                         NORMAL    RECORD    YEAR
 MAXIMUM TEMPERATURE (F)   72        86      1985
 MINIMUM TEMPERATURE (F)   56        42      1961


SUNRISE AND SUNSET
MAY 27 2017...........SUNRISE   529 AM EDT   SUNSET   816 PM EDT
MAY 28 2017...........SUNRISE   528 AM EDT   SUNSET   817 PM EDT


-  INDICATES NEGATIVE NUMBERS.
R  INDICATES RECORD WAS SET OR TIED.
MM INDICATES DATA IS MISSING.
T  INDICATES TRACE AMOUNT.




$$
