000
CDUS41 KOKX 270617
CLIJFK


CLIMATE REPORT
NATIONAL WEATHER SERVICE NEW YORK NY
217 AM EDT THU JUL 27 2017


...................................

...THE KENNEDY NY CLIMATE SUMMARY FOR JULY 26 2017...

CLIMATE NORMAL PERIOD 1981 TO 2010
CLIMATE RECORD PERIOD 1948 TO 2017


WEATHER ITEM   OBSERVED TIME   RECORD YEAR NORMAL DEPARTURE LAST
                VALUE   (LST)  VALUE       VALUE  FROM      YEAR
                                                  NORMAL
..................................................................
TEMPERATURE (F)
 YESTERDAY
  MAXIMUM         76    239 PM  94    1982  84     -8       93
  MINIMUM         63    509 AM  58    1976  69     -6       74
                                      1964
  AVERAGE         70                        76     -6       84

PRECIPITATION (IN)
  YESTERDAY        0.00          3.11 2000   0.14  -0.14     0.00
  MONTH TO DATE    4.64                      3.38   1.26     4.78
  SINCE JUN 1      8.84                      7.24   1.60     6.39
  SINCE JAN 1     30.74                     24.58   6.16    21.37

SNOWFALL (IN)
  YESTERDAY        0.0          MM      MM   0.0    0.0      0.0
  MONTH TO DATE    0.0                       0.0    0.0      0.0
  SINCE OCT 1     30.9                      23.8    7.1     41.4
  SINCE JUL 1      0.0                       0.0    0.0      0.0
  SNOW DEPTH       0

DEGREE DAYS
 HEATING
  YESTERDAY        0                         0      0        0
  MONTH TO DATE    0                         0      0        0
  SINCE JUN 1     20                        21     -1        3
  SINCE JUL 1      0                         0      0        0

 COOLING
  YESTERDAY        5                        11     -6       19
  MONTH TO DATE  319                       279     40      356
  SINCE JUN 1    525                       462     63      574
  SINCE JAN 1    575                       497     78      625
..................................................................


WIND (MPH)
  HIGHEST WIND SPEED    14   HIGHEST WIND DIRECTION     S (190)
  HIGHEST GUST SPEED    20   HIGHEST GUST DIRECTION     S (170)
  AVERAGE WIND SPEED     7.8


SKY COVER
  POSSIBLE SUNSHINE  MM
  AVERAGE SKY COVER 0.5


WEATHER CONDITIONS
 THE FOLLOWING WEATHER WAS RECORDED YESTERDAY.
  NO SIGNIFICANT WEATHER WAS OBSERVED.


RELATIVE HUMIDITY (PERCENT)
 HIGHEST    87           300 AM
 LOWEST     54           300 PM
 AVERAGE    71

..........................................................


THE KENNEDY NY CLIMATE NORMALS FOR TODAY
                         NORMAL    RECORD    YEAR
 MAXIMUM TEMPERATURE (F)   83        97      1963
 MINIMUM TEMPERATURE (F)   69        59      2001


SUNRISE AND SUNSET
JULY 27 2017..........SUNRISE   547 AM EDT   SUNSET   815 PM EDT
JULY 28 2017..........SUNRISE   548 AM EDT   SUNSET   814 PM EDT


-  INDICATES NEGATIVE NUMBERS.
R  INDICATES RECORD WAS SET OR TIED.
MM INDICATES DATA IS MISSING.
T  INDICATES TRACE AMOUNT.




$$
