000
CDUS41 KOKX 100728
CLIJFK


CLIMATE REPORT
NATIONAL WEATHER SERVICE NEW YORK NY
227 AM EST SAT DEC 10 2016


...................................

...THE KENNEDY NY CLIMATE SUMMARY FOR DECEMBER 9 2016...

CLIMATE NORMAL PERIOD 1981 TO 2010
CLIMATE RECORD PERIOD 1948 TO 2016


WEATHER ITEM   OBSERVED TIME   RECORD YEAR NORMAL DEPARTURE LAST
                VALUE   (LST)  VALUE       VALUE  FROM      YEAR
                                                  NORMAL
..................................................................
TEMPERATURE (F)
 YESTERDAY
  MAXIMUM         43    150 PM  64    1991  46     -3       55
  MINIMUM         31   1159 PM  14    1968  34     -3       34
  AVERAGE         37                        40     -3       45

PRECIPITATION (IN)
  YESTERDAY        0.00          3.04 2014   0.12  -0.12     0.00
  MONTH TO DATE    0.69                      1.06  -0.37     0.41
  SINCE DEC 1      0.69                      1.06  -0.37     0.41
  SINCE JAN 1     33.64                     40.44  -6.80    33.93

SNOWFALL (IN)
  YESTERDAY        0.0           1.7  1962   0.1   -0.1      0.0
  MONTH TO DATE    0.0                       0.8   -0.8      0.0
  SINCE OCT 1      T                         1.0   -1.0      0.0
  SINCE JUL 1      T                         1.0   -1.0      0.0
  SNOW DEPTH       0

DEGREE DAYS
 HEATING
  YESTERDAY       28                        25      3       20
  MONTH TO DATE  188                       216    -28      157
  SINCE DEC 1    188                       216    -28      157
  SINCE JUL 1    828                      1040   -212      748

 COOLING
  YESTERDAY        0                         0      0        0
  MONTH TO DATE    0                         0      0        0
  SINCE DEC 1      0                         0      0        0
  SINCE JAN 1   1362                      1005    357     1387
..................................................................


WIND (MPH)
  HIGHEST WIND SPEED    36   HIGHEST WIND DIRECTION    NW (300)
  HIGHEST GUST SPEED    44   HIGHEST GUST DIRECTION     W (290)
  AVERAGE WIND SPEED    20.2


SKY COVER
  POSSIBLE SUNSHINE  MM
  AVERAGE SKY COVER 0.3


WEATHER CONDITIONS
 THE FOLLOWING WEATHER WAS RECORDED YESTERDAY.
  NO SIGNIFICANT WEATHER WAS OBSERVED.


RELATIVE HUMIDITY (PERCENT)
 HIGHEST    52           900 AM
 LOWEST     27           200 PM
 AVERAGE    40

..........................................................


THE KENNEDY NY CLIMATE NORMALS FOR TODAY
                         NORMAL    RECORD    YEAR
 MAXIMUM TEMPERATURE (F)   46        59      2015
 MINIMUM TEMPERATURE (F)   33         9      1968


SUNRISE AND SUNSET
DECEMBER 10 2016......SUNRISE   708 AM EST   SUNSET   428 PM EST
DECEMBER 11 2016......SUNRISE   709 AM EST   SUNSET   428 PM EST


-  INDICATES NEGATIVE NUMBERS.
R  INDICATES RECORD WAS SET OR TIED.
MM INDICATES DATA IS MISSING.
T  INDICATES TRACE AMOUNT.




$$
