000
CDUS41 KOKX 230619
CLIJFK


CLIMATE REPORT
NATIONAL WEATHER SERVICE NEW YORK NY
119 AM EST FRI FEB 23 2018


...................................

...THE KENNEDY NY CLIMATE SUMMARY FOR FEBRUARY 22 2018...

CLIMATE NORMAL PERIOD 1981 TO 2010
CLIMATE RECORD PERIOD 1948 TO 2018


WEATHER ITEM   OBSERVED TIME   RECORD YEAR NORMAL DEPARTURE LAST
                VALUE   (LST)  VALUE       VALUE  FROM      YEAR
                                                  NORMAL
..................................................................
TEMPERATURE (F)
 YESTERDAY
  MAXIMUM         58   1213 AM  64    1991  43     15       51
  MINIMUM         37   1159 PM   9    1968  29      8       39
  AVERAGE         48                        36     12       45

PRECIPITATION (IN)
  YESTERDAY        0.11          1.59 2003   0.10   0.01     0.00
  MONTH TO DATE    4.43                      1.98   2.45     1.24
  SINCE DEC 1      7.92                      8.53  -0.61     8.94
  SINCE JAN 1      6.27                      5.14   1.13     5.88

SNOWFALL (IN)
  YESTERDAY        0.0           6.9  2008   0.3   -0.3      0.0
  MONTH TO DATE    2.6                       6.7   -4.1      8.4
  SINCE OCT 1     19.0                      17.9    1.1     23.4
  SINCE JUL 1     19.0                      17.9    1.1     23.4
  SNOW DEPTH       0

DEGREE DAYS
 HEATING
  YESTERDAY       17                        29    -12       20
  MONTH TO DATE  571                       673   -102      586
  SINCE DEC 1   2568                      2519     49     2180
  SINCE JUL 1   3253                      3343    -90     2820

 COOLING
  YESTERDAY        0                         0      0        0
  MONTH TO DATE    0                         0      0        0
  SINCE DEC 1      0                         0      0        0
  SINCE JAN 1      0                         0      0        0
..................................................................


WIND (MPH)
  HIGHEST WIND SPEED    23   HIGHEST WIND DIRECTION    NE (50)
  HIGHEST GUST SPEED    30   HIGHEST GUST DIRECTION    NE (40)
  AVERAGE WIND SPEED    13.8


SKY COVER
  POSSIBLE SUNSHINE  MM
  AVERAGE SKY COVER 1.0


WEATHER CONDITIONS
 THE FOLLOWING WEATHER WAS RECORDED YESTERDAY.
  LIGHT RAIN
  FOG


RELATIVE HUMIDITY (PERCENT)
 HIGHEST    92           500 PM
 LOWEST     43           200 AM
 AVERAGE    68

..........................................................


THE KENNEDY NY CLIMATE NORMALS FOR TODAY
                         NORMAL    RECORD    YEAR
 MAXIMUM TEMPERATURE (F)   43        62      1990
 MINIMUM TEMPERATURE (F)   29         9      2015


SUNRISE AND SUNSET
FEBRUARY 23 2018......SUNRISE   638 AM EST   SUNSET   540 PM EST
FEBRUARY 24 2018......SUNRISE   636 AM EST   SUNSET   541 PM EST


-  INDICATES NEGATIVE NUMBERS.
R  INDICATES RECORD WAS SET OR TIED.
MM INDICATES DATA IS MISSING.
T  INDICATES TRACE AMOUNT.




$$
