000
CDUS41 KOKX 210619
CLIJFK


CLIMATE REPORT
NATIONAL WEATHER SERVICE NEW YORK NY
118 AM EST TUE NOV 21 2017


...................................

...THE KENNEDY NY CLIMATE SUMMARY FOR NOVEMBER 20 2017...

CLIMATE NORMAL PERIOD 1981 TO 2010
CLIMATE RECORD PERIOD 1948 TO 2017


WEATHER ITEM   OBSERVED TIME   RECORD YEAR NORMAL DEPARTURE LAST
                VALUE   (LST)  VALUE       VALUE  FROM      YEAR
                                                  NORMAL
..................................................................
TEMPERATURE (F)
 YESTERDAY
  MAXIMUM         47    312 PM  73    1985  53     -6       44
  MINIMUM         37    749 AM  25    1986  40     -3       37
  AVERAGE         42                        46     -4       41

PRECIPITATION (IN)
  YESTERDAY        T             2.45 1988   0.11  -0.11     0.27
  MONTH TO DATE    1.44                      2.13  -0.69     1.58
  SINCE SEP 1      7.85                      9.25  -1.40     7.78
  SINCE JAN 1     41.10                     38.21   2.89    31.05

SNOWFALL (IN)
  YESTERDAY        T            MM      MM   0.0    0.0       T
  MONTH TO DATE    T                         0.0    0.0       T
  SINCE OCT 1      T                         0.0    0.0       T
  SINCE JUL 1      T                         0.0    0.0       T
  SNOW DEPTH       0

DEGREE DAYS
 HEATING
  YESTERDAY       23                        19      4       24
  MONTH TO DATE  357                       319     38      246
  SINCE SEP 1    482                       617   -135      460
  SINCE JUL 1    482                       618   -136      460

 COOLING
  YESTERDAY        0                         0      0        0
  MONTH TO DATE    1                         0      1        0
  SINCE SEP 1    251                       144    107      225
  SINCE JAN 1   1174                      1005    169     1362
..................................................................


WIND (MPH)
  HIGHEST WIND SPEED    26   HIGHEST WIND DIRECTION     W (270)
  HIGHEST GUST SPEED    32   HIGHEST GUST DIRECTION     W (280)
  AVERAGE WIND SPEED    17.3


SKY COVER
  POSSIBLE SUNSHINE  MM
  AVERAGE SKY COVER 0.5


WEATHER CONDITIONS
 THE FOLLOWING WEATHER WAS RECORDED YESTERDAY.
  LIGHT SNOW


RELATIVE HUMIDITY (PERCENT)
 HIGHEST    65          1200 AM
 LOWEST     37           100 PM
 AVERAGE    51

..........................................................


THE KENNEDY NY CLIMATE NORMALS FOR TODAY
                         NORMAL    RECORD    YEAR
 MAXIMUM TEMPERATURE (F)   52        66      1991
 MINIMUM TEMPERATURE (F)   39        19      1987


SUNRISE AND SUNSET
NOVEMBER 21 2017......SUNRISE   649 AM EST   SUNSET   433 PM EST
NOVEMBER 22 2017......SUNRISE   650 AM EST   SUNSET   432 PM EST


-  INDICATES NEGATIVE NUMBERS.
R  INDICATES RECORD WAS SET OR TIED.
MM INDICATES DATA IS MISSING.
T  INDICATES TRACE AMOUNT.




$$
