000
CDUS43 KJKL 310532
CLIJKL

CLIMATE REPORT
NATIONAL WEATHER SERVICE JACKSON KY
1224 AM EST SAT JAN 31 2015

...................................

...THE JACKSON KY CLIMATE SUMMARY FOR JANUARY 30 2015...

CLIMATE NORMAL PERIOD 1981 TO 2010
CLIMATE RECORD PERIOD 1981 TO 2015

WEATHER ITEM   OBSERVED TIME   RECORD YEAR NORMAL DEPARTURE LAST
                VALUE   (LST)  VALUE       VALUE  FROM      YEAR
                                                  NORMAL
..................................................................
TEMPERATURE (F)
 YESTERDAY
  MAXIMUM         35    312 PM  71    2002  44     -9       40
  MINIMUM         23   1159 PM   7    2004  27     -4        8
  AVERAGE         29                        36     -7       24

PRECIPITATION (IN)
  YESTERDAY        0.04          1.79 2013   0.12  -0.08     0.00
  MONTH TO DATE    2.12                      3.48  -1.36     3.15
  SINCE DEC 1      4.61                      7.66  -3.05    10.24
  SINCE JAN 1      2.12                      3.48  -1.36     3.15

SNOWFALL (IN)
  YESTERDAY        0.3           5.1  2010   0.3    0.0      0.0
  MONTH TO DATE    2.7                       6.8   -4.1     14.0
  SINCE DEC 1      2.7                      11.7   -9.0     15.4
  SINCE JUL 1      3.9                      12.3   -8.4     18.3
  SNOW DEPTH       T

DEGREE DAYS
 HEATING
  YESTERDAY       36                        29      7       41
  MONTH TO DATE  934                       898     36     1111
  SINCE DEC 1   1689                      1732    -43     1869
  SINCE JUL 1   2679                      2532    147     2756

 COOLING
  YESTERDAY        0                         0      0        0
  MONTH TO DATE    0                         0      0        0
  SINCE DEC 1      0                         1     -1        0
  SINCE JAN 1      0                         0      0        0
..................................................................

WIND (MPH)
  HIGHEST WIND SPEED    16   HIGHEST WIND DIRECTION    NW (320)
  HIGHEST GUST SPEED    24   HIGHEST GUST DIRECTION     N (340)
  AVERAGE WIND SPEED     6.4

SKY COVER
  POSSIBLE SUNSHINE  MM
  AVERAGE SKY COVER 0.6

WEATHER CONDITIONS
 THE FOLLOWING WEATHER WAS RECORDED YESTERDAY.
  HEAVY SNOW
  LIGHT SNOW
  FOG

RELATIVE HUMIDITY (PERCENT)
 HIGHEST    89          1200 AM
 LOWEST     41           400 PM
 AVERAGE    65
..........................................................

THE JACKSON KY CLIMATE NORMALS FOR TODAY
                         NORMAL    RECORD    YEAR
 MAXIMUM TEMPERATURE (F)   44        78      2002
 MINIMUM TEMPERATURE (F)   27         1      2004

SUNRISE AND SUNSET
JANUARY 31 2015.......SUNRISE   738 AM EST   SUNSET   556 PM EST
FEBRUARY  1 2015......SUNRISE   737 AM EST   SUNSET   557 PM EST

-  INDICATES NEGATIVE NUMBERS.
R  INDICATES RECORD WAS SET OR TIED.
MM INDICATES DATA IS MISSING.
T  INDICATES TRACE AMOUNT.

$$

SHALLENBERGER
