000
CDUS43 KJKL 042019
CLIJKL

CLIMATE REPORT
NATIONAL WEATHER SERVICE JACKSON KY
418 PM EDT TUE AUG 4 2015

...................................

...THE JACKSON KY CLIMATE SUMMARY FOR AUGUST 4 2015...
VALID TODAY AS OF 0400 PM LOCAL TIME.

CLIMATE NORMAL PERIOD 1981 TO 2010
CLIMATE RECORD PERIOD 1981 TO 2015

WEATHER ITEM   OBSERVED TIME   RECORD YEAR NORMAL DEPARTURE LAST
                VALUE   (LST)  VALUE       VALUE  FROM      YEAR
                                                  NORMAL
..................................................................
TEMPERATURE (F)
 TODAY
  MAXIMUM         85    108 PM  95    2010  85      0       82
                                      2005
  MINIMUM         64    110 AM  59    2014  66     -2       59
  AVERAGE         75                        75      0       71

PRECIPITATION (IN)
  TODAY            T             1.98 1994   0.14  -0.14     0.00
  MONTH TO DATE    1.22                      0.56   0.66     0.22
  SINCE JUN 1     17.51                      9.91   7.60     9.11
  SINCE JAN 1     41.98                     30.42  11.56    29.97

SNOWFALL (IN)
  TODAY            0.0                       0.0    0.0      0.0
  MONTH TO DATE    0.0                       0.0    0.0      0.0
  SINCE JUN 1      0.0                       0.0    0.0      0.0
  SINCE JUL 1      0.0                       0.0    0.0      0.0
  SNOW DEPTH       0

DEGREE DAYS
 HEATING
  TODAY            0                         0      0        0
  MONTH TO DATE    0                         0      0        0
  SINCE JUN 1      9                        12     -3        3
  SINCE JUL 1      0                         0      0        3

 COOLING
  TODAY           10                        10      0        6
  MONTH TO DATE   37                        40     -3       27
  SINCE JUN 1    636                       584     52      563
  SINCE JAN 1    840                       720    120      754
..................................................................

WIND (MPH)
  HIGHEST WIND SPEED     7   HIGHEST WIND DIRECTION     S (170)
  HIGHEST GUST SPEED    11   HIGHEST GUST DIRECTION     S (160)
  AVERAGE WIND SPEED     1.2

SKY COVER
  POSSIBLE SUNSHINE  MM
  AVERAGE SKY COVER 0.2

WEATHER CONDITIONS
 THE FOLLOWING WEATHER WAS RECORDED TODAY.
  THUNDERSTORM
  LIGHT RAIN
  FOG

RELATIVE HUMIDITY (PERCENT)
 HIGHEST    93           100 AM
 LOWEST     65          1200 PM
 AVERAGE    79

..........................................................

THE JACKSON KY CLIMATE NORMALS FOR TOMORROW
                         NORMAL    RECORD    YEAR
 MAXIMUM TEMPERATURE (F)   85        93      2005
 MINIMUM TEMPERATURE (F)   66        57      1994

SUNRISE AND SUNSET
AUGUST  4 2015........SUNRISE   639 AM EDT   SUNSET   839 PM EDT
AUGUST  5 2015........SUNRISE   640 AM EDT   SUNSET   838 PM EDT

-  INDICATES NEGATIVE NUMBERS.
R  INDICATES RECORD WAS SET OR TIED.
MM INDICATES DATA IS MISSING.
T  INDICATES TRACE AMOUNT.

$$

CARICO
