000
CDUS43 KJKL 200535
CLIJKL

CLIMATE REPORT
NATIONAL WEATHER SERVICE JACKSON KY
1235 AM EST FRI JAN 20 2017


...................................

...THE JACKSON KY CLIMATE SUMMARY FOR JANUARY 19 2017...

CLIMATE NORMAL PERIOD 1981 TO 2010
CLIMATE RECORD PERIOD 1981 TO 2017


WEATHER ITEM   OBSERVED TIME   RECORD YEAR NORMAL DEPARTURE LAST
                VALUE   (LST)  VALUE       VALUE  FROM      YEAR
                                                  NORMAL
..................................................................
TEMPERATURE (F)
 YESTERDAY
  MAXIMUM         55    356 PM  64    1995  43     12       21
  MINIMUM         35    510 AM -18    1994  27      8        7
  AVERAGE         45                        35     10       14

PRECIPITATION (IN)
  YESTERDAY        0.04          1.59 1988   0.12  -0.08      T
  MONTH TO DATE    2.90                      2.18   0.72     1.00
  SINCE DEC 1      9.06                      6.36   2.70     5.64
  SINCE JAN 1      2.90                      2.18   0.72     1.00

SNOWFALL (IN)
  YESTERDAY        0.0           5.6  2002   0.2   -0.2       T
  MONTH TO DATE    2.5                       4.1   -1.6      0.5
  SINCE DEC 1      2.8                       9.0   -6.2      0.5
  SINCE JUL 1      2.8                       9.6   -6.8      0.5
  SNOW DEPTH       0

DEGREE DAYS
 HEATING
  YESTERDAY       20                        30    -10       51
  MONTH TO DATE  451                       570   -119      599
  SINCE DEC 1   1248                      1404   -156     1027
  SINCE JUL 1   1774                      2204   -430     1625

COOLING
  YESTERDAY        0                         0      0        0
  MONTH TO DATE    0                         0      0        0
  SINCE DEC 1      0                         1     -1        2
  SINCE JAN 1      0                         0      0        0
..................................................................


WIND (MPH)
  HIGHEST WIND SPEED     8   HIGHEST WIND DIRECTION     E (90)
  HIGHEST GUST SPEED    11   HIGHEST GUST DIRECTION     E (90)
  AVERAGE WIND SPEED     2.1


SKY COVER
  POSSIBLE SUNSHINE  MM
  AVERAGE SKY COVER 0.5


WEATHER CONDITIONS
 THE FOLLOWING WEATHER WAS RECORDED YESTERDAY.
  LIGHT RAIN
  FOG


RELATIVE HUMIDITY (PERCENT)
 HIGHEST    92           400 AM
 LOWEST     55           400 PM
 AVERAGE    74

..........................................................


THE JACKSON KY CLIMATE NORMALS FOR TODAY
                         NORMAL    RECORD    YEAR
 MAXIMUM TEMPERATURE (F)   43        66      1988
 MINIMUM TEMPERATURE (F)   27       -18      1985


SUNRISE AND SUNSET
JANUARY 20 2017.......SUNRISE   745 AM EST   SUNSET   544 PM EST
JANUARY 21 2017.......SUNRISE   744 AM EST   SUNSET   545 PM EST


-  INDICATES NEGATIVE NUMBERS.
R  INDICATES RECORD WAS SET OR TIED.
MM INDICATES DATA IS MISSING.
T  INDICATES TRACE AMOUNT.




$$
