000
CDUS43 KSGF 230630
CLIJLN


CLIMATE REPORT
NATIONAL WEATHER SERVICE SPRINGFIELD MO
130 AM CDT WED AUG 23 2017


...................................

...THE JOPLIN MO CLIMATE SUMMARY FOR AUGUST 22 2017...

CLIMATE NORMAL PERIOD 1981 TO 2010
CLIMATE RECORD PERIOD 1902 TO 2017


WEATHER ITEM   OBSERVED TIME   RECORD YEAR NORMAL DEPARTURE LAST
                VALUE   (LST)  VALUE       VALUE  FROM      YEAR
                                                  NORMAL
..................................................................
TEMPERATURE (F)
 YESTERDAY
  MAXIMUM         87    212 PM 103    1983  91     -4       84
                                      2003
  MINIMUM         68    717 AM  53    2009  68      0       59
                                      1949
  AVERAGE         78                        79     -1       72

PRECIPITATION (IN)
  YESTERDAY        1.41          4.28 1985   0.11   1.30     0.00
  MONTH TO DATE    5.46                      2.26   3.20     2.89
  SINCE JUN 1     12.75                     11.93   0.82    14.31
  SINCE JAN 1     38.68                     29.88   8.80    28.41

DEGREE DAYS
 HEATING
  YESTERDAY        0                         0      0        0
  MONTH TO DATE    0                         0      0        0
  SINCE JUN 1      0                         5     -5        0
  SINCE JUL 1      0                         0      0        0

 COOLING
  YESTERDAY       13                        14     -1        7
  MONTH TO DATE  282                       340    -58      321
  SINCE JUN 1   1148                      1131     17     1239
  SINCE JAN 1   1355                      1311     44     1353
..................................................................


WIND (MPH)
  HIGHEST WIND SPEED    22   HIGHEST WIND DIRECTION    NE (30)
  HIGHEST GUST SPEED    33   HIGHEST GUST DIRECTION    NE (30)
  AVERAGE WIND SPEED     8.9


SKY COVER
  AVERAGE SKY COVER 0.5


WEATHER CONDITIONS
 THE FOLLOWING WEATHER WAS RECORDED YESTERDAY.
  THUNDERSTORM
  HEAVY RAIN
  RAIN
  LIGHT RAIN
  FOG


RELATIVE HUMIDITY (PERCENT)
 HIGHEST    94           800 PM
 LOWEST     65          1200 PM
 AVERAGE    80

..........................................................


THE JOPLIN MO CLIMATE NORMALS FOR TODAY
                         NORMAL    RECORD    YEAR
 MAXIMUM TEMPERATURE (F)   91       102      1947
 MINIMUM TEMPERATURE (F)   68        53      2009


SUNRISE AND SUNSET
AUGUST 23 2017........SUNRISE   641 AM CDT   SUNSET   759 PM CDT
AUGUST 24 2017........SUNRISE   642 AM CDT   SUNSET   758 PM CDT


-  INDICATES NEGATIVE NUMBERS.
R  INDICATES RECORD WAS SET OR TIED.
MM INDICATES DATA IS MISSING.
T  INDICATES TRACE AMOUNT.




$$
