000
CDUS43 KBIS 100044
CLIJMS


CLIMATE REPORT
NATIONAL WEATHER SERVICE BISMARCK ND
643 PM CST FRI DEC 9 2016


...................................

...THE JAMESTOWN ND CLIMATE SUMMARY FOR DECEMBER 9 2016...
VALID TODAY AS OF 0600 PM LOCAL TIME.

CLIMATE NORMAL PERIOD 1981 TO 2010
CLIMATE RECORD PERIOD 1891 TO 2016


WEATHER ITEM   OBSERVED TIME   RECORD YEAR NORMAL DEPARTURE LAST
                VALUE   (LST)  VALUE       VALUE  FROM      YEAR
                                                  NORMAL
..................................................................
TEMPERATURE (F)
 TODAY
  MAXIMUM         -1    133 PM  63    1939  25    -26       55
  MINIMUM        -11    810 AM -30    1927   7    -18       27
  AVERAGE         -6                        16    -22       41

PRECIPITATION (IN)
  TODAY            0.00          0.50 1906   0.01  -0.01     0.01
  MONTH TO DATE    0.19                      0.12   0.07     0.02
  SINCE DEC 1      0.19                      0.12   0.07     0.02
  SINCE JAN 1     25.05                     18.49   6.56    22.26

DEGREE DAYS
 HEATING
  TODAY           71                        49     22       24
  MONTH TO DATE  430                       428      2      305
  SINCE DEC 1    430                       428      2      305
  SINCE JUL 1   1991                      2512   -521     1953

 COOLING
  TODAY            0                         0      0        0
  MONTH TO DATE    0                         0      0        0
  SINCE DEC 1      0                         0      0        0
  SINCE JAN 1    419                       446    -27      508
..................................................................


WIND (MPH)
  RESULTANT WIND SPEED   9   RESULTANT WIND DIRECTION  NW (310)
  HIGHEST WIND SPEED    16   HIGHEST WIND DIRECTION    NW (310)
  HIGHEST GUST SPEED    19   HIGHEST GUST DIRECTION    NW (310)
  AVERAGE WIND SPEED     9.4


SKY COVER
  POSSIBLE SUNSHINE  MM
  AVERAGE SKY COVER 0.0


WEATHER CONDITIONS
 THE FOLLOWING WEATHER WAS RECORDED TODAY.
  NO SIGNIFICANT WEATHER WAS OBSERVED.


RELATIVE HUMIDITY (PERCENT)
 HIGHEST    83           200 AM
 LOWEST     71           300 PM
 AVERAGE    77

..........................................................


THE JAMESTOWN ND CLIMATE NORMALS FOR TOMORROW
                         NORMAL    RECORD    YEAR
 MAXIMUM TEMPERATURE (F)   24        55      1939
 MINIMUM TEMPERATURE (F)    7       -26      1927
                                             1919


SUNRISE AND SUNSET
DECEMBER  9 2016......SUNRISE   809 AM CST   SUNSET   446 PM CST
DECEMBER 10 2016......SUNRISE   810 AM CST   SUNSET   446 PM CST


-  INDICATES NEGATIVE NUMBERS.
R  INDICATES RECORD WAS SET OR TIED.
MM INDICATES DATA IS MISSING.
T  INDICATES TRACE AMOUNT.




$$
