000
CDUS43 KBIS 140024
CLIJMS


CLIMATE REPORT
NATIONAL WEATHER SERVICE BISMARCK ND
623 PM CST WED DEC 13 2017


...................................

...THE JAMESTOWN ND CLIMATE SUMMARY FOR DECEMBER 13 2017...
VALID TODAY AS OF 0600 PM LOCAL TIME.

CLIMATE NORMAL PERIOD 1981 TO 2010
CLIMATE RECORD PERIOD 1891 TO 2017


WEATHER ITEM   OBSERVED TIME   RECORD YEAR NORMAL DEPARTURE LAST
                VALUE   (LST)  VALUE       VALUE  FROM      YEAR
                                                  NORMAL
..................................................................
TEMPERATURE (F)
 TODAY
  MAXIMUM         42   1225 AM  55    1921  23     19       10
  MINIMUM         31    559 PM -31    1917   6     25       -4
  AVERAGE         37                        15     22        3

PRECIPITATION (IN)
  TODAY            0.04          0.15 1983   0.02   0.02      T
  MONTH TO DATE    0.05                      0.17  -0.12     0.23
  SINCE DEC 1      0.05                      0.17  -0.12     0.23
  SINCE JAN 1     12.43                     18.54  -6.11    25.09

DEGREE DAYS
 HEATING
  TODAY           28                        50    -22       62
  MONTH TO DATE  497                       627   -130      703
  SINCE DEC 1    497                       627   -130      703
  SINCE JUL 1   2467                      2711   -244     2264

 COOLING
  TODAY            0                         0      0        0
  MONTH TO DATE    0                         0      0        0
  SINCE DEC 1      0                         0      0        0
  SINCE JAN 1    397                       446    -49      419
..................................................................


WIND (MPH)
  RESULTANT WIND SPEED  20   RESULTANT WIND DIRECTION  NW (330)
  HIGHEST WIND SPEED    32   HIGHEST WIND DIRECTION    NW (320)
  HIGHEST GUST SPEED    45   HIGHEST GUST DIRECTION    NW (330)
  AVERAGE WIND SPEED    20.6


SKY COVER
  POSSIBLE SUNSHINE  MM
  AVERAGE SKY COVER 1.0


WEATHER CONDITIONS
 THE FOLLOWING WEATHER WAS RECORDED TODAY.
  LIGHT RAIN
  LIGHT SNOW
  FOG


RELATIVE HUMIDITY (PERCENT)
 HIGHEST    92          1000 AM
 LOWEST     53          1200 AM
 AVERAGE    73

..........................................................


THE JAMESTOWN ND CLIMATE NORMALS FOR TOMORROW
                         NORMAL    RECORD    YEAR
 MAXIMUM TEMPERATURE (F)   23        53      1998
 MINIMUM TEMPERATURE (F)    5       -31      1901


SUNRISE AND SUNSET
DECEMBER 13 2017......SUNRISE   812 AM CST   SUNSET   446 PM CST
DECEMBER 14 2017......SUNRISE   813 AM CST   SUNSET   446 PM CST


-  INDICATES NEGATIVE NUMBERS.
R  INDICATES RECORD WAS SET OR TIED.
MM INDICATES DATA IS MISSING.
T  INDICATES TRACE AMOUNT.




$$
