000
CDUS43 KBIS 230726
CLIJMS


CLIMATE REPORT
NATIONAL WEATHER SERVICE BISMARCK ND
126 AM CST SUN NOV 23 2014


...................................

...THE JAMESTOWN ND CLIMATE SUMMARY FOR NOVEMBER 22 2014...

CLIMATE NORMAL PERIOD 1981 TO 2010
CLIMATE RECORD PERIOD 1891 TO 2014


WEATHER ITEM   OBSERVED TIME   RECORD YEAR NORMAL DEPARTURE LAST
                VALUE   (LST)  VALUE       VALUE  FROM      YEAR
                                                  NORMAL
..................................................................
TEMPERATURE (F)
 YESTERDAY
  MAXIMUM         44    333 PM  64    1939  33     11       20
  MINIMUM         20    725 AM -14    1896  15      5       -2
  AVERAGE         32                        24      8        9

PRECIPITATION (IN)
  YESTERDAY        0.00          0.33 1955   0.02  -0.02      T
  MONTH TO DATE    0.13                      0.51  -0.38     0.01
  SINCE SEP 1      2.15                      4.06  -1.91     6.67
  SINCE JAN 1     20.83                     18.25   2.58    15.87

DEGREE DAYS
 HEATING
  YESTERDAY       33                        41     -8       56
  MONTH TO DATE  873                       768    105      769
  SINCE SEP 1   1657                      1669    -12     1593
  SINCE JUL 1   1712                      1735    -23     1637

 COOLING
  YESTERDAY        0                         0      0        0
  MONTH TO DATE    0                         0      0        0
  SINCE SEP 1     29                        31     -2       55
  SINCE JAN 1    367                       446    -79      521
..................................................................


WIND (MPH)
  HIGHEST WIND SPEED    16   HIGHEST WIND DIRECTION     S (180)
  HIGHEST GUST SPEED    19   HIGHEST GUST DIRECTION     S (170)
  AVERAGE WIND SPEED     7.3


SKY COVER
  POSSIBLE SUNSHINE  MM
  AVERAGE SKY COVER 0.2


WEATHER CONDITIONS
 THE FOLLOWING WEATHER WAS RECORDED YESTERDAY.
  NO SIGNIFICANT WEATHER WAS OBSERVED.


RELATIVE HUMIDITY (PERCENT)
 HIGHEST    96           800 AM
 LOWEST     57           100 PM
 AVERAGE    77

..........................................................


THE JAMESTOWN ND CLIMATE NORMALS FOR TODAY
                         NORMAL    RECORD    YEAR
 MAXIMUM TEMPERATURE (F)   32        59      1942
 MINIMUM TEMPERATURE (F)   14       -16      1951


SUNRISE AND SUNSET
NOVEMBER 23 2014......SUNRISE   749 AM CST   SUNSET   453 PM CST
NOVEMBER 24 2014......SUNRISE   750 AM CST   SUNSET   452 PM CST


-  INDICATES NEGATIVE NUMBERS.
R  INDICATES RECORD WAS SET OR TIED.
MM INDICATES DATA IS MISSING.
T  INDICATES TRACE AMOUNT.




$$
