000
CDUS43 KBIS 170738
CLIJMS


CLIMATE REPORT
NATIONAL WEATHER SERVICE BISMARCK ND
238 AM CDT WED SEP 17 2014


...................................

...THE JAMESTOWN ND CLIMATE SUMMARY FOR SEPTEMBER 16 2014...

CLIMATE NORMAL PERIOD 1981 TO 2010
CLIMATE RECORD PERIOD 1891 TO 2014


WEATHER ITEM   OBSERVED TIME   RECORD YEAR NORMAL DEPARTURE LAST
                VALUE   (LST)  VALUE       VALUE  FROM      YEAR
                                                  NORMAL
..................................................................
TEMPERATURE (F)
 YESTERDAY
  MAXIMUM         70    258 PM  94    1979  70      0       70
  MINIMUM         37    628 AM  23    1959  45     -8       36
  AVERAGE         54                        57     -3       53

PRECIPITATION (IN)
  YESTERDAY        0.00          1.04 1986   0.06  -0.06     0.00
  MONTH TO DATE    1.46                      1.19   0.27     1.68
  SINCE SEP 1      1.46                      1.19   0.27     1.68
  SINCE JAN 1     20.14                     15.38   4.76    10.88

DEGREE DAYS
 HEATING
  YESTERDAY       11                         8      3       12
  MONTH TO DATE  147                        94     53       43
  SINCE SEP 1    147                        94     53       43
  SINCE JUL 1    202                       160     42       87

 COOLING
  YESTERDAY        0                         1     -1        0
  MONTH TO DATE    5                        24    -19       43
  SINCE SEP 1      5                        24    -19       43
  SINCE JAN 1    343                       439    -96      509
..................................................................


WIND (MPH)
  HIGHEST WIND SPEED    13   HIGHEST WIND DIRECTION     S (170)
  HIGHEST GUST SPEED    17   HIGHEST GUST DIRECTION     S (180)
  AVERAGE WIND SPEED     5.5


SKY COVER
  POSSIBLE SUNSHINE  MM
  AVERAGE SKY COVER 0.0


WEATHER CONDITIONS
 THE FOLLOWING WEATHER WAS RECORDED YESTERDAY.
  NO SIGNIFICANT WEATHER WAS OBSERVED.


RELATIVE HUMIDITY (PERCENT)
 HIGHEST    93          1100 PM
 LOWEST     42           200 PM
 AVERAGE    68

..........................................................


THE JAMESTOWN ND CLIMATE NORMALS FOR TODAY
                         NORMAL    RECORD    YEAR
 MAXIMUM TEMPERATURE (F)   70        92      1989
 MINIMUM TEMPERATURE (F)   44        26      1959


SUNRISE AND SUNSET
SEPTEMBER 17 2014.....SUNRISE   715 AM CDT   SUNSET   742 PM CDT
SEPTEMBER 18 2014.....SUNRISE   716 AM CDT   SUNSET   740 PM CDT


-  INDICATES NEGATIVE NUMBERS.
R  INDICATES RECORD WAS SET OR TIED.
MM INDICATES DATA IS MISSING.
T  INDICATES TRACE AMOUNT.




$$
