000
CDUS43 KBIS 280022
CLIJMS


CLIMATE REPORT
NATIONAL WEATHER SERVICE BISMARCK ND
721 PM CDT WED JUL 27 2016


...................................

...THE JAMESTOWN ND CLIMATE SUMMARY FOR JULY 27 2016...
VALID TODAY AS OF 0700 PM LOCAL TIME.

CLIMATE NORMAL PERIOD 1981 TO 2010
CLIMATE RECORD PERIOD 1891 TO 2016


WEATHER ITEM   OBSERVED TIME   RECORD YEAR NORMAL DEPARTURE LAST
                VALUE   (LST)  VALUE       VALUE  FROM      YEAR
                                                  NORMAL
..................................................................
TEMPERATURE (F)
 TODAY
  MAXIMUM         76    403 PM 107    1988  84     -8       89
  MINIMUM         61    559 AM  42    2013  58      3       68
  AVERAGE         69                        71     -2       79

PRECIPITATION (IN)
  TODAY            0.00          1.80 1995   0.09  -0.09      T
  MONTH TO DATE    3.90                      3.03   0.87     2.74
  SINCE JUN 1      6.35                      6.22   0.13     8.40
  SINCE JAN 1     12.18                     11.77   0.41    18.56

DEGREE DAYS
 HEATING
  TODAY            0                         0      0        0
  MONTH TO DATE    7                        19    -12        9
  SINCE JUN 1     56                       116    -60       51
  SINCE JUL 1      7                        19    -12        9

 COOLING
  TODAY            4                         6     -2       14
  MONTH TO DATE  147                       151     -4      173
  SINCE JUN 1    251                       231     20      275
  SINCE JAN 1    265                       251     14      283
..................................................................


WIND (MPH)
  RESULTANT WIND SPEED   7   RESULTANT WIND DIRECTION   N (10)
  HIGHEST WIND SPEED    17   HIGHEST WIND DIRECTION     N (10)
  HIGHEST GUST SPEED    21   HIGHEST GUST DIRECTION     N (10)
  AVERAGE WIND SPEED     8.1


SKY COVER
  POSSIBLE SUNSHINE  MM
  AVERAGE SKY COVER 0.1


WEATHER CONDITIONS
 THE FOLLOWING WEATHER WAS RECORDED TODAY.
  NO SIGNIFICANT WEATHER WAS OBSERVED.


RELATIVE HUMIDITY (PERCENT)
 HIGHEST   100           100 AM
 LOWEST     57           500 PM
 AVERAGE    79

..........................................................


THE JAMESTOWN ND CLIMATE NORMALS FOR TOMORROW
                         NORMAL    RECORD    YEAR
 MAXIMUM TEMPERATURE (F)   84       112      1917
 MINIMUM TEMPERATURE (F)   58        42      1934


SUNRISE AND SUNSET
JULY 27 2016..........SUNRISE   609 AM CDT   SUNSET   913 PM CDT
JULY 28 2016..........SUNRISE   610 AM CDT   SUNSET   911 PM CDT


-  INDICATES NEGATIVE NUMBERS.
R  INDICATES RECORD WAS SET OR TIED.
MM INDICATES DATA IS MISSING.
T  INDICATES TRACE AMOUNT.




$$
