000
CDUS43 KBIS 200725
CLIJMS


CLIMATE REPORT
NATIONAL WEATHER SERVICE BISMARCK ND
224 AM CDT FRI OCT 20 2017


...................................

...THE JAMESTOWN ND CLIMATE SUMMARY FOR OCTOBER 19 2017...

CLIMATE NORMAL PERIOD 1981 TO 2010
CLIMATE RECORD PERIOD 1891 TO 2017


WEATHER ITEM   OBSERVED TIME   RECORD YEAR NORMAL DEPARTURE LAST
                VALUE   (LST)  VALUE       VALUE  FROM      YEAR
                                                  NORMAL
..................................................................
TEMPERATURE (F)
 YESTERDAY
  MAXIMUM         74    317 PM  87    2003  54     20       47
  MINIMUM         32    451 AM   3    1917  32      0       27
                                      1916
  AVERAGE         53                        43     10       37

PRECIPITATION (IN)
  YESTERDAY        0.00          1.29 1932   0.05  -0.05     0.00
  MONTH TO DATE    0.07                      1.05  -0.98     0.43
  SINCE SEP 1      2.91                      3.05  -0.14     4.34
  SINCE JAN 1     12.22                     17.24  -5.02    23.09

DEGREE DAYS
 HEATING
  YESTERDAY       12                        22    -10       28
  MONTH TO DATE  305                       345    -40      330
  SINCE SEP 1    509                       597    -88      519
  SINCE JUL 1    543                       663   -120      552

 COOLING
  YESTERDAY        0                         0      0        0
  MONTH TO DATE    0                         0      0        4
  SINCE SEP 1     35                        30      5       26
  SINCE JAN 1    397                       445    -48      419
..................................................................


WIND (MPH)
  HIGHEST WIND SPEED    20   HIGHEST WIND DIRECTION     S (190)
  HIGHEST GUST SPEED    25   HIGHEST GUST DIRECTION     S (190)
  AVERAGE WIND SPEED     8.3


SKY COVER
  POSSIBLE SUNSHINE  MM
  AVERAGE SKY COVER 0.0


WEATHER CONDITIONS
 THE FOLLOWING WEATHER WAS RECORDED YESTERDAY.
  NO SIGNIFICANT WEATHER WAS OBSERVED.


RELATIVE HUMIDITY (PERCENT)
 HIGHEST    76          1100 PM
 LOWEST     27           200 PM
 AVERAGE    52

..........................................................


THE JAMESTOWN ND CLIMATE NORMALS FOR TODAY
                         NORMAL    RECORD    YEAR
 MAXIMUM TEMPERATURE (F)   54        88      1918
 MINIMUM TEMPERATURE (F)   31         6      1917
                                             1916


SUNRISE AND SUNSET
OCTOBER 20 2017.......SUNRISE   800 AM CDT   SUNSET   638 PM CDT
OCTOBER 21 2017.......SUNRISE   802 AM CDT   SUNSET   636 PM CDT


-  INDICATES NEGATIVE NUMBERS.
R  INDICATES RECORD WAS SET OR TIED.
MM INDICATES DATA IS MISSING.
T  INDICATES TRACE AMOUNT.




$$
