000
CDUS43 KBIS 190728
CLIJMS


CLIMATE REPORT
NATIONAL WEATHER SERVICE BISMARCK ND
127 AM CST THU JAN 19 2017


...................................

...THE JAMESTOWN ND CLIMATE SUMMARY FOR JANUARY 18 2017...

CLIMATE NORMAL PERIOD 1981 TO 2010
CLIMATE RECORD PERIOD 1891 TO 2017


WEATHER ITEM   OBSERVED TIME   RECORD YEAR NORMAL DEPARTURE LAST
                VALUE   (LST)  VALUE       VALUE  FROM      YEAR
                                                  NORMAL
..................................................................
TEMPERATURE (F)
 YESTERDAY
  MAXIMUM         39    349 PM  55    1908  20     19        5
  MINIMUM         23   1058 PM -35    1950   0     23        0
  AVERAGE         31                        10     21        3

PRECIPITATION (IN)
  YESTERDAY        0.00          0.30 1920   0.02  -0.02      T
  MONTH TO DATE    0.21                      0.29  -0.08      T
  SINCE DEC 1      1.50                      0.69   0.81     0.14
  SINCE JAN 1      0.21                      0.29  -0.08      T

DEGREE DAYS
 HEATING
  YESTERDAY       34                        55    -21       62
  MONTH TO DATE 1134                       988    146     1019
  SINCE DEC 1   2748                      2564    184     2382
  SINCE JUL 1   4309                      4648   -339     4030

 COOLING
  YESTERDAY        0                         0      0        0
  MONTH TO DATE    0                         0      0        0
  SINCE DEC 1      0                         0      0        0
  SINCE JAN 1      0                         0      0        0
..................................................................


WIND (MPH)
  HIGHEST WIND SPEED    21   HIGHEST WIND DIRECTION     W (250)
  HIGHEST GUST SPEED    24   HIGHEST GUST DIRECTION     W (250)
  AVERAGE WIND SPEED     7.9


SKY COVER
  POSSIBLE SUNSHINE  MM
  AVERAGE SKY COVER 0.0


WEATHER CONDITIONS
 THE FOLLOWING WEATHER WAS RECORDED YESTERDAY.
  NO SIGNIFICANT WEATHER WAS OBSERVED.


RELATIVE HUMIDITY (PERCENT)
 HIGHEST    92           700 PM
 LOWEST     69          1200 AM
 AVERAGE    81

..........................................................


THE JAMESTOWN ND CLIMATE NORMALS FOR TODAY
                         NORMAL    RECORD    YEAR
 MAXIMUM TEMPERATURE (F)   20        56      1908
 MINIMUM TEMPERATURE (F)    0       -35      1937


SUNRISE AND SUNSET
JANUARY 19 2017.......SUNRISE   813 AM CST   SUNSET   519 PM CST
JANUARY 20 2017.......SUNRISE   812 AM CST   SUNSET   520 PM CST


-  INDICATES NEGATIVE NUMBERS.
R  INDICATES RECORD WAS SET OR TIED.
MM INDICATES DATA IS MISSING.
T  INDICATES TRACE AMOUNT.




$$
