000
CDAK47 PAJK 191241
CLIJNU
CLIMATE REPORT
NATIONAL WEATHER SERVICE JUNEAU, AK
335 AM AKST SUN NOV 19 2017


...................................

...THE JUNEAU CLIMATE SUMMARY FOR NOVEMBER 18 2017...

CLIMATE NORMAL PERIOD 1981 TO 2010
CLIMATE RECORD PERIOD 1936 TO 2017


WEATHER ITEM   OBSERVED RECORD YEAR NORMAL DEPARTURE LAST
                VALUE   VALUE       VALUE  FROM      YEAR
                                           NORMAL
...........................................................
TEMPERATURE (F)
 YESTERDAY
  MAXIMUM         29     50    2005  37     -8       33
                               1936
  MINIMUM         21      1    1945  28     -7       20
  AVERAGE         25                 33     -8       27

PRECIPITATION (IN)
  YESTERDAY        0.02   2.51 2005   0.19  -0.17     0.00
  MONTH TO DATE    0.87               3.60  -2.73     4.83
  SINCE JAN 1     60.03              54.04   5.99    55.58

SNOWFALL (IN)
  YESTERDAY        0.6   10.0  2015   0.5    0.1      0.0
  MONTH TO DATE   15.7                6.2    9.5      0.0
  SINCE JUL 1     15.7                7.0    8.7      5.7
  SNOW DEPTH      10

DEGREE DAYS
 HEATING
  YESTERDAY       40                 32      8       38
  MONTH TO DATE  648                547    101      424
...........................................................


WIND (MPH)
  HIGHEST WIND SPEED     7   HIGHEST WIND DIRECTION     E (110)
  HIGHEST GUST SPEED     9   HIGHEST GUST DIRECTION    SE (130)
  AVERAGE WIND SPEED     1.2


SKY COVER
  AVERAGE SKY COVER 1.0


WEATHER CONDITIONS
 THE FOLLOWING WEATHER WAS RECORDED YESTERDAY.
  LIGHT SNOW
  FOG


..........................................................


THE JUNEAU CLIMATE NORMALS FOR TODAY
                         NORMAL    RECORD    YEAR
 MAXIMUM TEMPERATURE (F)   37        49      1993
 MINIMUM TEMPERATURE (F)   28        -3      1966


SUNRISE AND SUNSET
NOVEMBER 19 2017......SUNRISE   757 AM AKST  SUNSET   330 PM AKST
NOVEMBER 20 2017......SUNRISE   759 AM AKST  SUNSET   328 PM AKST


-  INDICATES NEGATIVE NUMBERS.
R  INDICATES RECORD WAS SET OR TIED.
MM INDICATES DATA IS MISSING.
T  INDICATES TRACE AMOUNT.




$$
--------------------------------------------------------------

AMOUNT OF DAYLIGHT TODAY (HOUR:MIN)......... 7 HOURS 33 MINUTES
GAIN/LOSS SINCE YESTERDAY (HOUR:MIN:SEC).... -0:03:59

$$
