000
CDAK47 PAJK 191150
CLIJNU
AKZ025-192300-
CLIMATE REPORT
NATIONAL WEATHER SERVICE JUNEAU, AK
337 AM AKDT SAT APR 19 2014


...................................

...THE JUNEAU CLIMATE SUMMARY FOR APRIL 18 2014...

CLIMATE NORMAL PERIOD 1981 TO 2010
CLIMATE RECORD PERIOD 1943 TO 2014


WEATHER ITEM   OBSERVED TIME   RECORD YEAR NORMAL DEPARTURE LAST
                VALUE   (LST)  VALUE       VALUE  FROM      YEAR
                                                  NORMAL
..................................................................
TEMPERATURE (F)
 YESTERDAY
  MAXIMUM         46    354 PM  59    2012  49     -3       45
                                      1993
  MINIMUM         29   1148 PM  17    2008  34     -5       31
  AVERAGE         38                        42     -4       38

PRECIPITATION (IN)
  YESTERDAY        0.10          1.09 1972   0.09   0.01      T
  MONTH TO DATE    2.17                      1.79   0.38     2.58
  SINCE MAR 1      5.62                      5.57   0.05     4.94
  SINCE JAN 1     17.75                     15.05   2.70    19.25

SNOWFALL (IN)
  YESTERDAY        0.0           1.8  1948   0.0    0.0       T
  MONTH TO DATE    0.3                       0.9   -0.6      6.0
  SINCE MAR 1      6.3                      12.5   -6.2     15.4
  SINCE JUL 1     97.1                      86.5   10.6     78.8
  SNOW DEPTH       0

DEGREE DAYS
 HEATING
  YESTERDAY       27                        24      3       27
  MONTH TO DATE  466                       464      2      507
  SINCE MAR 1   1498                      1431     67     1593
  SINCE JUL 1   7139                      7268   -129     7664

 COOLING
  YESTERDAY        0                         0      0        0
  MONTH TO DATE    0                         0      0        0
  SINCE MAR 1      0                         0      0        0
  SINCE JAN 1      0                         0      0        0
..................................................................


WIND (MPH)
  HIGHEST WIND SPEED    28   HIGHEST WIND DIRECTION     E (110)
  HIGHEST GUST SPEED    33   HIGHEST GUST DIRECTION     E (110)
  AVERAGE WIND SPEED    12.4


SKY COVER
  POSSIBLE SUNSHINE  MM
  AVERAGE SKY COVER 0.9


WEATHER CONDITIONS
 THE FOLLOWING WEATHER WAS RECORDED YESTERDAY.
  LIGHT RAIN
  FOG


RELATIVE HUMIDITY (PERCENT)
 HIGHEST    92           700 AM
 LOWEST     70           500 PM
 AVERAGE    81

..........................................................


THE JUNEAU CLIMATE NORMALS FOR TODAY
                         NORMAL    RECORD    YEAR
 MAXIMUM TEMPERATURE (F)   50        62      1978
 MINIMUM TEMPERATURE (F)   34        17      1948


SUNRISE AND SUNSET
APRIL 19 2014.........SUNRISE   535 AM AKDT  SUNSET   821 PM AKDT
APRIL 20 2014.........SUNRISE   533 AM AKDT  SUNSET   823 PM AKDT


-  INDICATES NEGATIVE NUMBERS.
R  INDICATES RECORD WAS SET OR TIED.
MM INDICATES DATA IS MISSING.
T  INDICATES TRACE AMOUNT.




$$


&&
----------------------------
AMOUNT OF DAYLIGHT TODAY  (HOUR:MIN)........14:46
GAIN/LOSS SINCE YESTERDAY (HOUR:MIN:SEC)....+0:04:59
