000
CDAK47 PAJK 150041
CLIJNU
AKZ025-151200-
CLIMATE REPORT
NATIONAL WEATHER SERVICE JUNEAU, AK
434 PM AKDT SUN SEP 14 2014


...................................

...THE JUNEAU CLIMATE SUMMARY FOR SEPTEMBER 14 2014...
VALID TODAY AS OF 0300 PM LOCAL TIME.

CLIMATE NORMAL PERIOD 1981 TO 2010
CLIMATE RECORD PERIOD 1943 TO 2014


WEATHER ITEM   OBSERVED TIME   RECORD YEAR NORMAL DEPARTURE LAST
                VALUE   (LST)  VALUE       VALUE  FROM      YEAR
                                                  NORMAL
..................................................................
TEMPERATURE (F)
 TODAY
  MAXIMUM         59    228 PM  69    1986  56      3       61
  MINIMUM         45    535 AM  32    1992  45      0       44
  AVERAGE         52                        50      2       53

PRECIPITATION (IN)
  TODAY            0.00          1.62 1952   0.30  -0.30     0.00
  MONTH TO DATE    3.39                      3.79  -0.40     3.65
  SINCE SEP 1      3.39                      3.79  -0.40     3.65
  SINCE JAN 1     47.49                     36.96  10.53    44.56

DEGREE DAYS
 HEATING
  TODAY           13                        15     -2       12
  MONTH TO DATE  180                       187     -7      130
  SINCE SEP 1    180                       187     -7      130
  SINCE JUL 1    656                       722    -66      565

 COOLING
  TODAY            0                         0      0        0
  MONTH TO DATE    0                         0      0        0
  SINCE SEP 1      0                         0      0        0
  SINCE JAN 1      0                         2     -2        9
..................................................................


WIND (MPH)
  HIGHEST WIND SPEED    10   HIGHEST WIND DIRECTION     W (250)
  HIGHEST GUST SPEED    12   HIGHEST GUST DIRECTION     W (260)
  AVERAGE WIND SPEED     2.2


SKY COVER
  POSSIBLE SUNSHINE  MM
  AVERAGE SKY COVER 0.8


WEATHER CONDITIONS
 THE FOLLOWING WEATHER WAS RECORDED TODAY.

  FOG
  FOG W/VISIBILITY <= 1/4 MILE


RELATIVE HUMIDITY (PERCENT)
 HIGHEST   100           300 AM
 LOWEST     80           100 PM
 AVERAGE    90

..........................................................


THE JUNEAU CLIMATE NORMALS FOR TOMORROW
                         NORMAL    RECORD    YEAR
 MAXIMUM TEMPERATURE (F)   56        72      2010
 MINIMUM TEMPERATURE (F)   45        30      2006


SUNRISE AND SUNSET
SEPTEMBER 14 2014.....SUNRISE   626 AM AKDT  SUNSET   720 PM AKDT
SEPTEMBER 15 2014.....SUNRISE   628 AM AKDT  SUNSET   717 PM AKDT


-  INDICATES NEGATIVE NUMBERS.
R  INDICATES RECORD WAS SET OR TIED.
MM INDICATES DATA IS MISSING.
T  INDICATES TRACE AMOUNT.




$$



&&
----------------------------
AMOUNT OF DAYLIGHT TODAY  (HOUR:MIN)........12:54
GAIN/LOSS SINCE YESTERDAY (HOUR:MIN:SEC)....-0:05:02
