000
CDAK47 PAJK 191244
CLIJNU
AKZ025-200000-
CLIMATE REPORT
NATIONAL WEATHER SERVICE JUNEAU, AK
443 AM AKDT SUN OCT 19 2014


...................................

...THE JUNEAU CLIMATE SUMMARY FOR OCTOBER 18 2014...

CLIMATE NORMAL PERIOD 1981 TO 2010
CLIMATE RECORD PERIOD 1943 TO 2014


WEATHER ITEM   OBSERVED TIME   RECORD YEAR NORMAL DEPARTURE LAST
                VALUE   (LST)  VALUE       VALUE  FROM      YEAR
                                                  NORMAL
..................................................................
TEMPERATURE (F)
 YESTERDAY
  MAXIMUM         49   1207 PM  56    1979  47      2       45
  MINIMUM         43    436 AM  23    1950  37      6       42
  AVERAGE         46                        42      4       44

PRECIPITATION (IN)
  YESTERDAY        0.41          1.51 1964   0.29   0.12     0.19
  MONTH TO DATE    5.07                      5.34  -0.27     5.93
  SINCE SEP 1     14.38                     13.98   0.40    13.46
  SINCE JAN 1     58.48                     47.15  11.33    54.37

SNOWFALL (IN)
  YESTERDAY        0.0           2.1  1949   0.0    0.0      0.0
  MONTH TO DATE    0.0                       0.1   -0.1       T
  SINCE SEP 1      T                         0.1   -0.1       T
  SINCE JUL 1      T                         0.1   -0.1       T
  SNOW DEPTH       0

DEGREE DAYS
 HEATING
  YESTERDAY       19                        23     -4       21
  MONTH TO DATE  350                       367    -17      352
  SINCE SEP 1    741                       816    -75      739
  SINCE JUL 1   1217                      1351   -134     1174

 COOLING
  YESTERDAY        0                         0      0        0
  MONTH TO DATE    0                         0      0        0
  SINCE SEP 1      0                         0      0        0
  SINCE JAN 1      0                         2     -2        9
..................................................................


WIND (MPH)
  HIGHEST WIND SPEED    16   HIGHEST WIND DIRECTION     E (90)
  HIGHEST GUST SPEED    20   HIGHEST GUST DIRECTION     E (80)
  AVERAGE WIND SPEED     5.7


SKY COVER
  POSSIBLE SUNSHINE  MM
  AVERAGE SKY COVER 1.0


WEATHER CONDITIONS
 THE FOLLOWING WEATHER WAS RECORDED YESTERDAY.
  RAIN
  LIGHT RAIN
  FOG


RELATIVE HUMIDITY (PERCENT)
 HIGHEST   100           300 AM
 LOWEST     86          1200 PM
 AVERAGE    93

..........................................................


THE JUNEAU CLIMATE NORMALS FOR TODAY
                         NORMAL    RECORD    YEAR
 MAXIMUM TEMPERATURE (F)   46        57      1964
 MINIMUM TEMPERATURE (F)   37        20      2004


SUNRISE AND SUNSET
OCTOBER 19 2014.......SUNRISE   744 AM AKDT  SUNSET   542 PM AKDT
OCTOBER 20 2014.......SUNRISE   746 AM AKDT  SUNSET   539 PM AKDT


-  INDICATES NEGATIVE NUMBERS.
R  INDICATES RECORD WAS SET OR TIED.
MM INDICATES DATA IS MISSING.
T  INDICATES TRACE AMOUNT.




$$


&&
----------------------------
AMOUNT OF DAYLIGHT TODAY  (HOUR:MIN)........ 9:58
GAIN/LOSS SINCE YESTERDAY (HOUR:MIN:SEC)....-0:04:58
