000
CDAK47 PAJK 030032
CLIJNU
AKZ025-031200-
CLIMATE REPORT
NATIONAL WEATHER SERVICE JUNEAU, AK
430 PM AKDT TUE JUN 2 2015


...................................

...THE JUNEAU CLIMATE SUMMARY FOR JUNE 2 2015...
VALID TODAY AS OF 0300 PM LOCAL TIME.

CLIMATE NORMAL PERIOD 1981 TO 2010
CLIMATE RECORD PERIOD 1943 TO 2015


WEATHER ITEM   OBSERVED TIME   RECORD YEAR NORMAL DEPARTURE LAST
                VALUE   (LST)  VALUE       VALUE  FROM      YEAR
                                                  NORMAL
..................................................................
TEMPERATURE (F)
 TODAY
  MAXIMUM         68    253 PM  82    1946  61      7       58
  MINIMUM         51    421 AM  34    1944  45      6       46
  AVERAGE         60                        53      7       52

PRECIPITATION (IN)
  TODAY            0.00          1.02 1977   0.11  -0.11     0.18
  MONTH TO DATE    0.00                      0.21  -0.21     0.18
  SINCE JUN 1      0.00                      0.21  -0.21     0.18
  SINCE JAN 1     27.82                     19.81   8.01    20.10

DEGREE DAYS
 HEATING
  TODAY            5                        12     -7       13
  MONTH TO DATE   11                        24    -13       27
  SINCE JUN 1     11                        24    -13       27
  SINCE JUL 1   7108                      8060   -952     7799

 COOLING
  TODAY            0                         0      0        0
  MONTH TO DATE    0                         0      0        0
  SINCE JUN 1      0                         0      0        0
  SINCE JAN 1      0                         0      0        0
..................................................................


WIND (MPH)
  HIGHEST WIND SPEED    13   HIGHEST WIND DIRECTION    SW (240)
  HIGHEST GUST SPEED    17   HIGHEST GUST DIRECTION    SW (220)
  AVERAGE WIND SPEED     7.7


SKY COVER
  POSSIBLE SUNSHINE  MM
  AVERAGE SKY COVER 0.7


WEATHER CONDITIONS
 THE FOLLOWING WEATHER WAS RECORDED TODAY.
  NO SIGNIFICANT WEATHER WAS OBSERVED.


RELATIVE HUMIDITY (PERCENT)
 HIGHEST    77           300 AM
 LOWEST     56           100 PM
 AVERAGE    67

..........................................................


THE JUNEAU CLIMATE NORMALS FOR TOMORROW
                         NORMAL    RECORD    YEAR
 MAXIMUM TEMPERATURE (F)   61        79      2009
                                             1954
 MINIMUM TEMPERATURE (F)   45        31      1971


SUNRISE AND SUNSET
JUNE  2 2015..........SUNRISE   401 AM AKDT  SUNSET   952 PM AKDT
JUNE  3 2015..........SUNRISE   400 AM AKDT  SUNSET   954 PM AKDT


-  INDICATES NEGATIVE NUMBERS.
R  INDICATES RECORD WAS SET OR TIED.
MM INDICATES DATA IS MISSING.
T  INDICATES TRACE AMOUNT.


$$


&&
----------------------------
AMOUNT OF DAYLIGHT TODAY  (HOUR:MIN)........17:51
GAIN/LOSS SINCE YESTERDAY (HOUR:MIN:SEC)....+0:02:45
