000
CDAK47 PAJK 131134
CLIJNU
AKZ025-132300-
NATIONAL WEATHER SERVICE JUNEAU, AK
230 AM AKST SAT FEB 13 2016


...................................

...THE JUNEAU CLIMATE SUMMARY FOR FEBRUARY 12 2016...

CLIMATE NORMAL PERIOD 1981 TO 2010
CLIMATE RECORD PERIOD 1936 TO 2016


WEATHER ITEM   OBSERVED TIME   RECORD YEAR NORMAL DEPARTURE LAST
                VALUE   (LST)  VALUE       VALUE  FROM      YEAR
                                                  NORMAL
..................................................................
TEMPERATURE (F)
 YESTERDAY
  MAXIMUM         45    400 PM  46    1998  35     10       39
  MINIMUM         37   1207 AM  -8    1979  25     12       33
  AVERAGE         41                        30     11       36

PRECIPITATION (IN)
  YESTERDAY        0.12          1.22 1996   0.14  -0.02     0.30
  MONTH TO DATE    1.33                      1.80  -0.47     1.02
  SINCE DEC 1     10.28                     12.99  -2.71    16.29
  SINCE JAN 1      7.86                      7.15   0.71    13.00

SNOWFALL (IN)
  YESTERDAY        0.0           8.0  1983   0.6   -0.6      0.0
  MONTH TO DATE    T                         8.5   -8.5     10.3
  SINCE DEC 1     16.3                      51.8  -35.5     28.9
  SINCE JUL 1     32.9                      65.7  -32.8     38.7
  SNOW DEPTH       0

DEGREE DAYS
 HEATING
  YESTERDAY       24                        35    -11       29
  MONTH TO DATE  322                       427   -105      495
  SINCE DEC 1   2265                      2656   -391     2387
  SINCE JUL 1   4696                      5287   -591     4796
..................................................................


WIND (MPH)
  HIGHEST WIND SPEED    23   HIGHEST WIND DIRECTION    SE (120)
  HIGHEST GUST SPEED    30   HIGHEST GUST DIRECTION    SE (120)
  AVERAGE WIND SPEED    11.4


SKY COVER
  AVERAGE SKY COVER 1.0


WEATHER CONDITIONS
 THE FOLLOWING WEATHER WAS RECORDED YESTERDAY.
  LIGHT RAIN
  FOG


RELATIVE HUMIDITY (PERCENT)
 HIGHEST   100           700 AM
 LOWEST     76           700 PM
 AVERAGE    88

..........................................................


THE JUNEAU CLIMATE NORMALS FOR TODAY
                         NORMAL    RECORD    YEAR
 MAXIMUM TEMPERATURE (F)   35        50      2004
 MINIMUM TEMPERATURE (F)   25       -10      1979


SUNRISE AND SUNSET
FEBRUARY 13 2016......SUNRISE   736 AM AKST  SUNSET   450 PM AKST
FEBRUARY 14 2016......SUNRISE   734 AM AKST  SUNSET   452 PM AKST


-  INDICATES NEGATIVE NUMBERS.
R  INDICATES RECORD WAS SET OR TIED.
MM INDICATES DATA IS MISSING.
T  INDICATES TRACE AMOUNT.




$$

&&
----------------------------
AMOUNT OF DAYLIGHT TODAY  (HOUR:MIN)........ 9:13
GAIN/LOSS SINCE YESTERDAY (HOUR:MIN:SEC)....+0:04:54
