000
CDUS41 KCTP 292118
CLIJST


CLIMATE REPORT
NATIONAL WEATHER SERVICE STATE COLLEGE PA
518 PM EDT SUN MAR 29 2015


...................................

...THE JOHNSTOWN CLIMATE SUMMARY FOR MARCH 29 2015...
VALID TODAY AS OF 0500 PM LOCAL TIME.

CLIMATE NORMAL PERIOD 1981 TO 2010
CLIMATE RECORD PERIOD 2000 TO 2015


WEATHER ITEM   OBSERVED TIME   RECORD YEAR NORMAL DEPARTURE LAST
                VALUE   (LST)  VALUE       VALUE  FROM      YEAR
                                                  NORMAL
..................................................................
TEMPERATURE (F)
 TODAY
  MAXIMUM         41    354 PM  85    1907  49     -8       47
  MINIMUM         12R   527 AM  12    1923  32    -20       33
  AVERAGE         27                        40    -13       40

PRECIPITATION (IN)
  TODAY            0.00          1.60 1898   0.13  -0.13     0.75
  MONTH TO DATE    4.05                      3.01   1.04     1.87
  SINCE MAR 1      4.05                      3.01   1.04     1.87
  SINCE JAN 1      7.45                      8.24  -0.79     5.91

DEGREE DAYS
 HEATING
  TODAY           38                        25     13       25
  MONTH TO DATE  933                       865     68     1039
  SINCE MAR 1    933                       865     68     1039
  SINCE JUL 1   6122                      5744    378     6367

 COOLING
  TODAY            0                         0      0        0
  MONTH TO DATE    0                         0      0        0
  SINCE MAR 1      0                         0      0        0
  SINCE JAN 1      0                         0      0        0
..................................................................


WIND (MPH)
  HIGHEST WIND SPEED    16   HIGHEST WIND DIRECTION    NW (300)
  HIGHEST GUST SPEED    20   HIGHEST GUST DIRECTION     W (290)
  AVERAGE WIND SPEED     9.3


SKY COVER
  POSSIBLE SUNSHINE  MM
  AVERAGE SKY COVER 0.0


WEATHER CONDITIONS
 THE FOLLOWING WEATHER WAS RECORDED TODAY.
  NO SIGNIFICANT WEATHER WAS OBSERVED.


RELATIVE HUMIDITY (PERCENT)
 HIGHEST    76           600 AM
 LOWEST     27           300 PM
 AVERAGE    52

..........................................................


THE JOHNSTOWN CLIMATE NORMALS FOR TOMORROW
                         NORMAL    RECORD    YEAR
 MAXIMUM TEMPERATURE (F)   49        85      1986
 MINIMUM TEMPERATURE (F)   32        11      1970


SUNRISE AND SUNSET
MARCH 29 2015.........SUNRISE   704 AM EDT   SUNSET   736 PM EDT
MARCH 30 2015.........SUNRISE   703 AM EDT   SUNSET   738 PM EDT


-  INDICATES NEGATIVE NUMBERS.
R  INDICATES RECORD WAS SET OR TIED.
MM INDICATES DATA IS MISSING.
T  INDICATES TRACE AMOUNT.




$$
