000
CDUS41 KCTP 210627
CLIJST


CLIMATE REPORT
NATIONAL WEATHER SERVICE STATE COLLEGE PA
227 AM EDT TUE OCT 21 2014


...................................

...THE JOHNSTOWN CLIMATE SUMMARY FOR OCTOBER 20 2014...

CLIMATE NORMAL PERIOD 1981 TO 2010
CLIMATE RECORD PERIOD 2000 TO 2014


WEATHER ITEM   OBSERVED TIME   RECORD YEAR NORMAL DEPARTURE LAST
                VALUE   (LST)  VALUE       VALUE  FROM      YEAR
                                                  NORMAL
..................................................................
TEMPERATURE (F)
 YESTERDAY
  MAXIMUM         52    219 PM  87    1910  57     -5       51
  MINIMUM         39    527 AM  19    1972  40     -1       35
  AVERAGE         46                        49     -3       43

PRECIPITATION (IN)
  YESTERDAY        T             1.12 1905   0.10  -0.10     0.00
  MONTH TO DATE    2.34                      2.04   0.30     2.18
  SINCE SEP 1      3.54                      2.04   1.50     6.25
  SINCE JAN 1     29.44                     26.33   3.11    31.20

DEGREE DAYS
 HEATING
  YESTERDAY       19                        16      3       22
  MONTH TO DATE  232                       278    -46      181
  SINCE SEP 1    382                       458    -76      398
  SINCE JUL 1    465                       496    -31      469

 COOLING
  YESTERDAY        0                         0      0        0
  MONTH TO DATE    0                         0      0       16
  SINCE SEP 1     46                        22     24       47
  SINCE JAN 1    341                       382    -41      393
..................................................................


WIND (MPH)
  HIGHEST WIND SPEED    14   HIGHEST WIND DIRECTION    SW (210)
  HIGHEST GUST SPEED    20   HIGHEST GUST DIRECTION     S (180)
  AVERAGE WIND SPEED     8.2


SKY COVER
  POSSIBLE SUNSHINE  MM
  AVERAGE SKY COVER 0.6


WEATHER CONDITIONS
 THE FOLLOWING WEATHER WAS RECORDED YESTERDAY.
  LIGHT RAIN


RELATIVE HUMIDITY (PERCENT)
 HIGHEST    77          1100 PM
 LOWEST     50           400 PM
 AVERAGE    64

..........................................................


THE JOHNSTOWN CLIMATE NORMALS FOR TODAY
                         NORMAL    RECORD    YEAR
 MAXIMUM TEMPERATURE (F)   57        85      1963
 MINIMUM TEMPERATURE (F)   40        20      1972


SUNRISE AND SUNSET
OCTOBER 21 2014.......SUNRISE   733 AM EDT   SUNSET   627 PM EDT
OCTOBER 22 2014.......SUNRISE   734 AM EDT   SUNSET   625 PM EDT


-  INDICATES NEGATIVE NUMBERS.
R  INDICATES RECORD WAS SET OR TIED.
MM INDICATES DATA IS MISSING.
T  INDICATES TRACE AMOUNT.




$$
