000
CDUS41 KCTP 250626
CLIJST


CLIMATE REPORT
NATIONAL WEATHER SERVICE STATE COLLEGE PA
225 AM EDT TUE APR 25 2017


...................................

...THE JOHNSTOWN CLIMATE SUMMARY FOR APRIL 24 2017...

CLIMATE NORMAL PERIOD 1981 TO 2010
CLIMATE RECORD PERIOD 1892 TO 2017


WEATHER ITEM   OBSERVED TIME   RECORD YEAR NORMAL DEPARTURE LAST
                VALUE   (LST)  VALUE       VALUE  FROM      YEAR
                                                  NORMAL
..................................................................
TEMPERATURE (F)
 YESTERDAY
  MAXIMUM         54   1130 AM  93    1925  60     -6       66
  MINIMUM         43    209 AM  25    1930  41      2       39
  AVERAGE         49                        51     -2       53

PRECIPITATION (IN)
  YESTERDAY        0.01          1.09 1983   0.10  -0.09     0.00
  MONTH TO DATE    2.60                      2.91  -0.31     1.50
  SINCE MAR 1      6.66                      6.20   0.46     3.10
  SINCE JAN 1     12.32                     11.43   0.89     5.95

DEGREE DAYS
 HEATING
  YESTERDAY       16                        15      1       12
  MONTH TO DATE  296                       457   -161      458
  SINCE MAR 1   1226                      1370   -144     1080
  SINCE JUL 1   5146                      6249  -1103     5143

 COOLING
  YESTERDAY        0                         0      0        0
  MONTH TO DATE    0                         0      0        0
  SINCE MAR 1      0                         0      0        0
  SINCE JAN 1      0                         0      0        0
..................................................................


WIND (MPH)
  HIGHEST WIND SPEED    20   HIGHEST WIND DIRECTION     E (100)
  HIGHEST GUST SPEED    30   HIGHEST GUST DIRECTION    SE (120)
  AVERAGE WIND SPEED     8.4


SKY COVER
  POSSIBLE SUNSHINE  MM
  AVERAGE SKY COVER 0.6


WEATHER CONDITIONS
 THE FOLLOWING WEATHER WAS RECORDED YESTERDAY.
  LIGHT RAIN


RELATIVE HUMIDITY (PERCENT)
 HIGHEST    86           900 PM
 LOWEST     45          1200 PM
 AVERAGE    66

..........................................................


THE JOHNSTOWN CLIMATE NORMALS FOR TODAY
                         NORMAL    RECORD    YEAR
 MAXIMUM TEMPERATURE (F)   61        95      1915
 MINIMUM TEMPERATURE (F)   41        26      1919


SUNRISE AND SUNSET
APRIL 25 2017.........SUNRISE   622 AM EDT   SUNSET   805 PM EDT
APRIL 26 2017.........SUNRISE   621 AM EDT   SUNSET   806 PM EDT


-  INDICATES NEGATIVE NUMBERS.
R  INDICATES RECORD WAS SET OR TIED.
MM INDICATES DATA IS MISSING.
T  INDICATES TRACE AMOUNT.




$$
