000
CDUS41 KCTP 280616
CLIJST


CLIMATE REPORT
NATIONAL WEATHER SERVICE STATE COLLEGE PA
215 AM EDT SUN AUG 28 2016


...................................

...THE JOHNSTOWN CLIMATE SUMMARY FOR AUGUST 27 2016...

CLIMATE NORMAL PERIOD 1981 TO 2010
CLIMATE RECORD PERIOD 1892 TO 2016


WEATHER ITEM   OBSERVED TIME   RECORD YEAR NORMAL DEPARTURE LAST
                VALUE   (LST)  VALUE       VALUE  FROM      YEAR
                                                  NORMAL
..................................................................
TEMPERATURE (F)
 YESTERDAY
  MAXIMUM         84    328 PM 101    1948  74     10       65
  MINIMUM         61    517 AM  41    1944  58      3       54
  AVERAGE         73                        66      7       60

PRECIPITATION (IN)
  YESTERDAY        0.00          1.60 1899   0.11  -0.11     0.00
  MONTH TO DATE    3.67                      3.36   0.31     2.70
  SINCE JUN 1     12.87                      7.21   5.66    19.25
  SINCE JAN 1     23.67                     23.85  -0.18    33.65

DEGREE DAYS
 HEATING
  YESTERDAY        0                         1     -1        5
  MONTH TO DATE    0                        23    -23       21
  SINCE JUN 1     54                       110    -56       89
  SINCE JUL 1     11                        36    -25       28

 COOLING
  YESTERDAY        8                         3      5        0
  MONTH TO DATE  212                       108    104      101
  SINCE JUN 1    538                       333    205      347
  SINCE JAN 1    576                       351    225      431
..................................................................


WIND (MPH)
  HIGHEST WIND SPEED    14   HIGHEST WIND DIRECTION     S (170)
  HIGHEST GUST SPEED    17   HIGHEST GUST DIRECTION     S (160)
  AVERAGE WIND SPEED     4.9


SKY COVER
  POSSIBLE SUNSHINE  MM
  AVERAGE SKY COVER 0.0


WEATHER CONDITIONS
 THE FOLLOWING WEATHER WAS RECORDED YESTERDAY.
  NO SIGNIFICANT WEATHER WAS OBSERVED.


RELATIVE HUMIDITY (PERCENT)
 HIGHEST    93           500 AM
 LOWEST     51           300 PM
 AVERAGE    72

..........................................................


THE JOHNSTOWN CLIMATE NORMALS FOR TODAY
                         NORMAL    RECORD    YEAR
 MAXIMUM TEMPERATURE (F)   74       100      1948
 MINIMUM TEMPERATURE (F)   58        41      1941


SUNRISE AND SUNSET
AUGUST 28 2016........SUNRISE   639 AM EDT   SUNSET   753 PM EDT
AUGUST 29 2016........SUNRISE   640 AM EDT   SUNSET   751 PM EDT


-  INDICATES NEGATIVE NUMBERS.
R  INDICATES RECORD WAS SET OR TIED.
MM INDICATES DATA IS MISSING.
T  INDICATES TRACE AMOUNT.




$$
