000
CDUS41 KCTP 220642
CLIJST


CLIMATE REPORT
NATIONAL WEATHER SERVICE STATE COLLEGE PA
142 AM EST WED FEB 22 2017


...................................

...THE JOHNSTOWN CLIMATE SUMMARY FOR FEBRUARY 21 2017...

CLIMATE NORMAL PERIOD 1981 TO 2010
CLIMATE RECORD PERIOD 1892 TO 2017


WEATHER ITEM   OBSERVED TIME   RECORD YEAR NORMAL DEPARTURE LAST
                VALUE   (LST)  VALUE       VALUE  FROM      YEAR
                                                  NORMAL
..................................................................
TEMPERATURE (F)
 YESTERDAY
  MAXIMUM         52    218 PM  68    1976  35     17       55
  MINIMUM         37    806 AM   1    2008  21     16       34
  AVERAGE         45                        28     17       45

PRECIPITATION (IN)
  YESTERDAY        0.00          1.07 1989   0.08  -0.08     0.00
  MONTH TO DATE    1.90                      1.75   0.15     1.31
  SINCE DEC 1      9.27                      7.20   2.07     5.91
  SINCE JAN 1      5.09                      4.63   0.46     2.18

DEGREE DAYS
 HEATING
  YESTERDAY       20                        37    -17       20
  MONTH TO DATE  638                       811   -173      779
  SINCE DEC 1   2724                      3170   -446     2713
  SINCE JUL 1   3793                      4628   -835     3831

 COOLING
  YESTERDAY        0                         0      0        0
  MONTH TO DATE    0                         0      0        0
  SINCE DEC 1      0                         0      0        0
  SINCE JAN 1      0                         0      0        0
..................................................................


WIND (MPH)
  HIGHEST WIND SPEED    18   HIGHEST WIND DIRECTION     S (160)
  HIGHEST GUST SPEED    23   HIGHEST GUST DIRECTION     S (160)
  AVERAGE WIND SPEED    10.4


SKY COVER
  POSSIBLE SUNSHINE  MM
  AVERAGE SKY COVER 0.2


WEATHER CONDITIONS
 THE FOLLOWING WEATHER WAS RECORDED YESTERDAY.
  NO SIGNIFICANT WEATHER WAS OBSERVED.


RELATIVE HUMIDITY (PERCENT)
 HIGHEST    60           800 PM
 LOWEST     44           200 PM
 AVERAGE    52

..........................................................


THE JOHNSTOWN CLIMATE NORMALS FOR TODAY
                         NORMAL    RECORD    YEAR
 MAXIMUM TEMPERATURE (F)   36        68      1922
 MINIMUM TEMPERATURE (F)   21        -4      1963


SUNRISE AND SUNSET
FEBRUARY 22 2017......SUNRISE   659 AM EST   SUNSET   559 PM EST
FEBRUARY 23 2017......SUNRISE   657 AM EST   SUNSET   600 PM EST


-  INDICATES NEGATIVE NUMBERS.
R  INDICATES RECORD WAS SET OR TIED.
MM INDICATES DATA IS MISSING.
T  INDICATES TRACE AMOUNT.




$$
