299
CDUS41 KCTP 180646
CLIJST


CLIMATE REPORT
NATIONAL WEATHER SERVICE STATE COLLEGE PA
146 AM EST WED JAN 18 2017


...................................

...THE JOHNSTOWN CLIMATE SUMMARY FOR JANUARY 17 2017...

CLIMATE NORMAL PERIOD 1981 TO 2010
CLIMATE RECORD PERIOD 1892 TO 2017


WEATHER ITEM   OBSERVED TIME   RECORD YEAR NORMAL DEPARTURE LAST
                VALUE   (LST)  VALUE       VALUE  FROM      YEAR
                                                  NORMAL
..................................................................
TEMPERATURE (F)
 YESTERDAY
  MAXIMUM         55    719 PM  66    1990  32     23       27
  MINIMUM         36    121 AM -15    1982  18     18       11
  AVERAGE         46                        25     21       19

PRECIPITATION (IN)
  YESTERDAY        0.11          1.40 1985   0.11   0.00      T
  MONTH TO DATE    1.97                      1.80   0.17     0.72
  SINCE DEC 1      6.15                      4.37   1.78     4.45
  SINCE JAN 1      1.97                      1.80   0.17     0.72

DEGREE DAYS
 HEATING
  YESTERDAY       19                        40    -21       46
  MONTH TO DATE  607                       673    -66      661
  SINCE DEC 1   1680                      1800   -120     1335
  SINCE JUL 1   2749                      3257   -508     2453

 COOLING
  YESTERDAY        0                         0      0        0
  MONTH TO DATE    0                         0      0        0
  SINCE DEC 1      0                         0      0        0
  SINCE JAN 1      0                         0      0        0
..................................................................


WIND (MPH)
  HIGHEST WIND SPEED    24   HIGHEST WIND DIRECTION     W (280)
  HIGHEST GUST SPEED    33   HIGHEST GUST DIRECTION     W (250)
  AVERAGE WIND SPEED    11.3


SKY COVER
  POSSIBLE SUNSHINE  MM
  AVERAGE SKY COVER 1.0


WEATHER CONDITIONS
 THE FOLLOWING WEATHER WAS RECORDED YESTERDAY.
  RAIN
  LIGHT RAIN
  FOG
  FOG W/VISIBILITY <= 1/4 MILE


RELATIVE HUMIDITY (PERCENT)
 HIGHEST   100          1200 AM
 LOWEST     83          1000 PM
 AVERAGE    92

..........................................................


THE JOHNSTOWN CLIMATE NORMALS FOR TODAY
                         NORMAL    RECORD    YEAR
 MAXIMUM TEMPERATURE (F)   32        62      1952
 MINIMUM TEMPERATURE (F)   18       -12      1977


SUNRISE AND SUNSET
JANUARY 18 2017.......SUNRISE   735 AM EST   SUNSET   517 PM EST
JANUARY 19 2017.......SUNRISE   734 AM EST   SUNSET   519 PM EST


-  INDICATES NEGATIVE NUMBERS.
R  INDICATES RECORD WAS SET OR TIED.
MM INDICATES DATA IS MISSING.
T  INDICATES TRACE AMOUNT.




$$
