000
CDUS41 KCTP 240623
CLIJST


CLIMATE REPORT
NATIONAL WEATHER SERVICE STATE COLLEGE PA
222 AM EDT SUN MAY 24 2015


...................................

...THE JOHNSTOWN CLIMATE SUMMARY FOR MAY 23 2015...

CLIMATE NORMAL PERIOD 1981 TO 2010
CLIMATE RECORD PERIOD 2000 TO 2015


WEATHER ITEM   OBSERVED TIME   RECORD YEAR NORMAL DEPARTURE LAST
                VALUE   (LST)  VALUE       VALUE  FROM      YEAR
                                                  NORMAL
..................................................................
TEMPERATURE (F)
 YESTERDAY
  MAXIMUM         66    446 PM  93    1925  68     -2       60
  MINIMUM         35    506 AM  32    2006  49    -14       47
  AVERAGE         51                        59     -8       54

PRECIPITATION (IN)
  YESTERDAY        0.00          1.22 1941   0.18  -0.18      T
  MONTH TO DATE    2.00                      3.25  -1.25     3.17
  SINCE MAR 1     10.46                     10.13   0.33     8.91
  SINCE JAN 1     13.86                     15.36  -1.50    12.95

DEGREE DAYS
 HEATING
  YESTERDAY       14                         7      7       11
  MONTH TO DATE  129                       226    -97      227
  SINCE MAR 1   1585                      1677    -92     1857
  SINCE JUL 1   6774                      6557    217     7185

 COOLING
  YESTERDAY        0                         1     -1        0
  MONTH TO DATE   43                        10     33       15
  SINCE MAR 1     43                        15     28       19
  SINCE JAN 1     43                        15     28       19
..................................................................


WIND (MPH)
  HIGHEST WIND SPEED    14   HIGHEST WIND DIRECTION    NW (300)
  HIGHEST GUST SPEED    18   HIGHEST GUST DIRECTION    NW (320)
  AVERAGE WIND SPEED     5.1


SKY COVER
  POSSIBLE SUNSHINE  MM
  AVERAGE SKY COVER 0.0


WEATHER CONDITIONS
 THE FOLLOWING WEATHER WAS RECORDED YESTERDAY.
  NO SIGNIFICANT WEATHER WAS OBSERVED.


RELATIVE HUMIDITY (PERCENT)
 HIGHEST    54           600 AM
 LOWEST     26           200 PM
 AVERAGE    40

..........................................................


THE JOHNSTOWN CLIMATE NORMALS FOR TODAY
                         NORMAL    RECORD    YEAR
 MAXIMUM TEMPERATURE (F)   68        93      1908
 MINIMUM TEMPERATURE (F)   50        31      1963


SUNRISE AND SUNSET
MAY 24 2015...........SUNRISE   552 AM EDT   SUNSET   833 PM EDT
MAY 25 2015...........SUNRISE   552 AM EDT   SUNSET   833 PM EDT


-  INDICATES NEGATIVE NUMBERS.
R  INDICATES RECORD WAS SET OR TIED.
MM INDICATES DATA IS MISSING.
T  INDICATES TRACE AMOUNT.




$$
