000
CDUS41 KCTP 272125
CLIJST


CLIMATE REPORT
NATIONAL WEATHER SERVICE STATE COLLEGE PA
524 PM EDT WED JUL 27 2016


...................................

...THE JOHNSTOWN CLIMATE SUMMARY FOR JULY 27 2016...
VALID TODAY AS OF 0500 PM LOCAL TIME.

CLIMATE NORMAL PERIOD 1981 TO 2010
CLIMATE RECORD PERIOD 1892 TO 2016


WEATHER ITEM   OBSERVED TIME   RECORD YEAR NORMAL DEPARTURE LAST
                VALUE   (LST)  VALUE       VALUE  FROM      YEAR
                                                  NORMAL
..................................................................
TEMPERATURE (F)
 TODAY
  MAXIMUM         85    359 PM  97    1894  79      6       84
  MINIMUM         66    504 AM  46    1920  60      6       65
  AVERAGE         76                        69      7       75

PRECIPITATION (IN)
  TODAY            T             1.31 1906   0.13  -0.13     0.00
  MONTH TO DATE    1.83                      3.29  -1.46     4.52
  SINCE JUN 1      6.51                      3.29   3.22    16.48
  SINCE JAN 1     17.31                     19.93  -2.62    30.88

DEGREE DAYS
 HEATING
  TODAY            0                         0      0        0
  MONTH TO DATE   11                         8      3        7
  SINCE JUN 1     54                        87    -33       68
  SINCE JUL 1     11                         8      3        7

 COOLING
  TODAY           11                         5      6       10
  MONTH TO DATE  206                       130     76      121
  SINCE JUN 1    300                       205     95      211
  SINCE JAN 1    338                       223    115      295
..................................................................


WIND (MPH)
  HIGHEST WIND SPEED    14   HIGHEST WIND DIRECTION     W (290)
  HIGHEST GUST SPEED    18   HIGHEST GUST DIRECTION    NW (320)
  AVERAGE WIND SPEED     5.4


SKY COVER
  POSSIBLE SUNSHINE  MM
  AVERAGE SKY COVER 0.3


WEATHER CONDITIONS
 THE FOLLOWING WEATHER WAS RECORDED TODAY.
  LIGHT RAIN


RELATIVE HUMIDITY (PERCENT)
 HIGHEST    73           300 AM
 LOWEST     33           100 PM
 AVERAGE    53

..........................................................


THE JOHNSTOWN CLIMATE NORMALS FOR TOMORROW
                         NORMAL    RECORD    YEAR
 MAXIMUM TEMPERATURE (F)   79       102      1930
 MINIMUM TEMPERATURE (F)   60        47      1962


SUNRISE AND SUNSET
JULY 27 2016..........SUNRISE   609 AM EDT   SUNSET   834 PM EDT
JULY 28 2016..........SUNRISE   610 AM EDT   SUNSET   833 PM EDT


-  INDICATES NEGATIVE NUMBERS.
R  INDICATES RECORD WAS SET OR TIED.
MM INDICATES DATA IS MISSING.
T  INDICATES TRACE AMOUNT.




$$
