000
CDUS41 KCTP 162133
CLIJST


CLIMATE REPORT
NATIONAL WEATHER SERVICE STATE COLLEGE PA
533 PM EDT MON OCT 16 2017


...................................

...THE JOHNSTOWN CLIMATE SUMMARY FOR OCTOBER 16 2017...
VALID TODAY AS OF 0500 PM LOCAL TIME.

CLIMATE NORMAL PERIOD 1981 TO 2010
CLIMATE RECORD PERIOD 1892 TO 2017


WEATHER ITEM   OBSERVED TIME   RECORD YEAR NORMAL DEPARTURE LAST
                VALUE   (LST)  VALUE       VALUE  FROM      YEAR
                                                  NORMAL
..................................................................
TEMPERATURE (F)
 TODAY
  MAXIMUM         54    132 PM  88    1962  58     -4       73
  MINIMUM         43    732 AM  25    1944  41      2       54
  AVERAGE         49                        50     -1       64

PRECIPITATION (IN)
  TODAY            T             3.65 1954   0.09  -0.09     0.00
  MONTH TO DATE    1.87                      1.65   0.22     1.43
  SINCE SEP 1      4.04                      1.65   2.39     4.35
  SINCE JAN 1     38.29                     25.94  12.35    29.00

DEGREE DAYS
 HEATING
  TODAY           16                        15      1        1
  MONTH TO DATE   62                       214   -152      163
  SINCE SEP 1    189                       394   -205      229
  SINCE JUL 1    230                       432   -202      240

 COOLING
  TODAY            0                         0      0        0
  MONTH TO DATE   22                         0     22        0
  SINCE SEP 1     95                        22     73       86
  SINCE JAN 1    497                       382    115      689
..................................................................


WIND (MPH)
  HIGHEST WIND SPEED    22   HIGHEST WIND DIRECTION    NW (300)
  HIGHEST GUST SPEED    29   HIGHEST GUST DIRECTION    NW (310)
  AVERAGE WIND SPEED    14.5


SKY COVER
  POSSIBLE SUNSHINE  MM
  AVERAGE SKY COVER 0.6


WEATHER CONDITIONS
 THE FOLLOWING WEATHER WAS RECORDED TODAY.
  LIGHT RAIN


RELATIVE HUMIDITY (PERCENT)
 HIGHEST    93           300 AM
 LOWEST     50          1200 PM
 AVERAGE    72

..........................................................


THE JOHNSTOWN CLIMATE NORMALS FOR TOMORROW
                         NORMAL    RECORD    YEAR
 MAXIMUM TEMPERATURE (F)   58        87      1938
 MINIMUM TEMPERATURE (F)   41        26      1937


SUNRISE AND SUNSET
OCTOBER 16 2017.......SUNRISE   727 AM EDT   SUNSET   634 PM EDT
OCTOBER 17 2017.......SUNRISE   728 AM EDT   SUNSET   632 PM EDT


-  INDICATES NEGATIVE NUMBERS.
R  INDICATES RECORD WAS SET OR TIED.
MM INDICATES DATA IS MISSING.
T  INDICATES TRACE AMOUNT.




$$
