000
CDUS41 KCTP 230653
CLIJST


CLIMATE REPORT
NATIONAL WEATHER SERVICE STATE COLLEGE PA
253 AM EDT FRI JUN 23 2017


...................................

...THE JOHNSTOWN CLIMATE SUMMARY FOR JUNE 22 2017...

CLIMATE NORMAL PERIOD 1981 TO 2010
CLIMATE RECORD PERIOD 1892 TO 2017


WEATHER ITEM   OBSERVED TIME   RECORD YEAR NORMAL DEPARTURE LAST
                VALUE   (LST)  VALUE       VALUE  FROM      YEAR
                                                  NORMAL
..................................................................
TEMPERATURE (F)
 YESTERDAY
  MAXIMUM         80    357 PM 100    1923  76      4       75
  MINIMUM         63    511 AM  35    1992  58      5       60
  AVERAGE         72                        67      5       68

PRECIPITATION (IN)
  YESTERDAY        T             1.30 1970   0.12  -0.12     0.00
  MONTH TO DATE    5.30                      3.09   2.21     4.25
  SINCE JUN 1      5.30                      3.09   2.21     4.25
  SINCE JAN 1     25.19                     19.73   5.46    15.05

DEGREE DAYS
 HEATING
  YESTERDAY        0                         1     -1        0
  MONTH TO DATE   44                        71    -27       38
  SINCE JUN 1     44                        71    -27       38
  SINCE JUL 1   5507                      6680  -1173     5525

 COOLING
  YESTERDAY        7                         3      4        3
  MONTH TO DATE   87                        46     41       64
  SINCE JUN 1     87                        46     41       64
  SINCE JAN 1    116                        70     46      102
..................................................................


WIND (MPH)
  HIGHEST WIND SPEED    22   HIGHEST WIND DIRECTION     N (340)
  HIGHEST GUST SPEED    27   HIGHEST GUST DIRECTION     N (340)
  AVERAGE WIND SPEED     7.7


SKY COVER
  POSSIBLE SUNSHINE  MM
  AVERAGE SKY COVER 0.3


WEATHER CONDITIONS
 THE FOLLOWING WEATHER WAS RECORDED YESTERDAY.
  THUNDERSTORM
  LIGHT RAIN


RELATIVE HUMIDITY (PERCENT)
 HIGHEST   100           500 AM
 LOWEST     67           300 PM
 AVERAGE    84

..........................................................


THE JOHNSTOWN CLIMATE NORMALS FOR TODAY
                         NORMAL    RECORD    YEAR
 MAXIMUM TEMPERATURE (F)   76        97      1894
 MINIMUM TEMPERATURE (F)   58        42      1902


SUNRISE AND SUNSET
JUNE 23 2017..........SUNRISE   546 AM EDT   SUNSET   849 PM EDT
JUNE 24 2017..........SUNRISE   546 AM EDT   SUNSET   849 PM EDT


-  INDICATES NEGATIVE NUMBERS.
R  INDICATES RECORD WAS SET OR TIED.
MM INDICATES DATA IS MISSING.
T  INDICATES TRACE AMOUNT.




$$
