000
CDUS41 KCTP 220623
CLIJST


CLIMATE REPORT
NATIONAL WEATHER SERVICE STATE COLLEGE PA
223 AM EDT TUE AUG 22 2017


...................................

...THE JOHNSTOWN CLIMATE SUMMARY FOR AUGUST 21 2017...

CLIMATE NORMAL PERIOD 1981 TO 2010
CLIMATE RECORD PERIOD 1892 TO 2017


WEATHER ITEM   OBSERVED TIME   RECORD YEAR NORMAL DEPARTURE LAST
                VALUE   (LST)  VALUE       VALUE  FROM      YEAR
                                                  NORMAL
..................................................................
TEMPERATURE (F)
 YESTERDAY
  MAXIMUM         81    323 PM  96    1916  76      5       74
  MINIMUM         65    120 AM  42    1922  59      6       62
  AVERAGE         73                        68      5       68

PRECIPITATION (IN)
  YESTERDAY        0.00          2.30 1900   0.13  -0.13     0.56
  MONTH TO DATE    1.90                      2.68  -0.78     3.26
  SINCE JUN 1     14.00                      6.53   7.47    12.46
  SINCE JAN 1     33.89                     23.17  10.72    23.26

DEGREE DAYS
 HEATING
  YESTERDAY        0                         1     -1        0
  MONTH TO DATE   10                        17     -7        0
  SINCE JUN 1     73                       104    -31       54
  SINCE JUL 1     14                        30    -16       11

 COOLING
  YESTERDAY        8                         3      5        3
  MONTH TO DATE   84                        90     -6      177
  SINCE JUN 1    361                       315     46      503
  SINCE JAN 1    390                       333     57      541
..................................................................


WIND (MPH)
  HIGHEST WIND SPEED    13   HIGHEST WIND DIRECTION     W (250)
  HIGHEST GUST SPEED    18   HIGHEST GUST DIRECTION    SW (230)
  AVERAGE WIND SPEED     7.3


SKY COVER
  POSSIBLE SUNSHINE  MM
  AVERAGE SKY COVER 0.1


WEATHER CONDITIONS
 THE FOLLOWING WEATHER WAS RECORDED YESTERDAY.
  NO SIGNIFICANT WEATHER WAS OBSERVED.


RELATIVE HUMIDITY (PERCENT)
 HIGHEST    87           200 AM
 LOWEST     58           100 PM
 AVERAGE    73

..........................................................


THE JOHNSTOWN CLIMATE NORMALS FOR TODAY
                         NORMAL    RECORD    YEAR
 MAXIMUM TEMPERATURE (F)   76        97      1916
 MINIMUM TEMPERATURE (F)   59        43      1956


SUNRISE AND SUNSET
AUGUST 22 2017........SUNRISE   633 AM EDT   SUNSET   802 PM EDT
AUGUST 23 2017........SUNRISE   634 AM EDT   SUNSET   801 PM EDT


-  INDICATES NEGATIVE NUMBERS.
R  INDICATES RECORD WAS SET OR TIED.
MM INDICATES DATA IS MISSING.
T  INDICATES TRACE AMOUNT.




$$
