000
CDUS43 KGRR 102232
CLIJXN


CLIMATE REPORT
NATIONAL WEATHER SERVICE GRAND RAPIDS, MI
531 PM EST SUN DEC 10 2017


...................................

...THE JACKSON MI CLIMATE SUMMARY FOR DECEMBER 10 2017...
VALID TODAY AS OF 0500 PM LOCAL TIME.

CLIMATE NORMAL PERIOD 1981 TO 2010
CLIMATE RECORD PERIOD 1944 TO 9999


WEATHER ITEM   OBSERVED TIME   NORMAL DEPARTURE LAST
                VALUE   (LST)  VALUE  FROM      YEAR
                                      NORMAL
......................................................
TEMPERATURE (F)
 TODAY
  MAXIMUM         27    459 PM  36     -9       24
  MINIMUM         22   1030 AM  23     -1       18
  AVERAGE         25            30     -5       21

PRECIPITATION (IN)
  TODAY            T             0.06  -0.06      T
  MONTH TO DATE    0.08          0.66  -0.58     0.38
  SINCE DEC 1      0.08          0.66  -0.58     0.38
  SINCE JAN 1     36.01         30.29   5.72    36.47

DEGREE DAYS
 HEATING
  TODAY           40            35      5       44
  MONTH TO DATE  306           336    -30      337
  SINCE DEC 1    306           336    -30      337
  SINCE JUL 1   1548          1740   -192     1307

 COOLING
  TODAY            0             0      0        0
  MONTH TO DATE    0             0      0        0
  SINCE DEC 1      0             0      0        0
  SINCE JAN 1    657           592     65      829
......................................................


WIND (MPH)
  RESULTANT WIND SPEED  11   RESULTANT WIND DIRECTION  SW (220)
  HIGHEST WIND SPEED    20   HIGHEST WIND DIRECTION    SW (210)
  HIGHEST GUST SPEED    24   HIGHEST GUST DIRECTION    SW (210)
  AVERAGE WIND SPEED    11.8


SKY COVER
  AVERAGE SKY COVER 1.0


WEATHER CONDITIONS
 THE FOLLOWING WEATHER WAS RECORDED TODAY.
  LIGHT SNOW
  FOG
  HAZE


RELATIVE HUMIDITY (PERCENT)
 HIGHEST    88           300 AM
 LOWEST     62          1200 PM
 AVERAGE    75

..........................................................


THE JACKSON MI CLIMATE NORMALS FOR TOMORROW
                         NORMAL
 MAXIMUM TEMPERATURE (F)   36
 MINIMUM TEMPERATURE (F)   23


SUNRISE AND SUNSET
DECEMBER 10 2017......SUNRISE   756 AM EST   SUNSET   506 PM EST
DECEMBER 11 2017......SUNRISE   757 AM EST   SUNSET   506 PM EST


-  INDICATES NEGATIVE NUMBERS.
R  INDICATES RECORD WAS SET OR TIED.
MM INDICATES DATA IS MISSING.
T  INDICATES TRACE AMOUNT.




$$

JAM
