000
CDUS43 KGRR 270517
CLIJXN


CLIMATE REPORT
NATIONAL WEATHER SERVICE GRAND RAPIDS, MI
116 AM EDT WED JUL 27 2016


...................................

...THE JACKSON MI CLIMATE SUMMARY FOR JULY 26 2016...

CLIMATE NORMAL PERIOD 1981 TO 2010
CLIMATE RECORD PERIOD 1944 TO 9999


WEATHER ITEM   OBSERVED TIME   NORMAL DEPARTURE LAST
                VALUE   (LST)  VALUE  FROM      YEAR
                                      NORMAL
......................................................
TEMPERATURE (F)
 YESTERDAY
  MAXIMUM         85    421 PM  82      3       86
  MINIMUM         61    437 AM  60      1       63
  AVERAGE         73            71      2       75

PRECIPITATION (IN)
  YESTERDAY        0.00          0.12  -0.12     0.00
  MONTH TO DATE    5.46          2.95   2.51     2.58
  SINCE JUN 1      6.49          6.22   0.27     9.81
  SINCE JAN 1     15.99         16.82  -0.83    20.44

DEGREE DAYS
 HEATING
  YESTERDAY        0             0      0        0
  MONTH TO DATE    4             1      3       13
  SINCE JUN 1     34            56    -22       45
  SINCE JUL 1      4             1      3       13

 COOLING
  YESTERDAY        8             6      2       10
  MONTH TO DATE  222           174     48      108
  SINCE JUN 1    374           300     74      194
  SINCE JAN 1    427           337     90      249
......................................................


WIND (MPH)
  RESULTANT WIND SPEED   1   RESULTANT WIND DIRECTION   W (280)
  HIGHEST WIND SPEED     9   HIGHEST WIND DIRECTION    NW (310)
  HIGHEST GUST SPEED    13   HIGHEST GUST DIRECTION     W (290)
  AVERAGE WIND SPEED     2.3


SKY COVER
  AVERAGE SKY COVER 0.1


WEATHER CONDITIONS
 THE FOLLOWING WEATHER WAS RECORDED YESTERDAY.
  FOG


RELATIVE HUMIDITY (PERCENT)
 HIGHEST   100           200 AM
 LOWEST     40           200 PM
 AVERAGE    70

..........................................................


THE JACKSON MI CLIMATE NORMALS FOR TODAY
                         NORMAL
 MAXIMUM TEMPERATURE (F)   82
 MINIMUM TEMPERATURE (F)   60


SUNRISE AND SUNSET
JULY 27 2016..........SUNRISE   626 AM EDT   SUNSET   902 PM EDT
JULY 28 2016..........SUNRISE   627 AM EDT   SUNSET   901 PM EDT


-  INDICATES NEGATIVE NUMBERS.
R  INDICATES RECORD WAS SET OR TIED.
MM INDICATES DATA IS MISSING.
T  INDICATES TRACE AMOUNT.




$$
