000
CDUS43 KGRR 211425
CLIJXN


CLIMATE REPORT
NATIONAL WEATHER SERVICE GRAND RAPIDS, MI
924 AM EST WED FEB 21 2018


...................................

...THE JACKSON MI CLIMATE SUMMARY FOR FEBRUARY 21 2018...
VALID AS OF 0900 AM LOCAL TIME.

CLIMATE NORMAL PERIOD 1981 TO 2010
CLIMATE RECORD PERIOD 1944 TO 9999


WEATHER ITEM   OBSERVED TIME   NORMAL DEPARTURE LAST
                VALUE   (LST)  VALUE  FROM      YEAR
                                      NORMAL
......................................................
TEMPERATURE (F)
 TODAY
  MAXIMUM         56   1226 AM  36     20       62
  MINIMUM         34    859 AM  19     15       39
  AVERAGE         45            28     17       51

PRECIPITATION (IN)
  TODAY            0.40          0.04   0.36     0.03
  MONTH TO DATE    4.23          0.91   3.32     1.39
  SINCE DEC 1      5.64          4.27   1.37     4.75
  SINCE JAN 1      4.96          2.40   2.56     3.87

DEGREE DAYS
 HEATING
  TODAY           20            37    -17       14
  MONTH TO DATE  822           829     -7      651
  SINCE DEC 1   3303          3256     47     2897
  SINCE JUL 1   4545          4660   -115     3867

 COOLING
  TODAY            0             0      0        0
  MONTH TO DATE    0             0      0        0
  SINCE DEC 1      0             0      0        0
  SINCE JAN 1      0             0      0        0
......................................................


WIND (MPH)
  RESULTANT WIND SPEED   8   RESULTANT WIND DIRECTION   W (280)
  HIGHEST WIND SPEED    15   HIGHEST WIND DIRECTION    NW (300)
  HIGHEST GUST SPEED    20   HIGHEST GUST DIRECTION     W (270)
  AVERAGE WIND SPEED     8.8


SKY COVER
  AVERAGE SKY COVER 1.0


WEATHER CONDITIONS
 THE FOLLOWING WEATHER WAS RECORDED TODAY.
  RAIN
  LIGHT RAIN
  FOG


RELATIVE HUMIDITY (PERCENT)
 HIGHEST   100          1200 AM
 LOWEST     92           400 AM
 AVERAGE    96

..........................................................


THE JACKSON MI CLIMATE NORMALS FOR TOMORROW
                         NORMAL
 MAXIMUM TEMPERATURE (F)   36
 MINIMUM TEMPERATURE (F)   20


SUNRISE AND SUNSET
FEBRUARY 21 2018......SUNRISE   725 AM EST   SUNSET   618 PM EST
FEBRUARY 22 2018......SUNRISE   724 AM EST   SUNSET   619 PM EST


-  INDICATES NEGATIVE NUMBERS.
R  INDICATES RECORD WAS SET OR TIED.
MM INDICATES DATA IS MISSING.
T  INDICATES TRACE AMOUNT.




$$
