000
CDUS43 KGRR 211335
CLIJXN


CLIMATE REPORT
NATIONAL WEATHER SERVICE GRAND RAPIDS, MI
933 AM EDT THU AUG 21 2014


...................................

...THE JACKSON MI CLIMATE SUMMARY FOR AUGUST 21 2014...
VALID AS OF 0900 AM LOCAL TIME.

CLIMATE NORMAL PERIOD 1981 TO 2010


WEATHER ITEM   OBSERVED TIME   RECORD YEAR NORMAL DEPARTURE LAST
                VALUE   (LST)  VALUE       VALUE  FROM      YEAR
                                                  NORMAL
..................................................................
TEMPERATURE (F)
 TODAY
  MAXIMUM         69    759 AM  MM      MM  80    -11       85
  MINIMUM         63    537 AM  MM      MM  59      4       62
  AVERAGE         66                        69     -3       74

PRECIPITATION (IN)
  TODAY            0.00         MM      MM   0.11  -0.11     0.00
  MONTH TO DATE    2.04                      2.39  -0.35     2.81
  SINCE JUN 1      9.94                      9.24   0.70     9.41
  SINCE JAN 1     22.27                     19.84   2.43    22.03

DEGREE DAYS
 HEATING
  TODAY            0                         1     -1        0
  MONTH TO DATE   12                        17     -5       27
  SINCE JUN 1     73                        83    -10      105

 COOLING
  TODAY            1                         5     -4        9
  MONTH TO DATE   80                       120    -40       59
  SINCE JUN 1    319                       448   -129      391
..................................................................


WIND (MPH)
  HIGHEST WIND SPEED     5   HIGHEST WIND DIRECTION     S (180)
  HIGHEST GUST SPEED     5   HIGHEST GUST DIRECTION     S (190)



WEATHER CONDITIONS
 THE FOLLOWING WEATHER WAS RECORDED TODAY.
  FOG


..........................................................




SUNRISE AND SUNSET
AUGUST 21 2014........SUNRISE   652 AM EDT   SUNSET   830 PM EDT
AUGUST 22 2014........SUNRISE   653 AM EDT   SUNSET   828 PM EDT


-  INDICATES NEGATIVE NUMBERS.
R  INDICATES RECORD WAS SET OR TIED.
MM INDICATES DATA IS MISSING.
T  INDICATES TRACE AMOUNT.




$$

CAS
