000
CDUS43 KGRR 040523
CLIJXN


CLIMATE REPORT
NATIONAL WEATHER SERVICE GRAND RAPIDS, MI
122 AM EDT TUE AUG 4 2015


...................................

...THE JACKSON MI CLIMATE SUMMARY FOR AUGUST 3 2015...

CLIMATE NORMAL PERIOD 1981 TO 2010
CLIMATE RECORD PERIOD 1944 TO 9999


WEATHER ITEM   OBSERVED TIME   NORMAL DEPARTURE LAST
                VALUE   (LST)  VALUE  FROM      YEAR
                                      NORMAL
......................................................
TEMPERATURE (F)
 YESTERDAY
  MAXIMUM         78    352 PM  81     -3       84
  MINIMUM         58   1159 PM  60     -2       57
  AVERAGE         68            71     -3       71

PRECIPITATION (IN)
  YESTERDAY        0.07          0.12  -0.05     0.00
  MONTH TO DATE    1.04          0.35   0.69     0.00
  SINCE JUN 1     10.87          7.20   3.67     7.90
  SINCE JAN 1     21.50         17.80   3.70    20.23

DEGREE DAYS
 HEATING
  YESTERDAY        0             0      0        0
  MONTH TO DATE    0             0      0        0
  SINCE JUN 1     45            66    -21       61
  SINCE JUL 1     13            11      2       30

 COOLING
  YESTERDAY        3             6     -3        6
  MONTH TO DATE   17            18     -1       16
  SINCE JUN 1    256           346    -90      255
  SINCE JAN 1    311           383    -72      289
......................................................


WIND (MPH)
  RESULTANT WIND SPEED   8   RESULTANT WIND DIRECTION   W (260)
  HIGHEST WIND SPEED    23   HIGHEST WIND DIRECTION     S (160)
  HIGHEST GUST SPEED    27   HIGHEST GUST DIRECTION     S (160)
  AVERAGE WIND SPEED     9.8


SKY COVER
  AVERAGE SKY COVER 0.3


WEATHER CONDITIONS
 THE FOLLOWING WEATHER WAS RECORDED YESTERDAY.
  THUNDERSTORM
  RAIN
  LIGHT RAIN
  FOG


RELATIVE HUMIDITY (PERCENT)
 HIGHEST   100           600 AM
 LOWEST     44           600 PM
 AVERAGE    72

..........................................................


THE JACKSON MI CLIMATE NORMALS FOR TODAY
                         NORMAL
 MAXIMUM TEMPERATURE (F)   81
 MINIMUM TEMPERATURE (F)   60


SUNRISE AND SUNSET
AUGUST  4 2015........SUNRISE   633 AM EDT   SUNSET   854 PM EDT
AUGUST  5 2015........SUNRISE   634 AM EDT   SUNSET   853 PM EDT


-  INDICATES NEGATIVE NUMBERS.
R  INDICATES RECORD WAS SET OR TIED.
MM INDICATES DATA IS MISSING.
T  INDICATES TRACE AMOUNT.




$$
