000
CDUS43 KGRR 240532
CLIJXN


CLIMATE REPORT
NATIONAL WEATHER SERVICE GRAND RAPIDS, MI
131 AM EDT WED MAY 24 2017


...................................

...THE JACKSON MI CLIMATE SUMMARY FOR MAY 23 2017...

CLIMATE NORMAL PERIOD 1981 TO 2010
CLIMATE RECORD PERIOD 1944 TO 9999


WEATHER ITEM   OBSERVED TIME   NORMAL DEPARTURE LAST
                VALUE   (LST)  VALUE  FROM      YEAR
                                      NORMAL
......................................................
TEMPERATURE (F)
 YESTERDAY
  MAXIMUM         71    216 PM  71      0       77
  MINIMUM         57   1159 PM  48      9       39
  AVERAGE         64            60      4       58

PRECIPITATION (IN)
  YESTERDAY        0.01          0.12  -0.11      T
  MONTH TO DATE    3.46          2.43   1.03     1.66
  SINCE MAR 1     12.28          6.94   5.34     7.58
  SINCE JAN 1     17.22          9.72   7.50     9.45

DEGREE DAYS
 HEATING
  YESTERDAY        1             7     -6        7
  MONTH TO DATE  229           215     14      252
  SINCE MAR 1   1499          1647   -148     1518
  SINCE JUL 1   5507          6561  -1054     5640

 COOLING
  YESTERDAY        0             1     -1        0
  MONTH TO DATE   25            16      9        1
  SINCE MAR 1     32            22     10        1
  SINCE JAN 1     32            22     10        1
......................................................


WIND (MPH)
  RESULTANT WIND SPEED   1   RESULTANT WIND DIRECTION  SW (230)
  HIGHEST WIND SPEED    13   HIGHEST WIND DIRECTION     N (340)
  HIGHEST GUST SPEED    16   HIGHEST GUST DIRECTION     N (350)
  AVERAGE WIND SPEED     5.8


SKY COVER
  AVERAGE SKY COVER 0.7


WEATHER CONDITIONS
 THE FOLLOWING WEATHER WAS RECORDED YESTERDAY.
  LIGHT RAIN


RELATIVE HUMIDITY (PERCENT)
 HIGHEST    93           900 PM
 LOWEST     49           100 PM
 AVERAGE    71

..........................................................


THE JACKSON MI CLIMATE NORMALS FOR TODAY
                         NORMAL
 MAXIMUM TEMPERATURE (F)   72
 MINIMUM TEMPERATURE (F)   49


SUNRISE AND SUNSET
MAY 24 2017...........SUNRISE   609 AM EDT   SUNSET   901 PM EDT
MAY 25 2017...........SUNRISE   608 AM EDT   SUNSET   902 PM EDT


-  INDICATES NEGATIVE NUMBERS.
R  INDICATES RECORD WAS SET OR TIED.
MM INDICATES DATA IS MISSING.
T  INDICATES TRACE AMOUNT.




$$
