214
CDUS43 KIND 270531
CLILAF


CLIMATE REPORT
NATIONAL WEATHER SERVICE INDIANAPOLIS IN
130 AM EDT TUE SEP 27 2016


...................................

...THE LAFAYETTE IN CLIMATE SUMMARY FOR SEPTEMBER 26 2016...

CLIMATE NORMAL PERIOD 1981 TO 2010
CLIMATE RECORD PERIOD 9999 TO 9999


WEATHER ITEM   OBSERVED TIME   NORMAL DEPARTURE LAST
                VALUE   (LST)  VALUE  FROM      YEAR
                                      NORMAL
......................................................
TEMPERATURE (F)
 YESTERDAY
  MAXIMUM         71    323 PM  74     -3       74
  MINIMUM         48   1157 PM  50     -2       57
  AVERAGE         60            62     -2       66

PRECIPITATION (IN)
  YESTERDAY        0.09          0.08   0.01      T
  MONTH TO DATE    2.91          2.29   0.62     2.85
  SINCE SEP 1      2.91          2.29   0.62     2.85
  SINCE JAN 1     30.25         27.84   2.41    26.86

DEGREE DAYS
 HEATING
  YESTERDAY        5             5      0        0
  MONTH TO DATE    7            56    -49       36
  SINCE SEP 1      7            56    -49       36
  SINCE JUL 1     17            62    -45       45

 COOLING
  YESTERDAY        0             2     -2        1
  MONTH TO DATE  154           106     48      140
  SINCE SEP 1    154           106     48      140
  SINCE JAN 1   1066           958    108      799
......................................................


WIND (MPH)
  HIGHEST WIND SPEED    22   HIGHEST WIND DIRECTION     W (270)
  HIGHEST GUST SPEED    29   HIGHEST GUST DIRECTION     W (270)
  AVERAGE WIND SPEED     9.4


SKY COVER
  AVERAGE SKY COVER 0.3


WEATHER CONDITIONS
 THE FOLLOWING WEATHER WAS RECORDED YESTERDAY.
  HEAVY RAIN
  RAIN
  LIGHT RAIN
  FOG


RELATIVE HUMIDITY (PERCENT)
 HIGHEST   100           500 AM
 LOWEST     31           300 PM
 AVERAGE    66

..........................................................


THE LAFAYETTE IN CLIMATE NORMALS FOR TODAY
                         NORMAL
 MAXIMUM TEMPERATURE (F)   73
 MINIMUM TEMPERATURE (F)   50


SUNRISE AND SUNSET
SEPTEMBER 27 2016.....SUNRISE   741 AM EDT   SUNSET   736 PM EDT
SEPTEMBER 28 2016.....SUNRISE   742 AM EDT   SUNSET   734 PM EDT


-  INDICATES NEGATIVE NUMBERS.
R  INDICATES RECORD WAS SET OR TIED.
MM INDICATES DATA IS MISSING.
T  INDICATES TRACE AMOUNT.




$$
