000
CDUS43 KIND 200538
CLILAF


CLIMATE REPORT
NATIONAL WEATHER SERVICE INDIANAPOLIS IN
1237 AM EST SAT JAN 20 2018


...................................

...THE LAFAYETTE IN CLIMATE SUMMARY FOR JANUARY 19 2018...

CLIMATE NORMAL PERIOD 1981 TO 2010
CLIMATE RECORD PERIOD 9999 TO 9999


WEATHER ITEM   OBSERVED TIME   NORMAL DEPARTURE LAST
                VALUE   (LST)  VALUE  FROM      YEAR
                                      NORMAL
......................................................
TEMPERATURE (F)
 YESTERDAY
  MAXIMUM         37    326 PM  34      3       44
  MINIMUM         22    805 AM  19      3       32
  AVERAGE         30            26      4       38

PRECIPITATION (IN)
  YESTERDAY        0.00          0.06  -0.06     0.64
  MONTH TO DATE    0.62          1.19  -0.57     3.08
  SINCE DEC 1      1.33          3.70  -2.37     4.64
  SINCE JAN 1      0.62          1.19  -0.57     3.08

DEGREE DAYS
 HEATING
  YESTERDAY       35            39     -4       27
  MONTH TO DATE  965           737    228      678
  SINCE DEC 1   2129          1811    318     1816
  SINCE JUL 1   3174          2912    262     2662

 COOLING
  YESTERDAY        0             0      0        0
  MONTH TO DATE    0             0      0        0
  SINCE DEC 1      0             0      0        0
  SINCE JAN 1      0             0      0        0
......................................................


WIND (MPH)
  HIGHEST WIND SPEED    16   HIGHEST WIND DIRECTION     S (200)
  HIGHEST GUST SPEED    25   HIGHEST GUST DIRECTION    SW (220)
  AVERAGE WIND SPEED    10.4


SKY COVER
  AVERAGE SKY COVER 0.0


WEATHER CONDITIONS
 THE FOLLOWING WEATHER WAS RECORDED YESTERDAY.
  NO SIGNIFICANT WEATHER WAS OBSERVED.


RELATIVE HUMIDITY (PERCENT)
 HIGHEST    74           400 AM
 LOWEST     56           100 PM
 AVERAGE    65

..........................................................


THE LAFAYETTE IN CLIMATE NORMALS FOR TODAY
                         NORMAL
 MAXIMUM TEMPERATURE (F)   34
 MINIMUM TEMPERATURE (F)   19


SUNRISE AND SUNSET
JANUARY 20 2018.......SUNRISE   806 AM EST   SUNSET   552 PM EST
JANUARY 21 2018.......SUNRISE   806 AM EST   SUNSET   553 PM EST


-  INDICATES NEGATIVE NUMBERS.
R  INDICATES RECORD WAS SET OR TIED.
MM INDICATES DATA IS MISSING.
T  INDICATES TRACE AMOUNT.




$$
