103
CDUS43 KIND 180533
CLILAF


CLIMATE REPORT
NATIONAL WEATHER SERVICE INDIANAPOLIS IN
1232 AM EST SAT NOV 18 2017


...................................

...THE LAFAYETTE IN CLIMATE SUMMARY FOR NOVEMBER 17 2017...

CLIMATE NORMAL PERIOD 1981 TO 2010
CLIMATE RECORD PERIOD 9999 TO 9999


WEATHER ITEM   OBSERVED TIME   NORMAL DEPARTURE LAST
                VALUE   (LST)  VALUE  FROM      YEAR
                                      NORMAL
......................................................
TEMPERATURE (F)
 YESTERDAY
  MAXIMUM         50   1159 PM  51     -1       71
  MINIMUM         29    631 AM  34     -5       37
  AVERAGE         40            42     -2       54

PRECIPITATION (IN)
  YESTERDAY        0.11          0.10   0.01     0.00
  MONTH TO DATE    0.83          1.65  -0.82     0.69
  SINCE SEP 1      4.19          7.20  -3.01     4.73
  SINCE JAN 1     40.58         32.75   7.83    32.07

DEGREE DAYS
 HEATING
  YESTERDAY       25            23      2       11
  MONTH TO DATE  386           327     59      257
  SINCE SEP 1    723           755    -32      519
  SINCE JUL 1    732           761    -29      529

 COOLING
  YESTERDAY        0             0      0        0
  MONTH TO DATE    0             0      0        3
  SINCE SEP 1    180           130     50      190
  SINCE JAN 1    853           982   -129     1102
......................................................


WIND (MPH)
  HIGHEST WIND SPEED    17   HIGHEST WIND DIRECTION    SE (150)
  HIGHEST GUST SPEED    25   HIGHEST GUST DIRECTION     S (160)
  AVERAGE WIND SPEED     7.5


SKY COVER
  AVERAGE SKY COVER 0.6


WEATHER CONDITIONS
 THE FOLLOWING WEATHER WAS RECORDED YESTERDAY.
  LIGHT RAIN
  FOG


RELATIVE HUMIDITY (PERCENT)
 HIGHEST    96          1000 PM
 LOWEST     58           800 PM
 AVERAGE    77

..........................................................


THE LAFAYETTE IN CLIMATE NORMALS FOR TODAY
                         NORMAL
 MAXIMUM TEMPERATURE (F)   50
 MINIMUM TEMPERATURE (F)   34


SUNRISE AND SUNSET
NOVEMBER 18 2017......SUNRISE   738 AM EST   SUNSET   528 PM EST
NOVEMBER 19 2017......SUNRISE   739 AM EST   SUNSET   527 PM EST


-  INDICATES NEGATIVE NUMBERS.
R  INDICATES RECORD WAS SET OR TIED.
MM INDICATES DATA IS MISSING.
T  INDICATES TRACE AMOUNT.




$$
