000
CDUS43 KIND 010641
CLILAF


CLIMATE REPORT
NATIONAL WEATHER SERVICE INDIANAPOLIS IN
139 AM EST SUN FEB 1 2015


...................................

...THE LAFAYETTE IN CLIMATE SUMMARY FOR JANUARY 31 2015...

CLIMATE NORMAL PERIOD 1981 TO 2010
CLIMATE RECORD PERIOD 9999 TO 9999


WEATHER ITEM   OBSERVED TIME   NORMAL DEPARTURE LAST
                VALUE   (LST)  VALUE  FROM      YEAR
                                      NORMAL
......................................................
TEMPERATURE (F)
 YESTERDAY
  MAXIMUM         37    521 PM  35      2       33
  MINIMUM         18    544 AM  20     -2       22
  AVERAGE         28            27      1       28

PRECIPITATION (IN)
  YESTERDAY        0.05          0.06  -0.01     0.08
  MONTH TO DATE    1.30          1.86  -0.56     0.91
  SINCE DEC 1      3.09          4.37  -1.28     3.49
  SINCE JAN 1      1.30          1.86  -0.56     0.91

DEGREE DAYS
 HEATING
  YESTERDAY       37            38     -1       37
  MONTH TO DATE 1290          1197     93     1330
  SINCE DEC 1   2301          2267     34     2492
  SINCE JUL 1   3753          3368    385     3668

 COOLING
  YESTERDAY        0             0      0        0
  MONTH TO DATE    0             0      0        0
  SINCE DEC 1      0             0      0        0
  SINCE JAN 1      0             0      0        0
......................................................


WIND (MPH)
  HIGHEST WIND SPEED    14   HIGHEST WIND DIRECTION    SW (230)
  HIGHEST GUST SPEED    19   HIGHEST GUST DIRECTION    SW (220)
  AVERAGE WIND SPEED     5.6


SKY COVER
  AVERAGE SKY COVER 0.5


WEATHER CONDITIONS
 THE FOLLOWING WEATHER WAS RECORDED YESTERDAY.
  LIGHT SNOW
  FOG


RELATIVE HUMIDITY (PERCENT)
 HIGHEST    92           300 AM
 LOWEST     59           300 PM
 AVERAGE    76

..........................................................


THE LAFAYETTE IN CLIMATE NORMALS FOR TODAY
                         NORMAL
 MAXIMUM TEMPERATURE (F)   35
 MINIMUM TEMPERATURE (F)   20


SUNRISE AND SUNSET
FEBRUARY  1 2015......SUNRISE   757 AM EST   SUNSET   606 PM EST
FEBRUARY  2 2015......SUNRISE   756 AM EST   SUNSET   607 PM EST


-  INDICATES NEGATIVE NUMBERS.
R  INDICATES RECORD WAS SET OR TIED.
MM INDICATES DATA IS MISSING.
T  INDICATES TRACE AMOUNT.




$$
