000
CDUS43 KIND 220546
CLILAF


CLIMATE REPORT
NATIONAL WEATHER SERVICE INDIANAPOLIS IN
1246 AM EST WED FEB 22 2017


...................................

...THE LAFAYETTE IN CLIMATE SUMMARY FOR FEBRUARY 21 2017...

CLIMATE NORMAL PERIOD 1981 TO 2010
CLIMATE RECORD PERIOD 9999 TO 9999


WEATHER ITEM   OBSERVED TIME   NORMAL DEPARTURE LAST
                VALUE   (LST)  VALUE  FROM      YEAR
                                      NORMAL
......................................................
TEMPERATURE (F)
 YESTERDAY
  MAXIMUM         61    521 PM  41     20       51
  MINIMUM         51    827 AM  24     27       32
  AVERAGE         56            32     24       42

PRECIPITATION (IN)
  YESTERDAY        T             0.07  -0.07     0.00
  MONTH TO DATE    0.71          1.24  -0.53     0.33
  SINCE DEC 1      6.27          5.61   0.66     8.17
  SINCE JAN 1      4.71          3.10   1.61     1.41

DEGREE DAYS
 HEATING
  YESTERDAY        9            33    -24       23
  MONTH TO DATE  562           745   -183      736
  SINCE DEC 1   2713          3012   -299     2640
  SINCE JUL 1   3559          4113   -554     3589

 COOLING
  YESTERDAY        0             0      0        0
  MONTH TO DATE    0             0      0        0
  SINCE DEC 1      0             0      0        0
  SINCE JAN 1      0             0      0        0
......................................................


WIND (MPH)
  HIGHEST WIND SPEED    13   HIGHEST WIND DIRECTION    SE (140)
  HIGHEST GUST SPEED    19   HIGHEST GUST DIRECTION    SE (140)
  AVERAGE WIND SPEED     2.2


SKY COVER
  AVERAGE SKY COVER 0.6


WEATHER CONDITIONS
 THE FOLLOWING WEATHER WAS RECORDED YESTERDAY.
  LIGHT RAIN


RELATIVE HUMIDITY (PERCENT)
 HIGHEST    93          1100 PM
 LOWEST     72          1200 AM
 AVERAGE    83

..........................................................


THE LAFAYETTE IN CLIMATE NORMALS FOR TODAY
                         NORMAL
 MAXIMUM TEMPERATURE (F)   41
 MINIMUM TEMPERATURE (F)   24


SUNRISE AND SUNSET
FEBRUARY 22 2017......SUNRISE   731 AM EST   SUNSET   632 PM EST
FEBRUARY 23 2017......SUNRISE   730 AM EST   SUNSET   633 PM EST


-  INDICATES NEGATIVE NUMBERS.
R  INDICATES RECORD WAS SET OR TIED.
MM INDICATES DATA IS MISSING.
T  INDICATES TRACE AMOUNT.




$$
