000
CDUS43 KGRR 290521
CLILAN


CLIMATE REPORT
NATIONAL WEATHER SERVICE GRAND RAPIDS, MI
120 AM EDT THU SEP 29 2016


...................................

...THE LANSING MI CLIMATE SUMMARY FOR SEPTEMBER 28 2016...

CLIMATE NORMAL PERIOD 1981 TO 2010
CLIMATE RECORD PERIOD 1864 TO 2016


WEATHER ITEM   OBSERVED TIME   RECORD YEAR NORMAL DEPARTURE LAST
                VALUE   (LST)  VALUE       VALUE  FROM      YEAR
                                                  NORMAL
..................................................................
TEMPERATURE (F)
 YESTERDAY
  MAXIMUM         66   1155 AM  88    1905  68     -2       79
  MINIMUM         48    615 AM  22    1991  46      2       65
                                      1893
  AVERAGE         57                        57      0       72

PRECIPITATION (IN)
  YESTERDAY        0.02          1.22 1911   0.12  -0.10     0.02
  MONTH TO DATE    1.68                      3.29  -1.61     1.33
  SINCE SEP 1      1.68                      3.29  -1.61     1.33
  SINCE JAN 1     25.16                     24.38   0.78    27.66

SNOWFALL (IN)
  YESTERDAY       MM             0.0    MM   0.0   MM        0.0
  MONTH TO DATE    0.0                       0.0    0.0      0.0
  SINCE SEP 1      0.0                       0.0    0.0      0.0
  SINCE JUL 1      0.0                       0.0    0.0      0.0
  SNOW DEPTH       0

DEGREE DAYS
 HEATING
  YESTERDAY        8                         9     -1        0
  MONTH TO DATE   38                       134    -96       52
  SINCE SEP 1     38                       134    -96       52
  SINCE JUL 1     41                       169   -128       83

 COOLING
  YESTERDAY        0                         1     -1        7
  MONTH TO DATE   89                        60     29      122
  SINCE SEP 1     89                        60     29      122
  SINCE JAN 1    855                       617    238      615
..................................................................


WIND (MPH)
  RESULTANT WIND SPEED   7   RESULTANT WIND DIRECTION  NE (50)
  HIGHEST WIND SPEED    18   HIGHEST WIND DIRECTION    NE (60)
  HIGHEST GUST SPEED    23   HIGHEST GUST DIRECTION    NE (50)
  AVERAGE WIND SPEED     8.3


SKY COVER
  AVERAGE SKY COVER 0.5


WEATHER CONDITIONS
 THE FOLLOWING WEATHER WAS RECORDED YESTERDAY.
  LIGHT RAIN


RELATIVE HUMIDITY (PERCENT)
 HIGHEST    86           800 PM
 LOWEST     52          1200 PM
 AVERAGE    69

..........................................................


THE LANSING MI CLIMATE NORMALS FOR TODAY
                         NORMAL    RECORD    YEAR
 MAXIMUM TEMPERATURE (F)   67        91      1953
 MINIMUM TEMPERATURE (F)   46        22      1867


SUNRISE AND SUNSET
SEPTEMBER 29 2016.....SUNRISE   734 AM EDT   SUNSET   722 PM EDT
SEPTEMBER 30 2016.....SUNRISE   735 AM EDT   SUNSET   721 PM EDT


-  INDICATES NEGATIVE NUMBERS.
R  INDICATES RECORD WAS SET OR TIED.
MM INDICATES DATA IS MISSING.
T  INDICATES TRACE AMOUNT.




$$
