000
CDUS43 KGRR 170553
CLILAN


CLIMATE REPORT
NATIONAL WEATHER SERVICE GRAND RAPIDS, MI
1252 AM EST TUE JAN 17 2017


...................................

...THE LANSING MI CLIMATE SUMMARY FOR JANUARY 16 2017...

CLIMATE NORMAL PERIOD 1981 TO 2010
CLIMATE RECORD PERIOD 1864 TO 2017


WEATHER ITEM   OBSERVED TIME   RECORD YEAR NORMAL DEPARTURE LAST
                VALUE   (LST)  VALUE       VALUE  FROM      YEAR
                                                  NORMAL
..................................................................
TEMPERATURE (F)
 YESTERDAY
  MAXIMUM         34    402 PM  55    1949  30      4       33
  MINIMUM         21    555 AM -17    1984  17      4       26
  AVERAGE         28                        23      5       30

PRECIPITATION (IN)
  YESTERDAY        0.36          1.40 1873   0.06   0.30      T
  MONTH TO DATE    2.17                      0.94   1.23     1.14
  SINCE DEC 1      3.93                      2.81   1.12     3.86
  SINCE JAN 1      2.17                      0.94   1.23     1.14

SNOWFALL (IN)
  YESTERDAY        T            12.0  1873   0.5   -0.5       T
  MONTH TO DATE    3.7                       7.3   -3.6      5.7
  SINCE DEC 1     19.8                      20.3   -0.5      7.6
  SINCE JUL 1     19.8                      24.1   -4.3     15.8
  SNOW DEPTH       0

DEGREE DAYS
 HEATING
  YESTERDAY       37                        42     -5       35
  MONTH TO DATE  645                       663    -18      617
  SINCE DEC 1   1787                      1801    -14     1414
  SINCE JUL 1   2762                      3215   -453     2522

 COOLING
  YESTERDAY        0                         0      0        0
  MONTH TO DATE    0                         0      0        0
  SINCE DEC 1      0                         0      0        0
  SINCE JAN 1      0                         0      0        0
..................................................................


WIND (MPH)
  RESULTANT WIND SPEED   4   RESULTANT WIND DIRECTION  SE (130)
  HIGHEST WIND SPEED    13   HIGHEST WIND DIRECTION     E (100)
  HIGHEST GUST SPEED    17   HIGHEST GUST DIRECTION     E (100)
  AVERAGE WIND SPEED     5.5


SKY COVER
  AVERAGE SKY COVER 0.7


WEATHER CONDITIONS
 THE FOLLOWING WEATHER WAS RECORDED YESTERDAY.
  RAIN
  LIGHT RAIN
  LT FREEZING RAIN
  SLEET
  FOG
  HAZE


RELATIVE HUMIDITY (PERCENT)
 HIGHEST    89           400 PM
 LOWEST     69          1100 AM
 AVERAGE    79

..........................................................


THE LANSING MI CLIMATE NORMALS FOR TODAY
                         NORMAL    RECORD    YEAR
 MAXIMUM TEMPERATURE (F)   30        59      1952
 MINIMUM TEMPERATURE (F)   16       -18      1976


SUNRISE AND SUNSET
JANUARY 17 2017.......SUNRISE   805 AM EST   SUNSET   533 PM EST
JANUARY 18 2017.......SUNRISE   804 AM EST   SUNSET   534 PM EST


-  INDICATES NEGATIVE NUMBERS.
R  INDICATES RECORD WAS SET OR TIED.
MM INDICATES DATA IS MISSING.
T  INDICATES TRACE AMOUNT.




$$
