000
CDUS43 KGRR 312123
CLILAN


CLIMATE REPORT
NATIONAL WEATHER SERVICE GRAND RAPIDS, MI
523 PM EDT TUE MAY 31 2016


...................................

...THE LANSING MI CLIMATE SUMMARY FOR MAY 31 2016...
VALID TODAY AS OF 0500 PM LOCAL TIME.

CLIMATE NORMAL PERIOD 1981 TO 2010
CLIMATE RECORD PERIOD 1864 TO 2016


WEATHER ITEM   OBSERVED TIME   RECORD YEAR NORMAL DEPARTURE LAST
                VALUE   (LST)  VALUE       VALUE  FROM      YEAR
                                                  NORMAL
..................................................................
TEMPERATURE (F)
 TODAY
  MAXIMUM         83    305 PM  95    1895  74      9       52
  MINIMUM         53    511 AM  32    1966  52      1       45
  AVERAGE         68                        63      5       49

PRECIPITATION (IN)
  TODAY            0.00          2.89 1989   0.11  -0.11     0.31
  MONTH TO DATE    2.99                      3.36  -0.37     3.77
  SINCE MAR 1      9.75                      8.45   1.30     5.80
  SINCE JAN 1     12.91                     11.57   1.34     8.05

SNOWFALL (IN)
  TODAY            0.0           0.0    MM   0.0    0.0      0.0
  MONTH TO DATE    T                         T      0.0      0.0
  SINCE MAR 1     16.4                       8.9    7.5      1.9
  SINCE JUL 1     50.0                      51.1   -1.1     35.6
  SNOW DEPTH       0

DEGREE DAYS
 HEATING
  TODAY            0                         4     -4       16
  MONTH TO DATE  247                       258    -11      169
  SINCE MAR 1   1612                      1722   -110     1681
  SINCE JUL 1   5772                      6657   -885     7175

 COOLING
  TODAY            3                         2      1        0
  MONTH TO DATE   61                        34     27       59
  SINCE MAR 1     62                        41     21       59
  SINCE JAN 1     62                        41     21       59
..................................................................


WIND (MPH)
  RESULTANT WIND SPEED   3   RESULTANT WIND DIRECTION   E (100)
  HIGHEST WIND SPEED    13   HIGHEST WIND DIRECTION    NE (30)
  HIGHEST GUST SPEED    17   HIGHEST GUST DIRECTION     E (100)
  AVERAGE WIND SPEED     3.8


SKY COVER
  AVERAGE SKY COVER 0.0


WEATHER CONDITIONS
 THE FOLLOWING WEATHER WAS RECORDED TODAY.
  NO SIGNIFICANT WEATHER WAS OBSERVED.


RELATIVE HUMIDITY (PERCENT)
 HIGHEST   100           600 AM
 LOWEST     33           400 PM
 AVERAGE    67

..........................................................


THE LANSING MI CLIMATE NORMALS FOR TOMORROW
                         NORMAL    RECORD    YEAR
 MAXIMUM TEMPERATURE (F)   74        97      1934
 MINIMUM TEMPERATURE (F)   52        30      1966


SUNRISE AND SUNSET
MAY 31 2016...........SUNRISE   603 AM EDT   SUNSET   910 PM EDT
JUNE  1 2016..........SUNRISE   603 AM EDT   SUNSET   911 PM EDT


-  INDICATES NEGATIVE NUMBERS.
R  INDICATES RECORD WAS SET OR TIED.
MM INDICATES DATA IS MISSING.
T  INDICATES TRACE AMOUNT.




$$
