000
CDUS45 KCYS 270745
CLILAR


CLIMATE REPORT
NATIONAL WEATHER SERVICE CHEYENNE WY
1245 AM MST SAT DEC 27 2014


...................................

...THE LARAMIE WY AIRPORT CLIMATE SUMMARY FOR DECEMBER 26 2014...

CLIMATE NORMAL PERIOD 1981 TO 2010
CLIMATE RECORD PERIOD 1948 TO 2014


WEATHER ITEM   OBSERVED TIME   RECORD YEAR NORMAL DEPARTURE LAST
                VALUE   (LST)  VALUE       VALUE  FROM      YEAR
                                                  NORMAL
..................................................................
TEMPERATURE (F)
 YESTERDAY
  MAXIMUM         11   1241 PM  53    1980  32    -21       41
  MINIMUM         -4   1050 PM -28    1987  10    -14       17
  AVERAGE          4                        21    -17       29

PRECIPITATION (IN)
  YESTERDAY        0.01          0.12 1987   0.01   0.00     0.00
  MONTH TO DATE    0.14                      0.27  -0.13     0.62
  SINCE JAN 1     13.84                     10.87   2.97    12.54

DEGREE DAYS
 HEATING
  YESTERDAY       61                        44     17       36
  MONTH TO DATE  970                      1136   -166     1203
  SINCE DEC 1    970                      1136   -166     1203
  SINCE JUL 1   3098                      3448   -350     3325

 COOLING
  YESTERDAY        0                         0      0        0
  MONTH TO DATE    0                         0      0        0
  SINCE DEC 1      0                         0      0        0
  SINCE JAN 1     67                        67      0      162
..................................................................


WIND (MPH)
  HIGHEST WIND SPEED    10   HIGHEST WIND DIRECTION     E (90)
  HIGHEST GUST SPEED    12   HIGHEST GUST DIRECTION     E (90)
  AVERAGE WIND SPEED     4.3


SKY COVER
  AVERAGE SKY COVER 0.9


WEATHER CONDITIONS
 THE FOLLOWING WEATHER WAS RECORDED YESTERDAY.
  LIGHT SNOW
  FOG
  HAZE


RELATIVE HUMIDITY (PERCENT)
 HIGHEST    95          1000 PM
 LOWEST     76           100 PM
 AVERAGE    86

..........................................................


THE LARAMIE WY AIRPORT CLIMATE NORMALS FOR TODAY
                         NORMAL    RECORD    YEAR
 MAXIMUM TEMPERATURE (F)   32        60      1980
 MINIMUM TEMPERATURE (F)   10       -15      2009
                                             1954


SUNRISE AND SUNSET
DECEMBER 27 2014......SUNRISE   728 AM MST   SUNSET   440 PM MST
DECEMBER 28 2014......SUNRISE   728 AM MST   SUNSET   441 PM MST


-  INDICATES NEGATIVE NUMBERS.
R  INDICATES RECORD WAS SET OR TIED.
MM INDICATES DATA IS MISSING.
T  INDICATES TRACE AMOUNT.




$$
