000
CDUS45 KCYS 200726
CLILAR


CLIMATE REPORT
NATIONAL WEATHER SERVICE CHEYENNE WY
126 AM MDT WED AUG 20 2014


...................................

...THE LARAMIE WY AIRPORT CLIMATE SUMMARY FOR AUGUST 19 2014...

CLIMATE NORMAL PERIOD 1981 TO 2010
CLIMATE RECORD PERIOD 1948 TO 2014


WEATHER ITEM   OBSERVED TIME   RECORD YEAR NORMAL DEPARTURE LAST
                VALUE   (LST)  VALUE       VALUE  FROM      YEAR
                                                  NORMAL
..................................................................
TEMPERATURE (F)
 YESTERDAY
  MAXIMUM         80   1241 PM  88    2013  78      2       88
  MINIMUM         44    534 AM  28    1978  47     -3       49
  AVERAGE         62                        62      0       69

PRECIPITATION (IN)
  YESTERDAY        0.06          0.46 1958   0.03   0.03     0.00
  MONTH TO DATE    0.63                      0.81  -0.18     0.28
  SINCE JAN 1      9.79                      7.73   2.06     5.57

DEGREE DAYS
 HEATING
  YESTERDAY        3                         3      0        0
  MONTH TO DATE   48                        46      2       45
  SINCE JUN 1    345                       356    -11      170
  SINCE JUL 1    103                       115    -12       67

 COOLING
  YESTERDAY        0                         0      0        4
  MONTH TO DATE    2                        17    -15       21
  SINCE JUN 1     67                        64      3      115
  SINCE JAN 1     67                        64      3      115
..................................................................


WIND (MPH)
  HIGHEST WIND SPEED    32   HIGHEST WIND DIRECTION    SW (220)
  HIGHEST GUST SPEED    38   HIGHEST GUST DIRECTION    SW (220)
  AVERAGE WIND SPEED    10.7


SKY COVER
  AVERAGE SKY COVER 0.2


WEATHER CONDITIONS
 THE FOLLOWING WEATHER WAS RECORDED YESTERDAY.
  LIGHT RAIN
  FOG


RELATIVE HUMIDITY (PERCENT)
 HIGHEST    93          1000 PM
 LOWEST     22          1200 PM
 AVERAGE    58

..........................................................


THE LARAMIE WY AIRPORT CLIMATE NORMALS FOR TODAY
                         NORMAL    RECORD    YEAR
 MAXIMUM TEMPERATURE (F)   77        87      2013
 MINIMUM TEMPERATURE (F)   46        31      1964


SUNRISE AND SUNSET
AUGUST 20 2014........SUNRISE   617 AM MDT   SUNSET   754 PM MDT
AUGUST 21 2014........SUNRISE   618 AM MDT   SUNSET   753 PM MDT


-  INDICATES NEGATIVE NUMBERS.
R  INDICATES RECORD WAS SET OR TIED.
MM INDICATES DATA IS MISSING.
T  INDICATES TRACE AMOUNT.




$$
