000
CDUS45 KCYS 300731
CLILAR


CLIMATE REPORT
NATIONAL WEATHER SERVICE CHEYENNE WY
129 AM MDT TUE JUN 30 2015


...................................

...THE LARAMIE WY AIRPORT CLIMATE SUMMARY FOR JUNE 29 2015...

CLIMATE NORMAL PERIOD 1981 TO 2010
CLIMATE RECORD PERIOD 1948 TO 2015


WEATHER ITEM   OBSERVED TIME   RECORD YEAR NORMAL DEPARTURE LAST
                VALUE   (LST)  VALUE       VALUE  FROM      YEAR
                                                  NORMAL
..................................................................
TEMPERATURE (F)
 YESTERDAY
  MAXIMUM         81    413 PM  91    2012  78      3       81
                                      2002
                                      1990
  MINIMUM         48    442 AM  38    1976  45      3       39
                                      1967
  AVERAGE         65                        61      4       60

PRECIPITATION (IN)
  YESTERDAY        0.00          0.40 1987   0.04  -0.04     0.00
  MONTH TO DATE    0.74                      1.50  -0.76     0.76
  SINCE JAN 1      6.14                      5.45   0.69     5.84

DEGREE DAYS
 HEATING
  YESTERDAY        0                         4     -4        5
  MONTH TO DATE  120                       236   -116      236
  SINCE JUN 1    120                       236   -116      236
  SINCE JUL 1   8057                      8825   -768     8626

 COOLING
  YESTERDAY        0                         1     -1        0
  MONTH TO DATE   12                         3      9        3
  SINCE JUN 1     12                         3      9        3
  SINCE JAN 1     12                         3      9        3
..................................................................


WIND (MPH)
  HIGHEST WIND SPEED    23   HIGHEST WIND DIRECTION     E (70)
  HIGHEST GUST SPEED    28   HIGHEST GUST DIRECTION    NE (50)
  AVERAGE WIND SPEED     7.4


SKY COVER
  AVERAGE SKY COVER 0.1


WEATHER CONDITIONS
 THE FOLLOWING WEATHER WAS RECORDED YESTERDAY.
  NO SIGNIFICANT WEATHER WAS OBSERVED.


RELATIVE HUMIDITY (PERCENT)
 HIGHEST    89           300 AM
 LOWEST     28           300 PM
 AVERAGE    59

..........................................................


THE LARAMIE WY AIRPORT CLIMATE NORMALS FOR TODAY
                         NORMAL    RECORD    YEAR
 MAXIMUM TEMPERATURE (F)   78        92      2002
                                             1990
 MINIMUM TEMPERATURE (F)   46        33      1968


SUNRISE AND SUNSET
JUNE 30 2015..........SUNRISE   533 AM MDT   SUNSET   840 PM MDT
JULY  1 2015..........SUNRISE   533 AM MDT   SUNSET   840 PM MDT


-  INDICATES NEGATIVE NUMBERS.
R  INDICATES RECORD WAS SET OR TIED.
MM INDICATES DATA IS MISSING.
T  INDICATES TRACE AMOUNT.




$$
