000
CDUS45 KCYS 170731
CLILAR


CLIMATE REPORT
NATIONAL WEATHER SERVICE CHEYENNE WY
130 AM MDT THU APR 17 2014


...................................

...THE LARAMIE WY AIRPORT CLIMATE SUMMARY FOR APRIL 16 2014...

CLIMATE NORMAL PERIOD 1981 TO 2010
CLIMATE RECORD PERIOD 1948 TO 2014


WEATHER ITEM   OBSERVED TIME   RECORD YEAR NORMAL DEPARTURE LAST
                VALUE   (LST)  VALUE       VALUE  FROM      YEAR
                                                  NORMAL
..................................................................
TEMPERATURE (F)
 YESTERDAY
  MAXIMUM         44    338 PM  70    1994  51     -7       27
                                      1985
                                      1958
  MINIMUM         24    550 AM   6    1999  24      0       17
  AVERAGE         34                        38     -4       22

PRECIPITATION (IN)
  YESTERDAY        0.00          0.51 1968   0.04  -0.04     0.09
  MONTH TO DATE    0.13                      0.49  -0.36     0.63
  SINCE JAN 1      1.86                      1.68   0.18     1.54

DEGREE DAYS
 HEATING
  YESTERDAY       31                        27      4       43
  MONTH TO DATE  469                       467      2      534
  SINCE MAR 1   1466                      1526    -60     1595
  SINCE JUL 1   7510                      7702   -192     7499

 COOLING
  YESTERDAY        0                         0      0        0
  MONTH TO DATE    0                         0      0        0
  SINCE MAR 1      0                         0      0        0
  SINCE JAN 1      0                         0      0        0
..................................................................


WIND (MPH)
  HIGHEST WIND SPEED    23   HIGHEST WIND DIRECTION    NW (300)
  HIGHEST GUST SPEED    27   HIGHEST GUST DIRECTION    NW (300)
  AVERAGE WIND SPEED    12.2


SKY COVER
  AVERAGE SKY COVER 0.6


WEATHER CONDITIONS
 THE FOLLOWING WEATHER WAS RECORDED YESTERDAY.
  NO SIGNIFICANT WEATHER WAS OBSERVED.


RELATIVE HUMIDITY (PERCENT)
 HIGHEST    88           600 AM
 LOWEST     38           300 PM
 AVERAGE    63

..........................................................


THE LARAMIE WY AIRPORT CLIMATE NORMALS FOR TODAY
                         NORMAL    RECORD    YEAR
 MAXIMUM TEMPERATURE (F)   51        72      2006
                                             1987
                                             1948
 MINIMUM TEMPERATURE (F)   25         0      1999


SUNRISE AND SUNSET
APRIL 17 2014.........SUNRISE   620 AM MDT   SUNSET   745 PM MDT
APRIL 18 2014.........SUNRISE   618 AM MDT   SUNSET   746 PM MDT


-  INDICATES NEGATIVE NUMBERS.
R  INDICATES RECORD WAS SET OR TIED.
MM INDICATES DATA IS MISSING.
T  INDICATES TRACE AMOUNT.




$$
