000
CDUS45 KCYS 210727
CLILAR


CLIMATE REPORT
NATIONAL WEATHER SERVICE CHEYENNE WY
127 AM MDT TUE OCT 21 2014


...................................

...THE LARAMIE WY AIRPORT CLIMATE SUMMARY FOR OCTOBER 20 2014...

CLIMATE NORMAL PERIOD 1981 TO 2010
CLIMATE RECORD PERIOD 1948 TO 2014


WEATHER ITEM   OBSERVED TIME   RECORD YEAR NORMAL DEPARTURE LAST
                VALUE   (LST)  VALUE       VALUE  FROM      YEAR
                                                  NORMAL
..................................................................
TEMPERATURE (F)
 YESTERDAY
  MAXIMUM         69    310 PM  72    1950  54     15       41
  MINIMUM         30    239 AM   7    1976  27      3       22
  AVERAGE         50                        41      9       32

PRECIPITATION (IN)
  YESTERDAY        0.00          0.68 1972   0.02  -0.02     0.09
  MONTH TO DATE    0.24                      0.55  -0.31     1.92
  SINCE JAN 1     13.10                      9.81   3.29    11.30

DEGREE DAYS
 HEATING
  YESTERDAY       15                        24     -9       33
  MONTH TO DATE  358                       423    -65      520
  SINCE SEP 1    630                       776   -146      773
  SINCE JUL 1    809                       948   -139      844

 COOLING
  YESTERDAY        0                         0      0        0
  MONTH TO DATE    0                         0      0        0
  SINCE SEP 1      0                         1     -1       24
  SINCE JAN 1     67                        67      0      162
..................................................................


WIND (MPH)
  HIGHEST WIND SPEED    16   HIGHEST WIND DIRECTION    SW (240)
  HIGHEST GUST SPEED    21   HIGHEST GUST DIRECTION    SW (240)
  AVERAGE WIND SPEED     6.6


SKY COVER
  AVERAGE SKY COVER 0.1


WEATHER CONDITIONS
 THE FOLLOWING WEATHER WAS RECORDED YESTERDAY.
  NO SIGNIFICANT WEATHER WAS OBSERVED.


RELATIVE HUMIDITY (PERCENT)
 HIGHEST    82           200 AM
 LOWEST     26           200 PM
 AVERAGE    54

..........................................................


THE LARAMIE WY AIRPORT CLIMATE NORMALS FOR TODAY
                         NORMAL    RECORD    YEAR
 MAXIMUM TEMPERATURE (F)   54        74      2003
 MINIMUM TEMPERATURE (F)   27         9      2007


SUNRISE AND SUNSET
OCTOBER 21 2014.......SUNRISE   721 AM MDT   SUNSET   613 PM MDT
OCTOBER 22 2014.......SUNRISE   722 AM MDT   SUNSET   611 PM MDT


-  INDICATES NEGATIVE NUMBERS.
R  INDICATES RECORD WAS SET OR TIED.
MM INDICATES DATA IS MISSING.
T  INDICATES TRACE AMOUNT.




$$
