000
CDUS45 KVEF 270029
CLILAS


CLIMATE REPORT
NATIONAL WEATHER SERVICE LAS VEGAS, NV
429 PM PST WED NOV 26 2014


...................................

...THE LAS VEGAS NV CLIMATE SUMMARY FOR NOVEMBER 26 2014...
VALID TODAY AS OF 0400 PM LOCAL TIME.

CLIMATE NORMAL PERIOD 1981 TO 2010
CLIMATE RECORD PERIOD 1937 TO 2014


WEATHER ITEM   OBSERVED TIME   RECORD YEAR NORMAL DEPARTURE LAST
                VALUE   (LST)  VALUE       VALUE  FROM      YEAR
                                                  NORMAL
..................................................................
TEMPERATURE (F)
 TODAY
  MAXIMUM         68    351 PM  75    1997  61      7       65
                                      1977
                                      1950
  MINIMUM         42    412 AM  24    1944  42      0       43
  AVERAGE         55                        52      3       54

PRECIPITATION (IN)
  TODAY            0.00          0.32 2008   0.02  -0.02     0.00
  MONTH TO DATE    T                         0.31  -0.31     1.37
  SINCE OCT 1      T                         0.58  -0.58     1.37
  SINCE JAN 1      1.51                      3.64  -2.13     2.91

SNOWFALL (IN)
  TODAY            0.0           0.0  2013   0.0    0.0      0.0
  MONTH TO DATE    0.0                       0.0    0.0      0.0
  SINCE SEP 1      0.0                       0.0    0.0      0.0
  SINCE JUL 1      0.0                       0.0    0.0      0.0
  SNOW DEPTH      MM

DEGREE DAYS
 HEATING
  TODAY           10                        13     -3       11
  MONTH TO DATE  149                       213    -64      171
  SINCE SEP 1    149                       252   -103      218
  SINCE JUL 1    149                       252   -103      218

 COOLING
  TODAY            0                         0      0        0
  MONTH TO DATE   16                        10      6        5
  SINCE SEP 1    945                       717    228      594
  SINCE JAN 1   3970                      3566    404     3766
..................................................................


WIND (MPH)
  RESULTANT WIND SPEED   5   RESULTANT WIND DIRECTION   S (200)
  HIGHEST WIND SPEED    13   HIGHEST WIND DIRECTION     S (200)
  HIGHEST GUST SPEED    13   HIGHEST GUST DIRECTION     S (200)
  AVERAGE WIND SPEED     5.1


SKY COVER
  POSSIBLE SUNSHINE  MM
  AVERAGE SKY COVER 0.0


WEATHER CONDITIONS
 THE FOLLOWING WEATHER WAS RECORDED TODAY.
  NO SIGNIFICANT WEATHER WAS OBSERVED.


RELATIVE HUMIDITY (PERCENT)
 HIGHEST    31           500 AM
 LOWEST     13          1200 PM
 AVERAGE    22

..........................................................


THE LAS VEGAS NV CLIMATE NORMALS FOR TOMORROW
                         NORMAL    RECORD    YEAR
 MAXIMUM TEMPERATURE (F)   61        79      1954
 MINIMUM TEMPERATURE (F)   42        21      1952
                                             1938


SUNRISE AND SUNSET
NOVEMBER 26 2014......SUNRISE   628 AM PST   SUNSET   427 PM PST
NOVEMBER 27 2014......SUNRISE   629 AM PST   SUNSET   427 PM PST


-  INDICATES NEGATIVE NUMBERS.
R  INDICATES RECORD WAS SET OR TIED.
MM INDICATES DATA IS MISSING.
T  INDICATES TRACE AMOUNT.




$$
