000
CDUS45 KVEF 180827
CLILAS


CLIMATE REPORT
NATIONAL WEATHER SERVICE LAS VEGAS, NV
127 AM PDT FRI APR 18 2014


...................................

...THE LAS VEGAS NV CLIMATE SUMMARY FOR APRIL 17 2014...

CLIMATE NORMAL PERIOD 1981 TO 2010
CLIMATE RECORD PERIOD 1937 TO 2014


WEATHER ITEM   OBSERVED TIME   RECORD YEAR NORMAL DEPARTURE LAST
                VALUE   (LST)  VALUE       VALUE  FROM      YEAR
                                                  NORMAL
..................................................................
TEMPERATURE (F)
 YESTERDAY
  MAXIMUM         91    350 PM  97    1989  79     12       66
  MINIMUM         62    509 AM  40    1976  56      6       50
  AVERAGE         77                        68      9       58

PRECIPITATION (IN)
  YESTERDAY        0.00          0.01 1985   0.01  -0.01     0.00
                                      1970
  MONTH TO DATE    T                         0.11  -0.11     0.03
  SINCE OCT 1      1.72                      2.98  -1.26     2.04
  SINCE JAN 1      0.30                      1.85  -1.55     0.61

SNOWFALL (IN)
  YESTERDAY        0.0           0.0    MM   0.0    0.0      0.0
  MONTH TO DATE    0.0                       0.0    0.0      0.0
  SINCE MAR 1      0.0                       0.0    0.0      0.0
  SINCE JUL 1      0.0                       0.3   -0.3       T
  SNOW DEPTH       0

DEGREE DAYS
 HEATING
  YESTERDAY        0                         2     -2        7
  MONTH TO DATE   35                        48    -13       25
  SINCE MAR 1    120                       237   -117      111
  SINCE JUL 1   1506                      1928   -422     1748

 COOLING
  YESTERDAY       12                         4      8        0
  MONTH TO DATE  108                        51     57       75
  SINCE MAR 1    139                        81     58      161
  SINCE JAN 1    142                        82     60      161
..................................................................


WIND (MPH)
  RESULTANT WIND SPEED   7   RESULTANT WIND DIRECTION   S (180)
  HIGHEST WIND SPEED    24   HIGHEST WIND DIRECTION     S (190)
  HIGHEST GUST SPEED    33   HIGHEST GUST DIRECTION     S (190)
  AVERAGE WIND SPEED     8.1


SKY COVER
  POSSIBLE SUNSHINE  MM
  AVERAGE SKY COVER 0.4


WEATHER CONDITIONS
 THE FOLLOWING WEATHER WAS RECORDED YESTERDAY.
  NO SIGNIFICANT WEATHER WAS OBSERVED.


RELATIVE HUMIDITY (PERCENT)
 HIGHEST    24           400 AM
 LOWEST      8           300 PM
 AVERAGE    16

..........................................................


THE LAS VEGAS NV CLIMATE NORMALS FOR TODAY
                         NORMAL    RECORD    YEAR
 MAXIMUM TEMPERATURE (F)   79        98      1946
 MINIMUM TEMPERATURE (F)   57        35      1963


SUNRISE AND SUNSET
APRIL 18 2014.........SUNRISE   603 AM PDT   SUNSET   717 PM PDT
APRIL 19 2014.........SUNRISE   602 AM PDT   SUNSET   718 PM PDT


-  INDICATES NEGATIVE NUMBERS.
R  INDICATES RECORD WAS SET OR TIED.
MM INDICATES DATA IS MISSING.
T  INDICATES TRACE AMOUNT.




$$
