000
CDUS45 KVEF 260830
CLILAS


CLIMATE REPORT
NATIONAL WEATHER SERVICE LAS VEGAS, NV
129 AM PDT THU MAY 26 2016


...................................

...THE LAS VEGAS NV CLIMATE SUMMARY FOR MAY 25 2016...

CLIMATE NORMAL PERIOD 1981 TO 2010
CLIMATE RECORD PERIOD 1937 TO 2016


WEATHER ITEM   OBSERVED TIME   RECORD YEAR NORMAL DEPARTURE LAST
                VALUE   (LST)  VALUE       VALUE  FROM      YEAR
                                                  NORMAL
..................................................................
TEMPERATURE (F)
 YESTERDAY
  MAXIMUM         82    230 PM 105    2001  92    -10       87
                                      1951
  MINIMUM         61    455 AM  47    1977  68     -7       62
                                      1965
  AVERAGE         72                        80     -8       75

PRECIPITATION (IN)
  YESTERDAY        0.00          T    2000   0.01  -0.01     0.00
                                      1996
                                      1995
  MONTH TO DATE    0.04                      0.10  -0.06     0.24
  SINCE OCT 1      4.26                      3.12   1.14     2.49
  SINCE JAN 1      2.85                      1.99   0.86     2.19

SNOWFALL (IN)
  YESTERDAY        0.0           0.0    MM   0.0    0.0      0.0
  MONTH TO DATE    0.0                       0.0    0.0      0.0
  SINCE MAR 1      0.0                       0.0    0.0      0.0
  SINCE JUL 1      T                         0.3   -0.3       T
  SNOW DEPTH       0

DEGREE DAYS
 HEATING
  YESTERDAY        0                         0      0        0
  MONTH TO DATE    3                         4     -1       12
  SINCE MAR 1    117                       256   -139      114
  SINCE JUL 1   1696                      1947   -251     1221

 COOLING
  YESTERDAY        7                        15     -8       10
  MONTH TO DATE  235                       292    -57      185
  SINCE MAR 1    432                       451    -19      470
  SINCE JAN 1    441                       452    -11      480
..................................................................


WIND (MPH)
  RESULTANT WIND SPEED   2   RESULTANT WIND DIRECTION   W (260)
  HIGHEST WIND SPEED    23   HIGHEST WIND DIRECTION     W (250)
  HIGHEST GUST SPEED    29   HIGHEST GUST DIRECTION    SW (240)
  AVERAGE WIND SPEED     7.5


SKY COVER
  POSSIBLE SUNSHINE  MM
  AVERAGE SKY COVER 0.2


WEATHER CONDITIONS
 THE FOLLOWING WEATHER WAS RECORDED YESTERDAY.
  NO SIGNIFICANT WEATHER WAS OBSERVED.


RELATIVE HUMIDITY (PERCENT)
 HIGHEST    39           300 AM
 LOWEST     11           300 PM
 AVERAGE    25

..........................................................


THE LAS VEGAS NV CLIMATE NORMALS FOR TODAY
                         NORMAL    RECORD    YEAR
 MAXIMUM TEMPERATURE (F)   92       109      1951
 MINIMUM TEMPERATURE (F)   69        50      1980


SUNRISE AND SUNSET
MAY 26 2016...........SUNRISE   527 AM PDT   SUNSET   749 PM PDT
MAY 27 2016...........SUNRISE   527 AM PDT   SUNSET   749 PM PDT


-  INDICATES NEGATIVE NUMBERS.
R  INDICATES RECORD WAS SET OR TIED.
MM INDICATES DATA IS MISSING.
T  INDICATES TRACE AMOUNT.




$$
