000
CDUS45 KVEF 210842
CLILAS


CLIMATE REPORT
NATIONAL WEATHER SERVICE LAS VEGAS, NV
1242 AM PST SUN JAN 21 2018


...................................

...THE LAS VEGAS NV CLIMATE SUMMARY FOR JANUARY 20 2018...

CLIMATE NORMAL PERIOD 1981 TO 2010
CLIMATE RECORD PERIOD 1937 TO 2018


WEATHER ITEM   OBSERVED TIME   RECORD YEAR NORMAL DEPARTURE LAST
                VALUE   (LST)  VALUE       VALUE  FROM      YEAR
                                                  NORMAL
..................................................................
TEMPERATURE (F)
 YESTERDAY
  MAXIMUM         58   1235 AM  72    1986  58      0       50
                                      1971
  MINIMUM         45   1159 PM  17    1937  40      5       45
  AVERAGE         52                        49      3       48

PRECIPITATION (IN)
  YESTERDAY        T             0.49 1954   0.01  -0.01     0.27
  MONTH TO DATE    1.47                      0.36   1.11     0.38
  SINCE OCT 1      1.47                      1.49  -0.02     1.44
  SINCE JAN 1      1.47                      0.36   1.11     0.38

SNOWFALL (IN)
  YESTERDAY        0.0           1.6  1949   0.0    0.0      0.0
  MONTH TO DATE    0.0                       0.0    0.0      0.0
  SINCE DEC 1      0.0                       0.2   -0.2      0.0
  SINCE JUL 1      0.0                       0.2   -0.2      0.0
  SNOW DEPTH       0

DEGREE DAYS
 HEATING
  YESTERDAY       13                        16     -3       17
  MONTH TO DATE  208                       335   -127      282
  SINCE DEC 1    597                       873   -276      794
  SINCE JUL 1    682                      1182   -500      961

 COOLING
  YESTERDAY        0                         0      0        0
  MONTH TO DATE    0                         0      0        0
  SINCE DEC 1      0                         0      0        0
  SINCE JAN 1      0                         0      0        0
..................................................................


WIND (MPH)
  RESULTANT WIND SPEED   8   RESULTANT WIND DIRECTION  NW (310)
  HIGHEST WIND SPEED    26   HIGHEST WIND DIRECTION    NW (330)
  HIGHEST GUST SPEED    36   HIGHEST GUST DIRECTION    NW (330)
  AVERAGE WIND SPEED    12.8


SKY COVER
  POSSIBLE SUNSHINE  MM
  AVERAGE SKY COVER 0.6


WEATHER CONDITIONS
 THE FOLLOWING WEATHER WAS RECORDED YESTERDAY.
  LIGHT RAIN


RELATIVE HUMIDITY (PERCENT)
 HIGHEST    54           400 AM
 LOWEST     28          1000 PM
 AVERAGE    41

..........................................................


THE LAS VEGAS NV CLIMATE NORMALS FOR TODAY
                         NORMAL    RECORD    YEAR
 MAXIMUM TEMPERATURE (F)   59        70      2009
 MINIMUM TEMPERATURE (F)   40        13      1937


SUNRISE AND SUNSET
JANUARY 21 2018.......SUNRISE   648 AM PST   SUNSET   456 PM PST
JANUARY 22 2018.......SUNRISE   648 AM PST   SUNSET   457 PM PST


-  INDICATES NEGATIVE NUMBERS.
R  INDICATES RECORD WAS SET OR TIED.
MM INDICATES DATA IS MISSING.
T  INDICATES TRACE AMOUNT.




$$
