000
CDUS45 KVEF 280826
CLILAS


CLIMATE REPORT
NATIONAL WEATHER SERVICE LAS VEGAS, NV
126 AM PDT WED JUN 28 2017


...................................

...THE LAS VEGAS NV CLIMATE SUMMARY FOR JUNE 27 2017...

CLIMATE NORMAL PERIOD 1981 TO 2010
CLIMATE RECORD PERIOD 1937 TO 2017


WEATHER ITEM   OBSERVED TIME   RECORD YEAR NORMAL DEPARTURE LAST
                VALUE   (LST)  VALUE       VALUE  FROM      YEAR
                                                  NORMAL
..................................................................
TEMPERATURE (F)
 YESTERDAY
  MAXIMUM        107    447 PM 114    1977 102      5      111
                                      1956
  MINIMUM         81    427 AM  59    1941  78      3       85
  AVERAGE         94                        90      4       98

PRECIPITATION (IN)
  YESTERDAY        0.00          T    1964   0.00   0.00     0.00
  MONTH TO DATE    0.00                      0.06  -0.06     0.02
  SINCE OCT 1      2.65                      3.20  -0.55     4.28
  SINCE JAN 1      1.59                      2.07  -0.48     2.87

SNOWFALL (IN)
  YESTERDAY        0.0           0.0    MM   0.0    0.0      0.0
  MONTH TO DATE    0.0                       0.0    0.0      0.0
  SINCE JUN 1      0.0                       0.0    0.0      0.0
  SINCE JUL 1      0.0                       0.3   -0.3       T
  SNOW DEPTH       0

DEGREE DAYS
 HEATING
  YESTERDAY        0                         0      0        0
  MONTH TO DATE    0                         0      0        0
  SINCE JUN 1      0                         0      0        0
  SINCE JUL 1   1470                      1950   -480     1696

 COOLING
  YESTERDAY       29                        25      4       33
  MONTH TO DATE  724                       573    151      753
  SINCE JUN 1    724                       573    151      753
  SINCE JAN 1   1401                      1123    278     1289
..................................................................


WIND (MPH)
  RESULTANT WIND SPEED   9   RESULTANT WIND DIRECTION  SW (210)
  HIGHEST WIND SPEED    23   HIGHEST WIND DIRECTION     W (260)
  HIGHEST GUST SPEED    28   HIGHEST GUST DIRECTION     W (260)
  AVERAGE WIND SPEED    10.4


SKY COVER
  POSSIBLE SUNSHINE  MM
  AVERAGE SKY COVER 0.0


WEATHER CONDITIONS
 THE FOLLOWING WEATHER WAS RECORDED YESTERDAY.
  NO SIGNIFICANT WEATHER WAS OBSERVED.


RELATIVE HUMIDITY (PERCENT)
 HIGHEST    11           600 AM
 LOWEST      2           400 PM
 AVERAGE     7

..........................................................


THE LAS VEGAS NV CLIMATE NORMALS FOR TODAY
                         NORMAL    RECORD    YEAR
 MAXIMUM TEMPERATURE (F)  102       115      2013
                                             1994
 MINIMUM TEMPERATURE (F)   78        55      1941


SUNRISE AND SUNSET
JUNE 28 2017..........SUNRISE   526 AM PDT   SUNSET   802 PM PDT
JUNE 29 2017..........SUNRISE   527 AM PDT   SUNSET   802 PM PDT


-  INDICATES NEGATIVE NUMBERS.
R  INDICATES RECORD WAS SET OR TIED.
MM INDICATES DATA IS MISSING.
T  INDICATES TRACE AMOUNT.




$$
