980
CDUS45 KVEF 270831
CLILAS


CLIMATE REPORT
NATIONAL WEATHER SERVICE LAS VEGAS, NV
131 AM PDT THU APR 27 2017


...................................

...THE LAS VEGAS NV CLIMATE SUMMARY FOR APRIL 26 2017...

CLIMATE NORMAL PERIOD 1981 TO 2010
CLIMATE RECORD PERIOD 1937 TO 2017


WEATHER ITEM   OBSERVED TIME   RECORD YEAR NORMAL DEPARTURE LAST
                VALUE   (LST)  VALUE       VALUE  FROM      YEAR
                                                  NORMAL
..................................................................
TEMPERATURE (F)
 YESTERDAY
  MAXIMUM         87    429 PM  97    1996  82      5       75
  MINIMUM         59    540 AM  42    1967  59      0       55
                                      1937
  AVERAGE         73                        70      3       65

PRECIPITATION (IN)
  YESTERDAY        0.00          0.05 1963   0.01  -0.01     0.00
  MONTH TO DATE    0.04                      0.14  -0.10     1.05
  SINCE OCT 1      2.57                      3.01  -0.44     3.01
  SINCE JAN 1      1.51                      1.88  -0.37     1.60

SNOWFALL (IN)
  YESTERDAY        0.0           0.0    MM   0.0    0.0      0.0
  MONTH TO DATE    0.0                       0.0    0.0      0.0
  SINCE MAR 1      0.0                       0.0    0.0      0.0
  SINCE JUL 1      0.0                       0.3   -0.3       T
  SNOW DEPTH       0

DEGREE DAYS
 HEATING
  YESTERDAY        0                         1     -1        0
  MONTH TO DATE    9                        60    -51       24
  SINCE MAR 1     91                       249   -158      102
  SINCE JUL 1   1463                      1940   -477     1681

 COOLING
  YESTERDAY        8                         7      1        0
  MONTH TO DATE  144                       100     44      140
  SINCE MAR 1    252                       130    122      195
  SINCE JAN 1    255                       131    124      204
..................................................................


WIND (MPH)
  RESULTANT WIND SPEED   4   RESULTANT WIND DIRECTION   S (200)
  HIGHEST WIND SPEED    20   HIGHEST WIND DIRECTION    SW (220)
  HIGHEST GUST SPEED    28   HIGHEST GUST DIRECTION    SW (230)
  AVERAGE WIND SPEED     8.3


SKY COVER
  POSSIBLE SUNSHINE  MM
  AVERAGE SKY COVER 0.6


WEATHER CONDITIONS
 THE FOLLOWING WEATHER WAS RECORDED YESTERDAY.
  NO SIGNIFICANT WEATHER WAS OBSERVED.


RELATIVE HUMIDITY (PERCENT)
 HIGHEST    29          1000 PM
 LOWEST     10           100 PM
 AVERAGE    20

..........................................................


THE LAS VEGAS NV CLIMATE NORMALS FOR TODAY
                         NORMAL    RECORD    YEAR
 MAXIMUM TEMPERATURE (F)   82        99      2000
 MINIMUM TEMPERATURE (F)   60        39      1984


SUNRISE AND SUNSET
APRIL 27 2017.........SUNRISE   552 AM PDT   SUNSET   725 PM PDT
APRIL 28 2017.........SUNRISE   551 AM PDT   SUNSET   726 PM PDT


-  INDICATES NEGATIVE NUMBERS.
R  INDICATES RECORD WAS SET OR TIED.
MM INDICATES DATA IS MISSING.
T  INDICATES TRACE AMOUNT.




$$
