000
CDUS45 KVEF 200827
CLILAS


CLIMATE REPORT
NATIONAL WEATHER SERVICE LAS VEGAS, NV
1225 AM PST MON FEB 20 2017


...................................

...THE LAS VEGAS NV CLIMATE SUMMARY FOR FEBRUARY 19 2017...

CLIMATE NORMAL PERIOD 1981 TO 2010
CLIMATE RECORD PERIOD 1937 TO 2017


WEATHER ITEM   OBSERVED TIME   RECORD YEAR NORMAL DEPARTURE LAST
                VALUE   (LST)  VALUE       VALUE  FROM      YEAR
                                                  NORMAL
..................................................................
TEMPERATURE (F)
 YESTERDAY
  MAXIMUM         63    242 PM  82    1981  63      0       74
  MINIMUM         49    630 AM  25    1952  44      5       47
  AVERAGE         56                        54      2       61

PRECIPITATION (IN)
  YESTERDAY        0.01          0.23 1938   0.03  -0.02     0.00
  MONTH TO DATE    0.56                      0.49   0.07     0.09
  SINCE OCT 1      2.52                      2.16   0.36     1.96
  SINCE JAN 1      1.46                      1.03   0.43     0.55

SNOWFALL (IN)
  YESTERDAY       MM             1.4  1990   0.0   MM        0.0
  MONTH TO DATE    0.0                       0.1   -0.1      0.0
  SINCE DEC 1      0.0                       0.3   -0.3       T
  SINCE JUL 1      0.0                       0.3   -0.3       T
  SNOW DEPTH       0

DEGREE DAYS
 HEATING
  YESTERDAY        9                        11     -2        4
  MONTH TO DATE  106                       249   -143      179
  SINCE DEC 1   1098                      1292   -194     1223
  SINCE JUL 1   1265                      1601   -336     1547

 COOLING
  YESTERDAY        0                         0      0        0
  MONTH TO DATE    3                         0      3        2
  SINCE DEC 1      3                         0      3        2
  SINCE JAN 1      3                         0      3        2
..................................................................


WIND (MPH)
  RESULTANT WIND SPEED   7   RESULTANT WIND DIRECTION   S (190)
  HIGHEST WIND SPEED    16   HIGHEST WIND DIRECTION    SW (210)
  HIGHEST GUST SPEED    24   HIGHEST GUST DIRECTION    SW (220)
  AVERAGE WIND SPEED     7.4


SKY COVER
  POSSIBLE SUNSHINE  MM
  AVERAGE SKY COVER 0.6


WEATHER CONDITIONS
 THE FOLLOWING WEATHER WAS RECORDED YESTERDAY.
  LIGHT RAIN
  FOG


RELATIVE HUMIDITY (PERCENT)
 HIGHEST    89          1200 AM
 LOWEST     39           200 PM
 AVERAGE    64

..........................................................


THE LAS VEGAS NV CLIMATE NORMALS FOR TODAY
                         NORMAL    RECORD    YEAR
 MAXIMUM TEMPERATURE (F)   64        79      1995
 MINIMUM TEMPERATURE (F)   45        23      1942


SUNRISE AND SUNSET
FEBRUARY 20 2017......SUNRISE   622 AM PST   SUNSET   527 PM PST
FEBRUARY 21 2017......SUNRISE   621 AM PST   SUNSET   528 PM PST


-  INDICATES NEGATIVE NUMBERS.
R  INDICATES RECORD WAS SET OR TIED.
MM INDICATES DATA IS MISSING.
T  INDICATES TRACE AMOUNT.




$$
