000
CDUS46 KLOX 240908
CLILAX


CLIMATE REPORT
NATIONAL WEATHER SERVICE LOS ANGELES/OXNARD CA
108 AM PST WED JAN 24 2018


...................................

...THE LOS ANGELES INTL AIRPORT CA CLIMATE SUMMARY FOR JANUARY 23 2018...

CLIMATE NORMAL PERIOD 1981 TO 2010
CLIMATE RECORD PERIOD 1944 TO 2018


WEATHER ITEM   OBSERVED TIME   RECORD YEAR NORMAL DEPARTURE LAST
                VALUE   (LST)  VALUE       VALUE  FROM      YEAR
                                                  NORMAL
..................................................................
TEMPERATURE (F)
 YESTERDAY
  MAXIMUM         75    150 PM  86    1953  65     10       56
  MINIMUM         48    503 AM  37    1945  49     -1       47
  AVERAGE         62                        57      5       52

PRECIPITATION (IN)
  YESTERDAY        0.00          1.16 1995   0.08  -0.08     0.15
  MONTH TO DATE    1.40                      2.02  -0.62     7.44
  SINCE OCT 1      1.51                      5.74  -4.23    11.69
  SINCE JAN 1      1.40                      2.02  -0.62     7.44

SNOWFALL (IN)
  YESTERDAY        0.0
  MONTH TO DATE    0.0
  SINCE DEC 1      0.0
  SINCE JUL 1      0.0

DEGREE DAYS
 HEATING
  YESTERDAY        3                         8     -5       13
  MONTH TO DATE   91                       195   -104      203
  SINCE DEC 1    210                       455   -245      408
  SINCE JUL 1    241                       637   -396      487

 COOLING
  YESTERDAY        0                         0      0        0
  MONTH TO DATE   13                         0     13        0
  SINCE DEC 1     30                         1     29        2
  SINCE JAN 1     13                         0     13        0
..................................................................


WIND (MPH)
  HIGHEST WIND SPEED    15   HIGHEST WIND DIRECTION     W (270)
  HIGHEST GUST SPEED    18   HIGHEST GUST DIRECTION     W (260)
  AVERAGE WIND SPEED     5.4


SKY COVER
  POSSIBLE SUNSHINE  MM
  AVERAGE SKY COVER 0.1


WEATHER CONDITIONS
 THE FOLLOWING WEATHER WAS RECORDED YESTERDAY.
  NO SIGNIFICANT WEATHER WAS OBSERVED.


RELATIVE HUMIDITY (PERCENT)
 HIGHEST    80           900 PM
 LOWEST     14           100 PM
 AVERAGE    47

..........................................................


THE LOS ANGELES INTL AIRPORT CA CLIMATE NORMALS FOR TODAY
                         NORMAL    RECORD    YEAR
 MAXIMUM TEMPERATURE (F)   65        83      1951
 MINIMUM TEMPERATURE (F)   49        35      1947


SUNRISE AND SUNSET
JANUARY 24 2018.......SUNRISE   655 AM PST   SUNSET   517 PM PST
JANUARY 25 2018.......SUNRISE   655 AM PST   SUNSET   518 PM PST


-  INDICATES NEGATIVE NUMBERS.
R  INDICATES RECORD WAS SET OR TIED.
MM INDICATES DATA IS MISSING.
T  INDICATES TRACE AMOUNT.




$$
