000
CDUS46 KLOX 230900
CLILAX


CLIMATE REPORT
NATIONAL WEATHER SERVICE LOS ANGELES/OXNARD CA
200 AM PDT SUN APR 23 2017


...................................

...THE LOS ANGELES INTL AIRPORT CA CLIMATE SUMMARY FOR APRIL 22 2017...

CLIMATE NORMAL PERIOD 1981 TO 2010
CLIMATE RECORD PERIOD 1944 TO 2017


WEATHER ITEM   OBSERVED TIME   RECORD YEAR NORMAL DEPARTURE LAST
                VALUE   (LST)  VALUE       VALUE  FROM      YEAR
                                                  NORMAL
..................................................................
TEMPERATURE (F)
 YESTERDAY
  MAXIMUM         79    937 AM  90    1987  67     12       69
  MINIMUM         60    533 AM  45    1971  55      5       58
                                      1963
  AVERAGE         70                        61      9       64

PRECIPITATION (IN)
  YESTERDAY        0.00          0.52 1955   0.02  -0.02     0.00
  MONTH TO DATE    0.38                      0.57  -0.19     0.29
  SINCE OCT 1     16.19                     12.10   4.09     6.66
  SINCE JAN 1     11.94                      8.38   3.56     5.42

SNOWFALL (IN)
  YESTERDAY        0.0
  MONTH TO DATE    0.0
  SINCE MAR 1      0.0
  SINCE JUL 1      0.0

DEGREE DAYS
 HEATING
  YESTERDAY        0                         5     -5        1
  MONTH TO DATE   64                       123    -59       39
  SINCE MAR 1    176                       344   -168      171
  SINCE JUL 1    949                      1273   -324      867

 COOLING
  YESTERDAY        5                         1      4        0
  MONTH TO DATE   12                         1     11       34
  SINCE MAR 1     14                         7      7       35
  SINCE JAN 1     14                        16     -2       92
..................................................................


WIND (MPH)
  HIGHEST WIND SPEED    18   HIGHEST WIND DIRECTION     W (270)
  HIGHEST GUST SPEED    20   HIGHEST GUST DIRECTION     W (270)
  AVERAGE WIND SPEED     8.6


SKY COVER
  POSSIBLE SUNSHINE  MM
  AVERAGE SKY COVER 0.3


WEATHER CONDITIONS
 THE FOLLOWING WEATHER WAS RECORDED YESTERDAY.
  FOG
  HAZE


RELATIVE HUMIDITY (PERCENT)
 HIGHEST    84           200 AM
 LOWEST     40           900 AM
 AVERAGE    62

..........................................................


THE LOS ANGELES INTL AIRPORT CA CLIMATE NORMALS FOR TODAY
                         NORMAL    RECORD    YEAR
 MAXIMUM TEMPERATURE (F)   67        87      2004
 MINIMUM TEMPERATURE (F)   55        46      2010


SUNRISE AND SUNSET
APRIL 23 2017.........SUNRISE   613 AM PDT   SUNSET   731 PM PDT
APRIL 24 2017.........SUNRISE   612 AM PDT   SUNSET   732 PM PDT


-  INDICATES NEGATIVE NUMBERS.
R  INDICATES RECORD WAS SET OR TIED.
MM INDICATES DATA IS MISSING.
T  INDICATES TRACE AMOUNT.




$$
