283
CDUS46 KLOX 120124
CLILAX


CLIMATE REPORT
NATIONAL WEATHER SERVICE LOS ANGELES/OXNARD CA
523 PM PST THU FEB 11 2016


...................................

...THE LOS ANGELES AIRPORT CLIMATE SUMMARY FOR FEBRUARY 11 2016...
VALID TODAY AS OF 0500 PM LOCAL TIME.

CLIMATE NORMAL PERIOD 1981 TO 2010
CLIMATE RECORD PERIOD 1944 TO 2016


WEATHER ITEM   OBSERVED TIME   RECORD YEAR NORMAL DEPARTURE LAST
                VALUE   (LST)  VALUE       VALUE  FROM      YEAR
                                                  NORMAL
..................................................................
TEMPERATURE (F)
 TODAY
  MAXIMUM         79   1206 PM  88    1988  64     15       83
  MINIMUM         57    500 AM  37    1999  50      7       55
  AVERAGE         68                        57     11       69

PRECIPITATION (IN)
  TODAY            0.00          1.98 2005   0.12  -0.12     0.00
  MONTH TO DATE    0.00                      1.21  -1.21      T
  SINCE OCT 1      4.18                      7.64  -3.46     5.95
  SINCE JAN 1      2.94                      3.92  -0.98     1.25

SNOWFALL (IN)
  TODAY            0.0
  MONTH TO DATE    0.0
  SINCE DEC 1      0.0
  SINCE JUL 1      0.0

DEGREE DAYS
 HEATING
  TODAY            0                         8     -8        0
  MONTH TO DATE   48                        88    -40       48
  SINCE DEC 1    527                       610    -83      415
  SINCE JUL 1    638                       792   -154      457

 COOLING
  TODAY            3                         0      3        4
  MONTH TO DATE   28                         0     28        4
  SINCE DEC 1     34                         5     29       13
  SINCE JAN 1     28                         4     24       11
..................................................................


WIND (MPH)
  HIGHEST WIND SPEED    13   HIGHEST WIND DIRECTION     W (270)
  HIGHEST GUST SPEED    16   HIGHEST GUST DIRECTION    SW (220)
  AVERAGE WIND SPEED     4.8


SKY COVER
  POSSIBLE SUNSHINE  MM
  AVERAGE SKY COVER 0.1


WEATHER CONDITIONS
 THE FOLLOWING WEATHER WAS RECORDED TODAY.
  NO SIGNIFICANT WEATHER WAS OBSERVED.


RELATIVE HUMIDITY (PERCENT)
 HIGHEST    43           500 AM
 LOWEST     25           900 AM
 AVERAGE    34

..........................................................


THE LOS ANGELES AIRPORT CLIMATE NORMALS FOR TOMORROW
                         NORMAL    RECORD    YEAR
 MAXIMUM TEMPERATURE (F)   64        88      1977
 MINIMUM TEMPERATURE (F)   50        34      1948


SUNRISE AND SUNSET
FEBRUARY 11 2016......SUNRISE   642 AM PST   SUNSET   534 PM PST
FEBRUARY 12 2016......SUNRISE   642 AM PST   SUNSET   535 PM PST


-  INDICATES NEGATIVE NUMBERS.
R  INDICATES RECORD WAS SET OR TIED.
MM INDICATES DATA IS MISSING.
T  INDICATES TRACE AMOUNT.




$$
