000
CDUS46 KLOX 300910
CLILAX


CLIMATE REPORT
NATIONAL WEATHER SERVICE LOS ANGELES/OXNARD CA
209 AM PDT MON MAR 30 2015


...................................

...THE LOS ANGELES INTL AIRPORT CA CLIMATE SUMMARY FOR MARCH 29 2015...

CLIMATE NORMAL PERIOD 1981 TO 2010
CLIMATE RECORD PERIOD 1944 TO 2015


WEATHER ITEM   OBSERVED TIME   RECORD YEAR NORMAL DEPARTURE LAST
                VALUE   (LST)  VALUE       VALUE  FROM      YEAR
                                                  NORMAL
..................................................................
TEMPERATURE (F)
 YESTERDAY
  MAXIMUM         68    248 PM  89    2004  65      3       70
  MINIMUM         56    647 AM  41    1945  52      4       55
  AVERAGE         62                        59      3       63

PRECIPITATION (IN)
  YESTERDAY        0.00          0.54 1954   0.04  -0.04     0.00
  MONTH TO DATE    0.49                      1.77  -1.28     0.36
  SINCE OCT 1      6.71                     11.45  -4.74     4.16
  SINCE JAN 1      2.01                      7.73  -5.72     3.15

SNOWFALL (IN)
  YESTERDAY        0.0
  MONTH TO DATE    0.0
  SINCE MAR 1      0.0
  SINCE JUL 1      0.0

DEGREE DAYS
 HEATING
  YESTERDAY        3                         7     -4        2
  MONTH TO DATE   68                       206   -138       80
  SINCE MAR 1     68                       206   -138       80
  SINCE JUL 1    601                      1135   -534      635

 COOLING
  YESTERDAY        0                         0      0        0
  MONTH TO DATE   68                         0     68       19
  SINCE MAR 1     68                         0     68       19
  SINCE JAN 1     95                         9     86       35
..................................................................


WIND (MPH)
  HIGHEST WIND SPEED    13   HIGHEST WIND DIRECTION     W (270)
  HIGHEST GUST SPEED    16   HIGHEST GUST DIRECTION     W (280)
  AVERAGE WIND SPEED     6.3


SKY COVER
  POSSIBLE SUNSHINE  MM
  AVERAGE SKY COVER 0.7


WEATHER CONDITIONS
 THE FOLLOWING WEATHER WAS RECORDED YESTERDAY.
  FOG
  FOG W/VISIBILITY <= 1/4 MILE
  HAZE


RELATIVE HUMIDITY (PERCENT)
 HIGHEST   100          1200 AM
 LOWEST     68           300 PM
 AVERAGE    84

..........................................................


THE LOS ANGELES INTL AIRPORT CA CLIMATE NORMALS FOR TODAY
                         NORMAL    RECORD    YEAR
 MAXIMUM TEMPERATURE (F)   65        88      2003
 MINIMUM TEMPERATURE (F)   52        43      1998


SUNRISE AND SUNSET
MARCH 30 2015.........SUNRISE   644 AM PDT   SUNSET   713 PM PDT
MARCH 31 2015.........SUNRISE   643 AM PDT   SUNSET   713 PM PDT


-  INDICATES NEGATIVE NUMBERS.
R  INDICATES RECORD WAS SET OR TIED.
MM INDICATES DATA IS MISSING.
T  INDICATES TRACE AMOUNT.




$$
