000
CDUS46 KLOX 290901
CLILAX


CLIMATE REPORT
NATIONAL WEATHER SERVICE LOS ANGELES/OXNARD CA
201 AM PDT FRI APR 29 2016


...................................

...THE LOS ANGELES INTL AIRPORT CA CLIMATE SUMMARY FOR APRIL 28 2016...

CLIMATE NORMAL PERIOD 1981 TO 2010
CLIMATE RECORD PERIOD 1944 TO 2016


WEATHER ITEM   OBSERVED TIME   RECORD YEAR NORMAL DEPARTURE LAST
                VALUE   (LST)  VALUE       VALUE  FROM      YEAR
                                                  NORMAL
..................................................................
TEMPERATURE (F)
 YESTERDAY
  MAXIMUM         65    117 PM  93    2008  68     -3       80
  MINIMUM         54    558 AM  46    1984  55     -1       56
  AVERAGE         60                        61     -1       68

PRECIPITATION (IN)
  YESTERDAY        0.00          0.84 2005   0.02  -0.02     0.00
  MONTH TO DATE    0.29                      0.67  -0.38     0.11
  SINCE OCT 1      6.66                     12.20  -5.54     6.82
  SINCE JAN 1      5.42                      8.48  -3.06     2.12

SNOWFALL (IN)
  YESTERDAY        0.0
  MONTH TO DATE    0.0
  SINCE MAR 1      0.0
  SINCE JUL 1      0.0

DEGREE DAYS
 HEATING
  YESTERDAY        5                         4      1        0
  MONTH TO DATE   61                       149    -88       92
  SINCE MAR 1    193                       370   -177      167
  SINCE JUL 1    889                      1299   -410      700

 COOLING
  YESTERDAY        0                         1     -1        3
  MONTH TO DATE   34                         7     27       14
  SINCE MAR 1     35                        13     22       82
  SINCE JAN 1     92                        22     70      109
..................................................................


WIND (MPH)
  HIGHEST WIND SPEED    18   HIGHEST WIND DIRECTION     W (270)
  HIGHEST GUST SPEED    23   HIGHEST GUST DIRECTION     W (270)
  AVERAGE WIND SPEED     7.4


SKY COVER
  POSSIBLE SUNSHINE  MM
  AVERAGE SKY COVER 0.4


WEATHER CONDITIONS
 THE FOLLOWING WEATHER WAS RECORDED YESTERDAY.
  NO SIGNIFICANT WEATHER WAS OBSERVED.


RELATIVE HUMIDITY (PERCENT)
 HIGHEST    80           900 PM
 LOWEST     48          1200 PM
 AVERAGE    64

..........................................................


THE LOS ANGELES INTL AIRPORT CA CLIMATE NORMALS FOR TODAY
                         NORMAL    RECORD    YEAR
 MAXIMUM TEMPERATURE (F)   68        92      1981
 MINIMUM TEMPERATURE (F)   55        44      1948


SUNRISE AND SUNSET
APRIL 29 2016.........SUNRISE   606 AM PDT   SUNSET   736 PM PDT
APRIL 30 2016.........SUNRISE   605 AM PDT   SUNSET   737 PM PDT


-  INDICATES NEGATIVE NUMBERS.
R  INDICATES RECORD WAS SET OR TIED.
MM INDICATES DATA IS MISSING.
T  INDICATES TRACE AMOUNT.




$$
