000
CDUS44 KLUB 240633
CLILBB


CLIMATE REPORT
NATIONAL WEATHER SERVICE LUBBOCK, TX
133 AM CDT SUN MAY 24 2015


...................................

...THE LUBBOCK CLIMATE SUMMARY FOR MAY 23 2015...

CLIMATE NORMAL PERIOD 1981 TO 2010
CLIMATE RECORD PERIOD 1911 TO 2015


WEATHER ITEM   OBSERVED TIME   RECORD YEAR NORMAL DEPARTURE LAST
                VALUE   (LST)  VALUE       VALUE  FROM      YEAR
                                                  NORMAL
..................................................................
TEMPERATURE (F)
 YESTERDAY
  MAXIMUM         81    348 PM 105    2000  86     -5       72
  MINIMUM         58   1159 PM  45    1917  58      0       61
  AVERAGE         70                        72     -2       67

PRECIPITATION (IN)
  YESTERDAY        0.03          4.32 1941   0.09  -0.06     1.89
  MONTH TO DATE    8.32                      1.56   6.76     1.94
  SINCE MAR 1      9.86                      4.07   5.79     2.68
  SINCE JAN 1     12.13                      5.47   6.66     2.84

SNOWFALL (IN)
  YESTERDAY        0.0           T    1954   0.0    0.0      0.0
  MONTH TO DATE    0.0                       0.0    0.0      0.0
  SINCE MAR 1      1.1                       0.8    0.3       T
  SINCE JUL 1     14.7                       8.2    6.5      4.2
  SNOW DEPTH       0

DEGREE DAYS
 HEATING
  YESTERDAY        0                         1     -1        0
  MONTH TO DATE   41                        36      5       44
  SINCE MAR 1    553                       634    -81      654
  SINCE JUL 1   3272                      3373   -101     3506

 COOLING
  YESTERDAY        5                         8     -3        2
  MONTH TO DATE   58                       121    -63      178
  SINCE MAR 1    113                       177    -64      236
  SINCE JAN 1    113                       177    -64      236
..................................................................


WIND (MPH)
  RESULTANT WIND SPEED  16   RESULTANT WIND DIRECTION   S (170)
  HIGHEST WIND SPEED    32   HIGHEST WIND DIRECTION     S (190)
  HIGHEST GUST SPEED    44   HIGHEST GUST DIRECTION    SW (240)
  AVERAGE WIND SPEED    16.4


SKY COVER
  AVERAGE SKY COVER 0.9


WEATHER CONDITIONS
 THE FOLLOWING WEATHER WAS RECORDED YESTERDAY.
  THUNDERSTORM
  LIGHT RAIN
  FOG
  FOG W/VISIBILITY <= 1/4 MILE


RELATIVE HUMIDITY (PERCENT)
 HIGHEST   100          1200 AM
 LOWEST     45           400 PM
 AVERAGE    73

..........................................................


THE LUBBOCK CLIMATE NORMALS FOR TODAY
                         NORMAL    RECORD    YEAR
 MAXIMUM TEMPERATURE (F)   86       109      2000
 MINIMUM TEMPERATURE (F)   58        40      1930


SUNRISE AND SUNSET
MAY 24 2015...........SUNRISE   641 AM CDT   SUNSET   847 PM CDT
MAY 25 2015...........SUNRISE   641 AM CDT   SUNSET   848 PM CDT


-  INDICATES NEGATIVE NUMBERS.
R  INDICATES RECORD WAS SET OR TIED.
MM INDICATES DATA IS MISSING.
T  INDICATES TRACE AMOUNT.




$$
