000
CDUS44 KLUB 040628
CLILBB


CLIMATE REPORT
NATIONAL WEATHER SERVICE LUBBOCK, TX
128 AM CDT WED MAY 4 2016


...................................

...THE LUBBOCK CLIMATE SUMMARY FOR MAY 3 2016...

CLIMATE NORMAL PERIOD 1981 TO 2010
CLIMATE RECORD PERIOD 1911 TO 2016


WEATHER ITEM   OBSERVED TIME   RECORD YEAR NORMAL DEPARTURE LAST
                VALUE   (LST)  VALUE       VALUE  FROM      YEAR
                                                  NORMAL
..................................................................
TEMPERATURE (F)
 YESTERDAY
  MAXIMUM         73    217 PM  98    2012  80     -7       89
                                      1996
                                      1940
  MINIMUM         43    625 AM  27    2013  52     -9       56
  AVERAGE         58                        66     -8       73

PRECIPITATION (IN)
  YESTERDAY        0.04          1.44 1941   0.05  -0.01     0.00
  MONTH TO DATE    0.04                      0.16  -0.12     0.00
  SINCE MAR 1      1.26                      2.67  -1.41     1.54
  SINCE JAN 1      1.65                      4.07  -2.42     3.81

SNOWFALL (IN)
  YESTERDAY       MM             0.0  2002   0.0   MM        0.0
  MONTH TO DATE    0.0                       0.0    0.0      0.0
  SINCE MAR 1      T                         0.8   -0.8      1.1
  SINCE JUL 1     13.3                       8.2    5.1     14.7
  SNOW DEPTH       0

DEGREE DAYS
 HEATING
  YESTERDAY        7                         2      5        0
  MONTH TO DATE   33                         8     25        0
  SINCE MAR 1    404                       606   -202      512
  SINCE JUL 1   2804                      3345   -541     3231

 COOLING
  YESTERDAY        0                         3     -3        8
  MONTH TO DATE    0                         9     -9       12
  SINCE MAR 1     47                        65    -18       67
  SINCE JAN 1     51                        65    -14       67
..................................................................


WIND (MPH)
  RESULTANT WIND SPEED   3   RESULTANT WIND DIRECTION  SW (230)
  HIGHEST WIND SPEED    25   HIGHEST WIND DIRECTION     N (20)
  HIGHEST GUST SPEED    37   HIGHEST GUST DIRECTION     W (260)
  AVERAGE WIND SPEED     6.6


SKY COVER
  AVERAGE SKY COVER 0.3


WEATHER CONDITIONS
 THE FOLLOWING WEATHER WAS RECORDED YESTERDAY.
  THUNDERSTORM
  RAIN
  LIGHT RAIN


RELATIVE HUMIDITY (PERCENT)
 HIGHEST    83          1100 PM
 LOWEST     29          1200 PM
 AVERAGE    56

..........................................................


THE LUBBOCK CLIMATE NORMALS FOR TODAY
                         NORMAL    RECORD    YEAR
 MAXIMUM TEMPERATURE (F)   81       104      1947
 MINIMUM TEMPERATURE (F)   52        35      1935
                                             1933


SUNRISE AND SUNSET
MAY  4 2016...........SUNRISE   655 AM CDT   SUNSET   833 PM CDT
MAY  5 2016...........SUNRISE   654 AM CDT   SUNSET   834 PM CDT


-  INDICATES NEGATIVE NUMBERS.
R  INDICATES RECORD WAS SET OR TIED.
MM INDICATES DATA IS MISSING.
T  INDICATES TRACE AMOUNT.




$$
