926
CDUS44 KLUB 280718
CLILBB


CLIMATE REPORT
NATIONAL WEATHER SERVICE LUBBOCK, TX
208 AM CDT WED SEP 28 2016


...................................

...THE LUBBOCK CLIMATE SUMMARY FOR SEPTEMBER 27 2016...

CLIMATE NORMAL PERIOD 1981 TO 2010
CLIMATE RECORD PERIOD 1911 TO 2016


WEATHER ITEM   OBSERVED TIME   RECORD YEAR NORMAL DEPARTURE LAST
                VALUE   (LST)  VALUE       VALUE  FROM      YEAR
                                                  NORMAL
..................................................................
TEMPERATURE (F)
 YESTERDAY
  MAXIMUM         79    434 PM 100    1953  81     -2       86
  MINIMUM         50    605 AM  39    1942  55     -5       56
                                      1917
  AVERAGE         65                        68     -3       71

PRECIPITATION (IN)
  YESTERDAY        0.00          1.63 2004   0.08  -0.08     0.00
  MONTH TO DATE    1.47                      2.30  -0.83     0.49
  SINCE SEP 1      1.47                      2.30  -0.83     0.49
  SINCE JAN 1     11.39                     15.37  -3.98    22.78

SNOWFALL (IN)
  YESTERDAY        0.0           0.0  2002   0.0    0.0      0.0
  MONTH TO DATE    0.0                       0.0    0.0      0.0
  SINCE SEP 1      0.0                       0.0    0.0      0.0
  SINCE JUL 1      0.0                       0.0    0.0      0.0
  SNOW DEPTH       0

DEGREE DAYS
 HEATING
  YESTERDAY        0                         2     -2        0
  MONTH TO DATE    1                        17    -16        0
  SINCE SEP 1      1                        17    -16        0
  SINCE JUL 1      1                        17    -16        0

 COOLING
  YESTERDAY        0                         4     -4        6
  MONTH TO DATE  251                       210     41      324
  SINCE SEP 1    251                       210     41      324
  SINCE JAN 1   1977                      1736    241     1829
..................................................................


WIND (MPH)
  RESULTANT WIND SPEED   1   RESULTANT WIND DIRECTION   W (270)
  HIGHEST WIND SPEED     9   HIGHEST WIND DIRECTION    NW (320)
  HIGHEST GUST SPEED    12   HIGHEST GUST DIRECTION     N (340)
  AVERAGE WIND SPEED     5.0


SKY COVER
  AVERAGE SKY COVER 0.7


WEATHER CONDITIONS
 THE FOLLOWING WEATHER WAS RECORDED YESTERDAY.
  HAZE


RELATIVE HUMIDITY (PERCENT)
 HIGHEST    80           600 AM
 LOWEST     21           200 PM
 AVERAGE    51

..........................................................


THE LUBBOCK CLIMATE NORMALS FOR TODAY
                         NORMAL    RECORD    YEAR
 MAXIMUM TEMPERATURE (F)   81        98      1994
 MINIMUM TEMPERATURE (F)   54        36      1918


SUNRISE AND SUNSET
SEPTEMBER 28 2016.....SUNRISE   740 AM CDT   SUNSET   735 PM CDT
SEPTEMBER 29 2016.....SUNRISE   741 AM CDT   SUNSET   734 PM CDT


-  INDICATES NEGATIVE NUMBERS.
R  INDICATES RECORD WAS SET OR TIED.
MM INDICATES DATA IS MISSING.
T  INDICATES TRACE AMOUNT.




$$
