000
CDUS44 KLUB 220631
CLILBB


CLIMATE REPORT
NATIONAL WEATHER SERVICE LUBBOCK, TX
1229 AM CST THU FEB 22 2018


...................................

...THE LUBBOCK CLIMATE SUMMARY FOR FEBRUARY 21 2018...

CLIMATE NORMAL PERIOD 1981 TO 2010
CLIMATE RECORD PERIOD 1911 TO 2018


WEATHER ITEM   OBSERVED TIME   RECORD YEAR NORMAL DEPARTURE LAST
                VALUE   (LST)  VALUE       VALUE  FROM      YEAR
                                                  NORMAL
..................................................................
TEMPERATURE (F)
 YESTERDAY
  MAXIMUM         33    520 PM  84    1996  60    -27       77
  MINIMUM         22    910 AM   6    1964  31     -9       32
  AVERAGE         28                        46    -18       55

PRECIPITATION (IN)
  YESTERDAY        T             0.64 1971   0.02  -0.02     0.00
  MONTH TO DATE    0.18                      0.56  -0.38     0.89
  SINCE DEC 1      0.18                      1.97  -1.79     3.41
  SINCE JAN 1      0.18                      1.21  -1.03     2.92

SNOWFALL (IN)
  YESTERDAY        0.0           4.4  1963   0.1   -0.1      0.0
  MONTH TO DATE    0.0                       1.4   -1.4       T
  SINCE DEC 1      0.3                       6.3   -6.0      0.2
  SINCE JUL 1      0.3                       7.2   -6.9      0.2
  SNOW DEPTH       0

DEGREE DAYS
 HEATING
  YESTERDAY       37                        19     18       10
  MONTH TO DATE  404                       448    -44      286
  SINCE DEC 1   1884                      1971    -87     1645
  SINCE JUL 1   2390                      2613   -223     2009

 COOLING
  YESTERDAY        0                         0      0        0
  MONTH TO DATE    3                         0      3        4
  SINCE DEC 1      3                         0      3        4
  SINCE JAN 1      3                         0      3        4
..................................................................


WIND (MPH)
  RESULTANT WIND SPEED  14   RESULTANT WIND DIRECTION  NE (30)
  HIGHEST WIND SPEED    25   HIGHEST WIND DIRECTION    NE (30)
  HIGHEST GUST SPEED    32   HIGHEST GUST DIRECTION    NE (30)
  AVERAGE WIND SPEED    14.6


SKY COVER
  AVERAGE SKY COVER 0.8


WEATHER CONDITIONS
 THE FOLLOWING WEATHER WAS RECORDED YESTERDAY.
  FREEZING RAIN
  LT FREEZING RAIN
  HAZE


RELATIVE HUMIDITY (PERCENT)
 HIGHEST    88          1100 PM
 LOWEST     39           100 PM
 AVERAGE    64

..........................................................


THE LUBBOCK CLIMATE NORMALS FOR TODAY
                         NORMAL    RECORD    YEAR
 MAXIMUM TEMPERATURE (F)   61        87      1996
 MINIMUM TEMPERATURE (F)   32        12      1911


SUNRISE AND SUNSET
FEBRUARY 22 2018......SUNRISE   724 AM CST   SUNSET   638 PM CST
FEBRUARY 23 2018......SUNRISE   723 AM CST   SUNSET   639 PM CST


-  INDICATES NEGATIVE NUMBERS.
R  INDICATES RECORD WAS SET OR TIED.
MM INDICATES DATA IS MISSING.
T  INDICATES TRACE AMOUNT.




$$
