000
CDUS44 KLUB 080627
CLILBB


CLIMATE REPORT
NATIONAL WEATHER SERVICE LUBBOCK, TX
1226 AM CST MON FEB 8 2016


...................................

...THE LUBBOCK CLIMATE SUMMARY FOR FEBRUARY 7 2016...

CLIMATE NORMAL PERIOD 1981 TO 2010
CLIMATE RECORD PERIOD 1911 TO 2016


WEATHER ITEM   OBSERVED TIME   RECORD YEAR NORMAL DEPARTURE LAST
                VALUE   (LST)  VALUE       VALUE  FROM      YEAR
                                                  NORMAL
..................................................................
TEMPERATURE (F)
 YESTERDAY
  MAXIMUM         66    204 PM  84    2015  57      9       84
                                      1918
  MINIMUM         28    641 AM  -3    1933  29     -1       39
  AVERAGE         47                        43      4       62

PRECIPITATION (IN)
  YESTERDAY        0.00          0.43 1973   0.03  -0.03     0.00
  MONTH TO DATE    0.00                      0.18  -0.18      T
  SINCE DEC 1      1.87                      1.59   0.28     2.00
  SINCE JAN 1      0.30                      0.83  -0.53     1.61

SNOWFALL (IN)
  YESTERDAY        0.0           3.0  1933   0.1   -0.1      0.0
  MONTH TO DATE    0.0                       0.6   -0.6      0.0
  SINCE DEC 1     13.3                       5.5    7.8      6.6
  SINCE JUL 1     13.3                       6.4    6.9      7.1
  SNOW DEPTH       0

DEGREE DAYS
 HEATING
  YESTERDAY       18                        22     -4        3
  MONTH TO DATE  176                       159     17      124
  SINCE DEC 1   1570                      1682   -112     1578
  SINCE JUL 1   2089                      2324   -235     2253

 COOLING
  YESTERDAY        0                         0      0        0
  MONTH TO DATE    0                         0      0        0
  SINCE DEC 1      0                         0      0        0
  SINCE JAN 1      0                         0      0        0
..................................................................


WIND (MPH)
  RESULTANT WIND SPEED   5   RESULTANT WIND DIRECTION   N (10)
  HIGHEST WIND SPEED    30   HIGHEST WIND DIRECTION    NE (40)
  HIGHEST GUST SPEED    36   HIGHEST GUST DIRECTION    NE (40)
  AVERAGE WIND SPEED    14.1


SKY COVER
  AVERAGE SKY COVER 0.2


WEATHER CONDITIONS
 THE FOLLOWING WEATHER WAS RECORDED YESTERDAY.
  NO SIGNIFICANT WEATHER WAS OBSERVED.


RELATIVE HUMIDITY (PERCENT)
 HIGHEST    53           700 AM
 LOWEST     16           100 PM
 AVERAGE    35

..........................................................


THE LUBBOCK CLIMATE NORMALS FOR TODAY
                         NORMAL    RECORD    YEAR
 MAXIMUM TEMPERATURE (F)   57        83      1951
 MINIMUM TEMPERATURE (F)   29       -17      1933


SUNRISE AND SUNSET
FEBRUARY  8 2016......SUNRISE   738 AM CST   SUNSET   625 PM CST
FEBRUARY  9 2016......SUNRISE   738 AM CST   SUNSET   626 PM CST


-  INDICATES NEGATIVE NUMBERS.
R  INDICATES RECORD WAS SET OR TIED.
MM INDICATES DATA IS MISSING.
T  INDICATES TRACE AMOUNT.




$$
