000
CDUS44 KLUB 080227
CLILBB


CLIMATE REPORT
NATIONAL WEATHER SERVICE LUBBOCK, TX
826 PM CST WED DEC 7 2016


...................................

...THE LUBBOCK CLIMATE SUMMARY FOR DECEMBER 7 2016...
VALID TODAY AS OF 0800 PM LOCAL TIME.

CLIMATE NORMAL PERIOD 1981 TO 2010
CLIMATE RECORD PERIOD 1911 TO 2016


WEATHER ITEM   OBSERVED TIME   RECORD YEAR NORMAL DEPARTURE LAST
                VALUE   (LST)  VALUE       VALUE  FROM      YEAR
                                                  NORMAL
..................................................................
TEMPERATURE (F)
 TODAY
  MAXIMUM         40    320 PM  79    2007  55    -15       72
  MINIMUM         28    603 AM   8    2005  28      0       31
  AVERAGE         34                        42     -8       52

PRECIPITATION (IN)
  TODAY            0.00          0.40 1980   0.03  -0.03     0.00
  MONTH TO DATE    0.43                      0.17   0.26     0.00
  SINCE DEC 1      0.43                      0.17   0.26     0.00
  SINCE JAN 1     13.41                     18.53  -5.12    27.88

SNOWFALL (IN)
  TODAY            0.0           0.4  1989   0.1   -0.1      0.0
  MONTH TO DATE    0.0                       0.4   -0.4      0.0
  SINCE DEC 1      0.0                       0.4   -0.4      0.0
  SINCE JUL 1      0.0                       1.3   -1.3       T
  SNOW DEPTH       0

DEGREE DAYS
 HEATING
  TODAY           31                        23      8       13
  MONTH TO DATE  170                       157     13      137
  SINCE DEC 1    170                       157     13      137
  SINCE JUL 1    534                       799   -265      656

 COOLING
  TODAY            0                         0      0        0
  MONTH TO DATE    0                         0      0        0
  SINCE DEC 1      0                         0      0        0
  SINCE JAN 1   2114                      1804    310     1922
..................................................................


WIND (MPH)
  RESULTANT WIND SPEED   5   RESULTANT WIND DIRECTION   E (70)
  HIGHEST WIND SPEED    20   HIGHEST WIND DIRECTION     N (20)
  HIGHEST GUST SPEED    24   HIGHEST GUST DIRECTION     N (20)
  AVERAGE WIND SPEED     8.8


SKY COVER
  AVERAGE SKY COVER 0.9


WEATHER CONDITIONS
 THE FOLLOWING WEATHER WAS RECORDED TODAY.
  FOG
  HAZE


RELATIVE HUMIDITY (PERCENT)
 HIGHEST    92           500 AM
 LOWEST     70           600 PM
 AVERAGE    81

..........................................................


THE LUBBOCK CLIMATE NORMALS FOR TOMORROW
                         NORMAL    RECORD    YEAR
 MAXIMUM TEMPERATURE (F)   55        78      1970
 MINIMUM TEMPERATURE (F)   28         3      1917


SUNRISE AND SUNSET
DECEMBER  7 2016......SUNRISE   739 AM CST   SUNSET   539 PM CST
DECEMBER  8 2016......SUNRISE   740 AM CST   SUNSET   539 PM CST


-  INDICATES NEGATIVE NUMBERS.
R  INDICATES RECORD WAS SET OR TIED.
MM INDICATES DATA IS MISSING.
T  INDICATES TRACE AMOUNT.




$$
