000
CDUS44 KLUB 300125
CLILBB


CLIMATE REPORT
NATIONAL WEATHER SERVICE LUBBOCK, TX
825 PM CDT FRI AUG 29 2014


...................................

...THE LUBBOCK CLIMATE SUMMARY FOR AUGUST 29 2014...
VALID TODAY AS OF 0800 PM LOCAL TIME.

CLIMATE NORMAL PERIOD 1981 TO 2010
CLIMATE RECORD PERIOD 1911 TO 2014


WEATHER ITEM   OBSERVED TIME   RECORD YEAR NORMAL DEPARTURE LAST
                VALUE   (LST)  VALUE       VALUE  FROM      YEAR
                                                  NORMAL
..................................................................
TEMPERATURE (F)
 TODAY
  MAXIMUM         90    342 PM  99    1991  90      0       96
                                      1990
                                      1943
  MINIMUM         63    631 AM  51    1917  65     -2       69
  AVERAGE         77                        77      0       83

PRECIPITATION (IN)
  TODAY            0.00          1.07 2002   0.07  -0.07     0.00
  MONTH TO DATE    0.54                      1.77  -1.23     1.32
  SINCE JUN 1      5.77                      6.72  -0.95     6.36
  SINCE JAN 1     11.90                     12.93  -1.03     9.78

SNOWFALL (IN)
  TODAY            0.0           0.0  2002   0.0    0.0      0.0
  MONTH TO DATE    0.0                       0.0    0.0      0.0
  SINCE JUN 1      0.0                       0.0    0.0      0.0
  SINCE JUL 1      0.0                       0.0    0.0      0.0
  SNOW DEPTH       0

DEGREE DAYS
 HEATING
  TODAY            0                         0      0        0
  MONTH TO DATE    0                         0      0        0
  SINCE JUN 1      0                         2     -2        0
  SINCE JUL 1      0                         0      0        0

 COOLING
  TODAY           12                        12      0       18
  MONTH TO DATE  465                       409     56      453
  SINCE JUN 1   1315                      1256     59     1377
  SINCE JAN 1   1594                      1502     92     1692
..................................................................


WIND (MPH)
  RESULTANT WIND SPEED   5   RESULTANT WIND DIRECTION   E (100)
  HIGHEST WIND SPEED    18   HIGHEST WIND DIRECTION    SE (140)
  HIGHEST GUST SPEED    23   HIGHEST GUST DIRECTION    SE (130)
  AVERAGE WIND SPEED     7.5


SKY COVER
  AVERAGE SKY COVER 0.6


WEATHER CONDITIONS
 THE FOLLOWING WEATHER WAS RECORDED TODAY.
  FOG


RELATIVE HUMIDITY (PERCENT)
 HIGHEST   100           600 AM
 LOWEST     38           400 PM
 AVERAGE    69

..........................................................


THE LUBBOCK CLIMATE NORMALS FOR TOMORROW
                         NORMAL    RECORD    YEAR
 MAXIMUM TEMPERATURE (F)   89       104      2011
 MINIMUM TEMPERATURE (F)   64        44      1915


SUNRISE AND SUNSET
AUGUST 29 2014........SUNRISE   719 AM CDT   SUNSET   817 PM CDT
AUGUST 30 2014........SUNRISE   720 AM CDT   SUNSET   815 PM CDT


-  INDICATES NEGATIVE NUMBERS.
R  INDICATES RECORD WAS SET OR TIED.
MM INDICATES DATA IS MISSING.
T  INDICATES TRACE AMOUNT.




$$
