000
CDUS44 KLUB 280625
CLILBB


CLIMATE REPORT
NATIONAL WEATHER SERVICE LUBBOCK, TX
1225 AM CST WED JAN 28 2015


...................................

...THE LUBBOCK CLIMATE SUMMARY FOR JANUARY 27 2015...

CLIMATE NORMAL PERIOD 1981 TO 2010
CLIMATE RECORD PERIOD 1911 TO 2015


WEATHER ITEM   OBSERVED TIME   RECORD YEAR NORMAL DEPARTURE LAST
                VALUE   (LST)  VALUE       VALUE  FROM      YEAR
                                                  NORMAL
..................................................................
TEMPERATURE (F)
 YESTERDAY
  MAXIMUM         74    340 PM  78    1970  55     19       41
                                      1956
  MINIMUM         33    422 AM   5    1925  27      6       15
  AVERAGE         54                        41     13       28

PRECIPITATION (IN)
  YESTERDAY        0.00          0.47 2001   0.03  -0.03     0.00
  MONTH TO DATE    1.03                      0.55   0.48     0.00
  SINCE DEC 1      1.42                      1.31   0.11     0.60
  SINCE JAN 1      1.03                      0.55   0.48     0.00

SNOWFALL (IN)
  YESTERDAY        0.0           1.3  1949   0.1   -0.1      0.0
  MONTH TO DATE    4.2                       2.2    2.0      0.0
  SINCE DEC 1      6.6                       4.5    2.1      0.2
  SINCE JUL 1      7.1                       5.4    1.7      2.4
  SNOW DEPTH       0

DEGREE DAYS
 HEATING
  YESTERDAY       11                        24    -13       37
  MONTH TO DATE  724                       672     52      673
  SINCE DEC 1   1383                      1428    -45     1477
  SINCE JUL 1   2058                      2070    -12     2130

 COOLING
  YESTERDAY        0                         0      0        0
  MONTH TO DATE    0                         0      0        0
  SINCE DEC 1      0                         0      0        0
  SINCE JAN 1      0                         0      0        0
..................................................................


WIND (MPH)
  RESULTANT WIND SPEED   6   RESULTANT WIND DIRECTION   W (250)
  HIGHEST WIND SPEED    15   HIGHEST WIND DIRECTION    SW (230)
  HIGHEST GUST SPEED    19   HIGHEST GUST DIRECTION    SW (230)
  AVERAGE WIND SPEED     8.6


SKY COVER
  AVERAGE SKY COVER 0.4


WEATHER CONDITIONS
 THE FOLLOWING WEATHER WAS RECORDED YESTERDAY.
  NO SIGNIFICANT WEATHER WAS OBSERVED.


RELATIVE HUMIDITY (PERCENT)
 HIGHEST    89           400 AM
 LOWEST     20           300 PM
 AVERAGE    55

..........................................................


THE LUBBOCK CLIMATE NORMALS FOR TODAY
                         NORMAL    RECORD    YEAR
 MAXIMUM TEMPERATURE (F)   55        80      2003
 MINIMUM TEMPERATURE (F)   27         6      2014


SUNRISE AND SUNSET
JANUARY 28 2015.......SUNRISE   746 AM CST   SUNSET   614 PM CST
JANUARY 29 2015.......SUNRISE   746 AM CST   SUNSET   615 PM CST


-  INDICATES NEGATIVE NUMBERS.
R  INDICATES RECORD WAS SET OR TIED.
MM INDICATES DATA IS MISSING.
T  INDICATES TRACE AMOUNT.




$$
