000
CDUS43 KLBF 261027
CLILBF

CLIMATE REPORT
NATIONAL WEATHER SERVICE NORTH PLATTE
426 AM CST WED NOV 26 2014

...................................

...THE NORTH PLATTE NE CLIMATE SUMMARY FOR NOVEMBER 25 2014...

CLIMATE NORMAL PERIOD 1981 TO 2010
CLIMATE RECORD PERIOD 1874 TO 2014


WEATHER ITEM   OBSERVED TIME   RECORD YEAR NORMAL DEPARTURE LAST
                VALUE   (LST)  VALUE       VALUE  FROM      YEAR
                                                  NORMAL
..................................................................
TEMPERATURE (F)
 YESTERDAY
  MAXIMUM         45    224 PM  74    1995  45      0       47
                                      1960
  MINIMUM         10    545 AM  -7    1880  17     -7       15
  AVERAGE         28                        31     -3       31

PRECIPITATION (IN)
  YESTERDAY        T             0.62 1944   0.02  -0.02     0.00
  MONTH TO DATE    0.06                      0.56  -0.50     0.51
  SINCE SEP 1      2.18                      3.52  -1.34     7.25
  SINCE JAN 1     20.46                     19.74   0.72    21.61

SNOWFALL (IN)
  YESTERDAY        0.0           4.0  1944   0.2   -0.2      0.0
  MONTH TO DATE    0.4                       3.2   -2.8      3.1
  SINCE SEP 1      0.4                       5.5   -5.1      3.1
  SINCE JUL 1      0.4                       5.5   -5.1      3.1
  SNOW DEPTH       0

DEGREE DAYS
 HEATING
  YESTERDAY       37                        34      3       34
  MONTH TO DATE  835                       706    129      700
  SINCE SEP 1   1349                      1355     -6     1301
  SINCE JUL 1   1366                      1375     -9     1314

 COOLING
  YESTERDAY        0                         0      0        0
  MONTH TO DATE    0                         0      0        0
  SINCE SEP 1     75                        73      2      161
  SINCE JAN 1    744                       768    -24      998
..................................................................


WIND (MPH)
  HIGHEST WIND SPEED    26   HIGHEST WIND DIRECTION    NW (320)
  HIGHEST GUST SPEED    33   HIGHEST GUST DIRECTION    NW (320)
  AVERAGE WIND SPEED     7.6


SKY COVER
  POSSIBLE SUNSHINE  MM
  AVERAGE SKY COVER 0.5


WEATHER CONDITIONS
 THE FOLLOWING WEATHER WAS RECORDED YESTERDAY.
  NO SIGNIFICANT WEATHER WAS OBSERVED.


RELATIVE HUMIDITY (PERCENT)
 HIGHEST    96           400 AM
 LOWEST     33           200 PM
 AVERAGE    65

..........................................................


THE NORTH PLATTE NE CLIMATE NORMALS FOR TODAY
                         NORMAL    RECORD    YEAR
 MAXIMUM TEMPERATURE (F)   45        73      1960
 MINIMUM TEMPERATURE (F)   16       -12      1887


SUNRISE AND SUNSET
NOVEMBER 26 2014......SUNRISE   743 AM CST   SUNSET   517 PM CST
NOVEMBER 27 2014......SUNRISE   744 AM CST   SUNSET   516 PM CST


-  INDICATES NEGATIVE NUMBERS.
R  INDICATES RECORD WAS SET OR TIED.
MM INDICATES DATA IS MISSING.
T  INDICATES TRACE AMOUNT.

$$
