000
CDUS43 KLBF 261029
CLILBF


CLIMATE REPORT
NATIONAL WEATHER SERVICE NORTH PLATTE
427 AM CST SUN FEB 26 2017


...................................

...THE NORTH PLATTE NE CLIMATE SUMMARY FOR FEBRUARY 25 2017...

CLIMATE NORMAL PERIOD 1981 TO 2010
CLIMATE RECORD PERIOD 1874 TO 2017


WEATHER ITEM   OBSERVED TIME   RECORD YEAR NORMAL DEPARTURE LAST
                VALUE   (LST)  VALUE       VALUE  FROM      YEAR
                                                  NORMAL
..................................................................
TEMPERATURE (F)
 YESTERDAY
  MAXIMUM         36    532 PM  76    1995  46    -10       44
  MINIMUM          4    753 AM -12    1960  18    -14       16
  AVERAGE         20                        32    -12       30

PRECIPITATION (IN)
  YESTERDAY        0.00          0.23 2000   0.03  -0.03     0.00
  MONTH TO DATE    0.52                      0.43   0.09     0.78
  SINCE DEC 1      1.81                      1.18   0.63     1.54
  SINCE JAN 1      1.19                      0.77   0.42     1.26

SNOWFALL (IN)
  YESTERDAY        0.0           2.0  1890   0.2   -0.2      0.0
  MONTH TO DATE    5.9                       4.7    1.2     12.0
  SINCE DEC 1     15.3                      14.1    1.2     21.0
  SINCE JUL 1     20.3                      20.3    0.0     25.6
  SNOW DEPTH       3

DEGREE DAYS
 HEATING
  YESTERDAY       45                        33     12       35
  MONTH TO DATE  716                       910   -194      800
  SINCE DEC 1   3178                      3379   -201     3008
  SINCE JUL 1   4219                      4930   -711     4194

 COOLING
  YESTERDAY        0                         0      0        0
  MONTH TO DATE    0                         0      0        0
  SINCE DEC 1      0                         0      0        0
  SINCE JAN 1      0                         0      0        0
..................................................................


WIND (MPH)
  HIGHEST WIND SPEED    18   HIGHEST WIND DIRECTION     W (290)
  HIGHEST GUST SPEED    23   HIGHEST GUST DIRECTION     W (250)
  AVERAGE WIND SPEED     5.7


SKY COVER
  POSSIBLE SUNSHINE  MM
  AVERAGE SKY COVER 0.2


WEATHER CONDITIONS
 THE FOLLOWING WEATHER WAS RECORDED YESTERDAY.
  FOG
  FOG W/VISIBILITY <= 1/4 MILE
  HAZE


RELATIVE HUMIDITY (PERCENT)
 HIGHEST    92           900 AM
 LOWEST     47           600 PM
 AVERAGE    70

..........................................................


THE NORTH PLATTE NE CLIMATE NORMALS FOR TODAY
                         NORMAL    RECORD    YEAR
 MAXIMUM TEMPERATURE (F)   46        74      1896
 MINIMUM TEMPERATURE (F)   18       -14      1934


SUNRISE AND SUNSET
FEBRUARY 26 2017......SUNRISE   721 AM CST   SUNSET   631 PM CST
FEBRUARY 27 2017......SUNRISE   720 AM CST   SUNSET   632 PM CST


-  INDICATES NEGATIVE NUMBERS.
R  INDICATES RECORD WAS SET OR TIED.
MM INDICATES DATA IS MISSING.
T  INDICATES TRACE AMOUNT.




$$
