000
CDUS43 KLBF 252213
CLILBF


CLIMATE REPORT
NATIONAL WEATHER SERVICE NORTH PLATTE
512 PM CDT THU AUG 25 2016


...................................

...THE NORTH PLATTE NE CLIMATE SUMMARY FOR AUGUST 25 2016...
VALID TODAY AS OF 0500 PM LOCAL TIME.

CLIMATE NORMAL PERIOD 1981 TO 2010
CLIMATE RECORD PERIOD 1874 TO 2016


WEATHER ITEM   OBSERVED TIME   RECORD YEAR NORMAL DEPARTURE LAST
                VALUE   (LST)  VALUE       VALUE  FROM      YEAR
                                                  NORMAL
..................................................................
TEMPERATURE (F)
 TODAY
  MAXIMUM         80    352 PM 103    1955  85     -5       87
  MINIMUM         51    410 AM  36    1910  56     -5       50
  AVERAGE         66                        70     -4       69

PRECIPITATION (IN)
  TODAY            0.00          1.01 1979   0.05  -0.05     0.00
  MONTH TO DATE    0.80                      1.97  -1.17     3.19
  SINCE JUN 1      7.90                      8.46  -0.56     8.47
  SINCE JAN 1     19.08                     15.90   3.18    16.57

SNOWFALL (IN)
  TODAY            0.0           0.0  2002   0.0    0.0      0.0
                                      2001
  MONTH TO DATE    0.0                       0.0    0.0      0.0
  SINCE JUN 1      0.0                       0.0    0.0      0.0
  SINCE JUL 1      0.0                       0.0    0.0      0.0
  SNOW DEPTH       0

DEGREE DAYS
 HEATING
  TODAY            0                         1     -1        0
  MONTH TO DATE    5                         4      1       23
  SINCE JUN 1     21                        60    -39       34
  SINCE JUL 1     11                         9      2       29

 COOLING
  TODAY            1                         6     -5        4
  MONTH TO DATE  209                       201      8      146
  SINCE JUN 1    761                       632    129      622
  SINCE JAN 1    771                       660    111      624
..................................................................


WIND (MPH)
  HIGHEST WIND SPEED    21   HIGHEST WIND DIRECTION    NE (30)
  HIGHEST GUST SPEED    27   HIGHEST GUST DIRECTION    NE (40)
  AVERAGE WIND SPEED     5.7


SKY COVER
  POSSIBLE SUNSHINE  MM
  AVERAGE SKY COVER 0.1


WEATHER CONDITIONS
 THE FOLLOWING WEATHER WAS RECORDED TODAY.
  NO SIGNIFICANT WEATHER WAS OBSERVED.


RELATIVE HUMIDITY (PERCENT)
 HIGHEST    96           500 AM
 LOWEST     35           200 PM
 AVERAGE    66

..........................................................


THE NORTH PLATTE NE CLIMATE NORMALS FOR TOMORROW
                         NORMAL    RECORD    YEAR
 MAXIMUM TEMPERATURE (F)   85       103      1970
                                             1952
                                             1926
 MINIMUM TEMPERATURE (F)   56        42      1972


SUNRISE AND SUNSET
AUGUST 25 2016........SUNRISE   703 AM CDT   SUNSET   826 PM CDT
AUGUST 26 2016........SUNRISE   704 AM CDT   SUNSET   824 PM CDT


-  INDICATES NEGATIVE NUMBERS.
R  INDICATES RECORD WAS SET OR TIED.
MM INDICATES DATA IS MISSING.
T  INDICATES TRACE AMOUNT.

$$
