000
CDUS43 KLBF 232221
CLILBF

CLIMATE REPORT
NATIONAL WEATHER SERVICE NORTH PLATTE
520 PM CDT TUE SEP 23 2014


...................................

...THE NORTH PLATTE NE CLIMATE SUMMARY FOR SEPTEMBER 23 2014...
VALID TODAY AS OF 0500 PM LOCAL TIME.

CLIMATE NORMAL PERIOD 1981 TO 2010
CLIMATE RECORD PERIOD 1874 TO 2014


WEATHER ITEM   OBSERVED TIME   RECORD YEAR NORMAL DEPARTURE LAST
                VALUE   (LST)  VALUE       VALUE  FROM      YEAR
                                                  NORMAL
..................................................................
TEMPERATURE (F)
 TODAY
  MAXIMUM         84    350 PM  95    1921  75      9       67
  MINIMUM         54    637 AM  23    1989  43     11       56
  AVERAGE         69                        59     10       62

PRECIPITATION (IN)
  TODAY            0.00          0.95 1941   0.05  -0.05     0.60
  MONTH TO DATE    1.12                      1.08   0.04     4.43
  SINCE SEP 1      1.12                      1.08   0.04     4.43
  SINCE JAN 1     19.40                     17.30   2.10    18.79

SNOWFALL (IN)
  TODAY            0.0           0.4  2000   0.0    0.0      0.0
  MONTH TO DATE    T                         0.1   -0.1      0.0
  SINCE SEP 1      T                         0.1   -0.1      0.0
  SINCE JUL 1      T                         0.1   -0.1      0.0
  SNOW DEPTH       0

DEGREE DAYS
 HEATING
  TODAY            0                         7     -7        3
  MONTH TO DATE  123                        91     32       36
  SINCE SEP 1    123                        91     32       36
  SINCE JUL 1    140                       111     29       49

 COOLING
  TODAY            4                         1      3        0
  MONTH TO DATE   46                        65    -19      157
  SINCE SEP 1     46                        65    -19      157
  SINCE JAN 1    715                       760    -45      994
..................................................................


WIND (MPH)
  HIGHEST WIND SPEED    17   HIGHEST WIND DIRECTION     S (190)
  HIGHEST GUST SPEED    22   HIGHEST GUST DIRECTION     S (200)
  AVERAGE WIND SPEED     8.8


SKY COVER
  POSSIBLE SUNSHINE  MM
  AVERAGE SKY COVER 0.1


WEATHER CONDITIONS
 THE FOLLOWING WEATHER WAS RECORDED TODAY.
  NO SIGNIFICANT WEATHER WAS OBSERVED.


RELATIVE HUMIDITY (PERCENT)
 HIGHEST   100           600 AM
 LOWEST     37           300 PM
 AVERAGE    69

..........................................................


THE NORTH PLATTE NE CLIMATE NORMALS FOR TOMORROW
                         NORMAL    RECORD    YEAR
 MAXIMUM TEMPERATURE (F)   74        92      1990
 MINIMUM TEMPERATURE (F)   43        26      1975
                                             1965


SUNRISE AND SUNSET
SEPTEMBER 23 2014.....SUNRISE   731 AM CDT   SUNSET   738 PM CDT
SEPTEMBER 24 2014.....SUNRISE   732 AM CDT   SUNSET   736 PM CDT


-  INDICATES NEGATIVE NUMBERS.
R  INDICATES RECORD WAS SET OR TIED.
MM INDICATES DATA IS MISSING.
T  INDICATES TRACE AMOUNT.

$$
