000
CDUS43 KLBF 310940
CLILBF

CLIMATE REPORT
NATIONAL WEATHER SERVICE NORTH PLATTE
438 AM CDT MON AUG 31 2015


...................................

...THE NORTH PLATTE NE CLIMATE SUMMARY FOR AUGUST 30 2015...

CLIMATE NORMAL PERIOD 1981 TO 2010
CLIMATE RECORD PERIOD 1874 TO 2015


WEATHER ITEM   OBSERVED TIME   RECORD YEAR NORMAL DEPARTURE LAST
                VALUE   (LST)  VALUE       VALUE  FROM      YEAR
                                                  NORMAL
..................................................................
TEMPERATURE (F)
 YESTERDAY
  MAXIMUM         93    338 PM 102    2012  84      9       85
                                      1990
                                      1877
  MINIMUM         53    634 AM  41    1964  54     -1       53
  AVERAGE         73                        69      4       69

PRECIPITATION (IN)
  YESTERDAY        0.00          1.10 1934   0.05  -0.05     0.00
  MONTH TO DATE    3.19                      2.24   0.95     5.10
  SINCE JUN 1      8.47                      8.73  -0.26    13.99
  SINCE JAN 1     16.57                     16.17   0.40    18.28

SNOWFALL (IN)
  YESTERDAY        0.0           0.0  2002   0.0    0.0      0.0
                                      2001
  MONTH TO DATE    0.0                       0.0    0.0      0.0
  SINCE JUN 1      0.0                       0.0    0.0       T
  SINCE JUL 1      0.0                       0.0    0.0      0.0
  SNOW DEPTH       0

DEGREE DAYS
 HEATING
  YESTERDAY        0                         1     -1        0
  MONTH TO DATE   23                         9     14        0
  SINCE JUN 1     34                        65    -31       56
  SINCE JUL 1     29                        14     15       17

 COOLING
  YESTERDAY        8                         5      3        4
  MONTH TO DATE  182                       230    -48      254
  SINCE JUN 1    658                       661     -3      620
  SINCE JAN 1    660                       689    -29      669
..................................................................


WIND (MPH)
  HIGHEST WIND SPEED    21   HIGHEST WIND DIRECTION     S (170)
  HIGHEST GUST SPEED    30   HIGHEST GUST DIRECTION     S (160)
  AVERAGE WIND SPEED     9.3


SKY COVER
  POSSIBLE SUNSHINE  MM
  AVERAGE SKY COVER 0.0


WEATHER CONDITIONS
 THE FOLLOWING WEATHER WAS RECORDED YESTERDAY.
  NO SIGNIFICANT WEATHER WAS OBSERVED.


RELATIVE HUMIDITY (PERCENT)
 HIGHEST    86           700 AM
 LOWEST     18           300 PM
 AVERAGE    52

..........................................................


THE NORTH PLATTE NE CLIMATE NORMALS FOR TODAY
                         NORMAL    RECORD    YEAR
 MAXIMUM TEMPERATURE (F)   84       102      1922
 MINIMUM TEMPERATURE (F)   54        38      1993


SUNRISE AND SUNSET
AUGUST 31 2015........SUNRISE   708 AM CDT   SUNSET   817 PM CDT
SEPTEMBER  1 2015.....SUNRISE   709 AM CDT   SUNSET   816 PM CDT


-  INDICATES NEGATIVE NUMBERS.
R  INDICATES RECORD WAS SET OR TIED.
MM INDICATES DATA IS MISSING.
T  INDICATES TRACE AMOUNT.

$$
