000
CDUS43 KLBF 081040
CLILBF


CLIMATE REPORT
NATIONAL WEATHER SERVICE NORTH PLATTE
439 AM CST THU DEC 8 2016


...................................

...THE NORTH PLATTE NE CLIMATE SUMMARY FOR DECEMBER 7 2016...

CLIMATE NORMAL PERIOD 1981 TO 2010
CLIMATE RECORD PERIOD 1874 TO 2016


WEATHER ITEM   OBSERVED TIME   RECORD YEAR NORMAL DEPARTURE LAST
                VALUE   (LST)  VALUE       VALUE  FROM      YEAR
                                                  NORMAL
..................................................................
TEMPERATURE (F)
 YESTERDAY
  MAXIMUM         22    359 PM  69    1991  40    -18       55
  MINIMUM          3   1031 PM -15    1978  13    -10       19
  AVERAGE         13                        26    -13       37

PRECIPITATION (IN)
  YESTERDAY        0.01          0.35 1924   0.02  -0.01     0.00
  MONTH TO DATE    0.01                      0.10  -0.09     0.09
  SINCE DEC 1      0.01                      0.10  -0.09     0.09
  SINCE JAN 1     22.44                     19.92   2.52    20.64

SNOWFALL (IN)
  YESTERDAY        0.2           3.3  1924   0.2    0.0      0.0
  MONTH TO DATE    0.2                       1.0   -0.8      1.6
  SINCE DEC 1      0.2                       1.0   -0.8      1.6
  SINCE JUL 1      5.2                       7.2   -2.0      6.2
  SNOW DEPTH       T

DEGREE DAYS
 HEATING
  YESTERDAY       52                        38     14       28
  MONTH TO DATE  250                       263    -13      219
  SINCE DEC 1    250                       263    -13      219
  SINCE JUL 1   1291                      1814   -523     1405

 COOLING
  YESTERDAY        0                         0      0        0
  MONTH TO DATE    0                         0      0        0
  SINCE DEC 1      0                         0      0        0
  SINCE JAN 1    911                       768    143      823
..................................................................


WIND (MPH)
  HIGHEST WIND SPEED    18   HIGHEST WIND DIRECTION    NW (310)
  HIGHEST GUST SPEED    24   HIGHEST GUST DIRECTION     N (10)
  AVERAGE WIND SPEED    10.8


SKY COVER
  POSSIBLE SUNSHINE  MM
  AVERAGE SKY COVER 0.6


WEATHER CONDITIONS
 THE FOLLOWING WEATHER WAS RECORDED YESTERDAY.
  LIGHT SNOW
  HAZE


RELATIVE HUMIDITY (PERCENT)
 HIGHEST    86          1000 PM
 LOWEST     45           200 PM
 AVERAGE    66

..........................................................


THE NORTH PLATTE NE CLIMATE NORMALS FOR TODAY
                         NORMAL    RECORD    YEAR
 MAXIMUM TEMPERATURE (F)   40        68      1970
 MINIMUM TEMPERATURE (F)   13       -17      1978


SUNRISE AND SUNSET
DECEMBER  8 2016......SUNRISE   756 AM CST   SUNSET   514 PM CST
DECEMBER  9 2016......SUNRISE   757 AM CST   SUNSET   514 PM CST


-  INDICATES NEGATIVE NUMBERS.
R  INDICATES RECORD WAS SET OR TIED.
MM INDICATES DATA IS MISSING.
T  INDICATES TRACE AMOUNT.




$$
