135
CDUS43 KLBF 300930
CLILBF


CLIMATE REPORT
NATIONAL WEATHER SERVICE NORTH PLATTE
430 AM CDT FRI SEP 30 2016


...................................

...THE NORTH PLATTE NE CLIMATE SUMMARY FOR SEPTEMBER 29 2016...

CLIMATE NORMAL PERIOD 1981 TO 2010
CLIMATE RECORD PERIOD 1874 TO 2016


WEATHER ITEM   OBSERVED TIME   RECORD YEAR NORMAL DEPARTURE LAST
                VALUE   (LST)  VALUE       VALUE  FROM      YEAR
                                                  NORMAL
..................................................................
TEMPERATURE (F)
 YESTERDAY
  MAXIMUM         75    247 PM  95    1994  72      3       68
  MINIMUM         33    645 AM  17    1984  40     -7       53
  AVERAGE         54                        56     -2       61

PRECIPITATION (IN)
  YESTERDAY        0.00          0.85 2007   0.05  -0.05     0.00
  MONTH TO DATE    0.94                      1.36  -0.42     1.25
  SINCE SEP 1      0.94                      1.36  -0.42     1.25
  SINCE JAN 1     20.10                     17.58   2.52    17.82

SNOWFALL (IN)
  YESTERDAY        0.0           0.1  1985   0.0    0.0      0.0
  MONTH TO DATE    0.0                       0.2   -0.2      0.0
  SINCE SEP 1      0.0                       0.2   -0.2      0.0
  SINCE JUL 1      0.0                       0.2   -0.2      0.0
  SNOW DEPTH       0

DEGREE DAYS
 HEATING
  YESTERDAY       11                         9      2        4
  MONTH TO DATE   70                       142    -72       28
  SINCE SEP 1     70                       142    -72       28
  SINCE JUL 1     82                       162    -80       57

 COOLING
  YESTERDAY        0                         1     -1        0
  MONTH TO DATE  101                        71     30      150
  SINCE SEP 1    101                        71     30      150
  SINCE JAN 1    908                       766    142      818
..................................................................


WIND (MPH)
  HIGHEST WIND SPEED    15   HIGHEST WIND DIRECTION     S (170)
  HIGHEST GUST SPEED    20   HIGHEST GUST DIRECTION    SE (130)
  AVERAGE WIND SPEED     6.1


SKY COVER
  POSSIBLE SUNSHINE  MM
  AVERAGE SKY COVER 0.0


WEATHER CONDITIONS
 THE FOLLOWING WEATHER WAS RECORDED YESTERDAY.
  NO SIGNIFICANT WEATHER WAS OBSERVED.


RELATIVE HUMIDITY (PERCENT)
 HIGHEST   100           600 AM
 LOWEST     29           300 PM
 AVERAGE    65

..........................................................


THE NORTH PLATTE NE CLIMATE NORMALS FOR TODAY
                         NORMAL    RECORD    YEAR
 MAXIMUM TEMPERATURE (F)   71        92      1942
 MINIMUM TEMPERATURE (F)   40        18      1984


SUNRISE AND SUNSET
SEPTEMBER 30 2016.....SUNRISE   739 AM CDT   SUNSET   725 PM CDT
OCTOBER  1 2016.......SUNRISE   740 AM CDT   SUNSET   724 PM CDT


-  INDICATES NEGATIVE NUMBERS.
R  INDICATES RECORD WAS SET OR TIED.
MM INDICATES DATA IS MISSING.
T  INDICATES TRACE AMOUNT.




$$
