000
CDUS43 KLBF 260944
CLILBF


CLIMATE REPORT
NATIONAL WEATHER SERVICE NORTH PLATTE
440 AM CDT THU MAY 26 2016


...................................

...THE NORTH PLATTE NE CLIMATE SUMMARY FOR MAY 25 2016...

CLIMATE NORMAL PERIOD 1981 TO 2010
CLIMATE RECORD PERIOD 1874 TO 2016


WEATHER ITEM   OBSERVED TIME   RECORD YEAR NORMAL DEPARTURE LAST
                VALUE   (LST)  VALUE       VALUE  FROM      YEAR
                                                  NORMAL
..................................................................
TEMPERATURE (F)
 YESTERDAY
  MAXIMUM         78    413 PM  96    1967  74      4       70
  MINIMUM         53    547 AM  30    2002  47      6       50
  AVERAGE         66                        61      5       60

PRECIPITATION (IN)
  YESTERDAY        0.10          1.86 1917   0.11  -0.01     0.02
  MONTH TO DATE    2.07                      2.54  -0.47     4.00
  SINCE MAR 1      8.09                      5.86   2.23     7.02
  SINCE JAN 1      9.35                      6.70   2.65     7.76

SNOWFALL (IN)
  YESTERDAY        0.0           0.0    MM   0.0    0.0      0.0
  MONTH TO DATE    0.0                       0.0    0.0       T
  SINCE MAR 1      6.8                       7.6   -0.8      2.4
  SINCE JUL 1     32.4                      28.5    3.9     21.3
  SNOW DEPTH       0

DEGREE DAYS
 HEATING
  YESTERDAY        0                         5     -5        5
  MONTH TO DATE  251                       216     35      250
  SINCE MAR 1   1415                      1578   -163     1345
  SINCE JUL 1   5692                      6606   -914     6234

 COOLING
  YESTERDAY        1                         1      0        0
  MONTH TO DATE    8                        15     -7        0
  SINCE MAR 1      9                        18     -9        2
  SINCE JAN 1      9                        18     -9        2
..................................................................


WIND (MPH)
  HIGHEST WIND SPEED    47   HIGHEST WIND DIRECTION     W (290)
  HIGHEST GUST SPEED    62   HIGHEST GUST DIRECTION     W (290)
  AVERAGE WIND SPEED     7.1


SKY COVER
  POSSIBLE SUNSHINE  MM
  AVERAGE SKY COVER 0.2


WEATHER CONDITIONS
 THE FOLLOWING WEATHER WAS RECORDED YESTERDAY.
  THUNDERSTORM
  RAIN
  LIGHT RAIN
  FOG


RELATIVE HUMIDITY (PERCENT)
 HIGHEST   100           600 AM
 LOWEST     38           500 PM
 AVERAGE    69

..........................................................


THE NORTH PLATTE NE CLIMATE NORMALS FOR TODAY
                         NORMAL    RECORD    YEAR
 MAXIMUM TEMPERATURE (F)   75        97      2012
 MINIMUM TEMPERATURE (F)   48        30      1992


SUNRISE AND SUNSET
MAY 26 2016...........SUNRISE   615 AM CDT   SUNSET   905 PM CDT
MAY 27 2016...........SUNRISE   615 AM CDT   SUNSET   906 PM CDT


-  INDICATES NEGATIVE NUMBERS.
R  INDICATES RECORD WAS SET OR TIED.
MM INDICATES DATA IS MISSING.
T  INDICATES TRACE AMOUNT.




$$
