000
CDUS43 KLBF 310941
CLILBF

CLIMATE REPORT
NATIONAL WEATHER SERVICE NORTH PLATTE
439 AM CDT THU JUL 31 2014


...................................

...THE NORTH PLATTE NE CLIMATE SUMMARY FOR JULY 30 2014...

CLIMATE NORMAL PERIOD 1981 TO 2010
CLIMATE RECORD PERIOD 1874 TO 2014


WEATHER ITEM   OBSERVED TIME   RECORD YEAR NORMAL DEPARTURE LAST
                VALUE   (LST)  VALUE       VALUE  FROM      YEAR
                                                  NORMAL
..................................................................
TEMPERATURE (F)
 YESTERDAY
  MAXIMUM         82    231 PM 105    2005  88     -6       86
                                      2002
  MINIMUM         56   1134 PM  41    1971  61     -5       59
  AVERAGE         69                        74     -5       73

PRECIPITATION (IN)
  YESTERDAY        0.00          1.28 1932   0.11  -0.11     0.85
  MONTH TO DATE    0.14                      2.97  -2.83     2.74
  SINCE JUN 1      8.89                      6.39   2.50     4.69
  SINCE JAN 1     13.18                     13.83  -0.65    10.85

SNOWFALL (IN)
  YESTERDAY        0.0           0.0  2002   0.0    0.0      0.0
                                      2001
  MONTH TO DATE    0.0                       0.0    0.0      0.0
  SINCE JUN 1      T                         0.0    0.0       T
  SINCE JUL 1      0.0                       0.0    0.0      0.0
  SNOW DEPTH       0

DEGREE DAYS
 HEATING
  YESTERDAY        0                         0      0        0
  MONTH TO DATE   17                         0     17       13
  SINCE JUN 1     56                        51      5       60
  SINCE JUL 1     17                         0     17       13

 COOLING
  YESTERDAY        4                        10     -6        8
  MONTH TO DATE  229                       286    -57      294
  SINCE JUN 1    360                       424    -64      473
  SINCE JAN 1    409                       452    -43      521
..................................................................


WIND (MPH)
  HIGHEST WIND SPEED    12   HIGHEST WIND DIRECTION     E (70)
  HIGHEST GUST SPEED    14   HIGHEST GUST DIRECTION    NE (60)
  AVERAGE WIND SPEED     3.3


SKY COVER
  POSSIBLE SUNSHINE  MM
  AVERAGE SKY COVER 0.4


WEATHER CONDITIONS
 THE FOLLOWING WEATHER WAS RECORDED YESTERDAY.
  NO SIGNIFICANT WEATHER WAS OBSERVED.


RELATIVE HUMIDITY (PERCENT)
 HIGHEST    90           500 AM
 LOWEST     33           200 PM
 AVERAGE    62

..........................................................


THE NORTH PLATTE NE CLIMATE NORMALS FOR TODAY
                         NORMAL    RECORD    YEAR
 MAXIMUM TEMPERATURE (F)   88       107      2002
 MINIMUM TEMPERATURE (F)   61        45      1925


SUNRISE AND SUNSET
JULY 31 2014..........SUNRISE   637 AM CDT   SUNSET   900 PM CDT
AUGUST  1 2014........SUNRISE   638 AM CDT   SUNSET   859 PM CDT


-  INDICATES NEGATIVE NUMBERS.
R  INDICATES RECORD WAS SET OR TIED.
MM INDICATES DATA IS MISSING.
T  INDICATES TRACE AMOUNT.

$$
