000
CDUS42 KILM 010941
CLILBT


CLIMATE REPORT
NATIONAL WEATHER SERVICE WILMINGTON NC
441 AM EST WED MAR 1 2017


...................................

...THE LUMBERTON NC CLIMATE SUMMARY FOR FEBRUARY 28 2017...

CLIMATE NORMAL PERIOD 1981 TO 2010
CLIMATE RECORD PERIOD 9999 TO 9999


WEATHER ITEM   OBSERVED TIME   NORMAL DEPARTURE LAST
                VALUE   (LST)  VALUE  FROM      YEAR
                                      NORMAL
......................................................
TEMPERATURE (F)
 YESTERDAY
  MAXIMUM         80    411 PM  62     18       67
  MINIMUM         53    719 AM  38     15       32
  AVERAGE         67            50     17       50

PRECIPITATION (IN)
  YESTERDAY        T             0.11  -0.11     0.00
  MONTH TO DATE    1.09          2.90  -1.81     6.65
  SINCE DEC 1      7.79          8.76  -0.97    15.17
  SINCE JAN 1      3.49          5.87  -2.38     8.28

SNOWFALL (IN)
  YESTERDAY       MM
  MONTH TO DATE   MM
  SINCE DEC 1     MM
  SINCE JUL 1     MM
  SNOW DEPTH      MM

DEGREE DAYS
 HEATING
  YESTERDAY        0            15    -15       15
  MONTH TO DATE  274           511   -237      497
  SINCE DEC 1   1285          1764   -479     1393
  SINCE JUL 1   1647          2230   -583     1674

 COOLING
  YESTERDAY        2             0      2        0
  MONTH TO DATE   10             2      8        1
  SINCE DEC 1     10             5      5       51
  SINCE JAN 1     10             3      7        1
......................................................


WIND (MPH)
  HIGHEST WIND SPEED    15   HIGHEST WIND DIRECTION    SW (220)
  HIGHEST GUST SPEED    18   HIGHEST GUST DIRECTION     S (180)
  AVERAGE WIND SPEED     4.7


SKY COVER
  POSSIBLE SUNSHINE  MM
  AVERAGE SKY COVER 0.4


WEATHER CONDITIONS
 THE FOLLOWING WEATHER WAS RECORDED YESTERDAY.
  LIGHT RAIN


RELATIVE HUMIDITY (PERCENT)
 HIGHEST   100           600 AM
 LOWEST     51           400 PM
 AVERAGE    76

..........................................................


THE LUMBERTON NC CLIMATE NORMALS FOR TODAY
                         NORMAL
 MAXIMUM TEMPERATURE (F)   62
 MINIMUM TEMPERATURE (F)   38


SUNRISE AND SUNSET
MARCH  1 2017.........SUNRISE   645 AM EST   SUNSET   612 PM EST
MARCH  2 2017.........SUNRISE   644 AM EST   SUNSET   613 PM EST


-  INDICATES NEGATIVE NUMBERS.
R  INDICATES RECORD WAS SET OR TIED.
MM INDICATES DATA IS MISSING.
T  INDICATES TRACE AMOUNT.




$$
