000
CDUS42 KILM 200844
CLILBT


CLIMATE REPORT
NATIONAL WEATHER SERVICE WILMINGTON NC
443 AM EDT MON OCT 20 2014


...................................

...THE LUMBERTON NC CLIMATE SUMMARY FOR OCTOBER 19 2014...

CLIMATE NORMAL PERIOD 1981 TO 2010
CLIMATE RECORD PERIOD 9999 TO 9999


WEATHER ITEM   OBSERVED TIME   NORMAL DEPARTURE LAST
                VALUE   (LST)  VALUE  FROM      YEAR
                                      NORMAL
......................................................
TEMPERATURE (F)
 YESTERDAY
  MAXIMUM         70    346 PM  75     -5       78
  MINIMUM         43   1159 PM  50     -7       61
  AVERAGE         57            62     -5       70

PRECIPITATION (IN)
  YESTERDAY        0.00          0.07  -0.07     0.11
  MONTH TO DATE    0.60          1.87  -1.27     0.26
  SINCE SEP 1      4.52          6.67  -2.15     1.66
  SINCE JAN 1     36.68         37.06  -0.38    37.64

DEGREE DAYS
 HEATING
  YESTERDAY        8             4      4        0
  MONTH TO DATE   32            49    -17        8
  SINCE SEP 1     38            58    -20        8
  SINCE JUL 1     38            58    -20        8

 COOLING
  YESTERDAY        0             2     -2        5
  MONTH TO DATE   87            55     32       80
  SINCE SEP 1    385           304     81      336
  SINCE JAN 1   2042          1876    166     1847
......................................................


WIND (MPH)
  HIGHEST WIND SPEED    17   HIGHEST WIND DIRECTION     N (340)
  HIGHEST GUST SPEED    23   HIGHEST GUST DIRECTION     N (20)
  AVERAGE WIND SPEED     4.9


SKY COVER
  POSSIBLE SUNSHINE  MM
  AVERAGE SKY COVER 0.1


WEATHER CONDITIONS
 THE FOLLOWING WEATHER WAS RECORDED YESTERDAY.
  NO SIGNIFICANT WEATHER WAS OBSERVED.


RELATIVE HUMIDITY (PERCENT)
 HIGHEST    93           600 AM
 LOWEST     35           100 PM
 AVERAGE    64

..........................................................


THE LUMBERTON NC CLIMATE NORMALS FOR TODAY
                         NORMAL
 MAXIMUM TEMPERATURE (F)   74
 MINIMUM TEMPERATURE (F)   50


SUNRISE AND SUNSET
OCTOBER 20 2014.......SUNRISE   726 AM EDT   SUNSET   636 PM EDT
OCTOBER 21 2014.......SUNRISE   727 AM EDT   SUNSET   634 PM EDT


-  INDICATES NEGATIVE NUMBERS.
R  INDICATES RECORD WAS SET OR TIED.
MM INDICATES DATA IS MISSING.
T  INDICATES TRACE AMOUNT.




$$
