872
CDUS42 KILM 130959
CLILBT


CLIMATE REPORT
NATIONAL WEATHER SERVICE WILMINGTON NC
459 AM EST SAT FEB 13 2016


...................................

...THE LUMBERTON NC CLIMATE SUMMARY FOR FEBRUARY 12 2016...

CLIMATE NORMAL PERIOD 1981 TO 2010
CLIMATE RECORD PERIOD 9999 TO 9999


WEATHER ITEM   OBSERVED TIME   NORMAL DEPARTURE LAST
                VALUE   (LST)  VALUE  FROM      YEAR
                                      NORMAL
......................................................
TEMPERATURE (F)
 YESTERDAY
  MAXIMUM         35   1118 AM  57    -22       61
  MINIMUM         29   1159 PM  35     -6       33
  AVERAGE         32            46    -14       47

PRECIPITATION (IN)
  YESTERDAY        0.04          0.10  -0.06     0.00
  MONTH TO DATE    3.62          1.10   2.52     1.21
  SINCE DEC 1     12.14          6.96   5.18     8.68
  SINCE JAN 1      5.25          4.07   1.18     5.90

SNOWFALL (IN)
  YESTERDAY       MM
  MONTH TO DATE   MM
  SINCE DEC 1     MM
  SINCE JUL 1     MM
  SNOW DEPTH      MM

DEGREE DAYS
 HEATING
  YESTERDAY       33            19     14       18
  MONTH TO DATE  227           238    -11      223
  SINCE DEC 1   1123          1491   -368     1390
  SINCE JUL 1   1404          1957   -553     1933

 COOLING
  YESTERDAY        0             0      0        0
  MONTH TO DATE    1             0      1        0
  SINCE DEC 1     51             3     48        0
  SINCE JAN 1      1             1      0        0
......................................................


WIND (MPH)
  HIGHEST WIND SPEED    13   HIGHEST WIND DIRECTION     E (70)
  HIGHEST GUST SPEED    17   HIGHEST GUST DIRECTION    NE (50)
  AVERAGE WIND SPEED     5.8


SKY COVER
  POSSIBLE SUNSHINE  MM
  AVERAGE SKY COVER 0.6


WEATHER CONDITIONS
 THE FOLLOWING WEATHER WAS RECORDED YESTERDAY.
  LIGHT RAIN
  FOG


RELATIVE HUMIDITY (PERCENT)
 HIGHEST    89          1000 PM
 LOWEST     38          1100 AM
 AVERAGE    64

..........................................................


THE LUMBERTON NC CLIMATE NORMALS FOR TODAY
                         NORMAL
 MAXIMUM TEMPERATURE (F)   58
 MINIMUM TEMPERATURE (F)   35


SUNRISE AND SUNSET
FEBRUARY 13 2016......SUNRISE   704 AM EST   SUNSET   557 PM EST
FEBRUARY 14 2016......SUNRISE   703 AM EST   SUNSET   558 PM EST


-  INDICATES NEGATIVE NUMBERS.
R  INDICATES RECORD WAS SET OR TIED.
MM INDICATES DATA IS MISSING.
T  INDICATES TRACE AMOUNT.




$$
