000
CDUS42 KILM 010946
CLILBT


CLIMATE REPORT
NATIONAL WEATHER SERVICE WILMINGTON NC
446 AM EST SUN MAR 1 2015


...................................

...THE LUMBERTON NC CLIMATE SUMMARY FOR FEBRUARY 28 2015...

CLIMATE NORMAL PERIOD 1981 TO 2010
CLIMATE RECORD PERIOD 9999 TO 9999


WEATHER ITEM   OBSERVED TIME   NORMAL DEPARTURE LAST
                VALUE   (LST)  VALUE  FROM      YEAR
                                      NORMAL
......................................................
TEMPERATURE (F)
 YESTERDAY
  MAXIMUM         46    321 PM  62    -16       51
  MINIMUM         30    717 AM  38     -8       32
  AVERAGE         38            50    -12       42

PRECIPITATION (IN)
  YESTERDAY        0.00          0.11  -0.11     0.00
  MONTH TO DATE    4.77          2.90   1.87     3.00
  SINCE DEC 1     12.24          8.76   3.48    10.73
  SINCE JAN 1      9.46          5.87   3.59     6.07

SNOWFALL (IN)
  YESTERDAY       MM
  MONTH TO DATE    T
  SINCE DEC 1      T
  SINCE JUL 1      T
  SNOW DEPTH      MM

DEGREE DAYS
 HEATING
  YESTERDAY       27            15     12       23
  MONTH TO DATE  654           511    143      527
  SINCE DEC 1   1821          1764     57     1780
  SINCE JUL 1   2364          2230    134     2296

 COOLING
  YESTERDAY        0             0      0        0
  MONTH TO DATE    0             2     -2        1
  SINCE DEC 1      0             5     -5       16
  SINCE JAN 1      0             3     -3        1
......................................................


WIND (MPH)
  HIGHEST WIND SPEED    17   HIGHEST WIND DIRECTION    NE (30)
  HIGHEST GUST SPEED    22   HIGHEST GUST DIRECTION    NE (30)
  AVERAGE WIND SPEED    11.0


SKY COVER
  POSSIBLE SUNSHINE  MM
  AVERAGE SKY COVER 0.3


WEATHER CONDITIONS
 THE FOLLOWING WEATHER WAS RECORDED YESTERDAY.
  FOG
  HAZE


RELATIVE HUMIDITY (PERCENT)
 HIGHEST    85           600 AM
 LOWEST     40           500 PM
 AVERAGE    63

..........................................................


THE LUMBERTON NC CLIMATE NORMALS FOR TODAY
                         NORMAL
 MAXIMUM TEMPERATURE (F)   62
 MINIMUM TEMPERATURE (F)   38


SUNRISE AND SUNSET
MARCH  1 2015.........SUNRISE   646 AM EST   SUNSET   612 PM EST
MARCH  2 2015.........SUNRISE   644 AM EST   SUNSET   613 PM EST


-  INDICATES NEGATIVE NUMBERS.
R  INDICATES RECORD WAS SET OR TIED.
MM INDICATES DATA IS MISSING.
T  INDICATES TRACE AMOUNT.




$$
