000
CDUS42 KILM 012041
CLILBT


CLIMATE REPORT
NATIONAL WEATHER SERVICE WILMINGTON NC
441 PM EDT MON SEP 1 2014


...................................

...THE LUMBERTON NC CLIMATE SUMMARY FOR SEPTEMBER 1 2014...
VALID TODAY AS OF 0400 PM LOCAL TIME.

CLIMATE NORMAL PERIOD 1981 TO 2010
CLIMATE RECORD PERIOD 9999 TO 9999


WEATHER ITEM   OBSERVED TIME   NORMAL DEPARTURE LAST
                VALUE   (LST)  VALUE  FROM      YEAR
                                      NORMAL
......................................................
TEMPERATURE (F)
 TODAY
  MAXIMUM         94    203 PM  87      7       91
  MINIMUM         73    610 AM  67      6       73
  AVERAGE         84            77      7       82

PRECIPITATION (IN)
  TODAY            0.00          0.18  -0.18     0.45
  MONTH TO DATE    0.00          0.18  -0.18     0.45
  SINCE SEP 1      0.00          0.18  -0.18     0.45
  SINCE JAN 1     32.16         30.57   1.59    36.43

DEGREE DAYS
 HEATING
  TODAY            0             0      0        0
  MONTH TO DATE    0             0      0        0
  SINCE SEP 1      0             0      0        0
  SINCE JUL 1      0             0      0        0

 COOLING
  TODAY           19            12      7       17
  MONTH TO DATE   19            12      7       17
  SINCE SEP 1     19            12      7       17
  SINCE JAN 1   1676          1584     92     1528
......................................................


WIND (MPH)
  HIGHEST WIND SPEED     9   HIGHEST WIND DIRECTION    SE (150)
  HIGHEST GUST SPEED    13   HIGHEST GUST DIRECTION     S (160)
  AVERAGE WIND SPEED     2.9


SKY COVER
  POSSIBLE SUNSHINE  MM
  AVERAGE SKY COVER 0.3


WEATHER CONDITIONS
 THE FOLLOWING WEATHER WAS RECORDED TODAY.
  FOG
  FOG W/VISIBILITY <= 1/4 MILE


RELATIVE HUMIDITY (PERCENT)
 HIGHEST   100           400 AM
 LOWEST     49           100 PM
 AVERAGE    75

..........................................................


THE LUMBERTON NC CLIMATE NORMALS FOR TOMORROW
                         NORMAL    RECORD    YEAR
 MAXIMUM TEMPERATURE (F)   87        MM        MM
 MINIMUM TEMPERATURE (F)   66        MM        MM


SUNRISE AND SUNSET
SEPTEMBER  1 2014.....SUNRISE   649 AM EDT   SUNSET   743 PM EDT
SEPTEMBER  2 2014.....SUNRISE   650 AM EDT   SUNSET   741 PM EDT


-  INDICATES NEGATIVE NUMBERS.
R  INDICATES RECORD WAS SET OR TIED.
MM INDICATES DATA IS MISSING.
T  INDICATES TRACE AMOUNT.




$$
