000
CDUS42 KILM 172145
CLILBT


CLIMATE REPORT
NATIONAL WEATHER SERVICE WILMINGTON NC
444 PM EST SUN DEC 17 2017


...................................

...THE LUMBERTON NC CLIMATE SUMMARY FOR DECEMBER 17 2017...
VALID TODAY AS OF 0400 PM LOCAL TIME.

CLIMATE NORMAL PERIOD 1981 TO 2010
CLIMATE RECORD PERIOD 9999 TO 9999


WEATHER ITEM   OBSERVED TIME   NORMAL DEPARTURE LAST
                VALUE   (LST)  VALUE  FROM      YEAR
                                      NORMAL
......................................................
TEMPERATURE (F)
 TODAY
  MAXIMUM         58    313 PM  56      2       66
  MINIMUM         26    603 AM  35     -9       33
  AVERAGE         42            46     -4       50

PRECIPITATION (IN)
  TODAY            T             0.10  -0.10      T
  MONTH TO DATE    3.27          1.75   1.52     2.16
  SINCE DEC 1      3.27          1.75   1.52     2.16
  SINCE JAN 1     43.02         42.38   0.64    55.51

SNOWFALL (IN)
  TODAY           MM
  MONTH TO DATE   MM
  SINCE DEC 1     MM
  SINCE JUL 1     MM
  SNOW DEPTH      MM

DEGREE DAYS
 HEATING
  TODAY           23            19      4       15
  MONTH TO DATE  319           296     23      336
  SINCE DEC 1    319           296     23      336
  SINCE JUL 1    779           762     17      698

 COOLING
  TODAY            0             0      0        0
  MONTH TO DATE    0             0      0        0
  SINCE DEC 1      0             0      0        0
  SINCE JAN 1   2105          1907    198     2371
......................................................


WIND (MPH)
  HIGHEST WIND SPEED     9   HIGHEST WIND DIRECTION     S (200)
  HIGHEST GUST SPEED    12   HIGHEST GUST DIRECTION     S (190)
  AVERAGE WIND SPEED     2.3


SKY COVER
  POSSIBLE SUNSHINE  MM
  AVERAGE SKY COVER 0.0


WEATHER CONDITIONS
 THE FOLLOWING WEATHER WAS RECORDED TODAY.
  FOG


RELATIVE HUMIDITY (PERCENT)
 HIGHEST   100           100 AM
 LOWEST     36           200 PM
 AVERAGE    68

..........................................................


THE LUMBERTON NC CLIMATE NORMALS FOR TOMORROW
                         NORMAL
 MAXIMUM TEMPERATURE (F)   56
 MINIMUM TEMPERATURE (F)   35


SUNRISE AND SUNSET
DECEMBER 17 2017......SUNRISE   717 AM EST   SUNSET   508 PM EST
DECEMBER 18 2017......SUNRISE   718 AM EST   SUNSET   508 PM EST


-  INDICATES NEGATIVE NUMBERS.
R  INDICATES RECORD WAS SET OR TIED.
MM INDICATES DATA IS MISSING.
T  INDICATES TRACE AMOUNT.




$$
