000
CDUS42 KILM 232044
CLILBT


CLIMATE REPORT
NATIONAL WEATHER SERVICE WILMINGTON NC
443 PM EDT TUE AUG 23 2016


...................................

...THE LUMBERTON NC CLIMATE SUMMARY FOR AUGUST 23 2016...
VALID TODAY AS OF 0400 PM LOCAL TIME.

CLIMATE NORMAL PERIOD 1981 TO 2010
CLIMATE RECORD PERIOD 9999 TO 9999


WEATHER ITEM   OBSERVED TIME   NORMAL DEPARTURE LAST
                VALUE   (LST)  VALUE  FROM      YEAR
                                      NORMAL
......................................................
TEMPERATURE (F)
 TODAY
  MAXIMUM         90    259 PM  88      2       90
  MINIMUM         66    208 AM  69     -3       65
  AVERAGE         78            78      0       78

PRECIPITATION (IN)
  TODAY            0.00          0.18  -0.18      T
  MONTH TO DATE    3.23          4.19  -0.96     2.25
  SINCE JUN 1     12.77         14.01  -1.24     9.79
  SINCE JAN 1     31.71         29.08   2.63    27.25

DEGREE DAYS
 HEATING
  TODAY            0             0      0        0
  MONTH TO DATE    0             0      0        0
  SINCE JUN 1      0             0      0        0
  SINCE JUL 1      0             0      0        0

 COOLING
  TODAY           13            13      0       13
  MONTH TO DATE  412           333     79      380
  SINCE JUN 1   1452          1221    231     1494
  SINCE JAN 1   1775          1471    304     1833
......................................................


WIND (MPH)
  HIGHEST WIND SPEED    12   HIGHEST WIND DIRECTION    SE (140)
  HIGHEST GUST SPEED    14   HIGHEST GUST DIRECTION     E (110)
  AVERAGE WIND SPEED     3.2


SKY COVER
  POSSIBLE SUNSHINE  MM
  AVERAGE SKY COVER 0.2


WEATHER CONDITIONS
 THE FOLLOWING WEATHER WAS RECORDED TODAY.
  NO SIGNIFICANT WEATHER WAS OBSERVED.


RELATIVE HUMIDITY (PERCENT)
 HIGHEST    93          1200 AM
 LOWEST     44          1200 PM
 AVERAGE    69

..........................................................


THE LUMBERTON NC CLIMATE NORMALS FOR TOMORROW
                         NORMAL
 MAXIMUM TEMPERATURE (F)   88
 MINIMUM TEMPERATURE (F)   69


SUNRISE AND SUNSET
AUGUST 23 2016........SUNRISE   643 AM EDT   SUNSET   754 PM EDT
AUGUST 24 2016........SUNRISE   644 AM EDT   SUNSET   752 PM EDT


-  INDICATES NEGATIVE NUMBERS.
R  INDICATES RECORD WAS SET OR TIED.
MM INDICATES DATA IS MISSING.
T  INDICATES TRACE AMOUNT.




$$
