000
CDUS42 KILM 240944
CLILBT


CLIMATE REPORT
NATIONAL WEATHER SERVICE WILMINGTON NC
444 AM EST MON NOV 24 2014


...................................

...THE LUMBERTON NC CLIMATE SUMMARY FOR NOVEMBER 23 2014...

CLIMATE NORMAL PERIOD 1981 TO 2010
CLIMATE RECORD PERIOD 9999 TO 9999


WEATHER ITEM   OBSERVED TIME   NORMAL DEPARTURE LAST
                VALUE   (LST)  VALUE  FROM      YEAR
                                      NORMAL
......................................................
TEMPERATURE (F)
 YESTERDAY
  MAXIMUM         68   1043 PM  65      3       64
  MINIMUM         41   1237 AM  40      1       48
  AVERAGE         55            52      3       56

PRECIPITATION (IN)
  YESTERDAY        0.75          0.10   0.65     0.08
  MONTH TO DATE    0.96          2.16  -1.20     0.69
  SINCE SEP 1      5.58          9.53  -3.95     2.44
  SINCE JAN 1     37.74         39.92  -2.18    38.42

SNOWFALL (IN)
  YESTERDAY       MM
  MONTH TO DATE   MM
  SINCE SEP 1     MM
  SINCE JUL 1     MM
  SNOW DEPTH      MM

DEGREE DAYS
 HEATING
  YESTERDAY       10            13     -3        9
  MONTH TO DATE  350           235    115      243
  SINCE SEP 1    438           367     71      347
  SINCE JUL 1    438           367     71      347

 COOLING
  YESTERDAY        0             0      0        0
  MONTH TO DATE    6            10     -4       14
  SINCE SEP 1    401           332     69      350
  SINCE JAN 1   2058          1904    154     1861
......................................................


WIND (MPH)
  HIGHEST WIND SPEED    22   HIGHEST WIND DIRECTION    SE (140)
  HIGHEST GUST SPEED    29   HIGHEST GUST DIRECTION    SE (140)
  AVERAGE WIND SPEED     6.9


SKY COVER
  POSSIBLE SUNSHINE  MM
  AVERAGE SKY COVER 0.8


WEATHER CONDITIONS
 THE FOLLOWING WEATHER WAS RECORDED YESTERDAY.
  HEAVY RAIN
  RAIN
  LIGHT RAIN
  FOG
  HAZE


RELATIVE HUMIDITY (PERCENT)
 HIGHEST    93           500 AM
 LOWEST     76           100 AM
 AVERAGE    85

..........................................................


THE LUMBERTON NC CLIMATE NORMALS FOR TODAY
                         NORMAL
 MAXIMUM TEMPERATURE (F)   64
 MINIMUM TEMPERATURE (F)   39


SUNRISE AND SUNSET
NOVEMBER 24 2014......SUNRISE   658 AM EST   SUNSET   507 PM EST
NOVEMBER 25 2014......SUNRISE   659 AM EST   SUNSET   507 PM EST


-  INDICATES NEGATIVE NUMBERS.
R  INDICATES RECORD WAS SET OR TIED.
MM INDICATES DATA IS MISSING.
T  INDICATES TRACE AMOUNT.




$$
