000
CDUS42 KILM 222044
CLILBT


CLIMATE REPORT
NATIONAL WEATHER SERVICE WILMINGTON NC
444 PM EDT MON MAY 22 2017


...................................

...THE LUMBERTON NC CLIMATE SUMMARY FOR MAY 22 2017...
VALID TODAY AS OF 0400 PM LOCAL TIME.

CLIMATE NORMAL PERIOD 1981 TO 2010
CLIMATE RECORD PERIOD 9999 TO 9999


WEATHER ITEM   OBSERVED TIME   NORMAL DEPARTURE LAST
                VALUE   (LST)  VALUE  FROM      YEAR
                                      NORMAL
......................................................
TEMPERATURE (F)
 TODAY
  MAXIMUM         85   1236 PM  84      1       77
  MINIMUM         71    643 AM  60     11       56
  AVERAGE         78            72      6       67

PRECIPITATION (IN)
  TODAY            0.47          0.11   0.36     0.11
  MONTH TO DATE    2.23          1.95   0.28     5.01
  SINCE MAR 1     12.20          8.10   4.10     9.36
  SINCE JAN 1     15.69         13.97   1.72    17.64

DEGREE DAYS
 HEATING
  TODAY            0             0      0        0
  MONTH TO DATE   14            30    -16       19
  SINCE MAR 1    432           529    -97      336
  SINCE JUL 1   2079          2759   -680     2015

 COOLING
  TODAY           13             7      6        2
  MONTH TO DATE  149           107     42      114
  SINCE MAR 1    298           172    126      230
  SINCE JAN 1    308           175    133      231
......................................................


WIND (MPH)
  HIGHEST WIND SPEED    14   HIGHEST WIND DIRECTION    NW (300)
  HIGHEST GUST SPEED    18   HIGHEST GUST DIRECTION     W (260)
  AVERAGE WIND SPEED     8.7


SKY COVER
  POSSIBLE SUNSHINE  MM
  AVERAGE SKY COVER 0.8


WEATHER CONDITIONS
 THE FOLLOWING WEATHER WAS RECORDED TODAY.
  THUNDERSTORM
  HEAVY RAIN
  RAIN
  LIGHT RAIN
  FOG


RELATIVE HUMIDITY (PERCENT)
 HIGHEST    94           900 AM
 LOWEST     61          1200 PM
 AVERAGE    78

..........................................................


THE LUMBERTON NC CLIMATE NORMALS FOR TOMORROW
                         NORMAL
 MAXIMUM TEMPERATURE (F)   84
 MINIMUM TEMPERATURE (F)   60


SUNRISE AND SUNSET
MAY 22 2017...........SUNRISE   609 AM EDT   SUNSET   817 PM EDT
MAY 23 2017...........SUNRISE   608 AM EDT   SUNSET   818 PM EDT


-  INDICATES NEGATIVE NUMBERS.
R  INDICATES RECORD WAS SET OR TIED.
MM INDICATES DATA IS MISSING.
T  INDICATES TRACE AMOUNT.




$$
