000
CDUS44 KLCH 222207
CLILCH


CLIMATE REPORT
NATIONAL WEATHER SERVICE LAKE CHARLES, LA
407 PM CST MON DEC 22 2014


...................................

...THE LAKE CHARLES CLIMATE SUMMARY FOR DECEMBER 22 2014...
VALID TODAY AS OF 0400 PM LOCAL TIME.

CLIMATE NORMAL PERIOD 1981 TO 2010
CLIMATE RECORD PERIOD 1895 TO 2014


WEATHER ITEM   OBSERVED TIME   RECORD YEAR NORMAL DEPARTURE LAST
                VALUE   (LST)  VALUE       VALUE  FROM      YEAR
                                                  NORMAL
..................................................................
TEMPERATURE (F)
 TODAY
  MAXIMUM         73    317 PM  79    1948  62     11       65
  MINIMUM         51   1226 AM  16    1989  43      8       43
  AVERAGE         62                        53      9       54

PRECIPITATION (IN)
  TODAY            0.00          6.60 1932   0.14  -0.14     0.04
  MONTH TO DATE    1.04                      3.22  -2.18     2.05
  SINCE DEC 1      1.04                      3.22  -2.18     2.05
  SINCE JAN 1     67.64                     56.03  11.61    57.46

SNOWFALL (IN)
  TODAY            0.0           0.2  1989   0.0    0.0     MM
  MONTH TO DATE    0.0                       0.0    0.0      0.0
  SINCE DEC 1      0.0                       0.0    0.0      0.0
  SINCE JUL 1      0.0                       0.0    0.0      0.0
  SNOW DEPTH       0

DEGREE DAYS
 HEATING
  TODAY            3                        13    -10       11
  MONTH TO DATE  159                       247    -88      272
  SINCE DEC 1    159                       247    -88      272
  SINCE JUL 1    435                       454    -19      546

 COOLING
  TODAY            0                         1     -1        0
  MONTH TO DATE   17                        22     -5       25
  SINCE DEC 1     17                        22     -5       25
  SINCE JAN 1   2704                      2811   -107     2972
..................................................................


WIND (MPH)
  HIGHEST WIND SPEED    18   HIGHEST WIND DIRECTION    SW (230)
  HIGHEST GUST SPEED    30   HIGHEST GUST DIRECTION    SW (230)
  AVERAGE WIND SPEED     7.7


SKY COVER
  POSSIBLE SUNSHINE  MM
  AVERAGE SKY COVER 0.8


WEATHER CONDITIONS
 THE FOLLOWING WEATHER WAS RECORDED TODAY.
  FOG
  FOG W/VISIBILITY <= 1/4 MILE


RELATIVE HUMIDITY (PERCENT)
 HIGHEST   100           100 AM
 LOWEST     73           100 PM
 AVERAGE    87

..........................................................


THE LAKE CHARLES CLIMATE NORMALS FOR TOMORROW
                         NORMAL    RECORD    YEAR
 MAXIMUM TEMPERATURE (F)   62        79      1931
                                             1921
 MINIMUM TEMPERATURE (F)   43        11      1989


SUNRISE AND SUNSET
DECEMBER 22 2014......SUNRISE   705 AM CST   SUNSET   518 PM CST
DECEMBER 23 2014......SUNRISE   706 AM CST   SUNSET   518 PM CST


-  INDICATES NEGATIVE NUMBERS.
R  INDICATES RECORD WAS SET OR TIED.
MM INDICATES DATA IS MISSING.
T  INDICATES TRACE AMOUNT.




$$
