000
CDUS44 KLCH 061245
CLILCH


CLIMATE REPORT
NATIONAL WEATHER SERVICE LAKE CHARLES, LA
745 AM CDT FRI MAY 6 2016


...................................

...THE LAKE CHARLES CLIMATE SUMMARY FOR MAY 5 2016...

CLIMATE NORMAL PERIOD 1981 TO 2010
CLIMATE RECORD PERIOD 1895 TO 2016


WEATHER ITEM   OBSERVED TIME   RECORD YEAR NORMAL DEPARTURE LAST
                VALUE   (LST)  VALUE       VALUE  FROM      YEAR
                                                  NORMAL
..................................................................
TEMPERATURE (F)
 YESTERDAY
  MAXIMUM         83    415 PM  92    1908  82      1       84
  MINIMUM         61    554 AM  48    2013  64     -3       70
                                      1921
  AVERAGE         72                        73     -1       77

PRECIPITATION (IN)
  YESTERDAY        0.00          2.77 1941   0.15  -0.15     0.00
  MONTH TO DATE    5.24                      0.69   4.55     0.70
  SINCE MAR 1     18.57                      7.68  10.89    20.09
  SINCE JAN 1     23.74                     16.37   7.37    28.57

SNOWFALL (IN)
  YESTERDAY        0.0           0.0    MM   0.0    0.0      0.0
  MONTH TO DATE    0.0                       0.0    0.0      0.0
  SINCE MAR 1      0.0                       0.0    0.0       T
  SINCE JUL 1      0.0                       0.1   -0.1       T
  SNOW DEPTH       0

DEGREE DAYS
 HEATING
  YESTERDAY        0                         0      0        0
  MONTH TO DATE    0                         0      0        0
  SINCE MAR 1     85                       207   -122      105
  SINCE JUL 1   1034                      1489   -455     1543

 COOLING
  YESTERDAY        7                         8     -1       12
  MONTH TO DATE   34                        38     -4       38
  SINCE MAR 1    308                       223     85      291
  SINCE JAN 1    323                       246     77      297
..................................................................


WIND (MPH)
  HIGHEST WIND SPEED    16   HIGHEST WIND DIRECTION     N (360)
  HIGHEST GUST SPEED    21   HIGHEST GUST DIRECTION     N (20)
  AVERAGE WIND SPEED     7.3


SKY COVER
  POSSIBLE SUNSHINE  MM
  AVERAGE SKY COVER 0.0


WEATHER CONDITIONS
 THE FOLLOWING WEATHER WAS RECORDED YESTERDAY.
  NO SIGNIFICANT WEATHER WAS OBSERVED.


RELATIVE HUMIDITY (PERCENT)
 HIGHEST    84           600 AM
 LOWEST     25           500 PM
 AVERAGE    55

..........................................................


THE LAKE CHARLES CLIMATE NORMALS FOR TODAY
                         NORMAL    RECORD    YEAR
 MAXIMUM TEMPERATURE (F)   82        93      1908
 MINIMUM TEMPERATURE (F)   64        46      2013


SUNRISE AND SUNSET
MAY  6 2016...........SUNRISE   625 AM CDT   SUNSET   754 PM CDT
MAY  7 2016...........SUNRISE   624 AM CDT   SUNSET   755 PM CDT


-  INDICATES NEGATIVE NUMBERS.
R  INDICATES RECORD WAS SET OR TIED.
MM INDICATES DATA IS MISSING.
T  INDICATES TRACE AMOUNT.




$$
