000
CDUS44 KLCH 312204
CLILCH


CLIMATE REPORT
NATIONAL WEATHER SERVICE LAKE CHARLES, LA
504 PM CDT FRI JUL 31 2015


...................................

...THE LAKE CHARLES CLIMATE SUMMARY FOR JULY 31 2015...
VALID TODAY AS OF 0500 PM LOCAL TIME.

CLIMATE NORMAL PERIOD 1981 TO 2010
CLIMATE RECORD PERIOD 1895 TO 2015


WEATHER ITEM   OBSERVED TIME   RECORD YEAR NORMAL DEPARTURE LAST
                VALUE   (LST)  VALUE       VALUE  FROM      YEAR
                                                  NORMAL
..................................................................
TEMPERATURE (F)
 TODAY
  MAXIMUM         96    246 PM 100    1948  92      4       91
                                      1914
                                      1899
  MINIMUM         77    412 AM  67    1984  75      2       72
                                      1923
                                      1913
  AVERAGE         87                        83      4       82

PRECIPITATION (IN)
  TODAY            0.00          2.04 2009   0.17  -0.17     0.01
  MONTH TO DATE    1.08                      5.63  -4.55     6.62
  SINCE JUN 1      8.16                     12.48  -4.32    21.16
  SINCE JAN 1     42.59                     33.36   9.23    36.33

SNOWFALL (IN)
  TODAY            0.0           0.0    MM   0.0    0.0      0.0
  MONTH TO DATE    0.0                       0.0    0.0      0.0
  SINCE JUN 1      0.0                       0.0    0.0      0.0
  SINCE JUL 1      0.0                       0.0    0.0      0.0
  SNOW DEPTH       0

DEGREE DAYS
 HEATING
  TODAY            0                         0      0        0
  MONTH TO DATE    0                         0      0        0
  SINCE JUN 1      0                         0      0        0
  SINCE JUL 1      0                         0      0        0

 COOLING
  TODAY           22                        18      4       17
  MONTH TO DATE  626                       553     73      536
  SINCE JUN 1   1138                      1033    105     1012
  SINCE JAN 1   1782                      1571    211     1451
..................................................................


WIND (MPH)
  HIGHEST WIND SPEED    18   HIGHEST WIND DIRECTION     N (20)
  HIGHEST GUST SPEED    22   HIGHEST GUST DIRECTION    NE (30)
  AVERAGE WIND SPEED     8.0


SKY COVER
  POSSIBLE SUNSHINE  MM
  AVERAGE SKY COVER 0.1


WEATHER CONDITIONS
 THE FOLLOWING WEATHER WAS RECORDED TODAY.
  FOG


RELATIVE HUMIDITY (PERCENT)
 HIGHEST    94          1200 AM
 LOWEST     36           300 PM
 AVERAGE    65

..........................................................


THE LAKE CHARLES CLIMATE NORMALS FOR TOMORROW
                         NORMAL    RECORD    YEAR
 MAXIMUM TEMPERATURE (F)   92        99      2010
                                             1998
                                             1930
 MINIMUM TEMPERATURE (F)   75        67      1936
                                             1913


SUNRISE AND SUNSET
JULY 31 2015..........SUNRISE   631 AM CDT   SUNSET   807 PM CDT
AUGUST  1 2015........SUNRISE   632 AM CDT   SUNSET   806 PM CDT


-  INDICATES NEGATIVE NUMBERS.
R  INDICATES RECORD WAS SET OR TIED.
MM INDICATES DATA IS MISSING.
T  INDICATES TRACE AMOUNT.




$$
