000
CDUS44 KLCH 010930
CLILCH


CLIMATE REPORT
NATIONAL WEATHER SERVICE LAKE CHARLES, LA
329 AM CST WED MAR 1 2017


...................................

...THE LAKE CHARLES CLIMATE SUMMARY FOR FEBRUARY 28 2017...

CLIMATE NORMAL PERIOD 1981 TO 2010
CLIMATE RECORD PERIOD 1895 TO 2017


WEATHER ITEM   OBSERVED TIME   RECORD YEAR NORMAL DEPARTURE LAST
                VALUE   (LST)  VALUE       VALUE  FROM      YEAR
                                                  NORMAL
..................................................................
TEMPERATURE (F)
 YESTERDAY
  MAXIMUM         79   1205 PM  85    1932  68     11       71
  MINIMUM         71    801 AM  26    1913  48     23       44
  AVERAGE         75                        58     17       58

PRECIPITATION (IN)
  YESTERDAY        0.00          1.44 1995   0.12  -0.12     0.00
  MONTH TO DATE    2.04                      3.46  -1.42     1.07
  SINCE DEC 1     19.00                     13.37   5.63     8.41
  SINCE JAN 1      6.95                      8.69  -1.74     5.17

SNOWFALL (IN)
  YESTERDAY        0.0           0.0    MM   0.0    0.0      0.0
  MONTH TO DATE    0.0                       0.1   -0.1      0.0
  SINCE DEC 1      T                         0.1   -0.1      0.0
  SINCE JUL 1      T                         0.1   -0.1      0.0
  SNOW DEPTH       0

DEGREE DAYS
 HEATING
  YESTERDAY        0                         8     -8        7
  MONTH TO DATE   92                       291   -199      240
  SINCE DEC 1    564                      1075   -511      871
  SINCE JUL 1    658                      1282   -624      947

 COOLING
  YESTERDAY       10                         1      9        0
  MONTH TO DATE   74                        13     61       12
  SINCE DEC 1    187                        43    144       72
  SINCE JAN 1    131                        23    108       15
..................................................................


WIND (MPH)
  HIGHEST WIND SPEED    21   HIGHEST WIND DIRECTION     S (170)
  HIGHEST GUST SPEED    28   HIGHEST GUST DIRECTION     S (170)
  AVERAGE WIND SPEED    11.5


SKY COVER
  POSSIBLE SUNSHINE  MM
  AVERAGE SKY COVER 1.0


WEATHER CONDITIONS
 THE FOLLOWING WEATHER WAS RECORDED YESTERDAY.
  FOG
  HAZE


RELATIVE HUMIDITY (PERCENT)
 HIGHEST    93          1200 AM
 LOWEST     67          1200 PM
 AVERAGE    80

..........................................................


THE LAKE CHARLES CLIMATE NORMALS FOR TODAY
                         NORMAL    RECORD    YEAR
 MAXIMUM TEMPERATURE (F)   68        82      1918
 MINIMUM TEMPERATURE (F)   48        26      1913


SUNRISE AND SUNSET
MARCH  1 2017.........SUNRISE   639 AM CST   SUNSET   612 PM CST
MARCH  2 2017.........SUNRISE   637 AM CST   SUNSET   613 PM CST


-  INDICATES NEGATIVE NUMBERS.
R  INDICATES RECORD WAS SET OR TIED.
MM INDICATES DATA IS MISSING.
T  INDICATES TRACE AMOUNT.




$$
