000
CDUS44 KLCH 012241
CLILCH


CLIMATE REPORT
NATIONAL WEATHER SERVICE LAKE CHARLES, LA
440 PM CST SUN FEB 1 2015


...................................

...THE LAKE CHARLES CLIMATE SUMMARY FOR FEBRUARY 1 2015...
VALID TODAY AS OF 0400 PM LOCAL TIME.

CLIMATE NORMAL PERIOD 1981 TO 2010
CLIMATE RECORD PERIOD 1895 TO 2015


WEATHER ITEM   OBSERVED TIME   RECORD YEAR NORMAL DEPARTURE LAST
                VALUE   (LST)  VALUE       VALUE  FROM      YEAR
                                                  NORMAL
..................................................................
TEMPERATURE (F)
 TODAY
  MAXIMUM         75    156 PM  80    1950  62     13       74
  MINIMUM         53    643 AM  15    1951  43     10       51
  AVERAGE         64                        53     11       63

PRECIPITATION (IN)
  TODAY            0.02          4.14 1952   0.14  -0.12     0.00
  MONTH TO DATE    0.02                      0.14  -0.12     0.00
  SINCE DEC 1      8.95                     10.05  -1.10     4.34
  SINCE JAN 1      6.92                      5.37   1.55     2.29

SNOWFALL (IN)
  TODAY            0.0           0.1  1951   0.0    0.0      0.0
  MONTH TO DATE    0.0                       0.0    0.0      0.0
  SINCE DEC 1      0.0                       T      0.0      0.1
  SINCE JUL 1      0.0                       T      0.0      0.1
  SNOW DEPTH       0

DEGREE DAYS
 HEATING
  TODAY            1                        13    -12        2
  MONTH TO DATE    1                        13    -12        2
  SINCE DEC 1    775                       797    -22     1018
  SINCE JUL 1   1051                      1004     47     1292

 COOLING
  TODAY            0                         0      0        0
  MONTH TO DATE    0                         0      0        0
  SINCE DEC 1     17                        30    -13       25
  SINCE JAN 1      0                        10    -10        0
..................................................................


WIND (MPH)
  HIGHEST WIND SPEED    22   HIGHEST WIND DIRECTION    SE (130)
  HIGHEST GUST SPEED    28   HIGHEST GUST DIRECTION    SW (240)
  AVERAGE WIND SPEED     8.4


SKY COVER
  POSSIBLE SUNSHINE  MM
  AVERAGE SKY COVER 0.6


WEATHER CONDITIONS
 THE FOLLOWING WEATHER WAS RECORDED TODAY.
  RAIN
  LIGHT RAIN
  FOG


RELATIVE HUMIDITY (PERCENT)
 HIGHEST   100           400 AM
 LOWEST     64           200 PM
 AVERAGE    82

..........................................................


THE LAKE CHARLES CLIMATE NORMALS FOR TOMORROW
                         NORMAL    RECORD    YEAR
 MAXIMUM TEMPERATURE (F)   62        81      1914
                                             1911
 MINIMUM TEMPERATURE (F)   43        13      1951


SUNRISE AND SUNSET
FEBRUARY  1 2015......SUNRISE   703 AM CST   SUNSET   550 PM CST
FEBRUARY  2 2015......SUNRISE   703 AM CST   SUNSET   551 PM CST


-  INDICATES NEGATIVE NUMBERS.
R  INDICATES RECORD WAS SET OR TIED.
MM INDICATES DATA IS MISSING.
T  INDICATES TRACE AMOUNT.




$$
